-- Table structure for table `ps_cart_cart_rule`
--

CREATE TABLE `ps_cart_cart_rule` (
  `id_cart` int(10) unsigned NOT NULL,
  `id_cart_rule` int(10) unsigned NOT NULL,
  PRIMARY KEY (`id_cart`,`id_cart_rule`),
  KEY `id_cart_rule` (`id_cart_rule`)
) ENGINE=InnoDB DEFAULT CHARSET=utf8;

--
-- Dumping data for table `ps_cart_cart_rule`
--


--
-- Table structure for table `ps_cart_product`
--

CREATE TABLE `ps_cart_product` (
  `id_cart` int(10) unsigned NOT NULL,
  `id_product` int(10) unsigned NOT NULL,
  `id_address_delivery` int(10) unsigned NOT NULL DEFAULT '0',
  `id_shop` int(10) unsigned NOT NULL DEFAULT '1',
  `id_product_attribute` int(10) unsigned NOT NULL DEFAULT '0',
  `quantity` int(10) unsigned NOT NULL DEFAULT '0',
  `date_add` datetime NOT NULL,
  PRIMARY KEY (`id_cart`,`id_product`,`id_product_attribute`,`id_address_delivery`),
  KEY `id_product_attribute` (`id_product_attribute`),
  KEY `id_cart_order` (`id_cart`,`date_add`,`id_product`,`id_product_attribute`)
) ENGINE=InnoDB DEFAULT CHARSET=utf8;

--
-- Dumping data for table `ps_cart_product`
--

INSERT INTO `ps_cart_product` VALUES (6,90,0,1,0,1,'2016-02-21 14:31:25'),(6,91,0,1,0,1,'2016-02-21 14:31:11'),(6,92,0,1,0,1,'2016-02-21 14:30:59'),(11,82,0,1,0,1,'2016-03-18 20:16:26'),(11,291,0,1,0,2,'2016-03-18 20:19:01'),(12,321,0,1,0,1,'2016-04-01 19:18:12'),(15,126,6,1,0,2,'2016-04-05 19:34:53'),(16,306,7,1,0,3,'2016-04-06 12:59:38'),(17,308,8,1,0,1,'2016-04-08 02:01:55'),(18,308,9,1,0,1,'2016-04-08 02:01:55'),(19,132,10,1,0,1,'2016-04-11 14:29:03'),(20,322,0,1,0,1,'2016-04-11 17:06:06'),(20,323,0,1,0,1,'2016-04-11 17:20:37'),(20,324,0,1,0,1,'2016-04-11 17:34:06'),(20,326,0,1,0,1,'2016-04-11 16:25:29'),(20,328,0,1,0,1,'2016-04-11 16:54:28'),(20,329,0,1,0,1,'2016-04-11 17:08:50'),(20,330,0,1,0,1,'2016-04-11 16:37:45'),(21,121,11,1,0,1,'2016-04-11 19:15:07'),(22,321,0,1,0,1,'2016-04-11 20:57:06'),(22,327,0,1,0,1,'2016-04-11 20:48:05'),(23,300,12,1,0,1,'2016-04-11 21:51:32'),(24,127,13,1,0,1,'2016-04-12 11:51:49'),(25,372,14,1,0,1,'2016-04-12 11:51:53'),(26,372,15,1,0,1,'2016-04-12 18:08:29'),(27,372,15,1,0,1,'2016-04-13 11:00:20'),(28,348,16,1,0,1,'2016-04-15 09:11:38'),(29,341,17,1,0,1,'2016-04-16 15:52:12'),(30,95,18,1,0,1,'2016-04-16 17:42:59'),(31,310,19,1,0,1,'2016-04-16 19:06:28'),(33,366,21,1,0,1,'2016-04-17 10:38:39'),(34,376,0,1,0,1,'2016-04-17 10:56:22'),(35,364,22,1,0,1,'2016-04-17 19:59:38'),(36,366,23,1,0,1,'2016-04-17 22:04:57'),(37,341,24,1,0,1,'2016-04-17 23:10:13'),(38,348,25,1,0,1,'2016-04-18 15:50:23'),(39,356,26,1,0,1,'2016-04-18 18:18:30'),(40,292,27,1,0,1,'2016-04-18 20:23:56'),(41,365,28,1,0,2,'2016-04-18 23:59:16'),(42,368,29,1,0,1,'2016-04-19 09:03:12'),(43,120,30,1,0,1,'2016-04-19 11:32:32'),(44,372,0,1,0,1,'2016-04-19 12:19:27'),(45,214,31,1,0,5,'2016-04-19 20:43:41'),(46,294,32,1,0,1,'2016-04-19 20:43:43'),(47,348,33,1,0,1,'2016-04-19 22:34:15'),(48,285,34,1,0,1,'2016-04-20 11:13:36'),(49,367,35,1,0,1,'2016-04-20 18:53:20'),(50,285,36,1,0,1,'2016-04-21 11:43:31'),(51,216,37,1,0,1,'2016-04-21 12:24:08'),(52,356,38,1,0,1,'2016-04-21 17:07:13'),(53,372,0,1,0,1,'2016-04-22 07:45:17'),(54,376,39,1,0,2,'2016-04-22 23:00:06'),(55,292,40,1,0,1,'2016-04-24 12:17:48'),(56,376,41,1,0,1,'2016-04-24 20:10:35'),(57,376,42,1,0,1,'2016-04-26 02:12:41'),(58,215,43,1,0,2,'2016-04-26 17:08:58'),(59,374,44,1,0,1,'2016-04-27 00:39:29'),(60,376,45,1,0,1,'2016-04-27 19:58:45'),(61,376,46,1,0,1,'2016-04-28 09:40:05'),(62,362,47,1,0,1,'2016-04-28 19:46:45'),(63,117,48,1,0,1,'2016-04-29 14:24:34'),(64,287,49,1,0,1,'2016-04-29 17:07:22'),(65,376,50,1,0,1,'2016-04-29 19:15:48'),(66,376,50,1,0,1,'2016-04-29 20:05:19'),(68,212,52,1,0,4,'2016-04-30 10:32:27'),(69,372,53,1,0,1,'2016-04-30 13:33:53'),(70,351,54,1,0,1,'2016-05-01 09:57:31'),(73,132,57,1,0,1,'2016-05-01 18:47:09'),(74,292,58,1,0,1,'2016-05-01 23:44:21'),(76,286,60,1,0,1,'2016-05-02 13:07:01'),(77,83,61,1,0,1,'2016-05-02 13:07:04'),(78,376,62,1,0,2,'2016-05-02 16:31:07'),(79,374,63,1,0,1,'2016-05-02 21:35:21'),(81,130,65,1,0,1,'2016-05-02 22:53:22'),(82,286,66,1,0,1,'2016-05-03 10:12:27'),(83,116,67,1,0,1,'2016-05-03 10:13:26'),(85,292,69,1,0,2,'2016-05-04 15:06:33'),(86,290,70,1,0,1,'2016-05-04 22:09:16'),(87,122,0,1,0,1,'2016-05-05 16:55:28'),(88,388,71,1,0,1,'2016-05-08 11:46:58'),(89,405,72,1,0,1,'2016-05-08 22:40:16'),(90,355,73,1,0,1,'2016-05-09 11:27:59'),(91,354,74,1,0,1,'2016-05-09 22:57:09'),(92,416,75,1,0,1,'2016-05-10 19:38:43'),(93,421,76,1,0,1,'2016-05-12 09:43:56'),(94,355,77,1,0,1,'2016-05-12 11:27:11'),(95,330,0,1,0,1,'2016-05-12 12:45:44'),(96,368,0,1,0,1,'2016-05-13 19:12:14'),(97,321,0,1,0,1,'2016-05-14 13:54:39'),(98,425,78,1,0,1,'2016-05-14 19:24:49'),(99,322,0,1,0,1,'2016-05-14 22:30:16'),(99,323,0,1,0,1,'2016-05-14 22:53:50'),(99,326,0,1,0,1,'2016-05-14 21:20:40'),(99,328,0,1,0,1,'2016-05-14 22:09:59'),(99,330,0,1,0,1,'2016-05-14 21:41:12'),(100,324,0,1,0,1,'2016-05-15 04:00:05'),(100,327,0,1,0,1,'2016-05-15 02:33:54'),(100,329,0,1,0,1,'2016-05-15 03:18:22'),(101,367,79,1,0,1,'2016-05-15 11:28:48'),(102,421,80,1,0,1,'2016-05-15 12:27:43'),(103,303,81,1,0,1,'2016-05-15 12:27:51'),(104,310,82,1,0,1,'2016-05-15 18:10:23'),(105,301,83,1,0,1,'2016-05-17 09:33:46'),(106,403,84,1,0,1,'2016-05-17 18:05:27'),(107,425,85,1,0,1,'2016-05-18 10:17:42'),(108,426,86,1,0,1,'2016-05-18 11:08:30'),(109,360,87,1,0,1,'2016-05-18 13:46:28'),(110,456,88,1,0,1,'2016-05-18 18:16:23'),(111,452,89,1,0,1,'2016-05-19 09:44:39'),(112,456,90,1,0,1,'2016-05-19 09:44:41'),(113,340,91,1,0,1,'2016-05-19 22:56:13'),(114,413,92,1,0,1,'2016-05-20 10:48:14'),(115,420,93,1,0,2,'2016-05-21 16:19:10'),(116,365,94,1,0,1,'2016-05-22 10:52:41'),(117,388,95,1,0,1,'2016-05-23 23:48:42'),(118,120,96,1,0,1,'2016-05-24 01:20:30'),(119,357,97,1,0,1,'2016-05-24 14:38:54'),(120,356,98,1,0,1,'2016-05-24 20:18:34'),(122,75,100,1,0,1,'2016-05-25 15:10:38'),(123,395,101,1,0,1,'2016-05-25 17:29:28'),(126,367,104,1,0,1,'2016-05-26 13:45:17'),(127,335,105,1,0,1,'2016-05-27 11:52:04'),(128,418,106,1,0,1,'2016-05-28 09:50:43'),(129,386,107,1,0,1,'2016-05-28 15:06:01'),(132,437,109,1,0,1,'2016-05-30 09:25:48'),(134,335,111,1,0,1,'2016-06-03 09:22:37'),(135,370,112,1,0,1,'2016-06-03 09:22:40'),(136,310,113,1,0,1,'2016-06-03 09:22:43'),(137,405,114,1,0,1,'2016-06-03 10:26:45'),(138,387,115,1,0,1,'2016-06-03 15:50:35'),(139,453,116,1,0,1,'2016-06-03 18:05:45'),(140,370,117,1,0,1,'2016-06-07 15:01:55'),(141,109,118,1,0,1,'2016-06-07 19:58:39'),(142,356,98,1,0,1,'2016-06-08 21:40:29'),(143,300,119,1,0,1,'2016-06-11 09:11:42'),(145,382,0,1,0,1,'2016-06-14 11:18:46'),(146,433,120,1,0,1,'2016-06-14 15:00:17'),(147,352,121,1,0,1,'2016-06-14 20:00:38'),(148,352,122,1,0,1,'2016-06-15 20:29:13'),(149,336,123,1,0,1,'2016-06-16 18:35:14'),(150,423,124,1,0,1,'2016-06-17 17:08:12'),(151,323,0,1,0,1,'2016-06-18 19:24:43'),(151,324,0,1,0,1,'2016-06-18 21:03:20'),(152,321,0,1,0,1,'2016-06-19 02:35:07'),(152,327,0,1,0,1,'2016-06-19 01:59:33'),(152,328,0,1,0,1,'2016-06-19 02:43:15'),(152,329,0,1,0,1,'2016-06-19 03:28:41'),(152,330,0,1,0,1,'2016-06-19 01:53:01'),(153,322,0,1,0,1,'2016-06-19 09:31:16'),(153,326,0,1,0,1,'2016-06-19 08:10:07'),(154,338,125,1,0,1,'2016-06-19 22:04:33'),(155,429,126,1,0,1,'2016-06-20 10:04:01'),(156,422,127,1,0,1,'2016-06-20 10:04:04'),(157,356,128,1,0,1,'2016-06-21 17:35:33'),(158,378,129,1,0,1,'2016-06-22 19:46:20'),(159,405,130,1,0,1,'2016-06-24 18:38:48'),(160,420,131,1,0,1,'2016-06-25 07:21:33'),(161,80,132,1,0,1,'2016-06-26 17:31:33'),(162,358,133,1,0,1,'2016-06-27 10:22:44'),(166,141,137,1,0,1,'2016-07-02 08:43:30'),(167,346,138,1,0,1,'2016-07-05 12:42:26'),(168,410,139,1,0,1,'2016-07-06 17:15:17'),(169,349,140,1,0,1,'2016-07-07 12:17:19'),(170,288,141,1,0,1,'2016-07-07 13:47:57'),(172,400,143,1,0,1,'2016-07-08 18:41:14'),(173,351,144,1,0,1,'2016-07-08 23:58:59'),(174,346,145,1,0,1,'2016-07-10 12:46:03'),(175,410,146,1,0,1,'2016-07-11 17:58:10'),(176,358,147,1,0,1,'2016-07-13 00:11:40'),(177,400,148,1,0,1,'2016-07-13 00:11:43'),(178,347,149,1,0,1,'2016-07-13 22:07:16'),(179,367,150,1,0,1,'2016-07-14 18:35:02'),(180,420,151,1,0,1,'2016-07-15 01:01:12'),(181,484,152,1,0,1,'2016-07-15 02:22:39'),(182,455,153,1,0,1,'2016-07-15 13:47:41'),(183,424,154,1,0,1,'2016-07-15 14:21:12'),(184,486,155,1,0,1,'2016-07-15 16:10:08'),(185,381,156,1,0,1,'2016-07-16 14:30:49'),(186,341,0,1,0,1,'2016-07-18 16:08:46'),(187,388,157,1,0,1,'2016-07-18 20:50:06'),(188,366,158,1,0,1,'2016-07-19 06:26:34'),(189,483,159,1,0,1,'2016-07-19 10:43:01'),(190,301,160,1,0,1,'2016-07-19 17:23:03'),(191,484,161,1,0,1,'2016-07-20 12:13:33'),(194,480,163,1,0,1,'2016-07-20 23:12:14'),(195,376,164,1,0,1,'2016-07-21 03:15:09'),(196,421,165,1,0,1,'2016-07-21 10:33:50'),(197,292,166,1,0,2,'2016-07-21 13:35:06'),(198,292,167,1,0,3,'2016-07-21 15:57:40'),(199,410,168,1,0,1,'2016-07-21 20:45:38'),(200,425,169,1,0,1,'2016-07-22 11:41:48'),(201,483,170,1,0,1,'2016-07-22 14:48:14'),(202,500,171,1,0,1,'2016-07-22 15:57:25'),(203,483,172,1,0,1,'2016-07-22 21:03:20'),(204,527,173,1,0,1,'2016-07-22 21:03:22'),(205,526,173,1,0,1,'2016-07-22 21:03:31'),(206,524,174,1,0,1,'2016-07-22 22:16:03'),(207,528,175,1,0,1,'2016-07-22 22:46:50'),(208,483,176,1,0,1,'2016-07-22 23:19:59'),(209,427,177,1,0,1,'2016-07-23 03:14:24'),(210,404,178,1,0,1,'2016-07-23 14:30:30'),(211,358,179,1,0,1,'2016-07-23 18:40:07'),(212,388,180,1,0,1,'2016-07-23 19:29:35'),(213,483,181,1,0,1,'2016-07-24 02:45:08'),(214,387,182,1,0,1,'2016-07-25 01:45:47'),(215,421,183,1,0,1,'2016-07-25 14:34:20'),(216,366,184,1,0,1,'2016-07-25 15:42:36'),(216,544,184,1,0,1,'2016-07-25 15:42:36'),(217,456,185,1,0,1,'2016-07-26 13:08:44'),(218,515,186,1,0,1,'2016-07-27 00:56:44'),(219,523,187,1,0,1,'2016-07-27 01:36:56'),(220,410,188,1,0,1,'2016-07-27 07:53:26'),(221,484,189,1,0,1,'2016-07-28 00:13:14'),(222,527,190,1,0,1,'2016-07-28 09:45:25'),(223,386,191,1,0,1,'2016-07-28 11:44:45'),(224,388,0,1,0,1,'2016-07-28 12:27:16'),(224,392,0,1,0,2,'2016-07-28 12:27:27'),(224,503,0,1,0,1,'2016-07-28 12:27:44'),(225,420,192,1,0,1,'2016-07-28 15:14:27'),(226,388,193,1,0,1,'2016-07-29 11:31:27'),(227,526,194,1,0,1,'2016-07-29 19:34:41'),(228,515,195,1,0,1,'2016-07-30 00:29:39'),(229,366,196,1,0,1,'2016-07-30 13:10:59'),(230,388,197,1,0,1,'2016-07-30 15:50:42'),(231,386,198,1,0,1,'2016-07-31 10:13:58'),(232,341,199,1,0,1,'2016-07-31 17:34:10'),(233,427,200,1,0,1,'2016-08-01 12:52:38'),(234,557,201,1,0,1,'2016-08-01 16:42:40'),(235,553,202,1,0,1,'2016-08-01 18:37:31'),(236,410,203,1,0,1,'2016-08-01 22:22:41'),(237,374,204,1,0,1,'2016-08-02 11:56:11'),(237,410,204,1,0,1,'2016-08-02 11:56:11'),(238,335,0,1,0,1,'2016-08-02 14:19:53'),(239,534,205,1,0,1,'2016-08-02 17:56:42'),(240,366,206,1,0,1,'2016-08-02 18:28:19'),(241,348,207,1,0,1,'2016-08-02 18:28:21'),(242,522,208,1,0,1,'2016-08-02 21:06:00'),(243,486,209,1,0,1,'2016-08-03 15:04:49'),(244,454,0,1,0,1,'2016-08-03 15:05:34'),(245,454,210,1,0,1,'2016-08-03 19:50:35'),(246,422,211,1,0,1,'2016-08-04 10:08:35'),(247,558,212,1,0,1,'2016-08-05 08:09:26'),(248,358,213,1,0,1,'2016-08-05 15:05:50'),(249,400,214,1,0,1,'2016-08-05 15:05:52'),(250,511,0,1,0,1,'2016-08-06 11:31:08'),(251,331,215,1,0,1,'2016-08-06 14:24:17'),(252,393,216,1,0,1,'2016-08-06 18:25:24'),(253,524,179,1,0,1,'2016-08-06 23:17:02'),(254,374,217,1,0,1,'2016-08-07 18:14:06'),(255,292,218,1,0,1,'2016-08-07 21:04:02'),(256,376,219,1,0,1,'2016-08-08 10:38:13'),(257,366,220,1,0,1,'2016-08-08 11:10:23'),(258,388,221,1,0,1,'2016-08-08 14:53:57'),(259,347,222,1,0,1,'2016-08-08 21:07:05'),(260,366,223,1,0,1,'2016-08-08 23:29:02'),(261,523,224,1,0,2,'2016-08-09 17:03:36'),(262,366,225,1,0,1,'2016-08-09 18:30:07'),(263,547,226,1,0,1,'2016-08-10 10:37:59'),(264,518,227,1,0,1,'2016-08-10 12:50:53'),(265,376,228,1,0,1,'2016-08-11 12:30:51'),(266,560,0,1,0,1,'2016-08-11 15:56:10'),(267,335,229,1,0,2,'2016-08-11 19:40:25'),(268,374,230,1,0,1,'2016-08-11 20:49:50'),(269,364,231,1,0,1,'2016-08-12 00:16:39'),(270,292,232,1,0,1,'2016-08-12 07:18:23'),(271,380,233,1,0,1,'2016-08-12 11:18:56'),(272,447,234,1,0,1,'2016-08-12 11:18:58'),(273,539,235,1,0,1,'2016-08-12 11:19:00'),(274,551,236,1,0,1,'2016-08-12 15:09:19'),(275,373,237,1,0,1,'2016-08-12 18:41:31'),(275,560,237,1,0,1,'2016-08-12 18:41:08'),(276,475,14,1,0,1,'2016-08-13 18:07:15'),(277,503,238,1,0,1,'2016-08-15 15:13:38'),(278,491,239,1,0,1,'2016-08-16 19:46:33'),(279,356,240,1,0,1,'2016-08-16 22:07:54'),(280,529,241,1,0,1,'2016-08-16 22:48:09'),(281,364,242,1,0,1,'2016-08-17 17:22:27'),(282,528,243,1,0,1,'2016-08-17 17:22:30'),(283,453,244,1,0,1,'2016-08-17 22:28:59'),(284,338,245,1,0,1,'2016-08-18 15:12:41'),(285,376,246,1,0,1,'2016-08-18 17:42:51'),(286,483,140,1,0,1,'2016-08-18 17:42:53'),(287,522,247,1,0,2,'2016-08-18 19:39:34'),(288,338,248,1,0,1,'2016-08-18 19:39:36'),(289,400,249,1,0,1,'2016-08-18 23:38:20'),(290,425,250,1,0,1,'2016-08-19 11:15:15'),(291,557,251,1,0,1,'2016-08-19 11:15:20'),(292,522,251,1,0,1,'2016-08-19 11:50:41'),(293,522,252,1,0,1,'2016-08-19 18:25:15'),(293,557,252,1,0,1,'2016-08-19 18:26:05'),(294,484,253,1,0,1,'2016-08-19 19:25:34'),(296,416,255,1,0,1,'2016-08-19 21:52:53'),(297,475,256,1,0,1,'2016-08-20 11:10:45'),(298,418,257,1,0,1,'2016-08-20 12:24:40'),(299,410,258,1,0,1,'2016-08-20 15:39:51'),(300,531,259,1,0,1,'2016-08-20 18:29:57'),(301,539,260,1,0,1,'2016-08-21 11:51:04'),(302,523,261,1,0,1,'2016-08-21 16:54:34'),(303,421,262,1,0,1,'2016-08-21 16:54:36'),(304,400,263,1,0,1,'2016-08-21 17:25:17'),(305,405,264,1,0,1,'2016-08-21 22:45:11'),(306,481,265,1,0,1,'2016-08-22 11:00:13'),(307,400,266,1,0,1,'2016-08-22 12:02:08'),(309,555,268,1,0,1,'2016-08-23 14:11:32'),(310,497,269,1,0,1,'2016-08-23 14:11:35'),(311,504,270,1,0,1,'2016-08-23 18:18:09'),(312,415,271,1,0,1,'2016-08-23 22:32:47'),(313,369,272,1,0,3,'2016-08-24 13:01:02'),(313,373,272,1,0,1,'2016-08-24 13:01:02'),(313,399,272,1,0,1,'2016-08-24 13:01:02'),(314,483,273,1,0,1,'2016-08-24 14:53:33'),(315,385,274,1,0,1,'2016-08-24 15:32:30'),(316,421,48,1,0,2,'2016-08-24 16:05:00'),(317,535,275,1,0,1,'2016-08-24 18:43:48'),(318,483,276,1,0,1,'2016-08-24 18:43:50'),(319,410,168,1,0,1,'2016-08-25 10:54:00'),(320,430,277,1,0,1,'2016-08-25 12:21:31'),(321,410,278,1,0,1,'2016-08-25 13:01:19'),(322,348,279,1,0,1,'2016-08-25 19:55:14'),(323,400,280,1,0,1,'2016-08-25 21:59:41'),(324,537,281,1,0,1,'2016-08-25 23:57:16'),(325,388,282,1,0,1,'2016-08-26 21:51:00'),(326,383,283,1,0,1,'2016-08-28 19:41:20'),(327,483,284,1,0,1,'2016-08-29 12:16:13'),(327,531,284,1,0,1,'2016-08-29 12:16:13'),(328,425,285,1,0,1,'2016-08-29 12:16:15'),(329,483,286,1,0,1,'2016-08-29 15:16:48'),(330,426,159,1,0,1,'2016-08-30 11:13:33'),(331,330,0,1,0,1,'2016-08-30 14:25:03'),(332,349,287,1,0,1,'2016-08-30 16:35:29'),(333,477,288,1,0,1,'2016-08-30 17:59:59'),(333,552,288,1,0,1,'2016-08-30 17:59:59'),(334,296,0,1,0,1,'2016-08-30 18:14:30'),(335,420,289,1,0,1,'2016-08-30 21:10:56'),(336,292,290,1,0,1,'2016-08-30 23:55:20'),(337,132,0,1,0,1,'2016-08-31 08:34:03'),(338,366,291,1,0,1,'2016-08-31 14:41:33'),(339,484,292,1,0,1,'2016-09-01 10:18:54'),(340,345,293,1,0,1,'2016-09-01 12:35:03'),(341,411,294,1,0,1,'2016-09-01 19:05:43'),(342,522,295,1,0,3,'2016-09-01 21:11:37'),(343,524,116,1,0,1,'2016-09-02 16:50:16'),(344,425,296,1,0,1,'2016-09-02 16:50:20'),(345,496,297,1,0,1,'2016-09-02 18:08:48'),(346,425,298,1,0,1,'2016-09-03 20:27:56'),(347,558,299,1,0,1,'2016-09-03 23:09:13'),(348,301,300,1,0,1,'2016-09-04 11:21:04'),(349,358,0,1,0,1,'2016-09-04 11:22:19'),(350,376,301,1,0,1,'2016-09-04 15:40:59'),(351,558,302,1,0,1,'2016-09-05 04:14:36'),(352,477,303,1,0,1,'2016-10-27 12:01:49'),(354,432,305,1,0,1,'2016-10-27 12:01:56'),(355,507,306,1,0,1,'2016-10-27 12:01:59'),(356,536,307,1,0,1,'2016-10-27 12:02:02'),(357,433,308,1,0,1,'2016-10-27 12:02:06'),(360,405,311,1,0,2,'2016-10-27 12:02:10'),(362,394,313,1,0,1,'2016-10-27 12:02:13'),(363,405,314,1,0,1,'2016-10-27 12:02:16'),(364,541,315,1,0,1,'2016-10-27 12:02:19'),(365,388,316,1,0,1,'2016-10-27 12:02:23'),(366,388,317,1,0,1,'2016-10-27 12:02:26'),(367,420,318,1,0,1,'2016-10-27 12:02:29'),(368,417,319,1,0,1,'2016-10-27 12:02:32'),(369,450,320,1,0,1,'2016-10-27 12:02:35'),(370,320,321,1,0,1,'2016-10-27 12:02:38'),(371,388,322,1,0,1,'2016-10-27 12:02:41'),(372,523,323,1,0,1,'2016-10-27 12:02:44'),(373,407,324,1,0,1,'2016-10-27 12:02:48'),(376,417,327,1,0,1,'2016-10-27 12:02:52'),(377,388,328,1,0,1,'2016-10-27 12:02:55'),(378,523,329,1,0,1,'2016-10-27 12:02:58'),(381,431,332,1,0,1,'2016-10-27 12:03:02'),(383,554,336,1,0,1,'2016-11-05 10:17:15'),(384,348,337,1,0,1,'2016-11-05 10:17:21'),(385,366,338,1,0,1,'2016-11-05 10:17:28'),(386,484,339,1,0,1,'2016-11-05 10:17:59'),(387,486,340,1,0,1,'2016-11-05 10:18:05'),(388,558,341,1,0,1,'2016-11-05 10:18:09'),(389,410,342,1,0,1,'2016-11-05 10:18:24'),(390,376,343,1,0,1,'2016-11-05 10:18:27'),(392,351,345,1,0,1,'2016-11-05 10:18:31'),(393,440,346,1,0,1,'2016-11-05 10:18:39'),(394,358,347,1,0,1,'2016-11-05 10:18:46'),(395,484,348,1,0,1,'2016-11-05 10:18:50');

--
-- Table structure for table `ps_cart_rule`
--

CREATE TABLE `ps_cart_rule` (
  `id_cart_rule` int(10) unsigned NOT NULL AUTO_INCREMENT,
  `id_customer` int(10) unsigned NOT NULL DEFAULT '0',
  `date_from` datetime NOT NULL,
  `date_to` datetime NOT NULL,
  `description` text,
  `quantity` int(10) unsigned NOT NULL DEFAULT '0',
  `quantity_per_user` int(10) unsigned NOT NULL DEFAULT '0',
  `priority` int(10) unsigned NOT NULL DEFAULT '1',
  `partial_use` tinyint(1) unsigned NOT NULL DEFAULT '0',
  `code` varchar(254) NOT NULL,
  `minimum_amount` decimal(17,2) NOT NULL DEFAULT '0.00',
  `minimum_amount_tax` tinyint(1) NOT NULL DEFAULT '0',
  `minimum_amount_currency` int(10) unsigned NOT NULL DEFAULT '0',
  `minimum_amount_shipping` tinyint(1) NOT NULL DEFAULT '0',
  `country_restriction` tinyint(1) unsigned NOT NULL DEFAULT '0',
  `carrier_restriction` tinyint(1) unsigned NOT NULL DEFAULT '0',
  `group_restriction` tinyint(1) unsigned NOT NULL DEFAULT '0',
  `cart_rule_restriction` tinyint(1) unsigned NOT NULL DEFAULT '0',
  `product_restriction` tinyint(1) unsigned NOT NULL DEFAULT '0',
  `shop_restriction` tinyint(1) unsigned NOT NULL DEFAULT '0',
  `free_shipping` tinyint(1) NOT NULL DEFAULT '0',
  `reduction_percent` decimal(5,2) NOT NULL DEFAULT '0.00',
  `reduction_amount` decimal(17,2) NOT NULL DEFAULT '0.00',
  `reduction_tax` tinyint(1) unsigned NOT NULL DEFAULT '0',
  `reduction_currency` int(10) unsigned NOT NULL DEFAULT '0',
  `reduction_product` int(10) NOT NULL DEFAULT '0',
  `gift_product` int(10) unsigned NOT NULL DEFAULT '0',
  `gift_product_attribute` int(10) unsigned NOT NULL DEFAULT '0',
  `highlight` tinyint(1) unsigned NOT NULL DEFAULT '0',
  `active` tinyint(1) unsigned NOT NULL DEFAULT '0',
  `date_add` datetime NOT NULL,
  `date_upd` datetime NOT NULL,
  PRIMARY KEY (`id_cart_rule`),
  KEY `id_customer` (`id_customer`,`active`,`date_to`),
  KEY `group_restriction` (`group_restriction`,`active`,`date_to`),
  KEY `id_customer_2` (`id_customer`,`active`,`highlight`,`date_to`),
  KEY `group_restriction_2` (`group_restriction`,`active`,`highlight`,`date_to`)
) ENGINE=InnoDB DEFAULT CHARSET=utf8;

--
-- Dumping data for table `ps_cart_rule`
--


--
-- Table structure for table `ps_cart_rule_carrier`
--

CREATE TABLE `ps_cart_rule_carrier` (
  `id_cart_rule` int(10) unsigned NOT NULL,
  `id_carrier` int(10) unsigned NOT NULL,
  PRIMARY KEY (`id_cart_rule`,`id_carrier`)
) ENGINE=InnoDB DEFAULT CHARSET=utf8;

--
-- Dumping data for table `ps_cart_rule_carrier`
--


--
-- Table structure for table `ps_cart_rule_combination`
--

CREATE TABLE `ps_cart_rule_combination` (
  `id_cart_rule_1` int(10) unsigned NOT NULL,
  `id_cart_rule_2` int(10) unsigned NOT NULL,
  PRIMARY KEY (`id_cart_rule_1`,`id_cart_rule_2`),
  KEY `id_cart_rule_1` (`id_cart_rule_1`),
  KEY `id_cart_rule_2` (`id_cart_rule_2`)
) ENGINE=InnoDB DEFAULT CHARSET=utf8;

--
-- Dumping data for table `ps_cart_rule_combination`
--


--
-- Table structure for table `ps_cart_rule_country`
--

CREATE TABLE `ps_cart_rule_country` (
  `id_cart_rule` int(10) unsigned NOT NULL,
  `id_country` int(10) unsigned NOT NULL,
  PRIMARY KEY (`id_cart_rule`,`id_country`)
) ENGINE=InnoDB DEFAULT CHARSET=utf8;

--
-- Dumping data for table `ps_cart_rule_country`
--


--
-- Table structure for table `ps_cart_rule_group`
--

CREATE TABLE `ps_cart_rule_group` (
  `id_cart_rule` int(10) unsigned NOT NULL,
  `id_group` int(10) unsigned NOT NULL,
  PRIMARY KEY (`id_cart_rule`,`id_group`)
) ENGINE=InnoDB DEFAULT CHARSET=utf8;

--
-- Dumping data for table `ps_cart_rule_group`
--


--
-- Table structure for table `ps_cart_rule_lang`
--

CREATE TABLE `ps_cart_rule_lang` (
  `id_cart_rule` int(10) unsigned NOT NULL,
  `id_lang` int(10) unsigned NOT NULL,
  `name` varchar(254) NOT NULL,
  PRIMARY KEY (`id_cart_rule`,`id_lang`)
) ENGINE=InnoDB DEFAULT CHARSET=utf8;

--
-- Dumping data for table `ps_cart_rule_lang`
--


--
-- Table structure for table `ps_cart_rule_product_rule`
--

CREATE TABLE `ps_cart_rule_product_rule` (
  `id_product_rule` int(10) unsigned NOT NULL AUTO_INCREMENT,
  `id_product_rule_group` int(10) unsigned NOT NULL,
  `type` enum('products','categories','attributes','manufacturers','suppliers') NOT NULL,
  PRIMARY KEY (`id_product_rule`)
) ENGINE=InnoDB DEFAULT CHARSET=utf8;

--
-- Dumping data for table `ps_cart_rule_product_rule`
--


--
-- Table structure for table `ps_cart_rule_product_rule_group`
--

CREATE TABLE `ps_cart_rule_product_rule_group` (
  `id_product_rule_group` int(10) unsigned NOT NULL AUTO_INCREMENT,
  `id_cart_rule` int(10) unsigned NOT NULL,
  `quantity` int(10) unsigned NOT NULL DEFAULT '1',
  PRIMARY KEY (`id_product_rule_group`)
) ENGINE=InnoDB DEFAULT CHARSET=utf8;

--
-- Dumping data for table `ps_cart_rule_product_rule_group`
--


--
-- Table structure for table `ps_cart_rule_product_rule_value`
--

CREATE TABLE `ps_cart_rule_product_rule_value` (
  `id_product_rule` int(10) unsigned NOT NULL,
  `id_item` int(10) unsigned NOT NULL,
  PRIMARY KEY (`id_product_rule`,`id_item`)
) ENGINE=InnoDB DEFAULT CHARSET=utf8;

--
-- Dumping data for table `ps_cart_rule_product_rule_value`
--


--
-- Table structure for table `ps_cart_rule_shop`
--

CREATE TABLE `ps_cart_rule_shop` (
  `id_cart_rule` int(10) unsigned NOT NULL,
  `id_shop` int(10) unsigned NOT NULL,
  PRIMARY KEY (`id_cart_rule`,`id_shop`)
) ENGINE=InnoDB DEFAULT CHARSET=utf8;

--
-- Dumping data for table `ps_cart_rule_shop`
--


--
-- Table structure for table `ps_category`
--

CREATE TABLE `ps_category` (
  `id_category` int(10) unsigned NOT NULL AUTO_INCREMENT,
  `id_parent` int(10) unsigned NOT NULL,
  `id_shop_default` int(10) unsigned NOT NULL DEFAULT '1',
  `level_depth` tinyint(3) unsigned NOT NULL DEFAULT '0',
  `nleft` int(10) unsigned NOT NULL DEFAULT '0',
  `nright` int(10) unsigned NOT NULL DEFAULT '0',
  `active` tinyint(1) unsigned NOT NULL DEFAULT '0',
  `date_add` datetime NOT NULL,
  `date_upd` datetime NOT NULL,
  `position` int(10) unsigned NOT NULL DEFAULT '0',
  `is_root_category` tinyint(1) NOT NULL DEFAULT '0',
  PRIMARY KEY (`id_category`),
  KEY `category_parent` (`id_parent`),
  KEY `nleftrightactive` (`nleft`,`nright`,`active`),
  KEY `level_depth` (`level_depth`),
  KEY `nright` (`nright`),
  KEY `activenleft` (`active`,`nleft`),
  KEY `activenright` (`active`,`nright`)
) ENGINE=InnoDB AUTO_INCREMENT=395 DEFAULT CHARSET=utf8;

--
-- Dumping data for table `ps_category`
--

INSERT INTO `ps_category` VALUES (1,0,1,0,1,210,1,'2016-02-15 10:48:01','2016-02-15 10:48:01',0,0),(2,1,1,1,2,209,1,'2016-02-15 10:48:01','2016-02-15 10:48:01',0,1),(3,2,1,2,0,0,0,'2017-01-02 08:43:53','2017-01-02 08:43:53',0,0),(4,2,1,2,0,0,0,'2017-01-02 08:43:53','2017-01-02 08:43:53',0,0),(5,3,1,2,0,0,0,'2017-01-02 08:43:53','2017-01-02 08:43:53',0,0),(7,2,1,2,0,0,0,'2017-01-02 08:43:54','2017-01-02 08:43:54',0,0),(8,3,1,2,0,0,0,'2017-01-02 08:43:54','2017-01-02 08:43:54',0,0),(9,4,1,2,0,0,0,'2017-01-02 08:43:54','2017-01-02 08:43:54',0,0),(10,3,1,2,0,0,0,'2017-01-02 08:43:54','2017-01-02 08:43:54',0,0),(11,4,1,2,0,0,0,'2017-01-02 08:43:55','2017-01-02 08:43:55',0,0),(12,3,1,2,0,0,0,'2017-01-02 08:43:55','2017-01-02 08:43:55',0,0),(13,4,1,2,0,0,0,'2017-01-02 08:43:55','2017-01-02 08:43:55',0,0),(14,3,1,2,0,0,0,'2017-01-02 08:43:56','2017-01-02 08:43:56',0,0),(15,4,1,2,0,0,0,'2017-01-02 08:43:56','2017-01-02 08:43:56',0,0),(16,3,1,2,0,0,0,'2017-01-02 08:43:56','2017-01-02 08:43:56',0,0),(17,4,1,2,0,0,0,'2017-01-02 08:43:56','2017-01-02 08:43:56',0,0),(18,3,1,2,0,0,0,'2017-01-02 08:43:57','2017-01-02 08:43:57',0,0),(19,4,1,2,0,0,0,'2017-01-02 08:43:57','2017-01-02 08:43:57',0,0),(20,3,1,2,0,0,0,'2017-01-02 08:43:57','2017-01-02 08:43:57',0,0),(21,3,1,2,0,0,0,'2017-01-02 08:43:57','2017-01-02 08:43:57',0,0),(22,3,1,2,0,0,0,'2017-01-02 08:43:58','2017-01-02 08:43:58',0,0),(23,3,1,2,0,0,0,'2017-01-02 08:43:58','2017-01-02 08:43:58',0,0),(24,4,1,2,0,0,0,'2017-01-02 08:43:58','2017-01-02 08:43:58',0,0),(25,3,1,2,0,0,0,'2017-01-02 08:43:58','2017-01-02 08:43:58',0,0),(26,4,1,2,0,0,0,'2017-01-02 08:43:59','2017-01-02 08:43:59',0,0),(27,4,1,2,0,0,0,'2017-01-02 08:43:59','2017-01-02 08:43:59',0,0),(28,3,1,2,0,0,0,'2017-01-02 08:43:59','2017-01-02 08:43:59',0,0),(29,4,1,2,0,0,0,'2017-01-02 08:43:59','2017-01-02 08:43:59',0,0),(30,4,1,2,0,0,0,'2017-01-02 08:44:00','2017-01-02 08:44:00',0,0),(31,4,1,2,0,0,0,'2017-01-02 08:44:00','2017-01-02 08:44:00',0,0),(32,4,1,2,0,0,0,'2017-01-02 08:44:00','2017-01-02 08:44:00',0,0),(33,3,1,2,0,0,0,'2017-01-02 08:44:01','2017-01-02 08:44:01',0,0),(34,3,1,2,0,0,0,'2017-01-02 08:44:01','2017-01-02 08:44:01',0,0),(35,3,1,2,0,0,0,'2017-01-02 08:44:01','2017-01-02 08:44:01',0,0),(36,3,1,2,0,0,0,'2017-01-02 08:44:01','2017-01-02 08:44:01',0,0),(37,4,1,2,0,0,0,'2017-01-02 08:44:02','2017-01-02 08:44:02',0,0),(38,3,1,2,0,0,0,'2017-01-02 08:44:02','2017-01-02 08:44:02',0,0),(39,3,1,2,0,0,0,'2017-01-02 08:44:02','2017-01-02 08:44:02',0,0),(40,3,1,2,0,0,0,'2017-01-02 08:44:02','2017-01-02 08:44:02',0,0),(41,3,1,2,0,0,0,'2017-01-02 08:44:03','2017-01-02 08:44:03',0,0),(42,3,1,2,0,0,0,'2017-01-02 08:44:03','2017-01-02 08:44:03',0,0),(43,3,1,2,0,0,0,'2017-01-02 08:44:03','2017-01-02 08:44:03',0,0),(44,4,1,2,0,0,0,'2017-01-02 08:44:04','2017-01-02 08:44:04',0,0),(45,4,1,2,0,0,0,'2017-01-02 08:44:04','2017-01-02 08:44:04',0,0),(46,4,1,2,0,0,0,'2017-01-02 08:44:04','2017-01-02 08:44:04',0,0),(47,4,1,2,0,0,0,'2017-01-02 08:44:04','2017-01-02 08:44:04',0,0),(48,3,1,2,0,0,0,'2017-01-02 08:44:05','2017-01-02 08:44:05',0,0),(49,3,1,2,0,0,0,'2017-01-02 08:44:05','2017-01-02 08:44:05',0,0),(50,3,1,2,0,0,0,'2017-01-02 08:44:05','2017-01-02 08:44:05',0,0),(51,4,1,2,0,0,0,'2017-01-02 08:44:05','2017-01-02 08:44:05',0,0),(52,4,1,2,0,0,0,'2017-01-02 08:44:06','2017-01-02 08:44:06',0,0),(53,3,1,2,0,0,0,'2017-01-02 08:44:06','2017-01-02 08:44:06',0,0),(54,3,1,2,0,0,0,'2017-01-02 08:44:06','2017-01-02 08:44:06',0,0),(55,4,1,2,0,0,0,'2017-01-02 08:44:06','2017-01-02 08:44:06',0,0),(56,3,1,2,0,0,0,'2017-01-02 08:44:07','2017-01-02 08:44:07',0,0),(57,4,1,2,0,0,0,'2017-01-02 08:44:07','2017-01-02 08:44:07',0,0),(58,3,1,2,0,0,0,'2017-01-02 08:44:07','2017-01-02 08:44:07',0,0),(59,3,1,2,0,0,0,'2017-01-02 08:44:07','2017-01-02 08:44:07',0,0),(60,4,1,2,0,0,0,'2017-01-02 08:44:08','2017-01-02 08:44:08',0,0),(61,4,1,2,0,0,0,'2017-01-02 08:44:08','2017-01-02 08:44:08',0,0),(62,3,1,2,0,0,0,'2017-01-02 08:44:08','2017-01-02 08:44:08',0,0),(63,3,1,2,0,0,0,'2017-01-02 08:44:09','2017-01-02 08:44:09',0,0),(64,3,1,2,0,0,0,'2017-01-02 08:44:09','2017-01-02 08:44:09',0,0),(65,3,1,2,0,0,0,'2017-01-02 08:44:09','2017-01-02 08:44:09',0,0),(66,3,1,2,0,0,0,'2017-01-02 08:44:09','2017-01-02 08:44:09',0,0),(67,2,1,2,0,0,0,'2017-01-02 08:44:10','2017-01-02 08:44:10',0,0),(68,4,1,2,0,0,0,'2017-01-02 08:44:10','2017-01-02 08:44:10',0,0),(69,3,1,2,0,0,0,'2017-01-02 08:44:10','2017-01-02 08:44:10',0,0),(70,4,1,2,0,0,0,'2017-01-02 08:44:10','2017-01-02 08:44:10',0,0),(71,3,1,2,0,0,0,'2017-01-02 08:44:11','2017-01-02 08:44:11',0,0),(72,3,1,2,0,0,0,'2017-01-02 08:44:11','2017-01-02 08:44:11',0,0),(73,3,1,2,0,0,0,'2017-01-02 08:44:11','2017-01-02 08:44:11',0,0),(74,3,1,2,0,0,0,'2017-01-02 08:44:11','2017-01-02 08:44:11',0,0),(75,3,1,2,0,0,0,'2017-01-02 08:44:12','2017-01-02 08:44:12',0,0),(76,4,1,2,0,0,0,'2017-01-02 08:44:12','2017-01-02 08:44:12',0,0),(77,4,1,2,0,0,0,'2017-01-02 08:44:12','2017-01-02 08:44:12',0,0),(78,3,1,2,0,0,0,'2017-01-02 08:44:12','2017-01-02 08:44:12',0,0),(79,4,1,2,0,0,0,'2017-01-02 08:44:13','2017-01-02 08:44:13',0,0),(80,4,1,2,0,0,0,'2017-01-02 08:44:13','2017-01-02 08:44:13',0,0),(81,4,1,2,0,0,0,'2017-01-02 08:44:13','2017-01-02 08:44:13',0,0),(82,4,1,2,0,0,0,'2017-01-02 08:44:13','2017-01-02 08:44:13',0,0),(83,4,1,2,0,0,0,'2017-01-02 08:44:14','2017-01-02 08:44:14',0,0),(84,3,1,2,0,0,0,'2017-01-02 08:44:14','2017-01-02 08:44:14',0,0),(85,4,1,2,0,0,0,'2017-01-02 08:44:14','2017-01-02 08:44:14',0,0),(86,3,1,2,0,0,0,'2017-01-02 08:44:14','2017-01-02 08:44:14',0,0),(87,4,1,2,0,0,0,'2017-01-02 08:44:15','2017-01-02 08:44:15',0,0),(88,4,1,2,0,0,0,'2017-01-02 08:44:15','2017-01-02 08:44:15',0,0),(89,3,1,2,0,0,0,'2017-01-02 08:44:15','2017-01-02 08:44:15',0,0),(90,3,1,2,0,0,0,'2017-01-02 08:44:15','2017-01-02 08:44:15',0,0),(91,3,1,2,0,0,0,'2017-01-02 08:44:16','2017-01-02 08:44:16',0,0),(92,4,1,2,0,0,0,'2017-01-02 08:44:16','2017-01-02 08:44:16',0,0),(93,3,1,2,0,0,0,'2017-01-02 08:44:16','2017-01-02 08:44:16',0,0),(94,4,1,2,0,0,0,'2017-01-02 08:44:16','2017-01-02 08:44:16',0,0),(95,4,1,2,0,0,0,'2017-01-02 08:44:17','2017-01-02 08:44:17',0,0),(96,4,1,2,0,0,0,'2017-01-02 08:44:17','2017-01-02 08:44:17',0,0),(97,4,1,2,0,0,0,'2017-01-02 08:44:17','2017-01-02 08:44:17',0,0),(98,4,1,2,0,0,0,'2017-01-02 08:44:17','2017-01-02 08:44:17',0,0),(99,4,1,2,0,0,0,'2017-01-02 08:44:18','2017-01-02 08:44:18',0,0),(100,4,1,2,0,0,0,'2017-01-02 08:44:18','2017-01-02 08:44:18',0,0),(101,2,1,2,0,0,0,'2017-01-02 08:44:18','2017-01-02 08:44:18',0,0),(102,4,1,2,0,0,0,'2017-01-02 08:44:18','2017-01-02 08:44:18',0,0),(103,4,1,2,0,0,0,'2017-01-02 08:44:19','2017-01-02 08:44:19',0,0),(104,4,1,2,0,0,0,'2017-01-02 08:44:19','2017-01-02 08:44:19',0,0),(105,4,1,2,0,0,0,'2017-01-02 08:44:19','2017-01-02 08:44:19',0,0),(106,4,1,2,0,0,0,'2017-01-02 08:44:19','2017-01-02 08:44:19',0,0),(107,3,1,2,0,0,0,'2017-01-02 08:44:20','2017-01-02 08:44:20',0,0),(108,3,1,2,0,0,0,'2017-01-02 08:44:20','2017-01-02 08:44:20',0,0),(109,4,1,2,0,0,0,'2017-01-02 08:44:20','2017-01-02 08:44:20',0,0),(110,4,1,2,0,0,0,'2017-01-02 08:44:20','2017-01-02 08:44:20',0,0),(111,4,1,2,0,0,0,'2017-01-02 08:44:21','2017-01-02 08:44:21',0,0),(112,4,1,2,0,0,0,'2017-01-02 08:44:21','2017-01-02 08:44:21',0,0),(113,4,1,2,0,0,0,'2017-01-02 08:44:21','2017-01-02 08:44:21',0,0),(114,4,1,2,0,0,0,'2017-01-02 08:44:21','2017-01-02 08:44:21',0,0),(115,4,1,2,0,0,0,'2017-01-02 08:44:22','2017-01-02 08:44:22',0,0),(116,3,1,2,0,0,0,'2017-01-02 08:44:22','2017-01-02 08:44:22',0,0),(117,4,1,2,0,0,0,'2017-01-02 08:44:22','2017-01-02 08:44:22',0,0),(118,4,1,2,0,0,0,'2017-01-02 08:44:22','2017-01-02 08:44:22',0,0),(119,4,1,2,0,0,0,'2017-01-02 08:44:23','2017-01-02 08:44:23',0,0),(120,4,1,2,0,0,0,'2017-01-02 08:44:23','2017-01-02 08:44:23',0,0),(121,3,1,2,0,0,0,'2017-01-02 08:44:23','2017-01-02 08:44:23',0,0),(122,4,1,2,0,0,0,'2017-01-02 08:44:24','2017-01-02 08:44:24',0,0),(123,3,1,2,0,0,0,'2017-01-02 08:44:24','2017-01-02 08:44:24',0,0),(124,4,1,2,0,0,0,'2017-01-02 08:44:24','2017-01-02 08:44:24',0,0),(125,4,1,2,0,0,0,'2017-01-02 08:44:24','2017-01-02 08:44:24',0,0),(126,4,1,2,0,0,0,'2017-01-02 08:44:25','2017-01-02 08:44:25',0,0),(127,4,1,2,0,0,0,'2017-01-02 08:44:25','2017-01-02 08:44:25',0,0),(128,4,1,2,0,0,0,'2017-01-02 08:44:25','2017-01-02 08:44:25',0,0),(129,4,1,2,0,0,0,'2017-01-02 08:44:25','2017-01-02 08:44:25',0,0),(130,4,1,2,0,0,0,'2017-01-02 08:44:26','2017-01-02 08:44:26',0,0),(131,4,1,2,0,0,0,'2017-01-02 08:44:26','2017-01-02 08:44:26',0,0),(132,4,1,2,0,0,0,'2017-01-02 08:44:26','2017-01-02 08:44:26',0,0),(133,3,1,2,0,0,0,'2017-01-02 08:44:26','2017-01-02 08:44:26',0,0),(134,3,1,2,0,0,0,'2017-01-02 08:44:27','2017-01-02 08:44:27',0,0),(135,3,1,2,0,0,0,'2017-01-02 08:44:27','2017-01-02 08:44:27',0,0),(136,4,1,2,0,0,0,'2017-01-02 08:44:27','2017-01-02 08:44:27',0,0),(137,4,1,2,0,0,0,'2017-01-02 08:44:27','2017-01-02 08:44:27',0,0),(138,3,1,2,0,0,0,'2017-01-02 08:44:28','2017-01-02 08:44:28',0,0),(139,4,1,2,0,0,0,'2017-01-02 08:44:28','2017-01-02 08:44:28',0,0),(140,4,1,2,0,0,0,'2017-01-02 08:44:28','2017-01-02 08:44:28',0,0),(141,3,1,2,0,0,0,'2017-01-02 08:44:28','2017-01-02 08:44:28',0,0),(142,4,1,2,0,0,0,'2017-01-02 08:44:29','2017-01-02 08:44:29',0,0),(143,4,1,2,0,0,0,'2017-01-02 08:44:29','2017-01-02 08:44:29',0,0),(144,4,1,2,0,0,0,'2017-01-02 08:44:29','2017-01-02 08:44:29',0,0),(145,3,1,2,0,0,0,'2017-01-02 08:44:30','2017-01-02 08:44:30',0,0),(146,4,1,2,0,0,0,'2017-01-02 08:44:30','2017-01-02 08:44:30',0,0),(147,4,1,2,0,0,0,'2017-01-02 08:44:30','2017-01-02 08:44:30',0,0),(148,3,1,2,0,0,0,'2017-01-02 08:44:30','2017-01-02 08:44:30',0,0),(149,4,1,2,0,0,0,'2017-01-02 08:44:31','2017-01-02 08:44:31',0,0),(150,3,1,2,0,0,0,'2017-01-02 08:44:31','2017-01-02 08:44:31',0,0),(151,4,1,2,0,0,0,'2017-01-02 08:44:31','2017-01-02 08:44:31',0,0),(152,3,1,2,0,0,0,'2017-01-02 08:44:31','2017-01-02 08:44:31',0,0),(153,4,1,2,0,0,0,'2017-01-02 08:44:32','2017-01-02 08:44:32',0,0),(154,4,1,2,0,0,0,'2017-01-02 08:44:32','2017-01-02 08:44:32',0,0),(155,3,1,2,0,0,0,'2017-01-02 08:44:32','2017-01-02 08:44:32',0,0),(156,4,1,2,0,0,0,'2017-01-02 08:44:33','2017-01-02 08:44:33',0,0),(157,4,1,2,0,0,0,'2017-01-02 08:44:33','2017-01-02 08:44:33',0,0),(158,3,1,2,0,0,0,'2017-01-02 08:44:33','2017-01-02 08:44:33',0,0),(159,4,1,2,0,0,0,'2017-01-02 08:44:33','2017-01-02 08:44:33',0,0),(160,4,1,2,0,0,0,'2017-01-02 08:44:35','2017-01-02 08:44:35',0,0),(161,4,1,2,0,0,0,'2017-01-02 08:44:36','2017-01-02 08:44:36',0,0),(162,4,1,2,0,0,0,'2017-01-02 08:44:37','2017-01-02 08:44:37',0,0),(163,3,1,2,0,0,0,'2017-01-02 08:44:37','2017-01-02 08:44:37',0,0),(164,4,1,2,0,0,0,'2017-01-02 08:44:37','2017-01-02 08:44:37',0,0),(165,4,1,2,0,0,0,'2017-01-02 08:44:37','2017-01-02 08:44:37',0,0),(166,3,1,2,0,0,0,'2017-01-02 08:44:37','2017-01-02 08:44:37',0,0),(167,4,1,2,0,0,0,'2017-01-02 08:44:38','2017-01-02 08:44:38',0,0),(168,3,1,2,0,0,0,'2017-01-02 08:44:38','2017-01-02 08:44:38',0,0),(169,4,1,2,0,0,0,'2017-01-02 08:44:38','2017-01-02 08:44:38',0,0),(170,3,1,2,0,0,0,'2017-01-02 08:44:39','2017-01-02 08:44:39',0,0),(171,3,1,2,0,0,0,'2017-01-02 08:44:39','2017-01-02 08:44:39',0,0),(172,3,1,2,0,0,0,'2017-01-02 08:44:39','2017-01-02 08:44:39',0,0),(173,4,1,2,0,0,0,'2017-01-02 08:44:39','2017-01-02 08:44:39',0,0),(174,4,1,2,0,0,0,'2017-01-02 08:44:39','2017-01-02 08:44:39',0,0),(175,4,1,2,0,0,0,'2017-01-02 08:44:40','2017-01-02 08:44:40',0,0),(176,3,1,2,0,0,0,'2017-01-02 08:44:40','2017-01-02 08:44:40',0,0),(177,4,1,2,0,0,0,'2017-01-02 08:44:40','2017-01-02 08:44:40',0,0),(178,4,1,2,0,0,0,'2017-01-02 08:44:41','2017-01-02 08:44:41',0,0),(179,3,1,2,0,0,0,'2017-01-02 08:44:41','2017-01-02 08:44:41',0,0),(180,4,1,2,0,0,0,'2017-01-02 08:44:41','2017-01-02 08:44:41',0,0),(181,3,1,2,0,0,0,'2017-01-02 08:44:41','2017-01-02 08:44:41',0,0),(182,3,1,2,0,0,0,'2017-01-02 08:44:42','2017-01-02 08:44:42',0,0),(183,4,1,2,0,0,0,'2017-01-02 08:44:42','2017-01-02 08:44:42',0,0),(184,4,1,2,0,0,0,'2017-01-02 08:44:42','2017-01-02 08:44:42',0,0),(185,3,1,2,0,0,0,'2017-01-02 08:44:42','2017-01-02 08:44:42',0,0),(186,4,1,2,0,0,0,'2017-01-02 08:44:43','2017-01-02 08:44:43',0,0),(187,4,1,2,0,0,0,'2017-01-02 08:44:43','2017-01-02 08:44:43',0,0),(188,3,1,2,0,0,0,'2017-01-02 08:44:43','2017-01-02 08:44:43',0,0),(189,3,1,2,0,0,0,'2017-01-02 08:44:43','2017-01-02 08:44:43',0,0),(190,4,1,2,0,0,0,'2017-01-02 08:44:43','2017-01-02 08:44:43',0,0),(191,3,1,2,0,0,0,'2017-01-02 08:44:44','2017-01-02 08:44:44',0,0),(192,4,1,2,0,0,0,'2017-01-02 08:44:44','2017-01-02 08:44:44',0,0),(193,3,1,2,0,0,0,'2017-01-02 08:44:44','2017-01-02 08:44:44',0,0),(194,4,1,2,0,0,0,'2017-01-02 08:44:44','2017-01-02 08:44:44',0,0),(195,4,1,2,0,0,0,'2017-01-02 08:44:45','2017-01-02 08:44:45',0,0),(196,3,1,2,0,0,0,'2017-01-02 08:44:45','2017-01-02 08:44:45',0,0),(197,4,1,2,0,0,0,'2017-01-02 08:44:45','2017-01-02 08:44:45',0,0),(198,3,1,2,0,0,0,'2017-01-02 08:44:46','2017-01-02 08:44:46',0,0),(199,4,1,2,0,0,0,'2017-01-02 08:44:46','2017-01-02 08:44:46',0,0),(200,4,1,2,0,0,0,'2017-01-02 08:44:46','2017-01-02 08:44:46',0,0),(201,4,1,2,0,0,0,'2017-01-02 08:44:46','2017-01-02 08:44:46',0,0),(202,3,1,2,0,0,0,'2017-01-02 08:44:47','2017-01-02 08:44:47',0,0),(203,3,1,2,0,0,0,'2017-01-02 08:44:47','2017-01-02 08:44:47',0,0),(204,4,1,2,0,0,0,'2017-01-02 08:44:47','2017-01-02 08:44:47',0,0),(205,4,1,2,0,0,0,'2017-01-02 08:44:47','2017-01-02 08:44:47',0,0),(206,3,1,2,0,0,0,'2017-01-02 08:44:48','2017-01-02 08:44:48',0,0),(207,4,1,2,0,0,0,'2017-01-02 08:44:48','2017-01-02 08:44:48',0,0),(208,4,1,2,0,0,0,'2017-01-02 08:44:48','2017-01-02 08:44:48',0,0),(209,4,1,2,0,0,0,'2017-01-02 08:44:48','2017-01-02 08:44:48',0,0),(210,4,1,2,0,0,0,'2017-01-02 08:44:49','2017-01-02 08:44:49',0,0),(211,4,1,2,0,0,0,'2017-01-02 08:44:49','2017-01-02 08:44:49',0,0),(212,3,1,2,0,0,0,'2017-01-02 08:44:49','2017-01-02 08:44:49',0,0),(213,4,1,2,0,0,0,'2017-01-02 08:44:49','2017-01-02 08:44:49',0,0),(214,4,1,2,0,0,0,'2017-01-02 08:44:50','2017-01-02 08:44:50',0,0),(215,4,1,2,0,0,0,'2017-01-02 08:44:50','2017-01-02 08:44:50',0,0),(216,4,1,2,0,0,0,'2017-01-02 08:44:50','2017-01-02 08:44:50',0,0),(217,3,1,2,0,0,0,'2017-01-02 08:44:50','2017-01-02 08:44:50',0,0),(218,4,1,2,0,0,0,'2017-01-02 08:44:51','2017-01-02 08:44:51',0,0),(219,4,1,2,0,0,0,'2017-01-02 08:44:51','2017-01-02 08:44:51',0,0),(220,4,1,2,0,0,0,'2017-01-02 08:44:51','2017-01-02 08:44:51',0,0),(221,4,1,2,0,0,0,'2017-01-02 08:44:51','2017-01-02 08:44:51',0,0),(222,4,1,2,0,0,0,'2017-01-02 08:44:52','2017-01-02 08:44:52',0,0),(223,4,1,2,0,0,0,'2017-01-02 08:44:52','2017-01-02 08:44:52',0,0),(224,4,1,2,0,0,0,'2017-01-02 08:44:52','2017-01-02 08:44:52',0,0),(225,4,1,2,0,0,0,'2017-01-02 08:44:52','2017-01-02 08:44:52',0,0),(226,3,1,2,0,0,0,'2017-01-02 08:44:53','2017-01-02 08:44:53',0,0),(227,4,1,2,0,0,0,'2017-01-02 08:44:53','2017-01-02 08:44:53',0,0),(228,4,1,2,0,0,0,'2017-01-02 08:44:53','2017-01-02 08:44:53',0,0),(229,4,1,2,0,0,0,'2017-01-02 08:44:53','2017-01-02 08:44:53',0,0),(230,4,1,2,0,0,0,'2017-01-02 08:44:54','2017-01-02 08:44:54',0,0),(231,4,1,2,0,0,0,'2017-01-02 08:44:54','2017-01-02 08:44:54',0,0),(232,4,1,2,0,0,0,'2017-01-02 08:44:54','2017-01-02 08:44:54',0,0),(233,4,1,2,0,0,0,'2017-01-02 08:44:55','2017-01-02 08:44:55',0,0),(234,3,1,2,0,0,0,'2017-01-02 08:44:55','2017-01-02 08:44:55',0,0),(235,3,1,2,0,0,0,'2017-01-02 08:44:55','2017-01-02 08:44:55',0,0),(236,4,1,2,0,0,0,'2017-01-02 08:44:55','2017-01-02 08:44:55',0,0),(237,3,1,2,0,0,0,'2017-01-02 08:44:56','2017-01-02 08:44:56',0,0),(238,4,1,2,0,0,0,'2017-01-02 08:44:56','2017-01-02 08:44:56',0,0),(239,4,1,2,0,0,0,'2017-01-02 08:44:56','2017-01-02 08:44:56',0,0),(240,4,1,2,0,0,0,'2017-01-02 08:44:56','2017-01-02 08:44:56',0,0),(241,4,1,2,0,0,0,'2017-01-02 08:44:56','2017-01-02 08:44:56',0,0),(242,3,1,2,0,0,0,'2017-01-02 08:44:57','2017-01-02 08:44:57',0,0),(243,3,1,2,0,0,0,'2017-01-02 08:44:57','2017-01-02 08:44:57',0,0),(244,3,1,2,0,0,0,'2017-01-02 08:44:57','2017-01-02 08:44:57',0,0),(245,3,1,2,0,0,0,'2017-01-02 08:44:58','2017-01-02 08:44:58',0,0),(246,4,1,2,0,0,0,'2017-01-02 08:44:58','2017-01-02 08:44:58',0,0),(247,3,1,2,0,0,0,'2017-01-02 08:44:58','2017-01-02 08:44:58',0,0),(248,4,1,2,0,0,0,'2017-01-02 08:44:58','2017-01-02 08:44:58',0,0),(249,4,1,2,0,0,0,'2017-01-02 08:44:59','2017-01-02 08:44:59',0,0),(250,4,1,2,0,0,0,'2017-01-02 08:44:59','2017-01-02 08:44:59',0,0),(251,3,1,2,0,0,0,'2017-01-02 08:44:59','2017-01-02 08:44:59',0,0),(252,4,1,2,0,0,0,'2017-01-02 08:44:59','2017-01-02 08:44:59',0,0),(253,4,1,2,0,0,0,'2017-01-02 08:45:00','2017-01-02 08:45:00',0,0),(254,4,1,2,0,0,0,'2017-01-02 08:45:00','2017-01-02 08:45:00',0,0),(255,4,1,2,0,0,0,'2017-01-02 08:45:00','2017-01-02 08:45:00',0,0),(256,3,1,2,0,0,0,'2017-01-02 08:45:00','2017-01-02 08:45:00',0,0),(257,4,1,2,0,0,0,'2017-01-02 08:45:00','2017-01-02 08:45:00',0,0),(258,3,1,2,0,0,0,'2017-01-02 08:45:01','2017-01-02 08:45:01',0,0),(259,4,1,2,0,0,0,'2017-01-02 08:45:01','2017-01-02 08:45:01',0,0),(260,4,1,2,0,0,0,'2017-01-02 08:45:01','2017-01-02 08:45:01',0,0),(261,4,1,2,0,0,0,'2017-01-02 08:45:02','2017-01-02 08:45:02',0,0),(262,3,1,2,0,0,0,'2017-01-02 08:45:02','2017-01-02 08:45:02',0,0),(263,4,1,2,0,0,0,'2017-01-02 08:45:02','2017-01-02 08:45:02',0,0),(264,4,1,2,0,0,0,'2017-01-02 08:45:02','2017-01-02 08:45:02',0,0),(265,4,1,2,0,0,0,'2017-01-02 08:45:02','2017-01-02 08:45:02',0,0),(266,4,1,2,0,0,0,'2017-01-02 08:45:03','2017-01-02 08:45:03',0,0),(267,4,1,2,0,0,0,'2017-01-02 08:45:03','2017-01-02 08:45:03',0,0),(268,4,1,2,0,0,0,'2017-01-02 08:45:03','2017-01-02 08:45:03',0,0),(269,4,1,2,0,0,0,'2017-01-02 08:45:03','2017-01-02 08:45:03',0,0),(270,4,1,2,0,0,0,'2017-01-02 08:45:04','2017-01-02 08:45:04',0,0),(271,4,1,2,0,0,0,'2017-01-02 08:45:04','2017-01-02 08:45:04',0,0),(272,4,1,2,0,0,0,'2017-01-02 08:45:04','2017-01-02 08:45:04',0,0),(273,4,1,2,0,0,0,'2017-01-02 08:45:04','2017-01-02 08:45:04',0,0),(274,4,1,2,0,0,0,'2017-01-02 08:45:05','2017-01-02 08:45:05',0,0),(275,4,1,2,0,0,0,'2017-01-02 08:45:05','2017-01-02 08:45:05',0,0),(276,4,1,2,0,0,0,'2017-01-02 08:45:05','2017-01-02 08:45:05',0,0),(277,4,1,2,0,0,0,'2017-01-02 08:45:06','2017-01-02 08:45:06',0,0),(278,4,1,2,0,0,0,'2017-01-02 08:45:06','2017-01-02 08:45:06',0,0),(279,4,1,2,0,0,0,'2017-01-02 08:45:06','2017-01-02 08:45:06',0,0),(280,4,1,2,0,0,0,'2017-01-02 08:45:06','2017-01-02 08:45:06',0,0),(281,3,1,2,0,0,0,'2017-01-02 08:45:07','2017-01-02 08:45:07',0,0),(282,4,1,2,0,0,0,'2017-01-02 08:45:07','2017-01-02 08:45:07',0,0),(283,3,1,2,0,0,0,'2017-01-02 08:45:07','2017-01-02 08:45:07',0,0),(284,3,1,2,0,0,0,'2017-01-02 08:45:07','2017-01-02 08:45:07',0,0),(285,4,1,2,0,0,0,'2017-01-02 08:45:08','2017-01-02 08:45:08',0,0),(286,4,1,2,0,0,0,'2017-01-02 08:45:08','2017-01-02 08:45:08',0,0),(287,4,1,2,0,0,0,'2017-01-02 08:45:08','2017-01-02 08:45:08',0,0),(288,4,1,2,0,0,0,'2017-01-02 08:45:08','2017-01-02 08:45:08',0,0),(289,3,1,2,0,0,0,'2017-01-02 08:45:09','2017-01-02 08:45:09',0,0),(290,4,1,2,0,0,0,'2017-01-02 08:45:09','2017-01-02 08:45:09',0,0),(291,4,1,2,0,0,0,'2017-01-02 08:45:09','2017-01-02 08:45:09',0,0),(293,4,1,2,0,0,0,'2017-01-02 08:45:10','2017-01-02 08:45:10',0,0),(294,4,1,2,0,0,0,'2017-01-02 08:45:10','2017-01-02 08:45:10',0,0),(295,4,1,2,0,0,0,'2017-01-02 08:45:10','2017-01-02 08:45:10',0,0),(296,4,1,2,0,0,0,'2017-01-02 08:45:10','2017-01-02 08:45:10',0,0),(297,4,1,2,0,0,0,'2017-01-02 08:45:11','2017-01-02 08:45:11',0,0),(298,4,1,2,0,0,0,'2017-01-02 08:45:11','2017-01-02 08:45:11',0,0),(299,3,1,2,0,0,0,'2017-01-02 08:45:11','2017-01-02 08:45:11',0,0),(300,3,1,2,0,0,0,'2017-01-02 08:45:11','2017-01-02 08:45:11',0,0),(301,4,1,2,0,0,0,'2017-01-02 08:45:12','2017-01-02 08:45:12',0,0),(302,4,1,2,0,0,0,'2017-01-02 08:45:12','2017-01-02 08:45:12',0,0),(303,4,1,2,0,0,0,'2017-01-02 08:45:12','2017-01-02 08:45:12',0,0),(304,4,1,2,0,0,0,'2017-01-02 08:45:12','2017-01-02 08:45:12',0,0),(305,4,1,2,0,0,0,'2017-01-02 08:45:13','2017-01-02 08:45:13',0,0),(306,4,1,2,0,0,0,'2017-01-02 08:45:13','2017-01-02 08:45:13',0,0),(307,4,1,2,0,0,0,'2017-01-02 08:45:13','2017-01-02 08:45:13',0,0),(308,3,1,2,0,0,0,'2017-01-02 08:45:13','2017-01-02 08:45:13',0,0),(309,4,1,2,0,0,0,'2017-01-02 08:45:14','2017-01-02 08:45:14',0,0),(310,4,1,2,0,0,0,'2017-01-02 08:45:14','2017-01-02 08:45:14',0,0),(311,4,1,2,0,0,0,'2017-01-02 08:45:14','2017-01-02 08:45:14',0,0),(312,3,1,2,0,0,0,'2017-01-02 08:45:14','2017-01-02 08:45:14',0,0),(313,3,1,2,0,0,0,'2017-01-02 08:45:15','2017-01-02 08:45:15',0,0),(314,4,1,2,0,0,0,'2017-01-02 08:45:15','2017-01-02 08:45:15',0,0),(315,4,1,2,0,0,0,'2017-01-02 08:45:15','2017-01-02 08:45:15',0,0),(316,4,1,2,0,0,0,'2017-01-02 08:45:15','2017-01-02 08:45:15',0,0),(317,3,1,2,0,0,0,'2017-01-02 08:45:16','2017-01-02 08:45:16',0,0),(318,4,1,2,0,0,0,'2017-01-02 08:45:16','2017-01-02 08:45:16',0,0),(319,3,1,2,0,0,0,'2017-01-02 08:45:16','2017-01-02 08:45:16',0,0),(320,3,1,2,0,0,0,'2017-01-02 08:45:16','2017-01-02 08:45:16',0,0),(321,4,1,2,0,0,0,'2017-01-02 08:45:17','2017-01-02 08:45:17',0,0),(322,4,1,2,0,0,0,'2017-01-02 08:45:17','2017-01-02 08:45:17',0,0),(323,4,1,2,0,0,0,'2017-01-02 08:45:17','2017-01-02 08:45:17',0,0),(324,4,1,2,0,0,0,'2017-01-02 08:45:17','2017-01-02 08:45:17',0,0),(325,4,1,2,0,0,0,'2017-01-02 08:45:18','2017-01-02 08:45:18',0,0),(326,4,1,2,0,0,0,'2017-01-02 08:45:18','2017-01-02 08:45:18',0,0),(327,3,1,2,0,0,0,'2017-01-02 08:45:18','2017-01-02 08:45:18',0,0),(328,4,1,2,0,0,0,'2017-01-02 08:45:18','2017-01-02 08:45:18',0,0),(329,4,1,2,0,0,0,'2017-01-02 08:45:19','2017-01-02 08:45:19',0,0),(330,4,1,2,0,0,0,'2017-01-02 08:45:19','2017-01-02 08:45:19',0,0),(331,4,1,2,0,0,0,'2017-01-02 08:45:19','2017-01-02 08:45:19',0,0),(332,4,1,2,0,0,0,'2017-01-02 08:45:20','2017-01-02 08:45:20',0,0),(333,3,1,2,0,0,0,'2017-01-02 08:45:20','2017-01-02 08:45:20',0,0),(334,4,1,2,0,0,0,'2017-01-02 08:45:20','2017-01-02 08:45:20',0,0),(335,4,1,2,0,0,0,'2017-01-02 08:45:20','2017-01-02 08:45:20',0,0),(336,4,1,2,0,0,0,'2017-01-02 08:45:20','2017-01-02 08:45:20',0,0),(337,4,1,2,0,0,0,'2017-01-02 08:45:21','2017-01-02 08:45:21',0,0),(338,3,1,2,0,0,0,'2017-01-02 08:45:21','2017-01-02 08:45:21',0,0),(339,4,1,2,0,0,0,'2017-01-02 08:45:21','2017-01-02 08:45:21',0,0),(340,4,1,2,0,0,0,'2017-01-02 08:45:22','2017-01-02 08:45:22',0,0),(341,4,1,2,0,0,0,'2017-01-02 08:45:22','2017-01-02 08:45:22',0,0),(342,4,1,2,0,0,0,'2017-01-02 08:45:22','2017-01-02 08:45:22',0,0),(343,4,1,2,0,0,0,'2017-01-02 08:45:22','2017-01-02 08:45:22',0,0),(344,4,1,2,0,0,0,'2017-01-02 08:45:23','2017-01-02 08:45:23',0,0),(345,4,1,2,0,0,0,'2017-01-02 08:45:23','2017-01-02 08:45:23',0,0),(346,4,1,2,0,0,0,'2017-01-02 08:45:23','2017-01-02 08:45:23',0,0),(347,4,1,2,0,0,0,'2017-01-02 08:45:23','2017-01-02 08:45:23',0,0),(348,4,1,2,0,0,0,'2017-01-02 08:45:23','2017-01-02 08:45:23',0,0),(349,3,1,2,0,0,0,'2017-01-02 08:45:24','2017-01-02 08:45:24',0,0),(350,4,1,2,0,0,0,'2017-01-02 08:45:24','2017-01-02 08:45:24',0,0),(351,4,1,2,0,0,0,'2017-01-02 08:45:24','2017-01-02 08:45:24',0,0),(352,3,1,2,0,0,0,'2017-01-02 08:45:25','2017-01-02 08:45:25',0,0),(353,4,1,2,0,0,0,'2017-01-02 08:45:25','2017-01-02 08:45:25',0,0),(354,4,1,2,0,0,0,'2017-01-02 08:45:25','2017-01-02 08:45:25',0,0),(355,4,1,2,0,0,0,'2017-01-02 08:45:25','2017-01-02 08:45:25',0,0),(356,4,1,2,0,0,0,'2017-01-02 08:45:26','2017-01-02 08:45:26',0,0),(357,4,1,2,0,0,0,'2017-01-02 08:45:26','2017-01-02 08:45:26',0,0),(358,4,1,2,0,0,0,'2017-01-02 08:45:26','2017-01-02 08:45:26',0,0),(359,4,1,2,0,0,0,'2017-01-02 08:45:26','2017-01-02 08:45:26',0,0),(360,4,1,2,0,0,0,'2017-01-02 08:45:27','2017-01-02 08:45:27',0,0),(361,4,1,2,0,0,0,'2017-01-02 08:45:27','2017-01-02 08:45:27',0,0),(362,4,1,2,0,0,0,'2017-01-02 08:45:27','2017-01-02 08:45:27',0,0),(363,4,1,2,0,0,0,'2017-01-02 08:45:27','2017-01-02 08:45:27',0,0),(364,4,1,2,0,0,0,'2017-01-02 08:45:28','2017-01-02 08:45:28',0,0),(365,4,1,2,0,0,0,'2017-01-02 08:45:28','2017-01-02 08:45:28',0,0),(366,3,1,2,0,0,0,'2017-01-02 08:45:28','2017-01-02 08:45:28',0,0),(367,4,1,2,0,0,0,'2017-01-02 08:45:28','2017-01-02 08:45:28',0,0),(368,4,1,2,0,0,0,'2017-01-02 08:45:29','2017-01-02 08:45:29',0,0),(369,4,1,2,0,0,0,'2017-01-02 08:45:29','2017-01-02 08:45:29',0,0),(370,4,1,2,0,0,0,'2017-01-02 08:45:29','2017-01-02 08:45:29',0,0),(371,4,1,2,0,0,0,'2017-01-02 08:45:29','2017-01-02 08:45:29',0,0),(372,4,1,2,0,0,0,'2017-01-02 08:45:30','2017-01-02 08:45:30',0,0),(373,4,1,2,0,0,0,'2017-01-02 08:45:30','2017-01-02 08:45:30',0,0),(374,3,1,2,0,0,0,'2017-01-02 08:45:30','2017-01-02 08:45:30',0,0),(375,4,1,2,0,0,0,'2017-01-02 08:45:30','2017-01-02 08:45:30',0,0),(376,4,1,2,0,0,0,'2017-01-02 08:45:31','2017-01-02 08:45:31',0,0),(377,4,1,2,0,0,0,'2017-01-02 08:45:31','2017-01-02 08:45:31',0,0),(378,4,1,2,0,0,0,'2017-01-02 08:45:31','2017-01-02 08:45:31',0,0),(379,4,1,2,0,0,0,'2017-01-02 08:45:31','2017-01-02 08:45:31',0,0),(380,4,1,4,0,0,0,'2017-01-16 12:11:14','2017-01-16 12:11:36',0,0),(381,4,1,4,0,0,0,'2017-01-19 15:44:27','2017-01-19 15:45:01',0,0),(386,4,1,4,0,0,0,'2017-01-25 15:31:43','2017-01-25 15:31:43',0,0),(387,4,1,4,0,0,0,'2017-01-25 15:32:30','2017-01-25 15:32:40',0,0),(388,2,1,2,0,0,0,'2017-02-23 14:31:23','2017-02-23 14:31:23',0,0),(389,4,1,4,0,0,0,'2017-02-25 11:25:53','2017-02-25 11:26:25',0,0),(390,2,1,2,0,0,0,'2017-03-22 18:44:12','2017-03-22 18:44:12',0,0),(391,2,1,2,0,0,0,'2017-03-22 18:44:31','2017-03-22 18:44:31',0,0),(392,391,1,255,0,0,0,'2017-03-22 18:44:42','2017-03-22 18:44:42',0,0),(393,2,1,2,0,0,0,'2017-03-22 18:45:30','2017-03-22 18:45:30',0,0),(394,4,1,4,0,0,0,'2017-04-05 15:01:47','2017-04-05 15:01:57',0,0);

--
-- Table structure for table `ps_category_group`
--

CREATE TABLE `ps_category_group` (
  `id_category` int(10) unsigned NOT NULL,
  `id_group` int(10) unsigned NOT NULL,
  PRIMARY KEY (`id_category`,`id_group`),
  KEY `id_category` (`id_category`),
  KEY `id_group` (`id_group`)
) ENGINE=InnoDB DEFAULT CHARSET=utf8;

--
-- Dumping data for table `ps_category_group`
--

INSERT INTO `ps_category_group` VALUES (3,1),(3,2),(3,3),(4,1),(4,2),(4,3),(5,1),(5,2),(5,3),(7,1),(7,2),(7,3),(8,1),(8,2),(8,3),(9,1),(9,2),(9,3),(10,1),(10,2),(10,3),(11,1),(11,2),(11,3),(12,1),(12,2),(12,3),(13,1),(13,2),(13,3),(14,1),(14,2),(14,3),(15,1),(15,2),(15,3),(16,1),(16,2),(16,3),(17,1),(17,2),(17,3),(18,1),(18,2),(18,3),(19,1),(19,2),(19,3),(20,1),(20,2),(20,3),(21,1),(21,2),(21,3),(22,1),(22,2),(22,3),(23,1),(23,2),(23,3),(24,1),(24,2),(24,3),(25,1),(25,2),(25,3),(26,1),(26,2),(26,3),(27,1),(27,2),(27,3),(28,1),(28,2),(28,3),(29,1),(29,2),(29,3),(30,1),(30,2),(30,3),(31,1),(31,2),(31,3),(32,1),(32,2),(32,3),(33,1),(33,2),(33,3),(34,1),(34,2),(34,3),(35,1),(35,2),(35,3),(36,1),(36,2),(36,3),(37,1),(37,2),(37,3),(38,1),(38,2),(38,3),(39,1),(39,2),(39,3),(40,1),(40,2),(40,3),(41,1),(41,2),(41,3),(42,1),(42,2),(42,3),(43,1),(43,2),(43,3),(44,1),(44,2),(44,3),(45,1),(45,2),(45,3),(46,1),(46,2),(46,3),(47,1),(47,2),(47,3),(48,1),(48,2),(48,3),(49,1),(49,2),(49,3),(50,1),(50,2),(50,3),(51,1),(51,2),(51,3),(52,1),(52,2),(52,3),(53,1),(53,2),(53,3),(54,1),(54,2),(54,3),(55,1),(55,2),(55,3),(56,1),(56,2),(56,3),(57,1),(57,2),(57,3),(58,1),(58,2),(58,3),(59,1),(59,2),(59,3),(60,1),(60,2),(60,3),(61,1),(61,2),(61,3),(62,1),(62,2),(62,3),(63,1),(63,2),(63,3),(64,1),(64,2),(64,3),(65,1),(65,2),(65,3),(66,1),(66,2),(66,3),(67,1),(67,2),(67,3),(68,1),(68,2),(68,3),(69,1),(69,2),(69,3),(70,1),(70,2),(70,3),(71,1),(71,2),(71,3),(72,1),(72,2),(72,3),(73,1),(73,2),(73,3),(74,1),(74,2),(74,3),(75,1),(75,2),(75,3),(76,1),(76,2),(76,3),(77,1),(77,2),(77,3),(78,1),(78,2),(78,3),(79,1),(79,2),(79,3),(80,1),(80,2),(80,3),(81,1),(81,2),(81,3),(82,1),(82,2),(82,3),(83,1),(83,2),(83,3),(84,1),(84,2),(84,3),(85,1),(85,2),(85,3),(86,1),(86,2),(86,3),(87,1),(87,2),(87,3),(88,1),(88,2),(88,3),(89,1),(89,2),(89,3),(90,1),(90,2),(90,3),(91,1),(91,2),(91,3),(92,1),(92,2),(92,3),(93,1),(93,2),(93,3),(94,1),(94,2),(94,3),(95,1),(95,2),(95,3),(96,1),(96,2),(96,3),(97,1),(97,2),(97,3),(98,1),(98,2),(98,3),(99,1),(99,2),(99,3),(100,1),(100,2),(100,3),(101,1),(101,2),(101,3),(102,1),(102,2),(102,3),(103,1),(103,2),(103,3),(104,1),(104,2),(104,3),(105,1),(105,2),(105,3),(106,1),(106,2),(106,3),(107,1),(107,2),(107,3),(108,1),(108,2),(108,3),(109,1),(109,2),(109,3),(110,1),(110,2),(110,3),(111,1),(111,2),(111,3),(112,1),(112,2),(112,3),(113,1),(113,2),(113,3),(114,1),(114,2),(114,3),(115,1),(115,2),(115,3),(116,1),(116,2),(116,3),(117,1),(117,2),(117,3),(118,1),(118,2),(118,3),(119,1),(119,2),(119,3),(120,1),(120,2),(120,3),(121,1),(121,2),(121,3),(122,1),(122,2),(122,3),(123,1),(123,2),(123,3),(124,1),(124,2),(124,3),(125,1),(125,2),(125,3),(126,1),(126,2),(126,3),(127,1),(127,2),(127,3),(128,1),(128,2),(128,3),(129,1),(129,2),(129,3),(130,1),(130,2),(130,3),(131,1),(131,2),(131,3),(132,1),(132,2),(132,3),(133,1),(133,2),(133,3),(134,1),(134,2),(134,3),(135,1),(135,2),(135,3),(136,1),(136,2),(136,3),(137,1),(137,2),(137,3),(138,1),(138,2),(138,3),(139,1),(139,2),(139,3),(140,1),(140,2),(140,3),(141,1),(141,2),(141,3),(142,1),(142,2),(142,3),(143,1),(143,2),(143,3),(144,1),(144,2),(144,3),(145,1),(145,2),(145,3),(146,1),(146,2),(146,3),(147,1),(147,2),(147,3),(148,1),(148,2),(148,3),(149,1),(149,2),(149,3),(150,1),(150,2),(150,3),(151,1),(151,2),(151,3),(152,1),(152,2),(152,3),(153,1),(153,2),(153,3),(154,1),(154,2),(154,3),(155,1),(155,2),(155,3),(156,1),(156,2),(156,3),(157,1),(157,2),(157,3),(158,1),(158,2),(158,3),(159,1),(159,2),(159,3),(160,1),(160,2),(160,3),(161,1),(161,2),(161,3),(162,1),(162,2),(162,3),(163,1),(163,2),(163,3),(164,1),(164,2),(164,3),(165,1),(165,2),(165,3),(166,1),(166,2),(166,3),(167,1),(167,2),(167,3),(168,1),(168,2),(168,3),(169,1),(169,2),(169,3),(170,1),(170,2),(170,3),(171,1),(171,2),(171,3),(172,1),(172,2),(172,3),(173,1),(173,2),(173,3),(174,1),(174,2),(174,3),(175,1),(175,2),(175,3),(176,1),(176,2),(176,3),(177,1),(177,2),(177,3),(178,1),(178,2),(178,3),(179,1),(179,2),(179,3),(180,1),(180,2),(180,3),(181,1),(181,2),(181,3),(182,1),(182,2),(182,3),(183,1),(183,2),(183,3),(184,1),(184,2),(184,3),(185,1),(185,2),(185,3),(186,1),(186,2),(186,3),(187,1),(187,2),(187,3),(188,1),(188,2),(188,3),(189,1),(189,2),(189,3),(190,1),(190,2),(190,3),(191,1),(191,2),(191,3),(192,1),(192,2),(192,3),(193,1),(193,2),(193,3),(194,1),(194,2),(194,3),(195,1),(195,2),(195,3),(196,1),(196,2),(196,3),(197,1),(197,2),(197,3),(198,1),(198,2),(198,3),(199,1),(199,2),(199,3),(200,1),(200,2),(200,3),(201,1),(201,2),(201,3),(202,1),(202,2),(202,3),(203,1),(203,2),(203,3),(204,1),(204,2),(204,3),(205,1),(205,2),(205,3),(206,1),(206,2),(206,3),(207,1),(207,2),(207,3),(208,1),(208,2),(208,3),(209,1),(209,2),(209,3),(210,1),(210,2),(210,3),(211,1),(211,2),(211,3),(212,1),(212,2),(212,3),(213,1),(213,2),(213,3),(214,1),(214,2),(214,3),(215,1),(215,2),(215,3),(216,1),(216,2),(216,3),(217,1),(217,2),(217,3),(218,1),(218,2),(218,3),(219,1),(219,2),(219,3),(220,1),(220,2),(220,3),(221,1),(221,2),(221,3),(222,1),(222,2),(222,3),(223,1),(223,2),(223,3),(224,1),(224,2),(224,3),(225,1),(225,2),(225,3),(226,1),(226,2),(226,3),(227,1),(227,2),(227,3),(228,1),(228,2),(228,3),(229,1),(229,2),(229,3),(230,1),(230,2),(230,3),(231,1),(231,2),(231,3),(232,1),(232,2),(232,3),(233,1),(233,2),(233,3),(234,1),(234,2),(234,3),(235,1),(235,2),(235,3),(236,1),(236,2),(236,3),(237,1),(237,2),(237,3),(238,1),(238,2),(238,3),(239,1),(239,2),(239,3),(240,1),(240,2),(240,3),(241,1),(241,2),(241,3),(242,1),(242,2),(242,3),(243,1),(243,2),(243,3),(244,1),(244,2),(244,3),(245,1),(245,2),(245,3),(246,1),(246,2),(246,3),(247,1),(247,2),(247,3),(248,1),(248,2),(248,3),(249,1),(249,2),(249,3),(250,1),(250,2),(250,3),(251,1),(251,2),(251,3),(252,1),(252,2),(252,3),(253,1),(253,2),(253,3),(254,1),(254,2),(254,3),(255,1),(255,2),(255,3),(256,1),(256,2),(256,3),(257,1),(257,2),(257,3),(258,1),(258,2),(258,3),(259,1),(259,2),(259,3),(260,1),(260,2),(260,3),(261,1),(261,2),(261,3),(262,1),(262,2),(262,3),(263,1),(263,2),(263,3),(264,1),(264,2),(264,3),(265,1),(265,2),(265,3),(266,1),(266,2),(266,3),(267,1),(267,2),(267,3),(268,1),(268,2),(268,3),(269,1),(269,2),(269,3),(270,1),(270,2),(270,3),(271,1),(271,2),(271,3),(272,1),(272,2),(272,3),(273,1),(273,2),(273,3),(274,1),(274,2),(274,3),(275,1),(275,2),(275,3),(276,1),(276,2),(276,3),(277,1),(277,2),(277,3),(278,1),(278,2),(278,3),(279,1),(279,2),(279,3),(280,1),(280,2),(280,3),(281,1),(281,2),(281,3),(282,1),(282,2),(282,3),(283,1),(283,2),(283,3),(284,1),(284,2),(284,3),(285,1),(285,2),(285,3),(286,1),(286,2),(286,3),(287,1),(287,2),(287,3),(288,1),(288,2),(288,3),(289,1),(289,2),(289,3),(290,1),(290,2),(290,3),(291,1),(291,2),(291,3),(293,1),(293,2),(293,3),(294,1),(294,2),(294,3),(295,1),(295,2),(295,3),(296,1),(296,2),(296,3),(297,1),(297,2),(297,3),(298,1),(298,2),(298,3),(299,1),(299,2),(299,3),(300,1),(300,2),(300,3),(301,1),(301,2),(301,3),(302,1),(302,2),(302,3),(303,1),(303,2),(303,3),(304,1),(304,2),(304,3),(305,1),(305,2),(305,3),(306,1),(306,2),(306,3),(307,1),(307,2),(307,3),(308,1),(308,2),(308,3),(309,1),(309,2),(309,3),(310,1),(310,2),(310,3),(311,1),(311,2),(311,3),(312,1),(312,2),(312,3),(313,1),(313,2),(313,3),(314,1),(314,2),(314,3),(315,1),(315,2),(315,3),(316,1),(316,2),(316,3),(317,1),(317,2),(317,3),(318,1),(318,2),(318,3),(319,1),(319,2),(319,3),(320,1),(320,2),(320,3),(321,1),(321,2),(321,3),(322,1),(322,2),(322,3),(323,1),(323,2),(323,3),(324,1),(324,2),(324,3),(325,1),(325,2),(325,3),(326,1),(326,2),(326,3),(327,1),(327,2),(327,3),(328,1),(328,2),(328,3),(329,1),(329,2),(329,3),(330,1),(330,2),(330,3),(331,1),(331,2),(331,3),(332,1),(332,2),(332,3),(333,1),(333,2),(333,3),(334,1),(334,2),(334,3),(335,1),(335,2),(335,3),(336,1),(336,2),(336,3),(337,1),(337,2),(337,3),(338,1),(338,2),(338,3),(339,1),(339,2),(339,3),(340,1),(340,2),(340,3),(341,1),(341,2),(341,3),(342,1),(342,2),(342,3),(343,1),(343,2),(343,3),(344,1),(344,2),(344,3),(345,1),(345,2),(345,3),(346,1),(346,2),(346,3),(347,1),(347,2),(347,3),(348,1),(348,2),(348,3),(349,1),(349,2),(349,3),(350,1),(350,2),(350,3),(351,1),(351,2),(351,3),(352,1),(352,2),(352,3),(353,1),(353,2),(353,3),(354,1),(354,2),(354,3),(355,1),(355,2),(355,3),(356,1),(356,2),(356,3),(357,1),(357,2),(357,3),(358,1),(358,2),(358,3),(359,1),(359,2),(359,3),(360,1),(360,2),(360,3),(361,1),(361,2),(361,3),(362,1),(362,2),(362,3),(363,1),(363,2),(363,3),(364,1),(364,2),(364,3),(365,1),(365,2),(365,3),(366,1),(366,2),(366,3),(367,1),(367,2),(367,3),(368,1),(368,2),(368,3),(369,1),(369,2),(369,3),(370,1),(370,2),(370,3),(371,1),(371,2),(371,3),(372,1),(372,2),(372,3),(373,1),(373,2),(373,3),(374,1),(374,2),(374,3),(375,1),(375,2),(375,3),(376,1),(376,2),(376,3),(377,1),(377,2),(377,3),(378,1),(378,2),(378,3),(379,1),(379,2),(379,3),(380,1),(380,2),(380,3),(381,1),(381,2),(381,3),(386,1),(386,2),(386,3),(387,1),(387,2),(387,3),(388,1),(388,2),(388,3),(389,1),(389,2),(389,3),(390,1),(390,2),(390,3),(391,1),(391,2),(391,3),(392,1),(392,2),(392,3),(393,1),(393,2),(393,3),(394,1),(394,2),(394,3);

--
-- Table structure for table `ps_category_lang`
--

CREATE TABLE `ps_category_lang` (
  `id_category` int(10) unsigned NOT NULL,
  `id_shop` int(11) unsigned NOT NULL DEFAULT '1',
  `id_lang` int(10) unsigned NOT NULL,
  `name` varchar(128) NOT NULL,
  `description` text,
  `link_rewrite` varchar(128) NOT NULL,
  `meta_title` varchar(128) DEFAULT NULL,
  `meta_keywords` varchar(255) DEFAULT NULL,
  `meta_description` varchar(255) DEFAULT NULL,
  PRIMARY KEY (`id_category`,`id_shop`,`id_lang`),
  KEY `category_name` (`name`)
) ENGINE=InnoDB DEFAULT CHARSET=utf8;

--
-- Dumping data for table `ps_category_lang`
--

INSERT INTO `ps_category_lang` VALUES (1,1,1,'Radice','','radice','','',''),(2,1,1,'Home','','home','','',''),(3,1,1,'argomento',NULL,'argomento',NULL,NULL,NULL),(4,1,1,'EDIZIONI DOTTRINARI',NULL,'edizioni-dottrinari',NULL,NULL,NULL),(5,1,1,'PERGAMENE',NULL,'pergamene',NULL,NULL,NULL),(7,1,1,'ALTRE CASE EDITRICI',NULL,'altre-case-editrici',NULL,NULL,NULL),(8,1,1,'PSICOLOGIA',NULL,'psicologia',NULL,NULL,NULL),(9,1,1,'EDB - EDIZ. DEHONIANE BOLOGNA',NULL,'edb---ediz.-dehoniane-bologna',NULL,NULL,NULL),(10,1,1,'VARIE',NULL,'varie',NULL,NULL,NULL),(11,1,1,'CIT - CITTADELLA EDITRICE',NULL,'cit---cittadella-editrice',NULL,NULL,NULL),(12,1,1,'CATECHESI BAMBINI',NULL,'catechesi-bambini',NULL,NULL,NULL),(13,1,1,'CITTÀ NUOVA',NULL,'città-nuova',NULL,NULL,NULL),(14,1,1,'EDUCAZIONE E AFFETTIVITA\'',NULL,'educazione-e-affettivita\'',NULL,NULL,NULL),(15,1,1,'ASTEGIANO EDITORE',NULL,'astegiano-editore',NULL,NULL,NULL),(16,1,1,'LECTIO DIVINA',NULL,'lectio-divina',NULL,NULL,NULL),(17,1,1,'EMP - EDIZ. MESSAGGERO PADOVA',NULL,'emp---ediz.-messaggero-padova',NULL,NULL,NULL),(18,1,1,'PER LA FAMIGLIA',NULL,'per-la-famiglia',NULL,NULL,NULL),(19,1,1,'LDC - EDITRICE ELLEDICI',NULL,'ldc---editrice-elledici',NULL,NULL,NULL),(20,1,1,'COMMENTI - S. SCRITTURA',NULL,'commenti---s.-scrittura',NULL,NULL,NULL),(21,1,1,'CATECHESI RAGAZZI',NULL,'catechesi-ragazzi',NULL,NULL,NULL),(22,1,1,'CATECHESI',NULL,'catechesi',NULL,NULL,NULL),(23,1,1,'MEDITAZIONE',NULL,'meditazione',NULL,NULL,NULL),(24,1,1,'GRIBAUDI',NULL,'gribaudi',NULL,NULL,NULL),(25,1,1,'VARIE PER BAMBINI',NULL,'varie-per-bambini',NULL,NULL,NULL),(26,1,1,'IL POZZO DI GIACOBBE',NULL,'il-pozzo-di-giacobbe',NULL,NULL,NULL),(27,1,1,'PAOLINE EDITORIALE',NULL,'paoline-editoriale',NULL,NULL,NULL),(28,1,1,'PREGHIERE',NULL,'preghiere',NULL,NULL,NULL),(29,1,1,'EDIZIONI PALUMBI',NULL,'edizioni-palumbi',NULL,NULL,NULL),(30,1,1,'SAN PAOLO',NULL,'san-paolo',NULL,NULL,NULL),(31,1,1,'EDB- JUNIOR',NULL,'edb--junior',NULL,NULL,NULL),(32,1,1,'EDITRICE ROTAS',NULL,'editrice-rotas',NULL,NULL,NULL),(33,1,1,'COMMENTI -LITURGIA',NULL,'commenti--liturgia',NULL,NULL,NULL),(34,1,1,'RELIGIONE SCOLASTICA',NULL,'religione-scolastica',NULL,NULL,NULL),(35,1,1,'FORMAZIONE CATECHISTI',NULL,'formazione-catechisti',NULL,NULL,NULL),(36,1,1,'PER RELIGIOSI E SACERDOTI',NULL,'per-religiosi-e-sacerdoti',NULL,NULL,NULL),(37,1,1,'EIS - EDIZIONI IL SEMINATORE',NULL,'eis---edizioni-il-seminatore',NULL,NULL,NULL),(38,1,1,'BIGLIETTI AUGURALI',NULL,'biglietti-augurali',NULL,NULL,NULL),(39,1,1,'AVVENTO - NATALE',NULL,'avvento---natale',NULL,NULL,NULL),(40,1,1,'VARIE PER RAGAZZI',NULL,'varie-per-ragazzi',NULL,NULL,NULL),(41,1,1,'SPIRITUALITA\'',NULL,'spiritualita\'',NULL,NULL,NULL),(42,1,1,'OGGETTI',NULL,'oggetti',NULL,NULL,NULL),(43,1,1,'RECITAL - VEGLIE DI PREGHIERA',NULL,'recital---veglie-di-preghiera',NULL,NULL,NULL),(44,1,1,'EDITRICE QUERINIANA',NULL,'editrice-queriniana',NULL,NULL,NULL),(45,1,1,'EFT - EFFATA\' EDITRICE',NULL,'eft---effata\'-editrice',NULL,NULL,NULL),(46,1,1,'MONDADORI',NULL,'mondadori',NULL,NULL,NULL),(47,1,1,'EDITRICE SEGNO',NULL,'editrice-segno',NULL,NULL,NULL),(48,1,1,'FILM DVD',NULL,'film-dvd',NULL,NULL,NULL),(49,1,1,'ROMANZI',NULL,'romanzi',NULL,NULL,NULL),(50,1,1,'TEMPO QUARESIMA',NULL,'tempo-quaresima',NULL,NULL,NULL),(51,1,1,'IL SICOMORO',NULL,'il-sicomoro',NULL,NULL,NULL),(52,1,1,'EDIZIONI SAN LORENZO',NULL,'edizioni-san-lorenzo',NULL,NULL,NULL),(53,1,1,'AGIOGRAFIE',NULL,'agiografie',NULL,NULL,NULL),(54,1,1,'SUSSIDI PASTORALI',NULL,'sussidi-pastorali',NULL,NULL,NULL),(55,1,1,'APOSTOLINE',NULL,'apostoline',NULL,NULL,NULL),(56,1,1,'CATECHESI FANCIULLI',NULL,'catechesi-fanciulli',NULL,NULL,NULL),(57,1,1,'IN DIALOGO',NULL,'in-dialogo',NULL,NULL,NULL),(58,1,1,'CATECHESI GIOVANI',NULL,'catechesi-giovani',NULL,NULL,NULL),(59,1,1,'COMMENTI - DOCUMENTI',NULL,'commenti---documenti',NULL,NULL,NULL),(60,1,1,'EDIZIONI LA MERIDIANA',NULL,'edizioni-la-meridiana',NULL,NULL,NULL),(61,1,1,'BUK BUK',NULL,'buk-buk',NULL,NULL,NULL),(62,1,1,'CLASSICI',NULL,'classici',NULL,NULL,NULL),(63,1,1,'FILOSOFIA',NULL,'filosofia',NULL,NULL,NULL),(64,1,1,'COMMENTI - LITURGIA',NULL,'commenti---liturgia',NULL,NULL,NULL),(65,1,1,'TEOLOGIA',NULL,'teologia',NULL,NULL,NULL),(66,1,1,'MUSICA E CANTI',NULL,'musica-e-canti',NULL,NULL,NULL),(67,1,1,'ARTICOLI VARI',NULL,'articoli-vari',NULL,NULL,NULL),(68,1,1,'PROART',NULL,'proart',NULL,NULL,NULL),(69,1,1,'DOCUMENTI',NULL,'documenti',NULL,NULL,NULL),(70,1,1,'PIEMME',NULL,'piemme',NULL,NULL,NULL),(71,1,1,'BIOGRAFIA',NULL,'biografia',NULL,NULL,NULL),(72,1,1,'SAGGI',NULL,'saggi',NULL,NULL,NULL),(73,1,1,'MARIOLOGIA',NULL,'mariologia',NULL,NULL,NULL),(74,1,1,'CLASSICI DI SPIRITUALITÀ',NULL,'classici-di-spiritualità',NULL,NULL,NULL),(75,1,1,'VARIE PER GIOVANI',NULL,'varie-per-giovani',NULL,NULL,NULL),(76,1,1,'RNS - RINNOVAM. NELLO SPIRITO',NULL,'rns---rinnovam.-nello-spirito',NULL,NULL,NULL),(77,1,1,'ESD - EDIZ. STUDIO DOMENICANO',NULL,'esd---ediz.-studio-domenicano',NULL,NULL,NULL),(78,1,1,'COMMENTI',NULL,'commenti',NULL,NULL,NULL),(79,1,1,'NUOVA EDITRICE BERTI',NULL,'nuova-editrice-berti',NULL,NULL,NULL),(80,1,1,'EDITRICE AVE',NULL,'editrice-ave',NULL,NULL,NULL),(81,1,1,'CLAUDIANA - ELLEDICI',NULL,'claudiana---elledici',NULL,NULL,NULL),(82,1,1,'SAN PAOLO - BUC',NULL,'san-paolo---buc',NULL,NULL,NULL),(83,1,1,'MIMEP-DOCETE',NULL,'mimep-docete',NULL,NULL,NULL),(84,1,1,'ANNO DELLA MISERICORDIA',NULL,'anno-della-misericordia',NULL,NULL,NULL),(85,1,1,'EMI',NULL,'emi',NULL,NULL,NULL),(86,1,1,'FORMAZIONE',NULL,'formazione',NULL,NULL,NULL),(87,1,1,'LAS - LIBRE. ATENEO SALESIANO',NULL,'las---libre.-ateneo-salesiano',NULL,NULL,NULL),(88,1,1,'DESTA',NULL,'desta',NULL,NULL,NULL),(89,1,1,'LITURGIA',NULL,'liturgia',NULL,NULL,NULL),(90,1,1,'NARRATIVA',NULL,'narrativa',NULL,NULL,NULL),(91,1,1,'IMMAGINI ISONZO X100',NULL,'immagini-isonzo-x100',NULL,NULL,NULL),(92,1,1,'EGIM',NULL,'egim',NULL,NULL,NULL),(93,1,1,'CERA',NULL,'cera',NULL,NULL,NULL),(94,1,1,'SPANO\'',NULL,'spano\'',NULL,NULL,NULL),(95,1,1,'FARS',NULL,'fars',NULL,NULL,NULL),(96,1,1,'EDITRICE ROGATE',NULL,'editrice-rogate',NULL,NULL,NULL),(97,1,1,'ECE - ED. CENTRO EUCARISTICO',NULL,'ece---ed.-centro-eucaristico',NULL,NULL,NULL),(98,1,1,'ANCORA EDITRICE',NULL,'ancora-editrice',NULL,NULL,NULL),(99,1,1,'EDITRICE ANCILLA',NULL,'editrice-ancilla',NULL,NULL,NULL),(100,1,1,'FEDE E CULTURA',NULL,'fede-e-cultura',NULL,NULL,NULL),(101,1,1,'ARTICOLI DA REGALO',NULL,'articoli-da-regalo',NULL,NULL,NULL),(102,1,1,'LEADER GROUP',NULL,'leader-group',NULL,NULL,NULL),(103,1,1,'CENTRO AMBROSIANO',NULL,'centro-ambrosiano',NULL,NULL,NULL),(104,1,1,'LIBRERIA EDITRICE VATICANA',NULL,'libreria-editrice-vaticana',NULL,NULL,NULL),(105,1,1,'EDITRICE VELAR/ELLEDICI',NULL,'editrice-velar/elledici',NULL,NULL,NULL),(106,1,1,'SHALOM',NULL,'shalom',NULL,NULL,NULL),(107,1,1,'CALENDARI',NULL,'calendari',NULL,NULL,NULL),(108,1,1,'CATECHESI SACRAMENTALE',NULL,'catechesi-sacramentale',NULL,NULL,NULL),(109,1,1,'CSAM - CENTRO SAVERIANO ANIM.',NULL,'csam---centro-saveriano-anim.',NULL,NULL,NULL),(110,1,1,'ED. BIBLIOTECA FRANCESCANA',NULL,'ed.-biblioteca-francescana',NULL,NULL,NULL),(111,1,1,'QUE - QUERINIANA',NULL,'que---queriniana',NULL,NULL,NULL),(112,1,1,'EDITRICE LA SCUOLA',NULL,'editrice-la-scuola',NULL,NULL,NULL),(113,1,1,'RIZZOLI - RCS LIBRI',NULL,'rizzoli---rcs-libri',NULL,NULL,NULL),(114,1,1,'GLOSSA ED.',NULL,'glossa-ed.',NULL,NULL,NULL),(115,1,1,'IL MARGINE',NULL,'il-margine',NULL,NULL,NULL),(116,1,1,'CATECHESI 0 - 6 ANNI',NULL,'catechesi-0---6-anni',NULL,NULL,NULL),(117,1,1,'EDI CART BABY',NULL,'edi-cart-baby',NULL,NULL,NULL),(118,1,1,'PAIDEIA EDITRICE',NULL,'paideia-editrice',NULL,NULL,NULL),(119,1,1,'ALEXIA ARGENTI',NULL,'alexia-argenti',NULL,NULL,NULL),(120,1,1,'BARRA ROBERTO',NULL,'barra-roberto',NULL,NULL,NULL),(121,1,1,'ARGENTO',NULL,'argento',NULL,NULL,NULL),(122,1,1,'FIORETTI',NULL,'fioretti',NULL,NULL,NULL),(123,1,1,'ARTICOLI RELIGIOSI',NULL,'articoli-religiosi',NULL,NULL,NULL),(124,1,1,'IL LEONE VERDE',NULL,'il-leone-verde',NULL,NULL,NULL),(125,1,1,'SALANI EDITORE',NULL,'salani-editore',NULL,NULL,NULL),(126,1,1,'EDIZIONI FEERIA',NULL,'edizioni-feeria',NULL,NULL,NULL),(127,1,1,'CASA SOLLIEVO',NULL,'casa-sollievo',NULL,NULL,NULL),(128,1,1,'OCD EDIZIONI',NULL,'ocd-edizioni',NULL,NULL,NULL),(129,1,1,'LATERAN UNIVERISITY PRESS',NULL,'lateran-univerisity-press',NULL,NULL,NULL),(130,1,1,'SOVERA EDIZIONI',NULL,'sovera-edizioni',NULL,NULL,NULL),(131,1,1,'PAZZINI EDITORE',NULL,'pazzini-editore',NULL,NULL,NULL),(132,1,1,'DUE ESSE CHRISTMAS',NULL,'due-esse-christmas',NULL,NULL,NULL),(133,1,1,'ECUMENISMO',NULL,'ecumenismo',NULL,NULL,NULL),(134,1,1,'CATECHESI COPPIE',NULL,'catechesi-coppie',NULL,NULL,NULL),(135,1,1,'STORIE A FUMETTI',NULL,'storie-a-fumetti',NULL,NULL,NULL),(136,1,1,'CASA ED. LEONARDO DA VINCI',NULL,'casa-ed.-leonardo-da-vinci',NULL,NULL,NULL),(137,1,1,'MARCIANUM PRESS',NULL,'marcianum-press',NULL,NULL,NULL),(138,1,1,'PARAMENTI',NULL,'paramenti',NULL,NULL,NULL),(139,1,1,'ECUMENICUS',NULL,'ecumenicus',NULL,NULL,NULL),(140,1,1,'GABRIELLI EDITORE',NULL,'gabrielli-editore',NULL,NULL,NULL),(141,1,1,'PASTORALE',NULL,'pastorale',NULL,NULL,NULL),(142,1,1,'EDIZIONI BONELLA',NULL,'edizioni-bonella',NULL,NULL,NULL),(143,1,1,'EDIZIONI CANTAGALLI',NULL,'edizioni-cantagalli',NULL,NULL,NULL),(144,1,1,'SHAN',NULL,'shan',NULL,NULL,NULL),(145,1,1,'CATECHESI ADULTI',NULL,'catechesi-adulti',NULL,NULL,NULL),(146,1,1,'EDIZIONI ARES',NULL,'edizioni-ares',NULL,NULL,NULL),(147,1,1,'CALANDRINI',NULL,'calandrini',NULL,NULL,NULL),(148,1,1,'RICORDI I° COM.',NULL,'ricordi-i°-com.',NULL,NULL,NULL),(149,1,1,'MONTI',NULL,'monti',NULL,NULL,NULL),(150,1,1,'NOVENA',NULL,'novena',NULL,NULL,NULL),(151,1,1,'LAL',NULL,'lal',NULL,NULL,NULL),(152,1,1,'CIONDOLO',NULL,'ciondolo',NULL,NULL,NULL),(153,1,1,'ANGELE DEI',NULL,'angele-dei',NULL,NULL,NULL),(154,1,1,'CAART',NULL,'caart',NULL,NULL,NULL),(155,1,1,'CORONE ROSARIO',NULL,'corone-rosario',NULL,NULL,NULL),(156,1,1,'SAMBUCO',NULL,'sambuco',NULL,NULL,NULL),(157,1,1,'MARIETTI',NULL,'marietti',NULL,NULL,NULL),(158,1,1,'IMMAGINI ARS',NULL,'immagini-ars',NULL,NULL,NULL),(159,1,1,'SUGARCO EDIZIONI',NULL,'sugarco-edizioni',NULL,NULL,NULL),(160,1,1,'EDIZIONI PARVA',NULL,'edizioni-parva',NULL,NULL,NULL),(161,1,1,'EDITRICE MORCELLANIA',NULL,'editrice-morcellania',NULL,NULL,NULL),(162,1,1,'CRISMA',NULL,'crisma',NULL,NULL,NULL),(163,1,1,'STATUE',NULL,'statue',NULL,NULL,NULL),(164,1,1,'DEA - DELL\'ARTE',NULL,'dea---dell\'arte',NULL,NULL,NULL),(165,1,1,'PASQUINI',NULL,'pasquini',NULL,NULL,NULL),(166,1,1,'COMUNICAZIONE - MEDIA',NULL,'comunicazione---media',NULL,NULL,NULL),(167,1,1,'EDIZIONI STUDIUM',NULL,'edizioni-studium',NULL,NULL,NULL),(168,1,1,'OPERA OMNIA',NULL,'opera-omnia',NULL,NULL,NULL),(169,1,1,'GRAZIANI',NULL,'graziani',NULL,NULL,NULL),(170,1,1,'S. SCRITTURA',NULL,'s.-scrittura',NULL,NULL,NULL),(171,1,1,'PERCORSO CATECUMENALE',NULL,'percorso-catecumenale',NULL,NULL,NULL),(172,1,1,'ANTROPOLOGIA',NULL,'antropologia',NULL,NULL,NULL),(173,1,1,'RUBBETTINO',NULL,'rubbettino',NULL,NULL,NULL),(174,1,1,'EDI - ED. DOMENICANA ITALIANA',NULL,'edi---ed.-domenicana-italiana',NULL,NULL,NULL),(175,1,1,'BONELLA',NULL,'bonella',NULL,NULL,NULL),(176,1,1,'CUCINA',NULL,'cucina',NULL,NULL,NULL),(177,1,1,'FIVESTORE',NULL,'fivestore',NULL,NULL,NULL),(178,1,1,'ADP-APOSTOLATO DELLA PREGHIERA',NULL,'adp-apostolato-della-preghiera',NULL,NULL,NULL),(179,1,1,'CAMICIE',NULL,'camicie',NULL,NULL,NULL),(180,1,1,'DOREMI',NULL,'doremi',NULL,NULL,NULL),(181,1,1,'BIBBIA E SPIRITUALITA\'',NULL,'bibbia-e-spiritualita\'',NULL,NULL,NULL),(182,1,1,'CATECHESI FAMILIARE',NULL,'catechesi-familiare',NULL,NULL,NULL),(183,1,1,'SINNOS',NULL,'sinnos',NULL,NULL,NULL),(184,1,1,'SALVARDI',NULL,'salvardi',NULL,NULL,NULL),(185,1,1,'COMMENTI S. SCRITTURA CD',NULL,'commenti-s.-scrittura-cd',NULL,NULL,NULL),(186,1,1,'EDIZIONI PORZIUNCOLA',NULL,'edizioni-porziuncola',NULL,NULL,NULL),(187,1,1,'TIESSE',NULL,'tiesse',NULL,NULL,NULL),(188,1,1,'COMMENTI - PREGHIERE',NULL,'commenti---preghiere',NULL,NULL,NULL),(189,1,1,'BRACCIALI',NULL,'bracciali',NULL,NULL,NULL),(190,1,1,'AMEN - CROCE DEL SUD',NULL,'amen---croce-del-sud',NULL,NULL,NULL),(191,1,1,'QUADRI',NULL,'quadri',NULL,NULL,NULL),(192,1,1,'CARTAPIETRA',NULL,'cartapietra',NULL,NULL,NULL),(193,1,1,'SERVIZI ALTARE',NULL,'servizi-altare',NULL,NULL,NULL),(194,1,1,'BYZANT ITALIA',NULL,'byzant-italia',NULL,NULL,NULL),(195,1,1,'ARKE\'',NULL,'arke\'',NULL,NULL,NULL),(196,1,1,'CD DI MEDITAZIONE',NULL,'cd-di-meditazione',NULL,NULL,NULL),(197,1,1,'EDIZIONI VILLADISERIANE',NULL,'edizioni-villadiseriane',NULL,NULL,NULL),(198,1,1,'ARTE',NULL,'arte',NULL,NULL,NULL),(199,1,1,'INSIEME ED.',NULL,'insieme-ed.',NULL,NULL,NULL),(200,1,1,'ARMANDO EDITORE',NULL,'armando-editore',NULL,NULL,NULL),(201,1,1,'BORLA',NULL,'borla',NULL,NULL,NULL),(202,1,1,'BENEDIZIONI DELLA FAMIGLIA',NULL,'benedizioni-della-famiglia',NULL,NULL,NULL),(203,1,1,'DIRITTO',NULL,'diritto',NULL,NULL,NULL),(204,1,1,'LDC/ABU',NULL,'ldc/abu',NULL,NULL,NULL),(205,1,1,'CERERIA FINASSI',NULL,'cereria-finassi',NULL,NULL,NULL),(206,1,1,'IMMAGINI',NULL,'immagini',NULL,NULL,NULL),(207,1,1,'LABORATORIO ORAFO',NULL,'laboratorio-orafo',NULL,NULL,NULL),(208,1,1,'BALDI',NULL,'baldi',NULL,NULL,NULL),(209,1,1,'DUEBI',NULL,'duebi',NULL,NULL,NULL),(210,1,1,'C. CIPOLLETTI',NULL,'c.-cipolletti',NULL,NULL,NULL),(211,1,1,'DOLFI',NULL,'dolfi',NULL,NULL,NULL),(212,1,1,'RACCONTI',NULL,'racconti',NULL,NULL,NULL),(213,1,1,'NUOVE EDITRICI ROMANE',NULL,'nuove-editrici-romane',NULL,NULL,NULL),(214,1,1,'FORMA FLUENS - ROSSI & ARCANDI',NULL,'forma-fluens---rossi-&-arcandi',NULL,NULL,NULL),(215,1,1,'DORATURA MANERBIESE',NULL,'doratura-manerbiese',NULL,NULL,NULL),(216,1,1,'FERRARI & ARRIGHETTI',NULL,'ferrari-&-arrighetti',NULL,NULL,NULL),(217,1,1,'PER CAMPI SCUOLA',NULL,'per-campi-scuola',NULL,NULL,NULL),(218,1,1,'LA CASA DI MATRIONA',NULL,'la-casa-di-matriona',NULL,NULL,NULL),(219,1,1,'FRATE INDOVINO',NULL,'frate-indovino',NULL,NULL,NULL),(220,1,1,'ARTE SACRA MERENDONI',NULL,'arte-sacra-merendoni',NULL,NULL,NULL),(221,1,1,'CRISTO RE',NULL,'cristo-re',NULL,NULL,NULL),(222,1,1,'PICAL ARTE - PICCIONI',NULL,'pical-arte---piccioni',NULL,NULL,NULL),(223,1,1,'SAN MICHELE ARC.',NULL,'san-michele-arc.',NULL,NULL,NULL),(224,1,1,'ERREGI',NULL,'erregi',NULL,NULL,NULL),(225,1,1,'SERVITIUM',NULL,'servitium',NULL,NULL,NULL),(226,1,1,'STORIA',NULL,'storia',NULL,NULL,NULL),(227,1,1,'CERERIA TRIBOLDI',NULL,'cereria-triboldi',NULL,NULL,NULL),(228,1,1,'LA GIARA',NULL,'la-giara',NULL,NULL,NULL),(229,1,1,'EDIZ. ELLEDICI',NULL,'ediz.-elledici',NULL,NULL,NULL),(230,1,1,'EUNO EDIZIONI',NULL,'euno-edizioni',NULL,NULL,NULL),(231,1,1,'GIUNTI EDITORE',NULL,'giunti-editore',NULL,NULL,NULL),(232,1,1,'EDIZIONI CAMILLIANE',NULL,'edizioni-camilliane',NULL,NULL,NULL),(233,1,1,'IL CERCHIO ED.',NULL,'il-cerchio-ed.',NULL,NULL,NULL),(234,1,1,'CARTONCINI PREGHIERE',NULL,'cartoncini-preghiere',NULL,NULL,NULL),(235,1,1,'STAMPE SERIE STELLA 20X25',NULL,'stampe-serie-stella-20x25',NULL,NULL,NULL),(236,1,1,'ANGELICUM UN. PRESS',NULL,'angelicum-un.-press',NULL,NULL,NULL),(237,1,1,'CATECHISMI',NULL,'catechismi',NULL,NULL,NULL),(238,1,1,'ED.VATICANA/SAN PAOLO',NULL,'ed.vaticana/san-paolo',NULL,NULL,NULL),(239,1,1,'BUR - BIBLIOTECA UNIV. RIZZOLI',NULL,'bur---biblioteca-univ.-rizzoli',NULL,NULL,NULL),(240,1,1,'ABBAZIA DI PRAGLIA',NULL,'abbazia-di-praglia',NULL,NULL,NULL),(241,1,1,'GRUPPO EDITORIALE VIATOR',NULL,'gruppo-editoriale-viator',NULL,NULL,NULL),(242,1,1,'PREPARAZIONE AI SACRAMENTI',NULL,'preparazione-ai-sacramenti',NULL,NULL,NULL),(243,1,1,'VARIE PER COPPIE',NULL,'varie-per-coppie',NULL,NULL,NULL),(244,1,1,'CATECHESI POST SACRAMENTALE',NULL,'catechesi-post-sacramentale',NULL,NULL,NULL),(245,1,1,'VOCAZIONALI',NULL,'vocazionali',NULL,NULL,NULL),(246,1,1,'ISG - EDIZ. ISTITUTO S. GAETAN',NULL,'isg---ediz.-istituto-s.-gaetan',NULL,NULL,NULL),(247,1,1,'DIZIONARIO',NULL,'dizionario',NULL,NULL,NULL),(248,1,1,'QIQAJON EDIZIONI',NULL,'qiqajon-edizioni',NULL,NULL,NULL),(249,1,1,'LIPA',NULL,'lipa',NULL,NULL,NULL),(250,1,1,'VITA TRENTINA EDIZIONI',NULL,'vita-trentina-edizioni',NULL,NULL,NULL),(251,1,1,'PERCORSI AZIONE CATTOLICA',NULL,'percorsi-azione-cattolica',NULL,NULL,NULL),(252,1,1,'OSCAR MONDADORI',NULL,'oscar-mondadori',NULL,NULL,NULL),(253,1,1,'BLACK&PURPLE',NULL,'black&purple',NULL,NULL,NULL),(254,1,1,'UELCI',NULL,'uelci',NULL,NULL,NULL),(255,1,1,'LIBRERIA COLETTI',NULL,'libreria-coletti',NULL,NULL,NULL),(256,1,1,'DOGMATICA',NULL,'dogmatica',NULL,NULL,NULL),(257,1,1,'CLAUDIANA',NULL,'claudiana',NULL,NULL,NULL),(258,1,1,'AFORISMI',NULL,'aforismi',NULL,NULL,NULL),(259,1,1,'EDIZIONI TERRA SANTA',NULL,'edizioni-terra-santa',NULL,NULL,NULL),(260,1,1,'EUROPRESS FTL',NULL,'europress-ftl',NULL,NULL,NULL),(261,1,1,'CEI/ VAT',NULL,'cei/-vat',NULL,NULL,NULL),(262,1,1,'SOCIOLOGIA',NULL,'sociologia',NULL,NULL,NULL),(263,1,1,'CVS-SERVI DELLA SOFFERENZA',NULL,'cvs-servi-della-sofferenza',NULL,NULL,NULL),(264,1,1,'SUORE TRAPPISTE',NULL,'suore-trappiste',NULL,NULL,NULL),(265,1,1,'JACA BOOK',NULL,'jaca-book',NULL,NULL,NULL),(266,1,1,'EUPRESS FTL',NULL,'eupress-ftl',NULL,NULL,NULL),(267,1,1,'EDITRICE TAU',NULL,'editrice-tau',NULL,NULL,NULL),(268,1,1,'CHIRICO ED.',NULL,'chirico-ed.',NULL,NULL,NULL),(269,1,1,'DE LUCA ED. D\'ARTE',NULL,'de-luca-ed.-d\'arte',NULL,NULL,NULL),(270,1,1,'BEL SANTI',NULL,'bel-santi',NULL,NULL,NULL),(271,1,1,'EDIZIONI ART',NULL,'edizioni-art',NULL,NULL,NULL),(272,1,1,'EDUSC - UNIV. SANTA CROCE',NULL,'edusc---univ.-santa-croce',NULL,NULL,NULL),(273,1,1,'GIOVINARTE',NULL,'giovinarte',NULL,NULL,NULL),(274,1,1,'RISI',NULL,'risi',NULL,NULL,NULL),(275,1,1,'LIBRERIA ED. GORIZIANA',NULL,'libreria-ed.-goriziana',NULL,NULL,NULL),(276,1,1,'QUADRI E QUADRI',NULL,'quadri-e-quadri',NULL,NULL,NULL),(277,1,1,'PUCCINI',NULL,'puccini',NULL,NULL,NULL),(278,1,1,'EINAUDI',NULL,'einaudi',NULL,NULL,NULL),(279,1,1,'EDIZIONI VIVEREIN',NULL,'edizioni-viverein',NULL,NULL,NULL),(280,1,1,'GREGORIANA LIBRERIA EDITRICE',NULL,'gregoriana-libreria-editrice',NULL,NULL,NULL),(281,1,1,'PEDAGOGIA',NULL,'pedagogia',NULL,NULL,NULL),(282,1,1,'INTERLINEA',NULL,'interlinea',NULL,NULL,NULL),(283,1,1,'MISSIONI',NULL,'missioni',NULL,NULL,NULL),(284,1,1,'ESEGESI',NULL,'esegesi',NULL,NULL,NULL),(285,1,1,'ITACA',NULL,'itaca',NULL,NULL,NULL),(286,1,1,'DI GIROLAMO EDITORE',NULL,'di-girolamo-editore',NULL,NULL,NULL),(287,1,1,'CENTRO GANDHI EDIZIONI',NULL,'centro-gandhi-edizioni',NULL,NULL,NULL),(288,1,1,'CEI / LDC',NULL,'cei-/-ldc',NULL,NULL,NULL),(289,1,1,'PATRISTICA',NULL,'patristica',NULL,NULL,NULL),(290,1,1,'LEF-LIBRERIA ED.FIORENTINA',NULL,'lef-libreria-ed.fiorentina',NULL,NULL,NULL),(291,1,1,'MEDIAGRAF',NULL,'mediagraf',NULL,NULL,NULL),(293,1,1,'AGIOGRAFIE',NULL,'agiografie',NULL,NULL,NULL),(294,1,1,'PSB',NULL,'psb',NULL,NULL,NULL),(295,1,1,'EDITRICE FRANCESCANA',NULL,'editrice-francescana',NULL,NULL,NULL),(296,1,1,'URBANIANA UNIVERSITY PRESS',NULL,'urbaniana-university-press',NULL,NULL,NULL),(297,1,1,'LINDAU',NULL,'lindau',NULL,NULL,NULL),(298,1,1,'CAIRO EDITORE',NULL,'cairo-editore',NULL,NULL,NULL),(299,1,1,'POESIE',NULL,'poesie',NULL,NULL,NULL),(300,1,1,'STAMPE IN CARTA 50X70',NULL,'stampe-in-carta-50x70',NULL,NULL,NULL),(301,1,1,'ED. SCOUT FIORDALISO',NULL,'ed.-scout-fiordaliso',NULL,NULL,NULL),(302,1,1,'FRATERNITA\' DI ROMENA',NULL,'fraternita\'-di-romena',NULL,NULL,NULL),(303,1,1,'CP ARGENTERIA',NULL,'cp-argenteria',NULL,NULL,NULL),(304,1,1,'LER - LIBRERIA ED. REDENZIONE',NULL,'ler---libreria-ed.-redenzione',NULL,NULL,NULL),(305,1,1,'MURSIA EDITORE',NULL,'mursia-editore',NULL,NULL,NULL),(306,1,1,'SOC. BIBLICA BRITANNICA',NULL,'soc.-biblica-britannica',NULL,NULL,NULL),(307,1,1,'ALTRECONOMIAEDIZIONI',NULL,'altreconomiaedizioni',NULL,NULL,NULL),(308,1,1,'ETICA-POLITICA',NULL,'etica-politica',NULL,NULL,NULL),(309,1,1,'EDITRICE LA MERIDIANA',NULL,'editrice-la-meridiana',NULL,NULL,NULL),(310,1,1,'LELLO FUSCO',NULL,'lello-fusco',NULL,NULL,NULL),(311,1,1,'EDIZIONI SCOUT AGESCI',NULL,'edizioni-scout-agesci',NULL,NULL,NULL),(312,1,1,'STAMPE SERIE ART. 35X45',NULL,'stampe-serie-art.-35x45',NULL,NULL,NULL),(313,1,1,'STAMPE IN CARTA 80X120',NULL,'stampe-in-carta-80x120',NULL,NULL,NULL),(314,1,1,'PICCOLA CASA EDITRICE',NULL,'piccola-casa-editrice',NULL,NULL,NULL),(315,1,1,'EDITRICE MONTI',NULL,'editrice-monti',NULL,NULL,NULL),(316,1,1,'EDITRICE AMEN',NULL,'editrice-amen',NULL,NULL,NULL),(317,1,1,'LIBRO + CD/DVD',NULL,'libro-+-cd/dvd',NULL,NULL,NULL),(318,1,1,'CAMARDA',NULL,'camarda',NULL,NULL,NULL),(319,1,1,'COLLANA DI SPIRITUALITA\'',NULL,'collana-di-spiritualita\'',NULL,NULL,NULL),(320,1,1,'S. SCRITTURA X GIOVANI',NULL,'s.-scrittura-x-giovani',NULL,NULL,NULL),(321,1,1,'EDIVI',NULL,'edivi',NULL,NULL,NULL),(322,1,1,'PHARUS EDITORE LIBRARIO',NULL,'pharus-editore-librario',NULL,NULL,NULL),(323,1,1,'CAMELOZAMPA',NULL,'camelozampa',NULL,NULL,NULL),(324,1,1,'EDIZIONI DI PAGINA',NULL,'edizioni-di-pagina',NULL,NULL,NULL),(325,1,1,'NAPPI',NULL,'nappi',NULL,NULL,NULL),(326,1,1,'IL LAMA EDITORE',NULL,'il-lama-editore',NULL,NULL,NULL),(327,1,1,'STAMPE',NULL,'stampe',NULL,NULL,NULL),(328,1,1,'SPERLING & KUPFER',NULL,'sperling-&-kupfer',NULL,NULL,NULL),(329,1,1,'CASA ED. MISCELLANEA FRANC.',NULL,'casa-ed.-miscellanea-franc.',NULL,NULL,NULL),(330,1,1,'BOMPIANI',NULL,'bompiani',NULL,NULL,NULL),(331,1,1,'MICHAEL EDIZIONI',NULL,'michael-edizioni',NULL,NULL,NULL),(332,1,1,'ORIZZONTI DI LUCE',NULL,'orizzonti-di-luce',NULL,NULL,NULL),(333,1,1,'AUTOBIOGRAFIE',NULL,'autobiografie',NULL,NULL,NULL),(334,1,1,'PRIULI & VERLUCCA',NULL,'priuli-&-verlucca',NULL,NULL,NULL),(335,1,1,'LONGANESI',NULL,'longanesi',NULL,NULL,NULL),(336,1,1,'CENTRO LIBRARIO SODALITIUM',NULL,'centro-librario-sodalitium',NULL,NULL,NULL),(337,1,1,'GARZANTI',NULL,'garzanti',NULL,NULL,NULL),(338,1,1,'MORALE',NULL,'morale',NULL,NULL,NULL),(339,1,1,'MYLIFE',NULL,'mylife',NULL,NULL,NULL),(340,1,1,'EDIZIONI SANTUARIODI POMPEI',NULL,'edizioni-santuariodi-pompei',NULL,NULL,NULL),(341,1,1,'OSTIFICIO MORREALE',NULL,'ostificio-morreale',NULL,NULL,NULL),(342,1,1,'OSTIFICIO DOMUS',NULL,'ostificio-domus',NULL,NULL,NULL),(343,1,1,'EDITORE SEMPRE',NULL,'editore-sempre',NULL,NULL,NULL),(344,1,1,'IF PRESS',NULL,'if-press',NULL,NULL,NULL),(345,1,1,'ALFAUDIO BOOK',NULL,'alfaudio-book',NULL,NULL,NULL),(346,1,1,'ED. DI STORIA E LETTERATURA',NULL,'ed.-di-storia-e-letteratura',NULL,NULL,NULL),(347,1,1,'FRANCO ANGELI ED.',NULL,'franco-angeli-ed.',NULL,NULL,NULL),(348,1,1,'ARMADA NUEVA',NULL,'armada-nueva',NULL,NULL,NULL),(349,1,1,'ECCLESIOLOGIA',NULL,'ecclesiologia',NULL,NULL,NULL),(350,1,1,'LATERZA EDITORI',NULL,'laterza-editori',NULL,NULL,NULL),(351,1,1,'AGORA\'',NULL,'agora\'',NULL,NULL,NULL),(352,1,1,'MAGLIA CLERGY',NULL,'maglia-clergy',NULL,NULL,NULL),(353,1,1,'GRAFICA E ARTE',NULL,'grafica-e-arte',NULL,NULL,NULL),(354,1,1,'EDIZIONI P. PIO',NULL,'edizioni-p.-pio',NULL,NULL,NULL),(355,1,1,'MARIA PACINI FAZZI EDITORE',NULL,'maria-pacini-fazzi-editore',NULL,NULL,NULL),(356,1,1,'CEI - CONFERENZA EPISC. ITAL.',NULL,'cei---conferenza-episc.-ital.',NULL,NULL,NULL),(357,1,1,'LARUS',NULL,'larus',NULL,NULL,NULL),(358,1,1,'CEI/UELCI',NULL,'cei/uelci',NULL,NULL,NULL),(359,1,1,'FELTRINELLI',NULL,'feltrinelli',NULL,NULL,NULL),(360,1,1,'GAMBA EDIZIONI',NULL,'gamba-edizioni',NULL,NULL,NULL),(361,1,1,'EDIZIONI PRO SANCTITATE',NULL,'edizioni-pro-sanctitate',NULL,NULL,NULL),(362,1,1,'PPS EDITORE',NULL,'pps-editore',NULL,NULL,NULL),(363,1,1,'EDIZIONI STELLA DEL MATTINO',NULL,'edizioni-stella-del-mattino',NULL,NULL,NULL),(364,1,1,'IL MULINO',NULL,'il-mulino',NULL,NULL,NULL),(365,1,1,'CITTA\' IDEALE',NULL,'citta\'-ideale',NULL,NULL,NULL),(366,1,1,'STAMPE PLAST. TELATE 50X70',NULL,'stampe-plast.-telate-50x70',NULL,NULL,NULL),(367,1,1,'SU ALI D\'AQUILA',NULL,'su-ali-d\'aquila',NULL,NULL,NULL),(368,1,1,'CHIARELETTERE',NULL,'chiarelettere',NULL,NULL,NULL),(369,1,1,'EDI BIMBI',NULL,'edi-bimbi',NULL,NULL,NULL),(370,1,1,'ZOO LIBRI',NULL,'zoo-libri',NULL,NULL,NULL),(371,1,1,'SUORE ADORATRICI',NULL,'suore-adoratrici',NULL,NULL,NULL),(372,1,1,'CENTRO ED. VALTORTIANO',NULL,'centro-ed.-valtortiano',NULL,NULL,NULL),(373,1,1,'ROSENBERG & SELLIER',NULL,'rosenberg-&-sellier',NULL,NULL,NULL),(374,1,1,'VINO',NULL,'vino',NULL,NULL,NULL),(375,1,1,'VINIMAR',NULL,'vinimar',NULL,NULL,NULL),(376,1,1,'MARTINEZ',NULL,'martinez',NULL,NULL,NULL),(377,1,1,'POMILIA CALAMIA',NULL,'pomilia-calamia',NULL,NULL,NULL),(378,1,1,'ED. ESTEMPORANEE',NULL,'ed.-estemporanee',NULL,NULL,NULL),(379,1,1,'EDIZIONI ORAGIOVANE',NULL,'edizioni-oragiovane',NULL,NULL,NULL),(380,1,1,'CENTRO LITURGICO VINCENZIANO','','','','',''),(381,1,1,'LA TRIBUNA','','','','',''),(386,1,1,'',NULL,'',NULL,NULL,NULL),(387,1,1,'VINCI VINI','','','','',''),(388,1,1,'',NULL,'',NULL,NULL,NULL),(389,1,1,'PIENNE ARGENTI ','','','','',''),(390,1,1,'',NULL,'',NULL,NULL,NULL),(391,1,1,'',NULL,'',NULL,NULL,NULL),(392,1,1,'',NULL,'',NULL,NULL,NULL),(393,1,1,'',NULL,'',NULL,NULL,NULL),(394,1,1,'SANDNER','','','','','');

--
-- Table structure for table `ps_category_product`
--

CREATE TABLE `ps_category_product` (
  `id_category` int(10) unsigned NOT NULL,
  `id_product` int(10) unsigned NOT NULL,
  `position` int(10) unsigned NOT NULL DEFAULT '0',
  PRIMARY KEY (`id_category`,`id_product`),
  KEY `id_product` (`id_product`),
  KEY `id_category` (`id_category`,`position`)
) ENGINE=InnoDB DEFAULT CHARSET=utf8;

--
-- Dumping data for table `ps_category_product`
--

INSERT INTO `ps_category_product` VALUES (0,1,0),(0,4,0),(0,5,0),(0,6,0),(0,7,0),(0,16,0),(0,19,0),(0,20,0),(0,24,0),(0,34,0),(0,36,0),(0,40,0),(0,47,0),(0,54,0),(0,55,0),(0,56,0),(0,62,0),(0,63,0),(0,71,0),(0,73,0),(0,77,0),(0,78,0),(0,80,0),(0,81,0),(0,85,0),(0,86,0),(0,92,0),(0,97,0),(0,100,0),(0,101,0),(0,104,0),(0,114,0),(0,120,0),(0,121,0),(0,122,0),(0,133,0),(0,135,0),(0,136,0),(0,137,0),(0,138,0),(0,142,0),(0,143,0),(0,144,0),(0,150,0),(0,153,0),(0,157,0),(0,160,0),(0,178,0),(0,179,0),(0,182,0),(0,188,0),(0,193,0),(0,194,0),(0,207,0),(0,208,0),(0,209,0),(0,211,0),(0,213,0),(0,225,0),(0,229,0),(0,233,0),(0,234,0),(0,235,0),(0,236,0),(0,238,0),(0,259,0),(0,261,0),(0,263,0),(0,264,0),(0,274,0),(0,275,0),(0,287,0),(0,288,0),(0,289,0),(0,293,0),(0,294,0),(0,296,0),(0,300,0),(0,303,0),(0,305,0),(0,310,0),(0,313,0),(0,316,0),(0,321,0),(0,329,0),(0,341,0),(0,342,0),(0,343,0),(0,346,0),(0,347,0),(0,348,0),(0,357,0),(0,358,0),(0,368,0),(0,369,0),(0,380,0),(0,383,0),(0,384,0),(0,385,0),(0,386,0),(0,393,0),(0,396,0),(0,397,0),(0,401,0),(0,405,0),(0,408,0),(0,410,0),(0,411,0),(0,414,0),(0,415,0),(0,416,0),(0,419,0),(0,427,0),(0,436,0),(0,443,0),(0,445,0),(0,446,0),(0,449,0),(0,455,0),(0,460,0),(0,466,0),(0,471,0),(0,473,0),(0,476,0),(0,478,0),(0,481,0),(0,488,0),(0,489,0),(0,492,0),(0,494,0),(0,500,0),(0,505,0),(0,509,0),(0,510,0),(0,511,0),(0,512,0),(0,513,0),(0,520,0),(0,524,0),(0,526,0),(0,534,0),(0,548,0),(0,550,0),(0,551,0),(0,556,0),(0,557,0),(0,559,0),(0,561,0),(0,562,0),(0,600,0),(0,602,0),(0,604,0),(0,607,0),(0,608,0),(0,609,0),(0,612,0),(0,613,0),(0,615,0),(0,622,0),(0,636,0),(0,639,0),(0,645,0),(0,652,0),(0,656,0),(0,657,0),(0,664,0),(0,668,0),(0,670,0),(0,673,0),(0,674,0),(0,685,0),(0,689,0),(0,690,0),(0,705,0),(0,712,0),(0,713,0),(0,714,0),(0,715,0),(0,726,0),(0,727,0),(0,728,0),(0,730,0),(0,735,0),(0,741,0),(0,742,0),(0,743,0),(0,746,0),(0,748,0),(0,749,0),(0,755,0),(0,759,0),(0,763,0),(0,768,0),(0,769,0),(0,771,0),(0,773,0),(0,785,0),(0,788,0),(0,789,0),(0,790,0),(0,804,0),(0,805,0),(0,806,0),(0,813,0),(0,820,0),(0,821,0),(0,830,0),(0,831,0),(0,843,0),(0,847,0),(0,849,0),(0,851,0),(0,868,0),(0,873,0),(0,878,0),(0,879,0),(0,880,0),(0,885,0),(0,886,0),(0,894,0),(0,895,0),(0,899,0),(0,901,0),(0,908,0),(0,909,0),(0,951,0),(0,952,0),(0,954,0),(0,955,0),(0,957,0),(0,962,0),(0,964,0),(0,968,0),(0,972,0),(0,974,0),(0,975,0),(0,982,0),(0,983,0),(0,984,0),(0,996,0),(0,998,0),(0,999,0),(0,1000,0),(0,1004,0),(0,1015,0),(0,1022,0),(0,1023,0),(0,1027,0),(0,1028,0),(0,1029,0),(0,1040,0),(0,1065,0),(0,1067,0),(0,1075,0),(0,1076,0),(0,1077,0),(0,1079,0),(0,1081,0),(0,1082,0),(0,1083,0),(0,1084,0),(0,1091,0),(0,1094,0),(0,1096,0),(0,1097,0),(0,1098,0),(0,1099,0),(0,1100,0),(0,1105,0),(0,1106,0),(0,1107,0),(0,1108,0),(0,1109,0),(0,1110,0),(0,1111,0),(0,1112,0),(0,1113,0),(0,1116,0),(0,1118,0),(0,1126,0),(0,1127,0),(0,1138,0),(0,1139,0),(0,1140,0),(0,1141,0),(0,1148,0),(0,1149,0),(0,1152,0),(0,1162,0),(0,1164,0),(0,1166,0),(0,1167,0),(0,1168,0),(0,1178,0),(0,1181,0),(0,1188,0),(0,1198,0),(0,1200,0),(0,1206,0),(0,1207,0),(0,1217,0),(0,1246,0),(0,1352,0),(0,1354,0),(0,1359,0),(0,1378,0),(0,1380,0),(0,1382,0),(0,1385,0),(0,1386,0),(0,1387,0),(0,1390,0),(0,1393,0),(0,1398,0),(0,1399,0),(0,1400,0),(0,1401,0),(0,1402,0),(0,1403,0),(0,1404,0),(0,1418,0),(0,1440,0),(0,1441,0),(0,1442,0),(0,1443,0),(0,1446,0),(0,1447,0),(0,1450,0),(0,1452,0),(0,1453,0),(0,1459,0),(0,1462,0),(0,1467,0),(0,1474,0),(0,1477,0),(0,1479,0),(0,1481,0),(0,1482,0),(0,1483,0),(0,1484,0),(0,1485,0),(0,1488,0),(0,1499,0),(0,1528,0),(0,1562,0),(0,1564,0),(0,1568,0),(0,1572,0),(0,1576,0),(0,1577,0),(0,1580,0),(0,1585,0),(0,1586,0),(0,1588,0),(0,1601,0),(0,1632,0),(0,1633,0),(0,1634,0),(0,1635,0),(0,1640,0),(0,1641,0),(0,1646,0),(0,1647,0),(0,1648,0),(0,1649,0),(0,1650,0),(0,1651,0),(0,1654,0),(0,1655,0),(0,1656,0),(0,1661,0),(0,1674,0),(0,1677,0),(0,1679,0),(0,1680,0),(0,1681,0),(0,1682,0),(0,1683,0),(0,1685,0),(0,1688,0),(0,1692,0),(0,1693,0),(0,1696,0),(0,1716,0),(0,1724,0),(0,1727,0),(0,1731,0),(0,1732,0),(0,1736,0),(0,1806,0),(0,1808,0),(0,1813,0),(0,1819,0),(0,1820,0),(0,1823,0),(0,1825,0),(0,1851,0),(0,1855,0),(0,1856,0),(0,1866,0),(0,1870,0),(0,1877,0),(0,1879,0),(0,1881,0),(0,1887,0),(0,1888,0),(0,1892,0),(0,1893,0),(0,1894,0),(0,1905,0),(0,1916,0),(0,1918,0),(0,1920,0),(0,1927,0),(0,1946,0),(0,1955,0),(0,1957,0),(0,1963,0),(0,1966,0),(0,1971,0),(0,1972,0),(0,1979,0),(0,1980,0),(0,1986,0),(0,1988,0),(0,1989,0),(0,1990,0),(0,1992,0),(0,1995,0),(0,1996,0),(0,2000,0),(0,2001,0),(0,2002,0),(0,2009,0),(0,2013,0),(0,2016,0),(0,2018,0),(0,2021,0),(0,2031,0),(0,2042,0),(0,2045,0),(0,2051,0),(0,2059,0),(0,2061,0),(0,2063,0),(0,2064,0),(0,2069,0),(0,2073,0),(0,2074,0),(0,2077,0),(0,2083,0),(0,2108,0),(0,2109,0),(0,2110,0),(0,2111,0),(0,2112,0),(0,2395,0),(0,2396,0),(0,2399,0),(0,2401,0),(0,2403,0),(0,2404,0),(0,2405,0),(0,2423,0),(0,2427,0),(0,2431,0),(0,2432,0),(0,2433,0),(0,2438,0),(0,2444,0),(0,2445,0),(0,2446,0),(0,2453,0),(0,2455,0),(0,2457,0),(0,2458,0),(0,2460,0),(0,2463,0),(0,2467,0),(0,2473,0),(0,2475,0),(0,2477,0),(0,2480,0),(0,2484,0),(0,2488,0),(0,2489,0),(0,2495,0),(0,2499,0),(0,2501,0),(0,2509,0),(0,2518,0),(0,2529,0),(0,2530,0),(0,2531,0),(0,2545,0),(0,2547,0),(0,2549,0),(0,2552,0),(0,2558,0),(0,2561,0),(0,2563,0),(0,2568,0),(0,2572,0),(0,2574,0),(0,2577,0),(0,2585,0),(0,2588,0),(0,2602,0),(0,2603,0),(0,2604,0),(0,2605,0),(0,2612,0),(0,2613,0),(0,2615,0),(0,2619,0),(0,2620,0),(0,2622,0),(0,2630,0),(0,2631,0),(0,2636,0),(0,2640,0),(0,2672,0),(0,2674,0),(0,2682,0),(0,2684,0),(0,2687,0),(0,2690,0),(0,2692,0),(0,2705,0),(0,2706,0),(0,2713,0),(0,2715,0),(0,2748,0),(0,2755,0),(0,2759,0),(0,2765,0),(0,2785,0),(0,2787,0),(0,2792,0),(0,2802,0),(0,2806,0),(0,2807,0),(0,2808,0),(0,2809,0),(0,2810,0),(0,2811,0),(0,2812,0),(0,2813,0),(0,2814,0),(0,2815,0),(0,2817,0),(0,2818,0),(0,2822,0),(0,2823,0),(0,2824,0),(0,2832,0),(0,2833,0),(0,2835,0),(0,2837,0),(0,2840,0),(0,2841,0),(0,2842,0),(0,2843,0),(0,2844,0),(0,2846,0),(0,2848,0),(0,2849,0),(0,2853,0),(0,2855,0),(0,2859,0),(0,2860,0),(0,2861,0),(0,2863,0),(0,2865,0),(0,2866,0),(0,2868,0),(0,2870,0),(0,2885,0),(0,2891,0),(0,2892,0),(0,2903,0),(0,2908,0),(0,2909,0),(0,2910,0),(0,2913,0),(0,2914,0),(0,2916,0),(0,2919,0),(0,2924,0),(0,2927,0),(0,2929,0),(0,2931,0),(0,2946,0),(0,2955,0),(0,2969,0),(0,3178,0),(0,3186,0),(0,3196,0),(0,3201,0),(0,3214,0),(0,3237,0),(0,3239,0),(0,3271,0),(0,3274,0),(0,3276,0),(0,3279,0),(0,3283,0),(0,3284,0),(0,3286,0),(0,3308,0),(0,3310,0),(0,3311,0),(0,3317,0),(0,3320,0),(0,3329,0),(0,3332,0),(0,3338,0),(0,3339,0),(0,3340,0),(0,3342,0),(0,3344,0),(0,3345,0),(0,3346,0),(0,3347,0),(0,3348,0),(0,3367,0),(0,3371,0),(0,3373,0),(0,3376,0),(0,3377,0),(0,3381,0),(0,3384,0),(0,3385,0),(0,3396,0),(0,3401,0),(0,3405,0),(0,3406,0),(0,3412,0),(0,3413,0),(0,3414,0),(0,3421,0),(0,3427,0),(0,3431,0),(0,3432,0),(0,3434,0),(0,3436,0),(0,3440,0),(0,3455,0),(0,3459,0),(0,3469,0),(0,3470,0),(0,3471,0),(0,3472,0),(0,3473,0),(0,3476,0),(0,3478,0),(0,3485,0),(0,3491,0),(0,3500,0),(0,3502,0),(0,3504,0),(0,3506,0),(0,3507,0),(0,3509,0),(0,3517,0),(0,3519,0),(0,3527,0),(0,3531,0),(0,3532,0),(0,3537,0),(0,3539,0),(0,3541,0),(0,3542,0),(0,3543,0),(0,3545,0),(0,3548,0),(0,3549,0),(0,3555,0),(0,3559,0),(0,3561,0),(0,3562,0),(0,3569,0),(0,3570,0),(0,3571,0),(0,3572,0),(0,3574,0),(0,3581,0),(0,3585,0),(0,3589,0),(0,3592,0),(0,3595,0),(0,3596,0),(0,3600,0),(0,3601,0),(0,3602,0),(0,3605,0),(0,3606,0),(0,3608,0),(0,3609,0),(0,3610,0),(0,3612,0),(0,3613,0),(0,3614,0),(0,3619,0),(0,3620,0),(0,3627,0),(0,3628,0),(0,3630,0),(0,3648,0),(0,3652,0),(0,3657,0),(0,3658,0),(0,3665,0),(0,3666,0),(0,3671,0),(0,3674,0),(0,3684,0),(0,3692,0),(0,3694,0),(0,3696,0),(0,3697,0),(0,3714,0),(0,3715,0),(0,3720,0),(0,3721,0),(0,3725,0),(0,3728,0),(0,3729,0),(0,3730,0),(0,3732,0),(0,3733,0),(0,3734,0),(0,3738,0),(0,3739,0),(0,3740,0),(0,3742,0),(0,3743,0),(0,3745,0),(0,3747,0),(0,3748,0),(0,3749,0),(0,3750,0),(0,3752,0),(0,3761,0),(0,3762,0),(0,3767,0),(0,3770,0),(0,3771,0),(0,3777,0),(0,3779,0),(0,3781,0),(0,3783,0),(0,3784,0),(0,3785,0),(0,3786,0),(0,3787,0),(0,3789,0),(0,3792,0),(0,3794,0),(0,3795,0),(0,3797,0),(0,3803,0),(0,3804,0),(0,3805,0),(0,3808,0),(0,3809,0),(0,3811,0),(0,3818,0),(0,3820,0),(0,3834,0),(0,3862,0),(0,3866,0),(0,3868,0),(0,3874,0),(0,3880,0),(0,3881,0),(0,3882,0),(0,3883,0),(0,3884,0),(0,3885,0),(0,3887,0),(0,3888,0),(0,3891,0),(0,3902,0),(0,3904,0),(0,3905,0),(0,3907,0),(0,3908,0),(0,3912,0),(0,3914,0),(0,3920,0),(0,3921,0),(0,3923,0),(0,3925,0),(0,3926,0),(0,3927,0),(0,3930,0),(0,3942,0),(0,3945,0),(0,3966,0),(0,3977,0),(0,3979,0),(0,3981,0),(0,3986,0),(0,3987,0),(0,3989,0),(0,3990,0),(0,3994,0),(0,3998,0),(0,4001,0),(0,4002,0),(0,4005,0),(0,4009,0),(0,4012,0),(0,4013,0),(0,4018,0),(0,4020,0),(0,4026,0),(0,4033,0),(0,4034,0),(0,4036,0),(0,4037,0),(0,4043,0),(0,4044,0),(0,4045,0),(0,4048,0),(0,4049,0),(0,4052,0),(0,4057,0),(0,4060,0),(0,4061,0),(0,4065,0),(0,4067,0),(0,4068,0),(0,4069,0),(0,4073,0),(0,4074,0),(0,4087,0),(0,4088,0),(0,4093,0),(0,4096,0),(0,4097,0),(0,4099,0),(0,4100,0),(0,4107,0),(0,4109,0),(0,4112,0),(0,4118,0),(0,4119,0),(0,4123,0),(0,4124,0),(0,4125,0),(0,4126,0),(0,4134,0),(0,4138,0),(0,4139,0),(0,4142,0),(0,4144,0),(0,4149,0),(0,4159,0),(0,4162,0),(0,4166,0),(0,4168,0),(0,4169,0),(0,4170,0),(0,4175,0),(0,4207,0),(0,4208,0),(0,4218,0),(0,4223,0),(0,4224,0),(0,4227,0),(0,4230,0),(0,4231,0),(0,4233,0),(0,4235,0),(0,4247,0),(0,4250,0),(0,4251,0),(0,4254,0),(0,4266,0),(0,4269,0),(0,4270,0),(0,4271,0),(0,4282,0),(0,4283,0),(0,4284,0),(0,4286,0),(0,4288,0),(0,4289,0),(0,4291,0),(0,4292,0),(0,4293,0),(0,4295,0),(0,4298,0),(0,4300,0),(0,4303,0),(0,4304,0),(0,4306,0),(0,4311,0),(0,4319,0),(0,4320,0),(0,4323,0),(0,4326,0),(0,4339,0),(0,4340,0),(0,4341,0),(0,4344,0),(0,4346,0),(0,4354,0),(0,4361,0),(0,4368,0),(0,4391,0),(0,4392,0),(0,4395,0),(0,4398,0),(0,4401,0),(0,4410,0),(0,4419,0),(0,4420,0),(0,4422,0),(0,4423,0),(0,4429,0),(0,4430,0),(0,4431,0),(0,4432,0),(0,4439,0),(0,4441,0),(0,4453,0),(0,4459,0),(0,4461,0),(0,4463,0),(0,4471,0),(0,4475,0),(0,4476,0),(0,4490,0),(0,4491,0),(0,4505,0),(0,4516,0),(0,4523,0),(0,4526,0),(0,4527,0),(0,4529,0),(0,4531,0),(0,4533,0),(0,4538,0),(0,4539,0),(0,4541,0),(0,4542,0),(0,4543,0),(0,4544,0),(0,4555,0),(0,4563,0),(0,4565,0),(0,4572,0),(0,4573,0),(0,4578,0),(0,4589,0),(0,4590,0),(0,4593,0),(0,4595,0),(0,4601,0),(0,4606,0),(0,4608,0),(0,4609,0),(0,4612,0),(0,4618,0),(0,4620,0),(0,4621,0),(0,4625,0),(0,4628,0),(0,4630,0),(0,4633,0),(0,4636,0),(0,4643,0),(0,4672,0),(0,4673,0),(0,4674,0),(0,4676,0),(0,4677,0),(0,4678,0),(0,4680,0),(0,4681,0),(0,4682,0),(0,4685,0),(0,4698,0),(0,4701,0),(0,4710,0),(0,4717,0),(0,4718,0),(0,4722,0),(0,4728,0),(0,4729,0),(0,4730,0),(0,4731,0),(0,4738,0),(0,4740,0),(0,4741,0),(0,4746,0),(0,4747,0),(0,4750,0),(0,4751,0),(0,4752,0),(0,4753,0),(0,4755,0),(0,4756,0),(0,4764,0),(0,4766,0),(0,4768,0),(0,4772,0),(0,4777,0),(0,4780,0),(0,4784,0),(0,4788,0),(0,4790,0),(0,4792,0),(0,4794,0),(0,4803,0),(0,4804,0),(0,4807,0),(0,4812,0),(0,4813,0),(0,4818,0),(0,4819,0),(0,4823,0),(0,4826,0),(0,4831,0),(0,4842,0),(0,4843,0),(0,4857,0),(0,4918,0),(0,4922,0),(0,4923,0),(0,4930,0),(0,4932,0),(0,4933,0),(0,4935,0),(0,4937,0),(0,4939,0),(0,4941,0),(0,4960,0),(0,5102,0),(0,5118,0),(0,5119,0),(0,5121,0),(0,5126,0),(0,5127,0),(0,5131,0),(0,5135,0),(0,5137,0),(0,5139,0),(0,5144,0),(0,5147,0),(0,5158,0),(0,5159,0),(0,5161,0),(0,5163,0),(0,5164,0),(0,5166,0),(0,5169,0),(0,5170,0),(0,5171,0),(0,5172,0),(0,5173,0),(0,5175,0),(0,5183,0),(0,5184,0),(0,5190,0),(0,5194,0),(0,5196,0),(0,5199,0),(0,5201,0),(0,5202,0),(0,5203,0),(0,5204,0),(0,5205,0),(0,5234,0),(0,5238,0),(0,5239,0),(0,5240,0),(0,5242,0),(0,5244,0),(0,5247,0),(0,5259,0),(0,5260,0),(0,5263,0),(0,5265,0),(0,5266,0),(0,5267,0),(0,5272,0),(0,5276,0),(0,5277,0),(0,5278,0),(0,5281,0),(0,5282,0),(0,5286,0),(0,5288,0),(0,5294,0),(0,5295,0),(0,5297,0),(0,5298,0),(0,5299,0),(0,5300,0),(0,5301,0),(0,5302,0),(0,5303,0),(0,5304,0),(0,5305,0),(0,5313,0),(0,5314,0),(0,5317,0),(0,5319,0),(0,5323,0),(0,5324,0),(0,5326,0),(0,5330,0),(0,5338,0),(0,5339,0),(0,5340,0),(0,5342,0),(0,5347,0),(0,5351,0),(0,5356,0),(0,5359,0),(0,5364,0),(0,5365,0),(0,5369,0),(0,5371,0),(0,5372,0),(0,5376,0),(0,5383,0),(0,5394,0),(0,5395,0),(0,5396,0),(0,5397,0),(0,5401,0),(0,5412,0),(0,5413,0),(0,5417,0),(0,5418,0),(0,5420,0),(0,5421,0),(0,5422,0),(0,5423,0),(0,5424,0),(0,5425,0),(0,5426,0),(0,5427,0),(0,5428,0),(0,5441,0),(0,5450,0),(0,5463,0),(0,5464,0),(0,5465,0),(0,5467,0),(0,5468,0),(0,5477,0),(0,5478,0),(0,5479,0),(0,5483,0),(0,5484,0),(0,5485,0),(0,5490,0),(0,5493,0),(0,5494,0),(0,5495,0),(0,5502,0),(0,5506,0),(0,5508,0),(0,5509,0),(0,5512,0),(0,5514,0),(0,5518,0),(0,5524,0),(0,5525,0),(0,5527,0),(0,5532,0),(0,5542,0),(0,5543,0),(0,5555,0),(0,5564,0),(0,5566,0),(0,5579,0),(0,5580,0),(0,5582,0),(0,5583,0),(0,5584,0),(0,5585,0),(0,5586,0),(0,5589,0),(0,5591,0),(0,5592,0),(0,5594,0),(0,5595,0),(0,5596,0),(0,5597,0),(0,5598,0),(0,5599,0),(0,5607,0),(0,5608,0),(0,5616,0),(0,5623,0),(0,5626,0),(0,5630,0),(0,5636,0),(0,5637,0),(0,5641,0),(0,5649,0),(0,5659,0),(0,5660,0),(0,5661,0),(0,5665,0),(0,5669,0),(0,5670,0),(0,5688,0),(0,5696,0),(0,5699,0),(0,5707,0),(0,5721,0),(0,5722,0),(0,5723,0),(0,5726,0),(0,5728,0),(0,5733,0),(0,5742,0),(0,5754,0),(0,5755,0),(0,5756,0),(0,5758,0),(0,5763,0),(0,5766,0),(0,5767,0),(0,5768,0),(0,5769,0),(0,5772,0),(0,5773,0),(0,5775,0),(0,5776,0),(0,5785,0),(0,5786,0),(0,5789,0),(0,5793,0),(0,5796,0),(0,5801,0),(0,5814,0),(0,5822,0),(0,5824,0),(0,5830,0),(0,5837,0),(0,5853,0),(0,5862,0),(0,5863,0),(0,5864,0),(0,5873,0),(0,5874,0),(0,5880,0),(0,5881,0),(0,5883,0),(0,5884,0),(0,5885,0),(0,5894,0),(0,5897,0),(0,5910,0),(0,5920,0),(0,5924,0),(0,5925,0),(0,5927,0),(0,5929,0),(0,5930,0),(0,5933,0),(0,5955,0),(0,5959,0),(0,5963,0),(0,5966,0),(0,5968,0),(0,5969,0),(0,5983,0),(0,6002,0),(0,6003,0),(0,6004,0),(0,6006,0),(0,6022,0),(0,6024,0),(0,6026,0),(0,6030,0),(0,6032,0),(0,6033,0),(0,6034,0),(0,6037,0),(0,6051,0),(0,6054,0),(0,6078,0),(0,6089,0),(0,6090,0),(0,6091,0),(0,6101,0),(0,6103,0),(0,6104,0),(0,6106,0),(0,6114,0),(0,6128,0),(0,6155,0),(0,6156,0),(0,6157,0),(0,6165,0),(0,6166,0),(0,6171,0),(0,6178,0),(0,6179,0),(0,6188,0),(0,6190,0),(0,6195,0),(0,6199,0),(0,6208,0),(0,6212,0),(0,6215,0),(0,6216,0),(0,6219,0),(0,6220,0),(0,6225,0),(0,6226,0),(0,6227,0),(0,6231,0),(0,6238,0),(0,6243,0),(0,6251,0),(0,6252,0),(0,6253,0),(0,6254,0),(0,6255,0),(0,6256,0),(0,6259,0),(0,6260,0),(0,6266,0),(0,6269,0),(0,6273,0),(0,6281,0),(0,6286,0),(0,6289,0),(0,6313,0),(0,6317,0),(0,6320,0),(0,6366,0),(0,6369,0),(0,6372,0),(0,6375,0),(0,6379,0),(0,6380,0),(0,6383,0),(0,6384,0),(0,6385,0),(0,6386,0),(0,6387,0),(0,6388,0),(0,6389,0),(0,6390,0),(0,6393,0),(0,6396,0),(0,6399,0),(0,6400,0),(0,6406,0),(0,6408,0),(0,6414,0),(0,6418,0),(0,6421,0),(0,6422,0),(0,6429,0),(0,6431,0),(0,6434,0),(0,6435,0),(0,6436,0),(0,6442,0),(0,6446,0),(0,6450,0),(0,6454,0),(0,6455,0),(0,6458,0),(0,6459,0),(0,6460,0),(0,6463,0),(0,6464,0),(0,6468,0),(0,6469,0),(0,6472,0),(0,6473,0),(0,6477,0),(0,6480,0),(0,6483,0),(0,6493,0),(0,6494,0),(0,6495,0),(0,6498,0),(0,6501,0),(0,6502,0),(0,6506,0),(0,6509,0),(0,6512,0),(0,6513,0),(0,6517,0),(0,6518,0),(0,6521,0),(0,6524,0),(0,6525,0),(0,6526,0),(0,6528,0),(0,6531,0),(0,6533,0),(0,6534,0),(0,6535,0),(0,6536,0),(0,6538,0),(0,6541,0),(0,6543,0),(0,6549,0),(0,6551,0),(0,6554,0),(0,6555,0),(0,6558,0),(0,6560,0),(0,6561,0),(0,6563,0),(0,6564,0),(0,6569,0),(0,6572,0),(0,6579,0),(0,6592,0),(0,6594,0),(0,6595,0),(0,6602,0),(0,6612,0),(0,6615,0),(0,6616,0),(0,6621,0),(0,6623,0),(0,6625,0),(0,6627,0),(0,6637,0),(0,6645,0),(0,6647,0),(0,6649,0),(0,6653,0),(0,6654,0),(0,6665,0),(0,6666,0),(0,6667,0),(0,6672,0),(0,6673,0),(0,6687,0),(0,6698,0),(0,6699,0),(0,6700,0),(0,6703,0),(0,6704,0),(0,6707,0),(0,6709,0),(0,6710,0),(0,6722,0),(0,6724,0),(0,6725,0),(0,6726,0),(0,6739,0),(0,6773,0),(0,6774,0),(0,6775,0),(0,6779,0),(0,6783,0),(0,6784,0),(0,6787,0),(0,6788,0),(0,6791,0),(0,6792,0),(0,6794,0),(0,6795,0),(0,6797,0),(0,6798,0),(0,6802,0),(0,6806,0),(0,6807,0),(0,6815,0),(0,6821,0),(0,6826,0),(0,6827,0),(0,6829,0),(0,6831,0),(0,6833,0),(0,6834,0),(0,6835,0),(0,6840,0),(0,6841,0),(0,6845,0),(0,6846,0),(0,6851,0),(0,6856,0),(0,6858,0),(0,6867,0),(0,6869,0),(0,6877,0),(0,6881,0),(0,6886,0),(0,6891,0),(0,6893,0),(0,6896,0),(0,6905,0),(0,6908,0),(0,6924,0),(0,6930,0),(0,6936,0),(0,6937,0),(0,6939,0),(0,6949,0),(0,6951,0),(0,6952,0),(0,6959,0),(0,6961,0),(0,6963,0),(0,6964,0),(0,6969,0),(0,6970,0),(0,6972,0),(0,6973,0),(0,6978,0),(0,6979,0),(0,6981,0),(0,6987,0),(0,6989,0),(0,6996,0),(0,6998,0),(0,7003,0),(0,7006,0),(0,7014,0),(0,7016,0),(0,7021,0),(0,7029,0),(0,7030,0),(0,7033,0),(0,7036,0),(0,7045,0),(0,7051,0),(0,7061,0),(0,7064,0),(0,7077,0),(0,7078,0),(0,7085,0),(0,7086,0),(0,7088,0),(0,7092,0),(0,7093,0),(0,7095,0),(0,7099,0),(0,7100,0),(0,7103,0),(0,7106,0),(0,7107,0),(0,7110,0),(0,7112,0),(0,7113,0),(0,7114,0),(0,7115,0),(0,7116,0),(0,7118,0),(0,7119,0),(0,7121,0),(0,7127,0),(0,7129,0),(0,7136,0),(0,7139,0),(0,7152,0),(0,7153,0),(0,7155,0),(0,7157,0),(0,7159,0),(0,7160,0),(0,7168,0),(0,7171,0),(0,7175,0),(0,7176,0),(0,7178,0),(0,7182,0),(0,7185,0),(0,7191,0),(0,7194,0),(0,7199,0),(0,7206,0),(0,7208,0),(0,7209,0),(0,7213,0),(0,7214,0),(0,7215,0),(0,7219,0),(0,7220,0),(0,7224,0),(0,7226,0),(0,7227,0),(0,7228,0),(0,7229,0),(0,7232,0),(0,7238,0),(0,7239,0),(0,7241,0),(0,7242,0),(0,7251,0),(0,7256,0),(0,7267,0),(0,7268,0),(0,7272,0),(0,7280,0),(0,7282,0),(0,7284,0),(0,7285,0),(0,7287,0),(0,7301,0),(0,7312,0),(0,7316,0),(0,7317,0),(0,7318,0),(0,7319,0),(0,7326,0),(0,7330,0),(0,7331,0),(0,7332,0),(0,7333,0),(0,7338,0),(0,7341,0),(0,7384,0),(0,7386,0),(0,7390,0),(0,7391,0),(0,7398,0),(0,7402,0),(0,7403,0),(0,7408,0),(0,7410,0),(0,7411,0),(0,7416,0),(0,7429,0),(0,7440,0),(0,7446,0),(0,7456,0),(0,7469,0),(0,7479,0),(0,7481,0),(0,7483,0),(0,7484,0),(0,7485,0),(0,7491,0),(0,7492,0),(0,7493,0),(0,7499,0),(0,7504,0),(0,7506,0),(0,7510,0),(0,7513,0),(0,7515,0),(0,7516,0),(0,7534,0),(0,7536,0),(0,7540,0),(0,7541,0),(0,7547,0),(0,7557,0),(0,7573,0),(0,7578,0),(0,7584,0),(0,7587,0),(0,7591,0),(0,7592,0),(0,7596,0),(0,7604,0),(0,7609,0),(0,7614,0),(0,7615,0),(0,7619,0),(0,7623,0),(0,7629,0),(0,7635,0),(0,7638,0),(0,7641,0),(0,7652,0),(0,7653,0),(0,7656,0),(0,7662,0),(0,7677,0),(0,7678,0),(0,7681,0),(0,7685,0),(0,7686,0),(0,7687,0),(0,7688,0),(0,7693,0),(0,7694,0),(0,7698,0),(0,7699,0),(0,7701,0),(0,7705,0),(0,7708,0),(0,7710,0),(0,7720,0),(0,7743,0),(0,7746,0),(0,7749,0),(0,7751,0),(0,7766,0),(0,7767,0),(0,7769,0),(0,7782,0),(0,7789,0),(0,7791,0),(0,7795,0),(0,7799,0),(0,7802,0),(0,7804,0),(0,7816,0),(0,7817,0),(0,7820,0),(0,7822,0),(0,7831,0),(0,7839,0),(0,7840,0),(0,7843,0),(0,7844,0),(0,7853,0),(0,7861,0),(0,7862,0),(0,7863,0),(0,7864,0),(0,7871,0),(0,7873,0),(0,7874,0),(0,7877,0),(0,7883,0),(0,7884,0),(0,7885,0),(0,7892,0),(0,7896,0),(0,7899,0),(0,7945,0),(0,7949,0),(0,7950,0),(0,7952,0),(0,7953,0),(0,7957,0),(0,7969,0),(0,7970,0),(0,7975,0),(0,7981,0),(0,7985,0),(0,7988,0),(0,7993,0),(0,7995,0),(0,7997,0),(0,7999,0),(0,8000,0),(0,8007,0),(0,8009,0),(0,8012,0),(0,8020,0),(0,8021,0),(0,8025,0),(0,8026,0),(0,8030,0),(0,8031,0),(0,8035,0),(0,8036,0),(0,8038,0),(0,8040,0),(0,8058,0),(0,8061,0),(0,8062,0),(0,8063,0),(0,8064,0),(0,8073,0),(0,8075,0),(0,8149,0),(0,8152,0),(0,8157,0),(0,8161,0),(0,8193,0),(0,8200,0),(0,8204,0),(0,8209,0),(0,8211,0),(0,8212,0),(0,8221,0),(0,8222,0),(0,8224,0),(0,8227,0),(0,8229,0),(0,8232,0),(0,8234,0),(0,8235,0),(0,8236,0),(0,8237,0),(0,8241,0),(0,8242,0),(0,8250,0),(0,8255,0),(0,8259,0),(0,8264,0),(0,8265,0),(0,8266,0),(0,8268,0),(0,8270,0),(0,8271,0),(0,8274,0),(0,8275,0),(0,8276,0),(0,8277,0),(0,8278,0),(0,8279,0),(0,8280,0),(0,8281,0),(0,8285,0),(0,8292,0),(0,8293,0),(0,8297,0),(0,8302,0),(0,8308,0),(0,8309,0),(0,8310,0),(0,8317,0),(0,8320,0),(0,8321,0),(0,8325,0),(0,8330,0),(0,8331,0),(0,8336,0),(0,8355,0),(0,8362,0),(0,8363,0),(0,8366,0),(0,8368,0),(0,8373,0),(0,8376,0),(0,8378,0),(0,8383,0),(0,8398,0),(0,8401,0),(0,8403,0),(0,8405,0),(0,8410,0),(0,8416,0),(0,8417,0),(0,8418,0),(0,8454,0),(0,8463,0),(0,8470,0),(0,8480,0),(0,8491,0),(0,8492,0),(0,8506,0),(0,8517,0),(0,8518,0),(0,8519,0),(0,8520,0),(0,8523,0),(0,8528,0),(0,8529,0),(0,8533,0),(0,8536,0),(0,8537,0),(0,8546,0),(0,8548,0),(0,8550,0),(0,8555,0),(0,8557,0),(0,8563,0),(0,8571,0),(0,8573,0),(0,8582,0),(0,8583,0),(0,8586,0),(0,8588,0),(0,8589,0),(0,8594,0),(0,8596,0),(0,8598,0),(0,8600,0),(0,8601,0),(0,8602,0),(0,8603,0),(0,8688,0),(0,8695,0),(0,8698,0),(0,8699,0),(0,8705,0),(0,8711,0),(0,8716,0),(0,8717,0),(0,8718,0),(0,8722,0),(0,8723,0),(0,8724,0),(0,8728,0),(0,8729,0),(0,8730,0),(0,8731,0),(0,8736,0),(0,8738,0),(0,8740,0),(0,8742,0),(0,8744,0),(0,8749,0),(0,8751,0),(0,8753,0),(0,8757,0),(0,8763,0),(0,8764,0),(0,8766,0),(0,8768,0),(0,8770,0),(0,8772,0),(0,8785,0),(0,8786,0),(0,8793,0),(0,8794,0),(0,8795,0),(0,8796,0),(0,8797,0),(0,8798,0),(0,8803,0),(0,8804,0),(0,8808,0),(0,8809,0),(0,8812,0),(0,8817,0),(0,8822,0),(0,8825,0),(0,8830,0),(0,8832,0),(0,8836,0),(0,8846,0),(0,8870,0),(0,8871,0),(0,8876,0),(0,8883,0),(0,8891,0),(0,8916,0),(0,8922,0),(0,8923,0),(0,8946,0),(0,8950,0),(0,8951,0),(0,8953,0),(0,8963,0),(0,8969,0),(0,8970,0),(0,8971,0),(0,8973,0),(0,8975,0),(0,8976,0),(0,8981,0),(0,8984,0),(0,8987,0),(0,8989,0),(0,8992,0),(0,8994,0),(0,9009,0),(0,9012,0),(0,9013,0),(0,9023,0),(0,9025,0),(0,9027,0),(0,9030,0),(0,9034,0),(0,9062,0),(0,9070,0),(0,9075,0),(0,9085,0),(0,9087,0),(0,9091,0),(0,9099,0),(0,9159,0),(0,9189,0),(0,9194,0),(0,9196,0),(0,9197,0),(0,9198,0),(0,9200,0),(0,9206,0),(0,9239,0),(0,9245,0),(0,9247,0),(0,9248,0),(0,9253,0),(0,9254,0),(0,9256,0),(0,9265,0),(0,9291,0),(0,9298,0),(0,9306,0),(0,9313,0),(0,9320,0),(0,9334,0),(0,9335,0),(0,9338,0),(0,9340,0),(0,9342,0),(0,9346,0),(0,9365,0),(0,9375,0),(0,9376,0),(0,9377,0),(0,9384,0),(0,9391,0),(0,9411,0),(0,9412,0),(0,9432,0),(0,9434,0),(0,9435,0),(0,9451,0),(0,9456,0),(0,9458,0),(0,9461,0),(0,9468,0),(0,9476,0),(0,9479,0),(0,9488,0),(0,9497,0),(0,9498,0),(0,9501,0),(0,9511,0),(0,9514,0),(0,9529,0),(0,9531,0),(0,9538,0),(0,9544,0),(0,9557,0),(0,9558,0),(0,9562,0),(0,9570,0),(0,9573,0),(0,9584,0),(0,9587,0),(0,9590,0),(0,9594,0),(0,9595,0),(0,9601,0),(0,9608,0),(0,9609,0),(0,9617,0),(0,9619,0),(0,9622,0),(0,9623,0),(0,9624,0),(0,9625,0),(0,9626,0),(0,9628,0),(0,9631,0),(0,9633,0),(0,9634,0),(0,9637,0),(0,9638,0),(0,9640,0),(0,9641,0),(0,9646,0),(0,9648,0),(0,9655,0),(0,9656,0),(0,9661,0),(0,9665,0),(0,9668,0),(0,9669,0),(0,9670,0),(0,9673,0),(0,9690,0),(0,9732,0),(0,9746,0),(0,9749,0),(0,9754,0),(0,9756,0),(0,9760,0),(0,9765,0),(0,9766,0),(0,9769,0),(0,9770,0),(0,9772,0),(0,9776,0),(0,9784,0),(0,9790,0),(0,9809,0),(0,9814,0),(0,9817,0),(0,9820,0),(0,9821,0),(0,9822,0),(0,9823,0),(0,9826,0),(0,9829,0),(0,9833,0),(0,9835,0),(0,9836,0),(0,9846,0),(0,9848,0),(0,9849,0),(0,9854,0),(0,9859,0),(0,9870,0),(0,9871,0),(0,9872,0),(0,9874,0),(0,9875,0),(0,9876,0),(0,9896,0),(0,9911,0),(0,9919,0),(0,9920,0),(0,9921,0),(0,9931,0),(0,9932,0),(0,9936,0),(0,9939,0),(0,9942,0),(0,9943,0),(0,9944,0),(0,9946,0),(0,9950,0),(0,9951,0),(0,9957,0),(0,9961,0),(0,9965,0),(0,9969,0),(0,9971,0),(0,9981,0),(0,9982,0),(0,9983,0),(0,9985,0),(0,9989,0),(0,9991,0),(0,9992,0),(0,9994,0),(0,9995,0),(0,9997,0),(0,10007,0),(0,10009,0),(0,10010,0),(0,10012,0),(0,10023,0),(0,10024,0),(0,10027,0),(0,10029,0),(0,10035,0),(0,10038,0),(0,10040,0),(0,10043,0),(0,10047,0),(0,10048,0),(0,10052,0),(0,10054,0),(0,10055,0),(0,10059,0),(0,10062,0),(0,10063,0),(0,10066,0),(0,10069,0),(0,10070,0),(0,10074,0),(0,10075,0),(0,10077,0),(0,10079,0),(0,10088,0),(0,10089,0),(0,10090,0),(0,10091,0),(0,10093,0),(0,10094,0),(0,10098,0),(0,10099,0),(0,10114,0),(0,10115,0),(0,10119,0),(0,10120,0),(0,10124,0),(0,10125,0),(0,10129,0),(0,10133,0),(0,10143,0),(0,10146,0),(0,10151,0),(0,10152,0),(0,10155,0),(0,10157,0),(0,10163,0),(0,10174,0),(0,10175,0),(0,10180,0),(0,10183,0),(0,10185,0),(0,10201,0),(0,10203,0),(0,10215,0),(0,10218,0),(0,10220,0),(0,10222,0),(0,10223,0),(0,10224,0),(0,10258,0),(0,10262,0),(0,10265,0),(0,10267,0),(0,10269,0),(0,10271,0),(0,10273,0),(0,10280,0),(0,10281,0),(0,10287,0),(0,10297,0),(0,10298,0),(0,10305,0),(0,10308,0),(0,10309,0),(0,10310,0),(0,10311,0),(0,10313,0),(0,10314,0),(0,10315,0),(0,10316,0),(0,10323,0),(0,10324,0),(0,10325,0),(0,10327,0),(0,10336,0),(0,10341,0),(0,10345,0),(0,10346,0),(0,10349,0),(0,10352,0),(0,10353,0),(0,10355,0),(0,10358,0),(0,10360,0),(0,10373,0),(0,10380,0),(0,10388,0),(0,10390,0),(0,10391,0),(0,10394,0),(0,10400,0),(0,10406,0),(0,10408,0),(0,10409,0),(0,10410,0),(0,10411,0),(0,10412,0),(0,10416,0),(0,10417,0),(0,10425,0),(0,10427,0),(0,10431,0),(0,10436,0),(0,10440,0),(0,10442,0),(0,10523,0),(0,10527,0),(0,10528,0),(0,10533,0),(0,10545,0),(0,10549,0),(0,10555,0),(0,10558,0),(0,10561,0),(0,10572,0),(0,10573,0),(0,10574,0),(0,10582,0),(0,10583,0),(0,10589,0),(0,10590,0),(0,10594,0),(0,10597,0),(0,10599,0),(0,10602,0),(0,10603,0),(0,10612,0),(0,10614,0),(0,10617,0),(0,10619,0),(0,10620,0),(0,10621,0),(0,10630,0),(0,10631,0),(0,10638,0),(0,10640,0),(0,10641,0),(0,10663,0),(0,10670,0),(0,10671,0),(0,10677,0),(0,10680,0),(0,10681,0),(0,10682,0),(0,10697,0),(0,10698,0),(0,10699,0),(0,10700,0),(0,10709,0),(0,10715,0),(0,10719,0),(0,10720,0),(0,10722,0),(0,10723,0),(0,10727,0),(0,10736,0),(0,10737,0),(0,10740,0),(0,10741,0),(0,10742,0),(0,10753,0),(0,10754,0),(0,10756,0),(0,10761,0),(0,10762,0),(0,10763,0),(0,10767,0),(0,10789,0),(0,10790,0),(0,10792,0),(0,10793,0),(0,10803,0),(0,10804,0),(0,10812,0),(0,10813,0),(0,10816,0),(0,10817,0),(0,10818,0),(0,10819,0),(0,10824,0),(0,10826,0),(0,10827,0),(0,10831,0),(0,10832,0),(0,10835,0),(0,10840,0),(0,10842,0),(0,10843,0),(0,10844,0),(0,10846,0),(0,10847,0),(0,10853,0),(0,10855,0),(0,10857,0),(0,10858,0),(0,10859,0),(0,10864,0),(0,10865,0),(0,10867,0),(0,10881,0),(0,10905,0),(0,10911,0),(0,10914,0),(0,10918,0),(0,10920,0),(0,10922,0),(0,10936,0),(0,10939,0),(0,10940,0),(0,10949,0),(0,10951,0),(0,10953,0),(0,10955,0),(0,10956,0),(0,10962,0),(0,10965,0),(0,10967,0),(0,10968,0),(0,10991,0),(0,10995,0),(0,10997,0),(0,10999,0),(0,11023,0),(0,11024,0),(0,11026,0),(0,11038,0),(0,11043,0),(0,11044,0),(0,11047,0),(0,11049,0),(0,11051,0),(0,11055,0),(0,11060,0),(0,11063,0),(0,11065,0),(0,11069,0),(0,11076,0),(0,11081,0),(0,11082,0),(0,11083,0),(0,11084,0),(0,11085,0),(0,11086,0),(0,11092,0),(0,11093,0),(0,11100,0),(0,11110,0),(0,11122,0),(0,11126,0),(0,11128,0),(0,11129,0),(0,11132,0),(0,11140,0),(0,11148,0),(0,11149,0),(0,11150,0),(0,11163,0),(0,11168,0),(0,11179,0),(0,11180,0),(0,11181,0),(0,11182,0),(0,11187,0),(0,11198,0),(0,11204,0),(0,11207,0),(0,11215,0),(0,11217,0),(0,11218,0),(0,11219,0),(0,11221,0),(0,11229,0),(0,11230,0),(0,11231,0),(0,11234,0),(0,11238,0),(0,11241,0),(0,11242,0),(0,11243,0),(0,11244,0),(0,11249,0),(0,11257,0),(0,11258,0),(0,11260,0),(0,11261,0),(0,11274,0),(0,11275,0),(0,11279,0),(0,11280,0),(0,11282,0),(0,11283,0),(0,11284,0),(0,11290,0),(0,11300,0),(0,11301,0),(0,11302,0),(0,11303,0),(0,11304,0),(0,11307,0),(0,11310,0),(0,11313,0),(0,11315,0),(0,11317,0),(0,11318,0),(0,11319,0),(0,11320,0),(0,11321,0),(0,11328,0),(0,11329,0),(0,11330,0),(0,11340,0),(0,11344,0),(0,11346,0),(0,11353,0),(0,11364,0),(0,11365,0),(0,11366,0),(0,11367,0),(0,11371,0),(0,11372,0),(0,11373,0),(0,11374,0),(0,11375,0),(0,11387,0),(0,11393,0),(0,11394,0),(0,11398,0),(0,11403,0),(0,11404,0),(0,11406,0),(0,11411,0),(0,11412,0),(0,11413,0),(0,11414,0),(0,11420,0),(0,11422,0),(0,11425,0),(0,11431,0),(0,11432,0),(0,11436,0),(0,11438,0),(0,11443,0),(0,11444,0),(0,11447,0),(0,11448,0),(0,11461,0),(0,11462,0),(0,11468,0),(0,11470,0),(0,11472,0),(0,11477,0),(0,11484,0),(0,11486,0),(0,11489,0),(0,11505,0),(0,11511,0),(0,11516,0),(0,11518,0),(0,11520,0),(0,11525,0),(0,11534,0),(0,11538,0),(0,11546,0),(0,11550,0),(0,11568,0),(0,11569,0),(0,11570,0),(0,11571,0),(0,11573,0),(0,11576,0),(0,11580,0),(0,11586,0),(0,11590,0),(0,11592,0),(0,11593,0),(0,11596,0),(0,11598,0),(0,11603,0),(0,11605,0),(0,11608,0),(0,11609,0),(0,11610,0),(0,11615,0),(0,11618,0),(0,11619,0),(4,2,0),(4,8,0),(4,106,0),(4,107,0),(4,276,0),(4,277,0),(4,278,0),(4,399,0),(4,417,0),(4,461,0),(4,496,0),(4,514,0),(4,523,0),(4,1001,0),(4,1002,0),(4,1003,0),(4,1041,0),(4,1042,0),(4,1043,0),(4,1044,0),(4,1045,0),(4,1046,0),(4,1047,0),(4,1048,0),(4,1049,0),(4,1050,0),(4,1051,0),(4,1052,0),(4,1053,0),(4,1054,0),(4,1055,0),(4,1056,0),(4,1057,0),(4,1058,0),(4,1059,0),(4,1060,0),(4,1061,0),(4,1740,0),(4,1741,0),(4,1742,0),(4,1745,0),(4,1747,0),(4,1798,0),(4,1829,0),(4,1833,0),(4,1872,0),(4,1873,0),(4,1874,0),(4,1875,0),(4,1882,0),(4,1883,0),(4,1885,0),(4,1886,0),(4,2448,0),(4,2570,0),(4,2571,0),(4,2679,0),(4,2680,0),(4,2869,0),(4,2880,0),(4,3315,0),(4,3333,0),(4,3433,0),(4,3443,0),(4,3511,0),(4,3563,0),(4,3564,0),(4,3565,0),(4,3566,0),(4,3567,0),(4,3766,0),(4,3978,0),(4,4154,0),(4,4155,0),(4,4173,0),(4,4393,0),(4,4394,0),(4,4396,0),(4,4397,0),(4,4434,0),(4,4452,0),(4,4479,0),(4,4480,0),(4,4481,0),(4,4494,0),(4,4495,0),(4,4849,0),(4,5248,0),(4,5251,0),(4,5312,0),(4,5446,0),(4,5457,0),(4,5458,0),(4,5544,0),(4,5545,0),(4,5546,0),(4,5547,0),(4,5548,0),(4,5550,0),(4,5561,0),(4,5562,0),(4,5563,0),(4,5643,0),(4,5644,0),(4,5645,0),(4,5646,0),(4,6087,0),(4,6629,0),(4,6701,0),(4,6718,0),(4,6946,0),(4,6947,0),(4,6948,0),(4,7011,0),(4,7132,0),(4,7324,0),(4,7327,0),(4,7407,0),(4,7539,0),(4,7543,0),(4,7552,0),(4,7714,0),(4,7824,0),(4,7907,0),(4,7908,0),(4,7909,0),(4,7910,0),(4,7911,0),(4,7912,0),(4,7913,0),(4,7914,0),(4,7915,0),(4,7916,0),(4,7917,0),(4,7918,0),(4,7919,0),(4,7920,0),(4,7921,0),(4,7922,0),(4,7923,0),(4,7924,0),(4,7925,0),(4,7926,0),(4,7927,0),(4,7928,0),(4,7929,0),(4,7930,0),(4,7931,0),(4,7932,0),(4,7933,0),(4,7934,0),(4,7935,0),(4,7936,0),(4,7937,0),(4,7938,0),(4,7939,0),(4,7940,0),(4,7941,0),(4,7942,0),(4,7943,0),(4,8226,0),(4,8243,0),(4,8254,0),(4,8318,0),(4,8408,0),(4,8409,0),(4,8422,0),(4,8423,0),(4,8424,0),(4,8425,0),(4,8486,0),(4,8487,0),(4,8488,0),(4,8489,0),(4,8507,0),(4,8508,0),(4,8509,0),(4,8510,0),(4,8511,0),(4,8512,0),(4,8513,0),(4,8514,0),(4,8515,0),(4,8522,0),(4,8710,0),(4,8712,0),(4,8855,0),(4,8856,0),(4,8974,0),(4,8993,0),(4,9297,0),(4,9675,0),(4,9677,0),(4,9741,0),(4,9764,0),(4,9825,0),(4,9908,0),(4,9970,0),(4,9980,0),(4,9996,0),(4,10364,0),(4,10434,0),(4,10609,0),(4,10645,0),(4,10688,0),(4,10750,0),(4,10752,0),(4,10896,0),(4,10906,0),(4,10925,0),(4,10926,0),(4,10944,0),(4,10945,0),(4,10946,0),(4,10947,0),(4,10948,0),(4,11095,0),(4,11097,0),(4,11102,0),(4,11103,0),(4,11104,0),(4,11105,0),(4,11171,0),(4,11175,0),(4,11183,0),(4,11191,0),(4,11192,0),(4,11203,0),(4,11308,0),(4,11312,0),(4,11376,0),(4,11380,0),(4,11426,0),(4,11614,0),(7,3,0),(7,9,0),(7,10,0),(7,11,0),(7,12,0),(7,13,0),(7,14,0),(7,15,0),(7,17,0),(7,18,0),(7,21,0),(7,22,0),(7,23,0),(7,25,0),(7,26,0),(7,27,0),(7,28,0),(7,29,0),(7,30,0),(7,31,0),(7,32,0),(7,33,0),(7,35,0),(7,37,0),(7,38,0),(7,39,0),(7,41,0),(7,42,0),(7,43,0),(7,44,0),(7,45,0),(7,46,0),(7,48,0),(7,49,0),(7,50,0),(7,51,0),(7,52,0),(7,53,0),(7,57,0),(7,58,0),(7,59,0),(7,60,0),(7,61,0),(7,64,0),(7,65,0),(7,66,0),(7,67,0),(7,68,0),(7,69,0),(7,70,0),(7,72,0),(7,74,0),(7,75,0),(7,76,0),(7,79,0),(7,82,0),(7,83,0),(7,84,0),(7,87,0),(7,88,0),(7,89,0),(7,90,0),(7,91,0),(7,93,0),(7,94,0),(7,95,0),(7,96,0),(7,98,0),(7,99,0),(7,102,0),(7,103,0),(7,105,0),(7,108,0),(7,109,0),(7,110,0),(7,111,0),(7,112,0),(7,113,0),(7,115,0),(7,116,0),(7,117,0),(7,118,0),(7,119,0),(7,123,0),(7,124,0),(7,125,0),(7,126,0),(7,127,0),(7,128,0),(7,129,0),(7,130,0),(7,132,0),(7,134,0),(7,139,0),(7,140,0),(7,141,0),(7,145,0),(7,146,0),(7,147,0),(7,148,0),(7,149,0),(7,151,0),(7,152,0),(7,154,0),(7,155,0),(7,156,0),(7,158,0),(7,159,0),(7,161,0),(7,162,0),(7,163,0),(7,164,0),(7,165,0),(7,166,0),(7,167,0),(7,168,0),(7,169,0),(7,170,0),(7,171,0),(7,172,0),(7,173,0),(7,174,0),(7,175,0),(7,176,0),(7,177,0),(7,180,0),(7,181,0),(7,183,0),(7,184,0),(7,185,0),(7,186,0),(7,187,0),(7,190,0),(7,191,0),(7,192,0),(7,195,0),(7,196,0),(7,197,0),(7,198,0),(7,199,0),(7,200,0),(7,201,0),(7,202,0),(7,203,0),(7,204,0),(7,206,0),(7,210,0),(7,212,0),(7,214,0),(7,220,0),(7,221,0),(7,222,0),(7,223,0),(7,226,0),(7,227,0),(7,228,0),(7,230,0),(7,231,0),(7,232,0),(7,237,0),(7,239,0),(7,240,0),(7,258,0),(7,260,0),(7,262,0),(7,265,0),(7,266,0),(7,267,0),(7,268,0),(7,269,0),(7,270,0),(7,271,0),(7,272,0),(7,273,0),(7,279,0),(7,280,0),(7,281,0),(7,282,0),(7,283,0),(7,284,0),(7,285,0),(7,286,0),(7,290,0),(7,291,0),(7,292,0),(7,295,0),(7,297,0),(7,299,0),(7,301,0),(7,302,0),(7,304,0),(7,306,0),(7,307,0),(7,308,0),(7,309,0),(7,311,0),(7,312,0),(7,314,0),(7,315,0),(7,317,0),(7,318,0),(7,319,0),(7,320,0),(7,322,0),(7,323,0),(7,324,0),(7,325,0),(7,327,0),(7,328,0),(7,330,0),(7,331,0),(7,332,0),(7,333,0),(7,334,0),(7,335,0),(7,336,0),(7,337,0),(7,338,0),(7,339,0),(7,340,0),(7,344,0),(7,345,0),(7,349,0),(7,350,0),(7,351,0),(7,352,0),(7,353,0),(7,354,0),(7,355,0),(7,356,0),(7,359,0),(7,366,0),(7,367,0),(7,370,0),(7,371,0),(7,376,0),(7,377,0),(7,381,0),(7,382,0),(7,387,0),(7,388,0),(7,389,0),(7,390,0),(7,391,0),(7,392,0),(7,394,0),(7,395,0),(7,398,0),(7,400,0),(7,402,0),(7,403,0),(7,404,0),(7,406,0),(7,407,0),(7,409,0),(7,412,0),(7,413,0),(7,418,0),(7,420,0),(7,421,0),(7,422,0),(7,423,0),(7,424,0),(7,425,0),(7,426,0),(7,428,0),(7,430,0),(7,431,0),(7,432,0),(7,433,0),(7,434,0),(7,435,0),(7,437,0),(7,438,0),(7,439,0),(7,440,0),(7,441,0),(7,442,0),(7,444,0),(7,447,0),(7,448,0),(7,450,0),(7,451,0),(7,453,0),(7,454,0),(7,456,0),(7,457,0),(7,458,0),(7,459,0),(7,462,0),(7,463,0),(7,464,0),(7,465,0),(7,467,0),(7,468,0),(7,469,0),(7,470,0),(7,472,0),(7,474,0),(7,475,0),(7,479,0),(7,480,0),(7,482,0),(7,483,0),(7,484,0),(7,485,0),(7,486,0),(7,487,0),(7,490,0),(7,491,0),(7,493,0),(7,495,0),(7,497,0),(7,498,0),(7,499,0),(7,506,0),(7,507,0),(7,508,0),(7,515,0),(7,516,0),(7,517,0),(7,518,0),(7,519,0),(7,521,0),(7,522,0),(7,527,0),(7,528,0),(7,529,0),(7,530,0),(7,531,0),(7,532,0),(7,533,0),(7,535,0),(7,549,0),(7,552,0),(7,553,0),(7,554,0),(7,555,0),(7,558,0),(7,560,0),(7,563,0),(7,603,0),(7,605,0),(7,606,0),(7,610,0),(7,611,0),(7,614,0),(7,616,0),(7,619,0),(7,620,0),(7,625,0),(7,627,0),(7,638,0),(7,640,0),(7,641,0),(7,642,0),(7,643,0),(7,644,0),(7,646,0),(7,647,0),(7,648,0),(7,649,0),(7,650,0),(7,651,0),(7,655,0),(7,658,0),(7,659,0),(7,660,0),(7,661,0),(7,662,0),(7,663,0),(7,665,0),(7,666,0),(7,667,0),(7,669,0),(7,672,0),(7,675,0),(7,676,0),(7,677,0),(7,679,0),(7,680,0),(7,681,0),(7,682,0),(7,683,0),(7,684,0),(7,686,0),(7,687,0),(7,688,0),(7,691,0),(7,692,0),(7,693,0),(7,694,0),(7,695,0),(7,696,0),(7,697,0),(7,698,0),(7,699,0),(7,700,0),(7,701,0),(7,702,0),(7,703,0),(7,704,0),(7,706,0),(7,707,0),(7,708,0),(7,711,0),(7,716,0),(7,718,0),(7,719,0),(7,720,0),(7,721,0),(7,722,0),(7,723,0),(7,725,0),(7,729,0),(7,731,0),(7,732,0),(7,733,0),(7,734,0),(7,736,0),(7,744,0),(7,745,0),(7,747,0),(7,750,0),(7,752,0),(7,753,0),(7,754,0),(7,756,0),(7,757,0),(7,758,0),(7,760,0),(7,761,0),(7,762,0),(7,764,0),(7,766,0),(7,767,0),(7,770,0),(7,772,0),(7,774,0),(7,775,0),(7,776,0),(7,784,0),(7,786,0),(7,787,0),(7,807,0),(7,808,0),(7,809,0),(7,810,0),(7,811,0),(7,812,0),(7,814,0),(7,815,0),(7,816,0),(7,817,0),(7,818,0),(7,819,0),(7,822,0),(7,823,0),(7,824,0),(7,825,0),(7,826,0),(7,827,0),(7,828,0),(7,829,0),(7,832,0),(7,833,0),(7,837,0),(7,839,0),(7,840,0),(7,841,0),(7,842,0),(7,844,0),(7,845,0),(7,846,0),(7,848,0),(7,850,0),(7,869,0),(7,871,0),(7,872,0),(7,874,0),(7,875,0),(7,876,0),(7,877,0),(7,881,0),(7,882,0),(7,883,0),(7,887,0),(7,888,0),(7,889,0),(7,890,0),(7,891,0),(7,892,0),(7,893,0),(7,896,0),(7,897,0),(7,898,0),(7,900,0),(7,902,0),(7,910,0),(7,911,0),(7,930,0),(7,932,0),(7,933,0),(7,934,0),(7,944,0),(7,949,0),(7,950,0),(7,953,0),(7,956,0),(7,963,0),(7,965,0),(7,966,0),(7,967,0),(7,969,0),(7,970,0),(7,971,0),(7,973,0),(7,976,0),(7,977,0),(7,978,0),(7,979,0),(7,980,0),(7,981,0),(7,985,0),(7,986,0),(7,987,0),(7,988,0),(7,989,0),(7,990,0),(7,991,0),(7,992,0),(7,993,0),(7,994,0),(7,995,0),(7,997,0),(7,1005,0),(7,1006,0),(7,1007,0),(7,1008,0),(7,1009,0),(7,1012,0),(7,1013,0),(7,1014,0),(7,1016,0),(7,1017,0),(7,1018,0),(7,1019,0),(7,1020,0),(7,1021,0),(7,1024,0),(7,1025,0),(7,1026,0),(7,1030,0),(7,1031,0),(7,1032,0),(7,1033,0),(7,1034,0),(7,1035,0),(7,1036,0),(7,1037,0),(7,1038,0),(7,1039,0),(7,1062,0),(7,1063,0),(7,1064,0),(7,1066,0),(7,1068,0),(7,1069,0),(7,1070,0),(7,1071,0),(7,1072,0),(7,1073,0),(7,1074,0),(7,1080,0),(7,1085,0),(7,1086,0),(7,1087,0),(7,1088,0),(7,1089,0),(7,1090,0),(7,1092,0),(7,1093,0),(7,1095,0),(7,1101,0),(7,1102,0),(7,1103,0),(7,1104,0),(7,1114,0),(7,1115,0),(7,1117,0),(7,1119,0),(7,1120,0),(7,1121,0),(7,1122,0),(7,1123,0),(7,1124,0),(7,1125,0),(7,1128,0),(7,1129,0),(7,1131,0),(7,1132,0),(7,1133,0),(7,1134,0),(7,1135,0),(7,1136,0),(7,1137,0),(7,1142,0),(7,1143,0),(7,1144,0),(7,1145,0),(7,1146,0),(7,1147,0),(7,1150,0),(7,1151,0),(7,1153,0),(7,1154,0),(7,1155,0),(7,1156,0),(7,1157,0),(7,1158,0),(7,1159,0),(7,1160,0),(7,1161,0),(7,1163,0),(7,1165,0),(7,1169,0),(7,1170,0),(7,1171,0),(7,1172,0),(7,1173,0),(7,1174,0),(7,1175,0),(7,1176,0),(7,1177,0),(7,1179,0),(7,1180,0),(7,1182,0),(7,1183,0),(7,1184,0),(7,1185,0),(7,1186,0),(7,1187,0),(7,1189,0),(7,1190,0),(7,1191,0),(7,1192,0),(7,1193,0),(7,1194,0),(7,1195,0),(7,1196,0),(7,1197,0),(7,1199,0),(7,1201,0),(7,1202,0),(7,1203,0),(7,1204,0),(7,1205,0),(7,1208,0),(7,1209,0),(7,1210,0),(7,1211,0),(7,1212,0),(7,1213,0),(7,1214,0),(7,1215,0),(7,1216,0),(7,1218,0),(7,1219,0),(7,1237,0),(7,1239,0),(7,1240,0),(7,1241,0),(7,1242,0),(7,1243,0),(7,1245,0),(7,1247,0),(7,1255,0),(7,1277,0),(7,1282,0),(7,1353,0),(7,1355,0),(7,1356,0),(7,1357,0),(7,1358,0),(7,1360,0),(7,1362,0),(7,1363,0),(7,1372,0),(7,1379,0),(7,1383,0),(7,1384,0),(7,1388,0),(7,1389,0),(7,1391,0),(7,1392,0),(7,1394,0),(7,1395,0),(7,1396,0),(7,1397,0),(7,1405,0),(7,1406,0),(7,1407,0),(7,1408,0),(7,1409,0),(7,1410,0),(7,1411,0),(7,1412,0),(7,1413,0),(7,1414,0),(7,1415,0),(7,1416,0),(7,1417,0),(7,1419,0),(7,1420,0),(7,1421,0),(7,1422,0),(7,1423,0),(7,1433,0),(7,1434,0),(7,1435,0),(7,1436,0),(7,1437,0),(7,1438,0),(7,1439,0),(7,1444,0),(7,1445,0),(7,1449,0),(7,1451,0),(7,1454,0),(7,1455,0),(7,1456,0),(7,1457,0),(7,1458,0),(7,1460,0),(7,1461,0),(7,1463,0),(7,1464,0),(7,1465,0),(7,1466,0),(7,1468,0),(7,1469,0),(7,1470,0),(7,1471,0),(7,1472,0),(7,1473,0),(7,1475,0),(7,1476,0),(7,1478,0),(7,1480,0),(7,1486,0),(7,1487,0),(7,1489,0),(7,1490,0),(7,1491,0),(7,1492,0),(7,1493,0),(7,1494,0),(7,1495,0),(7,1496,0),(7,1497,0),(7,1498,0),(7,1500,0),(7,1501,0),(7,1502,0),(7,1503,0),(7,1529,0),(7,1530,0),(7,1531,0),(7,1532,0),(7,1533,0),(7,1534,0),(7,1563,0),(7,1565,0),(7,1566,0),(7,1567,0),(7,1569,0),(7,1570,0),(7,1571,0),(7,1573,0),(7,1574,0),(7,1575,0),(7,1578,0),(7,1579,0),(7,1581,0),(7,1582,0),(7,1583,0),(7,1584,0),(7,1587,0),(7,1589,0),(7,1593,0),(7,1597,0),(7,1600,0),(7,1636,0),(7,1637,0),(7,1638,0),(7,1639,0),(7,1642,0),(7,1643,0),(7,1644,0),(7,1645,0),(7,1652,0),(7,1653,0),(7,1657,0),(7,1658,0),(7,1660,0),(7,1662,0),(7,1663,0),(7,1664,0),(7,1665,0),(7,1666,0),(7,1667,0),(7,1668,0),(7,1669,0),(7,1670,0),(7,1671,0),(7,1672,0),(7,1673,0),(7,1675,0),(7,1676,0),(7,1678,0),(7,1684,0),(7,1686,0),(7,1687,0),(7,1691,0),(7,1694,0),(7,1695,0),(7,1697,0),(7,1701,0),(7,1702,0),(7,1703,0),(7,1704,0),(7,1717,0),(7,1721,0),(7,1722,0),(7,1725,0),(7,1726,0),(7,1728,0),(7,1729,0),(7,1730,0),(7,1733,0),(7,1734,0),(7,1735,0),(7,1737,0),(7,1738,0),(7,1753,0),(7,1754,0),(7,1755,0),(7,1756,0),(7,1757,0),(7,1758,0),(7,1759,0),(7,1760,0),(7,1761,0),(7,1762,0),(7,1763,0),(7,1799,0),(7,1800,0),(7,1801,0),(7,1802,0),(7,1803,0),(7,1804,0),(7,1805,0),(7,1807,0),(7,1809,0),(7,1810,0),(7,1811,0),(7,1812,0),(7,1814,0),(7,1815,0),(7,1816,0),(7,1817,0),(7,1818,0),(7,1821,0),(7,1822,0),(7,1824,0),(7,1826,0),(7,1827,0),(7,1828,0),(7,1830,0),(7,1831,0),(7,1832,0),(7,1834,0),(7,1835,0),(7,1836,0),(7,1837,0),(7,1839,0),(7,1840,0),(7,1841,0),(7,1842,0),(7,1843,0),(7,1844,0),(7,1845,0),(7,1846,0),(7,1847,0),(7,1848,0),(7,1849,0),(7,1850,0),(7,1852,0),(7,1853,0),(7,1854,0),(7,1857,0),(7,1858,0),(7,1859,0),(7,1860,0),(7,1861,0),(7,1862,0),(7,1863,0),(7,1864,0),(7,1865,0),(7,1867,0),(7,1868,0),(7,1869,0),(7,1871,0),(7,1876,0),(7,1878,0),(7,1880,0),(7,1884,0),(7,1889,0),(7,1890,0),(7,1891,0),(7,1895,0),(7,1896,0),(7,1897,0),(7,1898,0),(7,1899,0),(7,1900,0),(7,1901,0),(7,1902,0),(7,1903,0),(7,1904,0),(7,1906,0),(7,1907,0),(7,1909,0),(7,1910,0),(7,1911,0),(7,1915,0),(7,1917,0),(7,1919,0),(7,1921,0),(7,1922,0),(7,1923,0),(7,1924,0),(7,1925,0),(7,1926,0),(7,1928,0),(7,1931,0),(7,1932,0),(7,1933,0),(7,1934,0),(7,1953,0),(7,1956,0),(7,1958,0),(7,1959,0),(7,1960,0),(7,1961,0),(7,1962,0),(7,1964,0),(7,1965,0),(7,1967,0),(7,1968,0),(7,1969,0),(7,1970,0),(7,1973,0),(7,1974,0),(7,1975,0),(7,1976,0),(7,1977,0),(7,1981,0),(7,1982,0),(7,1983,0),(7,1984,0),(7,1985,0),(7,1987,0),(7,1991,0),(7,1993,0),(7,1994,0),(7,1997,0),(7,1998,0),(7,1999,0),(7,2003,0),(7,2004,0),(7,2005,0),(7,2006,0),(7,2007,0),(7,2008,0),(7,2010,0),(7,2011,0),(7,2012,0),(7,2014,0),(7,2015,0),(7,2017,0),(7,2019,0),(7,2020,0),(7,2022,0),(7,2023,0),(7,2024,0),(7,2025,0),(7,2026,0),(7,2027,0),(7,2028,0),(7,2029,0),(7,2030,0),(7,2032,0),(7,2033,0),(7,2034,0),(7,2035,0),(7,2036,0),(7,2037,0),(7,2038,0),(7,2039,0),(7,2040,0),(7,2041,0),(7,2043,0),(7,2044,0),(7,2046,0),(7,2047,0),(7,2048,0),(7,2049,0),(7,2050,0),(7,2052,0),(7,2053,0),(7,2054,0),(7,2055,0),(7,2056,0),(7,2057,0),(7,2058,0),(7,2060,0),(7,2062,0),(7,2065,0),(7,2066,0),(7,2070,0),(7,2071,0),(7,2072,0),(7,2075,0),(7,2076,0),(7,2078,0),(7,2079,0),(7,2080,0),(7,2081,0),(7,2082,0),(7,2084,0),(7,2099,0),(7,2100,0),(7,2101,0),(7,2102,0),(7,2103,0),(7,2104,0),(7,2105,0),(7,2106,0),(7,2107,0),(7,2113,0),(7,2397,0),(7,2398,0),(7,2402,0),(7,2406,0),(7,2407,0),(7,2408,0),(7,2409,0),(7,2410,0),(7,2429,0),(7,2430,0),(7,2434,0),(7,2435,0),(7,2437,0),(7,2439,0),(7,2440,0),(7,2441,0),(7,2442,0),(7,2443,0),(7,2447,0),(7,2449,0),(7,2450,0),(7,2451,0),(7,2452,0),(7,2454,0),(7,2456,0),(7,2459,0),(7,2461,0),(7,2462,0),(7,2464,0),(7,2465,0),(7,2466,0),(7,2468,0),(7,2469,0),(7,2470,0),(7,2471,0),(7,2472,0),(7,2474,0),(7,2476,0),(7,2478,0),(7,2479,0),(7,2481,0),(7,2482,0),(7,2483,0),(7,2485,0),(7,2486,0),(7,2487,0),(7,2490,0),(7,2491,0),(7,2492,0),(7,2494,0),(7,2496,0),(7,2497,0),(7,2498,0),(7,2500,0),(7,2502,0),(7,2503,0),(7,2504,0),(7,2505,0),(7,2506,0),(7,2507,0),(7,2508,0),(7,2510,0),(7,2511,0),(7,2512,0),(7,2513,0),(7,2514,0),(7,2515,0),(7,2516,0),(7,2517,0),(7,2519,0),(7,2520,0),(7,2522,0),(7,2523,0),(7,2524,0),(7,2525,0),(7,2526,0),(7,2527,0),(7,2528,0),(7,2542,0),(7,2543,0),(7,2544,0),(7,2546,0),(7,2548,0),(7,2550,0),(7,2551,0),(7,2553,0),(7,2554,0),(7,2555,0),(7,2556,0),(7,2557,0),(7,2559,0),(7,2560,0),(7,2562,0),(7,2564,0),(7,2565,0),(7,2566,0),(7,2567,0),(7,2569,0),(7,2573,0),(7,2575,0),(7,2576,0),(7,2578,0),(7,2579,0),(7,2580,0),(7,2581,0),(7,2582,0),(7,2583,0),(7,2584,0),(7,2586,0),(7,2587,0),(7,2589,0),(7,2590,0),(7,2591,0),(7,2592,0),(7,2593,0),(7,2594,0),(7,2595,0),(7,2596,0),(7,2597,0),(7,2598,0),(7,2599,0),(7,2600,0),(7,2601,0),(7,2606,0),(7,2607,0),(7,2608,0),(7,2609,0),(7,2610,0),(7,2611,0),(7,2614,0),(7,2616,0),(7,2617,0),(7,2618,0),(7,2621,0),(7,2623,0),(7,2625,0),(7,2626,0),(7,2627,0),(7,2628,0),(7,2629,0),(7,2632,0),(7,2633,0),(7,2634,0),(7,2635,0),(7,2637,0),(7,2638,0),(7,2639,0),(7,2641,0),(7,2642,0),(7,2671,0),(7,2673,0),(7,2675,0),(7,2676,0),(7,2678,0),(7,2681,0),(7,2683,0),(7,2685,0),(7,2686,0),(7,2688,0),(7,2689,0),(7,2691,0),(7,2693,0),(7,2695,0),(7,2696,0),(7,2697,0),(7,2698,0),(7,2699,0),(7,2700,0),(7,2701,0),(7,2702,0),(7,2703,0),(7,2704,0),(7,2708,0),(7,2709,0),(7,2710,0),(7,2711,0),(7,2712,0),(7,2714,0),(7,2716,0),(7,2717,0),(7,2718,0),(7,2719,0),(7,2744,0),(7,2745,0),(7,2746,0),(7,2747,0),(7,2749,0),(7,2750,0),(7,2751,0),(7,2752,0),(7,2753,0),(7,2756,0),(7,2757,0),(7,2758,0),(7,2761,0),(7,2771,0),(7,2772,0),(7,2773,0),(7,2774,0),(7,2775,0),(7,2776,0),(7,2777,0),(7,2778,0),(7,2779,0),(7,2783,0),(7,2784,0),(7,2786,0),(7,2788,0),(7,2789,0),(7,2790,0),(7,2791,0),(7,2793,0),(7,2794,0),(7,2795,0),(7,2796,0),(7,2797,0),(7,2798,0),(7,2799,0),(7,2800,0),(7,2801,0),(7,2803,0),(7,2804,0),(7,2805,0),(7,2816,0),(7,2819,0),(7,2820,0),(7,2821,0),(7,2825,0),(7,2826,0),(7,2827,0),(7,2829,0),(7,2831,0),(7,2834,0),(7,2836,0),(7,2838,0),(7,2839,0),(7,2845,0),(7,2847,0),(7,2850,0),(7,2851,0),(7,2852,0),(7,2854,0),(7,2856,0),(7,2857,0),(7,2858,0),(7,2862,0),(7,2864,0),(7,2867,0),(7,2871,0),(7,2872,0),(7,2873,0),(7,2874,0),(7,2875,0),(7,2876,0),(7,2877,0),(7,2878,0),(7,2879,0),(7,2881,0),(7,2882,0),(7,2883,0),(7,2884,0),(7,2886,0),(7,2887,0),(7,2888,0),(7,2889,0),(7,2890,0),(7,2893,0),(7,2894,0),(7,2895,0),(7,2896,0),(7,2897,0),(7,2898,0),(7,2899,0),(7,2900,0),(7,2901,0),(7,2902,0),(7,2904,0),(7,2905,0),(7,2906,0),(7,2907,0),(7,2911,0),(7,2912,0),(7,2915,0),(7,2920,0),(7,2921,0),(7,2922,0),(7,2923,0),(7,2925,0),(7,2926,0),(7,2928,0),(7,2970,0),(7,3010,0),(7,3026,0),(7,3059,0),(7,3143,0),(7,3170,0),(7,3171,0),(7,3176,0),(7,3177,0),(7,3195,0),(7,3197,0),(7,3212,0),(7,3213,0),(7,3215,0),(7,3216,0),(7,3217,0),(7,3218,0),(7,3219,0),(7,3220,0),(7,3221,0),(7,3222,0),(7,3223,0),(7,3224,0),(7,3225,0),(7,3226,0),(7,3227,0),(7,3230,0),(7,3231,0),(7,3232,0),(7,3233,0),(7,3234,0),(7,3235,0),(7,3236,0),(7,3238,0),(7,3240,0),(7,3241,0),(7,3242,0),(7,3252,0),(7,3272,0),(7,3273,0),(7,3275,0),(7,3277,0),(7,3278,0),(7,3280,0),(7,3281,0),(7,3282,0),(7,3285,0),(7,3287,0),(7,3289,0),(7,3290,0),(7,3291,0),(7,3292,0),(7,3293,0),(7,3294,0),(7,3295,0),(7,3296,0),(7,3297,0),(7,3298,0),(7,3299,0),(7,3300,0),(7,3301,0),(7,3302,0),(7,3303,0),(7,3304,0),(7,3305,0),(7,3306,0),(7,3307,0),(7,3309,0),(7,3312,0),(7,3313,0),(7,3314,0),(7,3316,0),(7,3318,0),(7,3319,0),(7,3321,0),(7,3322,0),(7,3323,0),(7,3324,0),(7,3325,0),(7,3326,0),(7,3328,0),(7,3330,0),(7,3331,0),(7,3334,0),(7,3335,0),(7,3336,0),(7,3337,0),(7,3341,0),(7,3343,0),(7,3349,0),(7,3350,0),(7,3351,0),(7,3352,0),(7,3353,0),(7,3354,0),(7,3355,0),(7,3356,0),(7,3357,0),(7,3368,0),(7,3369,0),(7,3370,0),(7,3372,0),(7,3374,0),(7,3375,0),(7,3378,0),(7,3379,0),(7,3380,0),(7,3382,0),(7,3383,0),(7,3386,0),(7,3387,0),(7,3388,0),(7,3389,0),(7,3390,0),(7,3391,0),(7,3392,0),(7,3393,0),(7,3394,0),(7,3395,0),(7,3397,0),(7,3398,0),(7,3399,0),(7,3400,0),(7,3402,0),(7,3403,0),(7,3404,0),(7,3407,0),(7,3408,0),(7,3409,0),(7,3410,0),(7,3411,0),(7,3415,0),(7,3416,0),(7,3417,0),(7,3418,0),(7,3419,0),(7,3420,0),(7,3422,0),(7,3423,0),(7,3424,0),(7,3425,0),(7,3426,0),(7,3428,0),(7,3429,0),(7,3430,0),(7,3435,0),(7,3437,0),(7,3438,0),(7,3439,0),(7,3441,0),(7,3442,0),(7,3444,0),(7,3445,0),(7,3446,0),(7,3447,0),(7,3448,0),(7,3449,0),(7,3450,0),(7,3451,0),(7,3452,0),(7,3453,0),(7,3454,0),(7,3456,0),(7,3457,0),(7,3458,0),(7,3460,0),(7,3461,0),(7,3462,0),(7,3463,0),(7,3464,0),(7,3465,0),(7,3466,0),(7,3467,0),(7,3468,0),(7,3474,0),(7,3475,0),(7,3477,0),(7,3479,0),(7,3481,0),(7,3482,0),(7,3483,0),(7,3484,0),(7,3486,0),(7,3487,0),(7,3489,0),(7,3490,0),(7,3492,0),(7,3493,0),(7,3494,0),(7,3495,0),(7,3496,0),(7,3497,0),(7,3498,0),(7,3499,0),(7,3501,0),(7,3503,0),(7,3505,0),(7,3508,0),(7,3510,0),(7,3512,0),(7,3513,0),(7,3514,0),(7,3515,0),(7,3516,0),(7,3518,0),(7,3520,0),(7,3521,0),(7,3522,0),(7,3523,0),(7,3524,0),(7,3525,0),(7,3526,0),(7,3528,0),(7,3529,0),(7,3530,0),(7,3533,0),(7,3534,0),(7,3535,0),(7,3536,0),(7,3538,0),(7,3540,0),(7,3544,0),(7,3546,0),(7,3547,0),(7,3550,0),(7,3551,0),(7,3552,0),(7,3553,0),(7,3554,0),(7,3556,0),(7,3557,0),(7,3560,0),(7,3568,0),(7,3576,0),(7,3577,0),(7,3578,0),(7,3579,0),(7,3580,0),(7,3582,0),(7,3586,0),(7,3587,0),(7,3588,0),(7,3590,0),(7,3591,0),(7,3593,0),(7,3594,0),(7,3597,0),(7,3598,0),(7,3599,0),(7,3603,0),(7,3604,0),(7,3607,0),(7,3611,0),(7,3616,0),(7,3617,0),(7,3618,0),(7,3621,0),(7,3622,0),(7,3623,0),(7,3624,0),(7,3625,0),(7,3626,0),(7,3629,0),(7,3631,0),(7,3632,0),(7,3633,0),(7,3634,0),(7,3635,0),(7,3636,0),(7,3637,0),(7,3638,0),(7,3639,0),(7,3640,0),(7,3641,0),(7,3642,0),(7,3643,0),(7,3644,0),(7,3645,0),(7,3646,0),(7,3647,0),(7,3649,0),(7,3650,0),(7,3651,0),(7,3653,0),(7,3654,0),(7,3655,0),(7,3656,0),(7,3659,0),(7,3660,0),(7,3661,0),(7,3662,0),(7,3663,0),(7,3664,0),(7,3667,0),(7,3668,0),(7,3669,0),(7,3670,0),(7,3672,0),(7,3673,0),(7,3675,0),(7,3676,0),(7,3677,0),(7,3678,0),(7,3679,0),(7,3680,0),(7,3681,0),(7,3683,0),(7,3685,0),(7,3686,0),(7,3687,0),(7,3688,0),(7,3689,0),(7,3690,0),(7,3691,0),(7,3693,0),(7,3695,0),(7,3698,0),(7,3699,0),(7,3700,0),(7,3701,0),(7,3702,0),(7,3703,0),(7,3704,0),(7,3705,0),(7,3706,0),(7,3707,0),(7,3708,0),(7,3709,0),(7,3710,0),(7,3711,0),(7,3712,0),(7,3713,0),(7,3716,0),(7,3717,0),(7,3718,0),(7,3719,0),(7,3722,0),(7,3723,0),(7,3724,0),(7,3726,0),(7,3727,0),(7,3731,0),(7,3735,0),(7,3736,0),(7,3737,0),(7,3741,0),(7,3744,0),(7,3746,0),(7,3751,0),(7,3753,0),(7,3755,0),(7,3756,0),(7,3757,0),(7,3758,0),(7,3759,0),(7,3760,0),(7,3763,0),(7,3764,0),(7,3765,0),(7,3768,0),(7,3769,0),(7,3772,0),(7,3773,0),(7,3774,0),(7,3775,0),(7,3776,0),(7,3778,0),(7,3780,0),(7,3782,0),(7,3788,0),(7,3790,0),(7,3791,0),(7,3793,0),(7,3796,0),(7,3798,0),(7,3799,0),(7,3800,0),(7,3801,0),(7,3802,0),(7,3810,0),(7,3812,0),(7,3813,0),(7,3814,0),(7,3815,0),(7,3816,0),(7,3817,0),(7,3819,0),(7,3821,0),(7,3822,0),(7,3823,0),(7,3824,0),(7,3825,0),(7,3826,0),(7,3827,0),(7,3828,0),(7,3829,0),(7,3830,0),(7,3831,0),(7,3832,0),(7,3833,0),(7,3835,0),(7,3836,0),(7,3837,0),(7,3838,0),(7,3839,0),(7,3840,0),(7,3841,0),(7,3842,0),(7,3843,0),(7,3844,0),(7,3845,0),(7,3846,0),(7,3847,0),(7,3848,0),(7,3849,0),(7,3850,0),(7,3851,0),(7,3852,0),(7,3853,0),(7,3854,0),(7,3855,0),(7,3856,0),(7,3857,0),(7,3858,0),(7,3859,0),(7,3860,0),(7,3861,0),(7,3863,0),(7,3864,0),(7,3865,0),(7,3867,0),(7,3869,0),(7,3870,0),(7,3871,0),(7,3872,0),(7,3873,0),(7,3875,0),(7,3876,0),(7,3877,0),(7,3878,0),(7,3879,0),(7,3886,0),(7,3889,0),(7,3890,0),(7,3892,0),(7,3893,0),(7,3894,0),(7,3895,0),(7,3896,0),(7,3897,0),(7,3898,0),(7,3899,0),(7,3900,0),(7,3901,0),(7,3903,0),(7,3906,0),(7,3909,0),(7,3910,0),(7,3911,0),(7,3913,0),(7,3915,0),(7,3916,0),(7,3917,0),(7,3918,0),(7,3919,0),(7,3922,0),(7,3924,0),(7,3928,0),(7,3929,0),(7,3931,0),(7,3932,0),(7,3933,0),(7,3934,0),(7,3935,0),(7,3936,0),(7,3937,0),(7,3938,0),(7,3939,0),(7,3940,0),(7,3941,0),(7,3943,0),(7,3944,0),(7,3946,0),(7,3947,0),(7,3948,0),(7,3949,0),(7,3950,0),(7,3951,0),(7,3952,0),(7,3953,0),(7,3954,0),(7,3955,0),(7,3956,0),(7,3957,0),(7,3958,0),(7,3959,0),(7,3960,0),(7,3961,0),(7,3962,0),(7,3963,0),(7,3964,0),(7,3965,0),(7,3967,0),(7,3968,0),(7,3969,0),(7,3970,0),(7,3971,0),(7,3972,0),(7,3973,0),(7,3974,0),(7,3975,0),(7,3976,0),(7,3980,0),(7,3983,0),(7,3984,0),(7,3985,0),(7,3988,0),(7,3991,0),(7,3992,0),(7,3993,0),(7,3995,0),(7,3996,0),(7,3997,0),(7,3999,0),(7,4000,0),(7,4003,0),(7,4004,0),(7,4006,0),(7,4007,0),(7,4008,0),(7,4010,0),(7,4011,0),(7,4014,0),(7,4015,0),(7,4016,0),(7,4017,0),(7,4019,0),(7,4021,0),(7,4022,0),(7,4023,0),(7,4024,0),(7,4025,0),(7,4027,0),(7,4028,0),(7,4029,0),(7,4030,0),(7,4031,0),(7,4032,0),(7,4035,0),(7,4038,0),(7,4039,0),(7,4040,0),(7,4041,0),(7,4042,0),(7,4046,0),(7,4047,0),(7,4050,0),(7,4051,0),(7,4053,0),(7,4054,0),(7,4055,0),(7,4056,0),(7,4058,0),(7,4059,0),(7,4062,0),(7,4063,0),(7,4064,0),(7,4066,0),(7,4070,0),(7,4071,0),(7,4072,0),(7,4075,0),(7,4076,0),(7,4077,0),(7,4078,0),(7,4079,0),(7,4080,0),(7,4081,0),(7,4082,0),(7,4083,0),(7,4084,0),(7,4085,0),(7,4086,0),(7,4089,0),(7,4090,0),(7,4094,0),(7,4095,0),(7,4098,0),(7,4101,0),(7,4102,0),(7,4103,0),(7,4104,0),(7,4105,0),(7,4106,0),(7,4108,0),(7,4110,0),(7,4111,0),(7,4113,0),(7,4114,0),(7,4115,0),(7,4116,0),(7,4117,0),(7,4120,0),(7,4121,0),(7,4122,0),(7,4127,0),(7,4128,0),(7,4129,0),(7,4130,0),(7,4131,0),(7,4132,0),(7,4133,0),(7,4135,0),(7,4136,0),(7,4137,0),(7,4140,0),(7,4141,0),(7,4145,0),(7,4146,0),(7,4147,0),(7,4148,0),(7,4150,0),(7,4151,0),(7,4152,0),(7,4153,0),(7,4156,0),(7,4157,0),(7,4158,0),(7,4161,0),(7,4163,0),(7,4164,0),(7,4165,0),(7,4167,0),(7,4171,0),(7,4172,0),(7,4174,0),(7,4176,0),(7,4178,0),(7,4179,0),(7,4180,0),(7,4181,0),(7,4182,0),(7,4183,0),(7,4184,0),(7,4185,0),(7,4186,0),(7,4187,0),(7,4188,0),(7,4189,0),(7,4190,0),(7,4191,0),(7,4192,0),(7,4193,0),(7,4210,0),(7,4211,0),(7,4212,0),(7,4213,0),(7,4214,0),(7,4215,0),(7,4216,0),(7,4217,0),(7,4219,0),(7,4220,0),(7,4222,0),(7,4225,0),(7,4226,0),(7,4228,0),(7,4229,0),(7,4232,0),(7,4234,0),(7,4236,0),(7,4237,0),(7,4238,0),(7,4239,0),(7,4240,0),(7,4245,0),(7,4246,0),(7,4248,0),(7,4249,0),(7,4252,0),(7,4253,0),(7,4255,0),(7,4259,0),(7,4260,0),(7,4261,0),(7,4262,0),(7,4263,0),(7,4264,0),(7,4265,0),(7,4267,0),(7,4268,0),(7,4272,0),(7,4273,0),(7,4274,0),(7,4275,0),(7,4276,0),(7,4277,0),(7,4278,0),(7,4279,0),(7,4280,0),(7,4281,0),(7,4285,0),(7,4287,0),(7,4290,0),(7,4294,0),(7,4296,0),(7,4297,0),(7,4299,0),(7,4301,0),(7,4302,0),(7,4305,0),(7,4307,0),(7,4308,0),(7,4309,0),(7,4310,0),(7,4312,0),(7,4313,0),(7,4314,0),(7,4315,0),(7,4316,0),(7,4317,0),(7,4318,0),(7,4321,0),(7,4322,0),(7,4324,0),(7,4325,0),(7,4327,0),(7,4328,0),(7,4329,0),(7,4330,0),(7,4331,0),(7,4332,0),(7,4333,0),(7,4334,0),(7,4335,0),(7,4336,0),(7,4337,0),(7,4338,0),(7,4342,0),(7,4343,0),(7,4345,0),(7,4347,0),(7,4348,0),(7,4349,0),(7,4350,0),(7,4351,0),(7,4352,0),(7,4353,0),(7,4355,0),(7,4356,0),(7,4357,0),(7,4358,0),(7,4359,0),(7,4360,0),(7,4362,0),(7,4363,0),(7,4364,0),(7,4365,0),(7,4366,0),(7,4367,0),(7,4369,0),(7,4370,0),(7,4371,0),(7,4399,0),(7,4403,0),(7,4407,0),(7,4408,0),(7,4411,0),(7,4412,0),(7,4413,0),(7,4414,0),(7,4415,0),(7,4416,0),(7,4417,0),(7,4421,0),(7,4424,0),(7,4425,0),(7,4426,0),(7,4427,0),(7,4428,0),(7,4433,0),(7,4435,0),(7,4436,0),(7,4437,0),(7,4438,0),(7,4440,0),(7,4442,0),(7,4443,0),(7,4445,0),(7,4446,0),(7,4447,0),(7,4448,0),(7,4449,0),(7,4450,0),(7,4451,0),(7,4454,0),(7,4455,0),(7,4456,0),(7,4457,0),(7,4458,0),(7,4460,0),(7,4462,0),(7,4464,0),(7,4465,0),(7,4466,0),(7,4467,0),(7,4468,0),(7,4469,0),(7,4470,0),(7,4472,0),(7,4473,0),(7,4474,0),(7,4477,0),(7,4478,0),(7,4486,0),(7,4487,0),(7,4488,0),(7,4489,0),(7,4492,0),(7,4493,0),(7,4498,0),(7,4499,0),(7,4500,0),(7,4501,0),(7,4502,0),(7,4503,0),(7,4504,0),(7,4506,0),(7,4507,0),(7,4508,0),(7,4509,0),(7,4510,0),(7,4511,0),(7,4512,0),(7,4514,0),(7,4515,0),(7,4517,0),(7,4518,0),(7,4519,0),(7,4520,0),(7,4522,0),(7,4524,0),(7,4528,0),(7,4530,0),(7,4532,0),(7,4534,0),(7,4535,0),(7,4536,0),(7,4537,0),(7,4540,0),(7,4545,0),(7,4546,0),(7,4547,0),(7,4548,0),(7,4549,0),(7,4550,0),(7,4551,0),(7,4552,0),(7,4553,0),(7,4554,0),(7,4556,0),(7,4557,0),(7,4558,0),(7,4559,0),(7,4560,0),(7,4561,0),(7,4562,0),(7,4564,0),(7,4566,0),(7,4567,0),(7,4568,0),(7,4569,0),(7,4570,0),(7,4571,0),(7,4574,0),(7,4575,0),(7,4576,0),(7,4577,0),(7,4579,0),(7,4580,0),(7,4581,0),(7,4582,0),(7,4583,0),(7,4584,0),(7,4585,0),(7,4586,0),(7,4587,0),(7,4588,0),(7,4591,0),(7,4592,0),(7,4594,0),(7,4596,0),(7,4597,0),(7,4598,0),(7,4599,0),(7,4600,0),(7,4602,0),(7,4603,0),(7,4604,0),(7,4605,0),(7,4607,0),(7,4610,0),(7,4611,0),(7,4613,0),(7,4614,0),(7,4615,0),(7,4616,0),(7,4617,0),(7,4619,0),(7,4622,0),(7,4623,0),(7,4627,0),(7,4629,0),(7,4631,0),(7,4632,0),(7,4634,0),(7,4635,0),(7,4637,0),(7,4638,0),(7,4639,0),(7,4641,0),(7,4642,0),(7,4644,0),(7,4652,0),(7,4653,0),(7,4654,0),(7,4655,0),(7,4656,0),(7,4657,0),(7,4658,0),(7,4659,0),(7,4660,0),(7,4661,0),(7,4662,0),(7,4663,0),(7,4664,0),(7,4665,0),(7,4666,0),(7,4667,0),(7,4668,0),(7,4669,0),(7,4670,0),(7,4671,0),(7,4675,0),(7,4679,0),(7,4683,0),(7,4684,0),(7,4686,0),(7,4687,0),(7,4688,0),(7,4690,0),(7,4691,0),(7,4692,0),(7,4693,0),(7,4694,0),(7,4695,0),(7,4699,0),(7,4700,0),(7,4702,0),(7,4703,0),(7,4709,0),(7,4711,0),(7,4712,0),(7,4713,0),(7,4714,0),(7,4715,0),(7,4716,0),(7,4719,0),(7,4720,0),(7,4721,0),(7,4723,0),(7,4724,0),(7,4725,0),(7,4726,0),(7,4727,0),(7,4732,0),(7,4733,0),(7,4734,0),(7,4735,0),(7,4736,0),(7,4737,0),(7,4739,0),(7,4743,0),(7,4745,0),(7,4748,0),(7,4749,0),(7,4754,0),(7,4757,0),(7,4758,0),(7,4759,0),(7,4760,0),(7,4761,0),(7,4762,0),(7,4763,0),(7,4765,0),(7,4767,0),(7,4769,0),(7,4770,0),(7,4771,0),(7,4773,0),(7,4774,0),(7,4775,0),(7,4779,0),(7,4782,0),(7,4783,0),(7,4785,0),(7,4786,0),(7,4787,0),(7,4789,0),(7,4791,0),(7,4793,0),(7,4795,0),(7,4796,0),(7,4797,0),(7,4798,0),(7,4799,0),(7,4800,0),(7,4801,0),(7,4802,0),(7,4805,0),(7,4806,0),(7,4808,0),(7,4809,0),(7,4810,0),(7,4811,0),(7,4814,0),(7,4815,0),(7,4816,0),(7,4817,0),(7,4820,0),(7,4821,0),(7,4824,0),(7,4825,0),(7,4827,0),(7,4828,0),(7,4829,0),(7,4830,0),(7,4832,0),(7,4833,0),(7,4834,0),(7,4835,0),(7,4836,0),(7,4837,0),(7,4844,0),(7,4845,0),(7,4846,0),(7,4847,0),(7,4848,0),(7,4850,0),(7,4917,0),(7,4919,0),(7,4920,0),(7,4921,0),(7,4924,0),(7,4925,0),(7,4926,0),(7,4927,0),(7,4928,0),(7,4929,0),(7,4931,0),(7,4934,0),(7,4936,0),(7,4938,0),(7,4940,0),(7,4942,0),(7,4943,0),(7,4944,0),(7,4945,0),(7,4946,0),(7,4947,0),(7,4948,0),(7,4949,0),(7,4950,0),(7,4955,0),(7,4956,0),(7,5004,0),(7,5014,0),(7,5015,0),(7,5016,0),(7,5017,0),(7,5018,0),(7,5019,0),(7,5020,0),(7,5033,0),(7,5034,0),(7,5035,0),(7,5036,0),(7,5037,0),(7,5038,0),(7,5039,0),(7,5040,0),(7,5055,0),(7,5056,0),(7,5057,0),(7,5058,0),(7,5059,0),(7,5060,0),(7,5061,0),(7,5062,0),(7,5063,0),(7,5064,0),(7,5065,0),(7,5066,0),(7,5067,0),(7,5068,0),(7,5069,0),(7,5070,0),(7,5071,0),(7,5072,0),(7,5073,0),(7,5078,0),(7,5079,0),(7,5087,0),(7,5088,0),(7,5089,0),(7,5090,0),(7,5091,0),(7,5096,0),(7,5100,0),(7,5101,0),(7,5103,0),(7,5112,0),(7,5113,0),(7,5114,0),(7,5115,0),(7,5116,0),(7,5117,0),(7,5120,0),(7,5122,0),(7,5123,0),(7,5124,0),(7,5125,0),(7,5128,0),(7,5129,0),(7,5130,0),(7,5132,0),(7,5133,0),(7,5134,0),(7,5136,0),(7,5138,0),(7,5140,0),(7,5141,0),(7,5142,0),(7,5143,0),(7,5145,0),(7,5146,0),(7,5148,0),(7,5149,0),(7,5150,0),(7,5151,0),(7,5152,0),(7,5153,0),(7,5154,0),(7,5155,0),(7,5156,0),(7,5157,0),(7,5160,0),(7,5162,0),(7,5165,0),(7,5167,0),(7,5168,0),(7,5174,0),(7,5176,0),(7,5177,0),(7,5178,0),(7,5179,0),(7,5180,0),(7,5181,0),(7,5182,0),(7,5185,0),(7,5186,0),(7,5187,0),(7,5188,0),(7,5189,0),(7,5191,0),(7,5192,0),(7,5193,0),(7,5195,0),(7,5197,0),(7,5198,0),(7,5200,0),(7,5206,0),(7,5235,0),(7,5236,0),(7,5237,0),(7,5241,0),(7,5243,0),(7,5245,0),(7,5246,0),(7,5249,0),(7,5250,0),(7,5252,0),(7,5253,0),(7,5254,0),(7,5255,0),(7,5256,0),(7,5257,0),(7,5258,0),(7,5261,0),(7,5262,0),(7,5264,0),(7,5268,0),(7,5269,0),(7,5270,0),(7,5271,0),(7,5273,0),(7,5274,0),(7,5275,0),(7,5279,0),(7,5280,0),(7,5283,0),(7,5284,0),(7,5287,0),(7,5289,0),(7,5290,0),(7,5291,0),(7,5292,0),(7,5293,0),(7,5296,0),(7,5306,0),(7,5307,0),(7,5308,0),(7,5309,0),(7,5310,0),(7,5311,0),(7,5315,0),(7,5316,0),(7,5318,0),(7,5320,0),(7,5321,0),(7,5322,0),(7,5327,0),(7,5328,0),(7,5329,0),(7,5331,0),(7,5332,0),(7,5333,0),(7,5334,0),(7,5335,0),(7,5336,0),(7,5337,0),(7,5341,0),(7,5343,0),(7,5344,0),(7,5345,0),(7,5346,0),(7,5348,0),(7,5349,0),(7,5350,0),(7,5352,0),(7,5353,0),(7,5355,0),(7,5358,0),(7,5360,0),(7,5361,0),(7,5362,0),(7,5363,0),(7,5367,0),(7,5368,0),(7,5370,0),(7,5373,0),(7,5374,0),(7,5375,0),(7,5377,0),(7,5378,0),(7,5379,0),(7,5380,0),(7,5381,0),(7,5382,0),(7,5384,0),(7,5385,0),(7,5386,0),(7,5387,0),(7,5388,0),(7,5389,0),(7,5390,0),(7,5391,0),(7,5392,0),(7,5393,0),(7,5399,0),(7,5400,0),(7,5402,0),(7,5403,0),(7,5404,0),(7,5405,0),(7,5406,0),(7,5407,0),(7,5408,0),(7,5409,0),(7,5410,0),(7,5411,0),(7,5414,0),(7,5415,0),(7,5416,0),(7,5419,0),(7,5429,0),(7,5430,0),(7,5431,0),(7,5432,0),(7,5433,0),(7,5434,0),(7,5435,0),(7,5436,0),(7,5437,0),(7,5438,0),(7,5439,0),(7,5440,0),(7,5442,0),(7,5443,0),(7,5444,0),(7,5445,0),(7,5447,0),(7,5448,0),(7,5449,0),(7,5451,0),(7,5452,0),(7,5453,0),(7,5454,0),(7,5455,0),(7,5456,0),(7,5459,0),(7,5460,0),(7,5461,0),(7,5466,0),(7,5469,0),(7,5470,0),(7,5471,0),(7,5472,0),(7,5474,0),(7,5475,0),(7,5476,0),(7,5480,0),(7,5481,0),(7,5482,0),(7,5486,0),(7,5487,0),(7,5489,0),(7,5491,0),(7,5492,0),(7,5496,0),(7,5497,0),(7,5498,0),(7,5499,0),(7,5500,0),(7,5501,0),(7,5503,0),(7,5504,0),(7,5507,0),(7,5510,0),(7,5511,0),(7,5513,0),(7,5515,0),(7,5516,0),(7,5519,0),(7,5526,0),(7,5528,0),(7,5529,0),(7,5531,0),(7,5533,0),(7,5534,0),(7,5535,0),(7,5539,0),(7,5540,0),(7,5541,0),(7,5549,0),(7,5553,0),(7,5554,0),(7,5556,0),(7,5557,0),(7,5558,0),(7,5559,0),(7,5560,0),(7,5565,0),(7,5567,0),(7,5568,0),(7,5569,0),(7,5570,0),(7,5571,0),(7,5572,0),(7,5574,0),(7,5575,0),(7,5576,0),(7,5577,0),(7,5578,0),(7,5581,0),(7,5587,0),(7,5588,0),(7,5590,0),(7,5593,0),(7,5600,0),(7,5601,0),(7,5602,0),(7,5603,0),(7,5604,0),(7,5605,0),(7,5606,0),(7,5609,0),(7,5610,0),(7,5611,0),(7,5612,0),(7,5613,0),(7,5614,0),(7,5615,0),(7,5617,0),(7,5618,0),(7,5619,0),(7,5620,0),(7,5621,0),(7,5622,0),(7,5624,0),(7,5625,0),(7,5627,0),(7,5628,0),(7,5629,0),(7,5631,0),(7,5632,0),(7,5633,0),(7,5634,0),(7,5635,0),(7,5638,0),(7,5639,0),(7,5640,0),(7,5642,0),(7,5647,0),(7,5648,0),(7,5655,0),(7,5662,0),(7,5663,0),(7,5664,0),(7,5666,0),(7,5667,0),(7,5668,0),(7,5671,0),(7,5672,0),(7,5673,0),(7,5674,0),(7,5675,0),(7,5676,0),(7,5677,0),(7,5678,0),(7,5679,0),(7,5680,0),(7,5681,0),(7,5682,0),(7,5683,0),(7,5684,0),(7,5685,0),(7,5686,0),(7,5687,0),(7,5689,0),(7,5690,0),(7,5691,0),(7,5692,0),(7,5693,0),(7,5694,0),(7,5695,0),(7,5697,0),(7,5698,0),(7,5700,0),(7,5701,0),(7,5703,0),(7,5704,0),(7,5705,0),(7,5706,0),(7,5708,0),(7,5709,0),(7,5710,0),(7,5711,0),(7,5712,0),(7,5713,0),(7,5714,0),(7,5715,0),(7,5716,0),(7,5717,0),(7,5718,0),(7,5719,0),(7,5720,0),(7,5724,0),(7,5725,0),(7,5727,0),(7,5729,0),(7,5730,0),(7,5731,0),(7,5732,0),(7,5734,0),(7,5735,0),(7,5736,0),(7,5737,0),(7,5738,0),(7,5739,0),(7,5740,0),(7,5741,0),(7,5743,0),(7,5744,0),(7,5745,0),(7,5746,0),(7,5747,0),(7,5748,0),(7,5749,0),(7,5750,0),(7,5751,0),(7,5752,0),(7,5753,0),(7,5757,0),(7,5759,0),(7,5760,0),(7,5761,0),(7,5762,0),(7,5764,0),(7,5765,0),(7,5770,0),(7,5771,0),(7,5774,0),(7,5777,0),(7,5778,0),(7,5779,0),(7,5780,0),(7,5782,0),(7,5783,0),(7,5784,0),(7,5787,0),(7,5788,0),(7,5790,0),(7,5791,0),(7,5792,0),(7,5794,0),(7,5795,0),(7,5797,0),(7,5798,0),(7,5799,0),(7,5800,0),(7,5802,0),(7,5803,0),(7,5804,0),(7,5805,0),(7,5806,0),(7,5807,0),(7,5808,0),(7,5810,0),(7,5815,0),(7,5816,0),(7,5817,0),(7,5818,0),(7,5819,0),(7,5820,0),(7,5821,0),(7,5823,0),(7,5825,0),(7,5826,0),(7,5827,0),(7,5828,0),(7,5829,0),(7,5831,0),(7,5832,0),(7,5833,0),(7,5834,0),(7,5835,0),(7,5836,0),(7,5838,0),(7,5839,0),(7,5840,0),(7,5841,0),(7,5842,0),(7,5843,0),(7,5844,0),(7,5845,0),(7,5846,0),(7,5847,0),(7,5848,0),(7,5849,0),(7,5850,0),(7,5851,0),(7,5852,0),(7,5854,0),(7,5855,0),(7,5856,0),(7,5857,0),(7,5858,0),(7,5859,0),(7,5860,0),(7,5861,0),(7,5865,0),(7,5866,0),(7,5867,0),(7,5868,0),(7,5869,0),(7,5870,0),(7,5871,0),(7,5872,0),(7,5875,0),(7,5876,0),(7,5877,0),(7,5878,0),(7,5879,0),(7,5882,0),(7,5886,0),(7,5887,0),(7,5888,0),(7,5889,0),(7,5890,0),(7,5891,0),(7,5892,0),(7,5893,0),(7,5895,0),(7,5896,0),(7,5898,0),(7,5899,0),(7,5906,0),(7,5907,0),(7,5908,0),(7,5909,0),(7,5911,0),(7,5912,0),(7,5913,0),(7,5914,0),(7,5915,0),(7,5916,0),(7,5917,0),(7,5918,0),(7,5919,0),(7,5921,0),(7,5922,0),(7,5923,0),(7,5926,0),(7,5928,0),(7,5931,0),(7,5932,0),(7,5935,0),(7,5936,0),(7,5937,0),(7,5938,0),(7,5939,0),(7,5940,0),(7,5947,0),(7,5950,0),(7,5951,0),(7,5952,0),(7,5953,0),(7,5954,0),(7,5956,0),(7,5957,0),(7,5960,0),(7,5961,0),(7,5962,0),(7,5964,0),(7,5965,0),(7,5967,0),(7,5970,0),(7,5980,0),(7,5981,0),(7,5982,0),(7,5984,0),(7,5985,0),(7,5986,0),(7,5987,0),(7,5988,0),(7,5989,0),(7,5990,0),(7,5992,0),(7,6005,0),(7,6021,0),(7,6023,0),(7,6025,0),(7,6027,0),(7,6028,0),(7,6029,0),(7,6031,0),(7,6035,0),(7,6036,0),(7,6038,0),(7,6041,0),(7,6042,0),(7,6052,0),(7,6055,0),(7,6062,0),(7,6063,0),(7,6072,0),(7,6085,0),(7,6086,0),(7,6088,0),(7,6092,0),(7,6093,0),(7,6094,0),(7,6096,0),(7,6097,0),(7,6099,0),(7,6100,0),(7,6102,0),(7,6105,0),(7,6107,0),(7,6109,0),(7,6110,0),(7,6111,0),(7,6112,0),(7,6113,0),(7,6115,0),(7,6116,0),(7,6117,0),(7,6118,0),(7,6119,0),(7,6125,0),(7,6126,0),(7,6127,0),(7,6129,0),(7,6131,0),(7,6132,0),(7,6158,0),(7,6159,0),(7,6160,0),(7,6161,0),(7,6162,0),(7,6163,0),(7,6164,0),(7,6167,0),(7,6168,0),(7,6169,0),(7,6170,0),(7,6172,0),(7,6173,0),(7,6174,0),(7,6175,0),(7,6176,0),(7,6177,0),(7,6180,0),(7,6181,0),(7,6182,0),(7,6183,0),(7,6186,0),(7,6187,0),(7,6189,0),(7,6191,0),(7,6192,0),(7,6193,0),(7,6194,0),(7,6196,0),(7,6197,0),(7,6198,0),(7,6200,0),(7,6201,0),(7,6202,0),(7,6203,0),(7,6204,0),(7,6205,0),(7,6206,0),(7,6209,0),(7,6210,0),(7,6211,0),(7,6213,0),(7,6214,0),(7,6217,0),(7,6221,0),(7,6223,0),(7,6224,0),(7,6228,0),(7,6229,0),(7,6230,0),(7,6232,0),(7,6234,0),(7,6235,0),(7,6236,0),(7,6237,0),(7,6239,0),(7,6240,0),(7,6241,0),(7,6242,0),(7,6244,0),(7,6245,0),(7,6246,0),(7,6247,0),(7,6248,0),(7,6249,0),(7,6250,0),(7,6257,0),(7,6258,0),(7,6261,0),(7,6262,0),(7,6263,0),(7,6264,0),(7,6265,0),(7,6268,0),(7,6270,0),(7,6271,0),(7,6272,0),(7,6274,0),(7,6275,0),(7,6276,0),(7,6277,0),(7,6278,0),(7,6279,0),(7,6280,0),(7,6282,0),(7,6283,0),(7,6284,0),(7,6285,0),(7,6287,0),(7,6288,0),(7,6298,0),(7,6299,0),(7,6300,0),(7,6301,0),(7,6302,0),(7,6303,0),(7,6305,0),(7,6318,0),(7,6319,0),(7,6323,0),(7,6364,0),(7,6367,0),(7,6368,0),(7,6370,0),(7,6371,0),(7,6373,0),(7,6374,0),(7,6376,0),(7,6377,0),(7,6378,0),(7,6381,0),(7,6382,0),(7,6391,0),(7,6392,0),(7,6394,0),(7,6395,0),(7,6397,0),(7,6398,0),(7,6401,0),(7,6407,0),(7,6409,0),(7,6410,0),(7,6412,0),(7,6413,0),(7,6415,0),(7,6416,0),(7,6417,0),(7,6419,0),(7,6420,0),(7,6423,0),(7,6424,0),(7,6425,0),(7,6426,0),(7,6427,0),(7,6428,0),(7,6430,0),(7,6432,0),(7,6433,0),(7,6437,0),(7,6438,0),(7,6439,0),(7,6440,0),(7,6441,0),(7,6443,0),(7,6444,0),(7,6445,0),(7,6447,0),(7,6448,0),(7,6449,0),(7,6451,0),(7,6452,0),(7,6453,0),(7,6456,0),(7,6457,0),(7,6461,0),(7,6462,0),(7,6465,0),(7,6466,0),(7,6470,0),(7,6474,0),(7,6475,0),(7,6476,0),(7,6478,0),(7,6479,0),(7,6481,0),(7,6482,0),(7,6484,0),(7,6485,0),(7,6486,0),(7,6487,0),(7,6488,0),(7,6489,0),(7,6490,0),(7,6491,0),(7,6492,0),(7,6496,0),(7,6497,0),(7,6499,0),(7,6500,0),(7,6503,0),(7,6504,0),(7,6505,0),(7,6507,0),(7,6508,0),(7,6510,0),(7,6511,0),(7,6514,0),(7,6515,0),(7,6516,0),(7,6519,0),(7,6522,0),(7,6523,0),(7,6527,0),(7,6530,0),(7,6532,0),(7,6537,0),(7,6539,0),(7,6540,0),(7,6542,0),(7,6544,0),(7,6545,0),(7,6546,0),(7,6547,0),(7,6548,0),(7,6550,0),(7,6552,0),(7,6553,0),(7,6556,0),(7,6557,0),(7,6559,0),(7,6562,0),(7,6565,0),(7,6567,0),(7,6568,0),(7,6570,0),(7,6571,0),(7,6573,0),(7,6574,0),(7,6575,0),(7,6576,0),(7,6577,0),(7,6578,0),(7,6580,0),(7,6581,0),(7,6582,0),(7,6583,0),(7,6584,0),(7,6585,0),(7,6586,0),(7,6587,0),(7,6588,0),(7,6589,0),(7,6590,0),(7,6591,0),(7,6593,0),(7,6596,0),(7,6597,0),(7,6598,0),(7,6599,0),(7,6601,0),(7,6603,0),(7,6604,0),(7,6605,0),(7,6606,0),(7,6607,0),(7,6608,0),(7,6609,0),(7,6610,0),(7,6611,0),(7,6613,0),(7,6614,0),(7,6617,0),(7,6618,0),(7,6619,0),(7,6620,0),(7,6622,0),(7,6624,0),(7,6626,0),(7,6628,0),(7,6630,0),(7,6631,0),(7,6632,0),(7,6633,0),(7,6634,0),(7,6635,0),(7,6636,0),(7,6638,0),(7,6639,0),(7,6640,0),(7,6641,0),(7,6642,0),(7,6643,0),(7,6644,0),(7,6646,0),(7,6648,0),(7,6650,0),(7,6651,0),(7,6652,0),(7,6655,0),(7,6656,0),(7,6657,0),(7,6658,0),(7,6659,0),(7,6660,0),(7,6661,0),(7,6662,0),(7,6663,0),(7,6664,0),(7,6668,0),(7,6669,0),(7,6670,0),(7,6671,0),(7,6674,0),(7,6675,0),(7,6678,0),(7,6679,0),(7,6680,0),(7,6681,0),(7,6682,0),(7,6683,0),(7,6684,0),(7,6685,0),(7,6686,0),(7,6688,0),(7,6689,0),(7,6690,0),(7,6691,0),(7,6692,0),(7,6693,0),(7,6694,0),(7,6695,0),(7,6696,0),(7,6697,0),(7,6702,0),(7,6705,0),(7,6706,0),(7,6708,0),(7,6711,0),(7,6712,0),(7,6713,0),(7,6714,0),(7,6715,0),(7,6716,0),(7,6717,0),(7,6719,0),(7,6720,0),(7,6721,0),(7,6723,0),(7,6732,0),(7,6733,0),(7,6734,0),(7,6735,0),(7,6736,0),(7,6737,0),(7,6738,0),(7,6740,0),(7,6741,0),(7,6742,0),(7,6743,0),(7,6744,0),(7,6745,0),(7,6746,0),(7,6747,0),(7,6748,0),(7,6749,0),(7,6750,0),(7,6751,0),(7,6752,0),(7,6753,0),(7,6754,0),(7,6756,0),(7,6757,0),(7,6758,0),(7,6759,0),(7,6760,0),(7,6761,0),(7,6763,0),(7,6764,0),(7,6765,0),(7,6766,0),(7,6767,0),(7,6768,0),(7,6769,0),(7,6770,0),(7,6771,0),(7,6772,0),(7,6776,0),(7,6777,0),(7,6778,0),(7,6780,0),(7,6781,0),(7,6782,0),(7,6785,0),(7,6786,0),(7,6789,0),(7,6790,0),(7,6793,0),(7,6796,0),(7,6799,0),(7,6801,0),(7,6803,0),(7,6804,0),(7,6805,0),(7,6808,0),(7,6816,0),(7,6817,0),(7,6818,0),(7,6819,0),(7,6820,0),(7,6822,0),(7,6823,0),(7,6824,0),(7,6825,0),(7,6828,0),(7,6830,0),(7,6836,0),(7,6837,0),(7,6838,0),(7,6839,0),(7,6842,0),(7,6843,0),(7,6844,0),(7,6848,0),(7,6849,0),(7,6850,0),(7,6852,0),(7,6853,0),(7,6854,0),(7,6855,0),(7,6859,0),(7,6860,0),(7,6861,0),(7,6862,0),(7,6863,0),(7,6864,0),(7,6865,0),(7,6866,0),(7,6868,0),(7,6870,0),(7,6871,0),(7,6873,0),(7,6874,0),(7,6875,0),(7,6876,0),(7,6878,0),(7,6879,0),(7,6880,0),(7,6882,0),(7,6883,0),(7,6884,0),(7,6885,0),(7,6887,0),(7,6888,0),(7,6889,0),(7,6890,0),(7,6892,0),(7,6894,0),(7,6895,0),(7,6897,0),(7,6898,0),(7,6899,0),(7,6900,0),(7,6901,0),(7,6902,0),(7,6903,0),(7,6904,0),(7,6906,0),(7,6907,0),(7,6916,0),(7,6917,0),(7,6921,0),(7,6922,0),(7,6923,0),(7,6925,0),(7,6931,0),(7,6932,0),(7,6933,0),(7,6934,0),(7,6935,0),(7,6938,0),(7,6940,0),(7,6941,0),(7,6942,0),(7,6943,0),(7,6944,0),(7,6945,0),(7,6950,0),(7,6953,0),(7,6954,0),(7,6955,0),(7,6956,0),(7,6957,0),(7,6958,0),(7,6960,0),(7,6962,0),(7,6965,0),(7,6966,0),(7,6967,0),(7,6968,0),(7,6971,0),(7,6974,0),(7,6975,0),(7,6976,0),(7,6977,0),(7,6980,0),(7,6982,0),(7,6983,0),(7,6984,0),(7,6985,0),(7,6986,0),(7,6988,0),(7,6990,0),(7,6991,0),(7,6992,0),(7,6993,0),(7,6994,0),(7,6995,0),(7,6997,0),(7,6999,0),(7,7001,0),(7,7002,0),(7,7004,0),(7,7005,0),(7,7007,0),(7,7008,0),(7,7009,0),(7,7010,0),(7,7012,0),(7,7013,0),(7,7017,0),(7,7018,0),(7,7019,0),(7,7020,0),(7,7022,0),(7,7023,0),(7,7024,0),(7,7025,0),(7,7026,0),(7,7027,0),(7,7028,0),(7,7031,0),(7,7032,0),(7,7034,0),(7,7035,0),(7,7037,0),(7,7038,0),(7,7039,0),(7,7040,0),(7,7041,0),(7,7042,0),(7,7043,0),(7,7044,0),(7,7046,0),(7,7047,0),(7,7048,0),(7,7049,0),(7,7050,0),(7,7052,0),(7,7053,0),(7,7054,0),(7,7055,0),(7,7056,0),(7,7057,0),(7,7058,0),(7,7059,0),(7,7060,0),(7,7062,0),(7,7063,0),(7,7065,0),(7,7066,0),(7,7067,0),(7,7068,0),(7,7069,0),(7,7070,0),(7,7071,0),(7,7072,0),(7,7073,0),(7,7074,0),(7,7076,0),(7,7079,0),(7,7080,0),(7,7081,0),(7,7082,0),(7,7083,0),(7,7084,0),(7,7087,0),(7,7089,0),(7,7090,0),(7,7091,0),(7,7094,0),(7,7096,0),(7,7097,0),(7,7098,0),(7,7101,0),(7,7102,0),(7,7105,0),(7,7108,0),(7,7109,0),(7,7111,0),(7,7117,0),(7,7120,0),(7,7122,0),(7,7123,0),(7,7124,0),(7,7125,0),(7,7126,0),(7,7128,0),(7,7130,0),(7,7131,0),(7,7133,0),(7,7134,0),(7,7135,0),(7,7137,0),(7,7138,0),(7,7140,0),(7,7141,0),(7,7142,0),(7,7143,0),(7,7144,0),(7,7145,0),(7,7146,0),(7,7147,0),(7,7148,0),(7,7149,0),(7,7150,0),(7,7151,0),(7,7154,0),(7,7156,0),(7,7158,0),(7,7161,0),(7,7162,0),(7,7163,0),(7,7164,0),(7,7165,0),(7,7166,0),(7,7167,0),(7,7169,0),(7,7170,0),(7,7172,0),(7,7173,0),(7,7174,0),(7,7177,0),(7,7179,0),(7,7180,0),(7,7181,0),(7,7183,0),(7,7184,0),(7,7186,0),(7,7187,0),(7,7188,0),(7,7189,0),(7,7190,0),(7,7195,0),(7,7196,0),(7,7197,0),(7,7198,0),(7,7201,0),(7,7203,0),(7,7204,0),(7,7205,0),(7,7207,0),(7,7210,0),(7,7211,0),(7,7212,0),(7,7216,0),(7,7221,0),(7,7222,0),(7,7223,0),(7,7225,0),(7,7230,0),(7,7231,0),(7,7233,0),(7,7234,0),(7,7235,0),(7,7236,0),(7,7237,0),(7,7240,0),(7,7243,0),(7,7244,0),(7,7245,0),(7,7246,0),(7,7247,0),(7,7248,0),(7,7250,0),(7,7252,0),(7,7253,0),(7,7254,0),(7,7255,0),(7,7257,0),(7,7258,0),(7,7259,0),(7,7260,0),(7,7261,0),(7,7262,0),(7,7263,0),(7,7264,0),(7,7265,0),(7,7266,0),(7,7269,0),(7,7270,0),(7,7271,0),(7,7273,0),(7,7274,0),(7,7275,0),(7,7276,0),(7,7279,0),(7,7281,0),(7,7283,0),(7,7286,0),(7,7288,0),(7,7292,0),(7,7293,0),(7,7294,0),(7,7295,0),(7,7296,0),(7,7297,0),(7,7298,0),(7,7299,0),(7,7300,0),(7,7302,0),(7,7320,0),(7,7321,0),(7,7322,0),(7,7325,0),(7,7328,0),(7,7329,0),(7,7336,0),(7,7337,0),(7,7339,0),(7,7340,0),(7,7342,0),(7,7343,0),(7,7344,0),(7,7345,0),(7,7374,0),(7,7375,0),(7,7376,0),(7,7377,0),(7,7378,0),(7,7379,0),(7,7380,0),(7,7381,0),(7,7382,0),(7,7383,0),(7,7385,0),(7,7392,0),(7,7393,0),(7,7395,0),(7,7396,0),(7,7397,0),(7,7399,0),(7,7400,0),(7,7401,0),(7,7404,0),(7,7405,0),(7,7406,0),(7,7409,0),(7,7412,0),(7,7413,0),(7,7414,0),(7,7415,0),(7,7417,0),(7,7425,0),(7,7430,0),(7,7431,0),(7,7432,0),(7,7433,0),(7,7434,0),(7,7435,0),(7,7436,0),(7,7437,0),(7,7438,0),(7,7439,0),(7,7441,0),(7,7442,0),(7,7443,0),(7,7444,0),(7,7445,0),(7,7448,0),(7,7449,0),(7,7450,0),(7,7451,0),(7,7452,0),(7,7453,0),(7,7454,0),(7,7455,0),(7,7457,0),(7,7458,0),(7,7459,0),(7,7460,0),(7,7461,0),(7,7462,0),(7,7463,0),(7,7464,0),(7,7465,0),(7,7466,0),(7,7467,0),(7,7468,0),(7,7470,0),(7,7471,0),(7,7472,0),(7,7473,0),(7,7474,0),(7,7475,0),(7,7476,0),(7,7478,0),(7,7480,0),(7,7486,0),(7,7488,0),(7,7497,0),(7,7498,0),(7,7500,0),(7,7501,0),(7,7502,0),(7,7505,0),(7,7507,0),(7,7509,0),(7,7511,0),(7,7512,0),(7,7514,0),(7,7517,0),(7,7518,0),(7,7519,0),(7,7520,0),(7,7521,0),(7,7522,0),(7,7523,0),(7,7524,0),(7,7525,0),(7,7526,0),(7,7527,0),(7,7528,0),(7,7529,0),(7,7530,0),(7,7532,0),(7,7533,0),(7,7535,0),(7,7537,0),(7,7538,0),(7,7542,0),(7,7544,0),(7,7545,0),(7,7546,0),(7,7548,0),(7,7549,0),(7,7550,0),(7,7551,0),(7,7556,0),(7,7558,0),(7,7559,0),(7,7560,0),(7,7561,0),(7,7562,0),(7,7563,0),(7,7564,0),(7,7565,0),(7,7566,0),(7,7567,0),(7,7568,0),(7,7569,0),(7,7570,0),(7,7571,0),(7,7572,0),(7,7574,0),(7,7575,0),(7,7576,0),(7,7577,0),(7,7579,0),(7,7580,0),(7,7581,0),(7,7582,0),(7,7583,0),(7,7585,0),(7,7586,0),(7,7588,0),(7,7589,0),(7,7590,0),(7,7593,0),(7,7594,0),(7,7595,0),(7,7597,0),(7,7598,0),(7,7600,0),(7,7601,0),(7,7602,0),(7,7603,0),(7,7605,0),(7,7606,0),(7,7607,0),(7,7608,0),(7,7610,0),(7,7611,0),(7,7613,0),(7,7616,0),(7,7617,0),(7,7620,0),(7,7621,0),(7,7622,0),(7,7624,0),(7,7625,0),(7,7626,0),(7,7627,0),(7,7628,0),(7,7630,0),(7,7631,0),(7,7632,0),(7,7633,0),(7,7634,0),(7,7636,0),(7,7637,0),(7,7639,0),(7,7640,0),(7,7642,0),(7,7643,0),(7,7644,0),(7,7645,0),(7,7646,0),(7,7647,0),(7,7648,0),(7,7649,0),(7,7650,0),(7,7651,0),(7,7654,0),(7,7655,0),(7,7657,0),(7,7658,0),(7,7659,0),(7,7660,0),(7,7661,0),(7,7663,0),(7,7664,0),(7,7665,0),(7,7666,0),(7,7667,0),(7,7668,0),(7,7669,0),(7,7670,0),(7,7671,0),(7,7679,0),(7,7680,0),(7,7682,0),(7,7683,0),(7,7684,0),(7,7689,0),(7,7690,0),(7,7691,0),(7,7692,0),(7,7695,0),(7,7696,0),(7,7697,0),(7,7700,0),(7,7702,0),(7,7703,0),(7,7704,0),(7,7706,0),(7,7707,0),(7,7709,0),(7,7711,0),(7,7712,0),(7,7715,0),(7,7716,0),(7,7717,0),(7,7718,0),(7,7719,0),(7,7721,0),(7,7740,0),(7,7741,0),(7,7742,0),(7,7744,0),(7,7745,0),(7,7747,0),(7,7748,0),(7,7750,0),(7,7752,0),(7,7753,0),(7,7754,0),(7,7755,0),(7,7756,0),(7,7757,0),(7,7758,0),(7,7759,0),(7,7760,0),(7,7761,0),(7,7762,0),(7,7763,0),(7,7764,0),(7,7765,0),(7,7768,0),(7,7770,0),(7,7781,0),(7,7783,0),(7,7784,0),(7,7785,0),(7,7786,0),(7,7787,0),(7,7788,0),(7,7790,0),(7,7792,0),(7,7793,0),(7,7794,0),(7,7796,0),(7,7797,0),(7,7798,0),(7,7800,0),(7,7801,0),(7,7803,0),(7,7805,0),(7,7806,0),(7,7807,0),(7,7808,0),(7,7809,0),(7,7810,0),(7,7811,0),(7,7812,0),(7,7813,0),(7,7814,0),(7,7815,0),(7,7818,0),(7,7819,0),(7,7821,0),(7,7823,0),(7,7825,0),(7,7826,0),(7,7827,0),(7,7828,0),(7,7829,0),(7,7830,0),(7,7832,0),(7,7833,0),(7,7834,0),(7,7835,0),(7,7836,0),(7,7837,0),(7,7838,0),(7,7841,0),(7,7842,0),(7,7845,0),(7,7846,0),(7,7847,0),(7,7848,0),(7,7849,0),(7,7850,0),(7,7851,0),(7,7852,0),(7,7854,0),(7,7855,0),(7,7856,0),(7,7857,0),(7,7858,0),(7,7859,0),(7,7860,0),(7,7865,0),(7,7866,0),(7,7867,0),(7,7868,0),(7,7869,0),(7,7870,0),(7,7872,0),(7,7875,0),(7,7876,0),(7,7878,0),(7,7879,0),(7,7880,0),(7,7881,0),(7,7882,0),(7,7886,0),(7,7887,0),(7,7888,0),(7,7889,0),(7,7890,0),(7,7891,0),(7,7893,0),(7,7894,0),(7,7895,0),(7,7897,0),(7,7898,0),(7,7900,0),(7,7944,0),(7,7946,0),(7,7947,0),(7,7948,0),(7,7951,0),(7,7954,0),(7,7955,0),(7,7956,0),(7,7958,0),(7,7959,0),(7,7965,0),(7,7966,0),(7,7967,0),(7,7968,0),(7,7971,0),(7,7972,0),(7,7973,0),(7,7974,0),(7,7977,0),(7,7978,0),(7,7979,0),(7,7980,0),(7,7982,0),(7,7983,0),(7,7984,0),(7,7986,0),(7,7987,0),(7,7989,0),(7,7990,0),(7,7991,0),(7,7992,0),(7,7994,0),(7,7996,0),(7,7998,0),(7,8001,0),(7,8002,0),(7,8003,0),(7,8004,0),(7,8005,0),(7,8006,0),(7,8008,0),(7,8010,0),(7,8011,0),(7,8013,0),(7,8015,0),(7,8016,0),(7,8017,0),(7,8018,0),(7,8019,0),(7,8022,0),(7,8023,0),(7,8024,0),(7,8027,0),(7,8028,0),(7,8029,0),(7,8032,0),(7,8033,0),(7,8034,0),(7,8037,0),(7,8041,0),(7,8059,0),(7,8060,0),(7,8065,0),(7,8066,0),(7,8067,0),(7,8068,0),(7,8069,0),(7,8070,0),(7,8074,0),(7,8076,0),(7,8077,0),(7,8078,0),(7,8148,0),(7,8150,0),(7,8151,0),(7,8153,0),(7,8154,0),(7,8155,0),(7,8156,0),(7,8158,0),(7,8189,0),(7,8190,0),(7,8192,0),(7,8196,0),(7,8198,0),(7,8199,0),(7,8202,0),(7,8203,0),(7,8205,0),(7,8206,0),(7,8207,0),(7,8208,0),(7,8210,0),(7,8213,0),(7,8214,0),(7,8215,0),(7,8216,0),(7,8217,0),(7,8218,0),(7,8219,0),(7,8220,0),(7,8223,0),(7,8225,0),(7,8228,0),(7,8230,0),(7,8231,0),(7,8233,0),(7,8238,0),(7,8239,0),(7,8240,0),(7,8244,0),(7,8245,0),(7,8246,0),(7,8247,0),(7,8248,0),(7,8249,0),(7,8251,0),(7,8252,0),(7,8253,0),(7,8256,0),(7,8257,0),(7,8258,0),(7,8260,0),(7,8261,0),(7,8262,0),(7,8263,0),(7,8267,0),(7,8269,0),(7,8272,0),(7,8273,0),(7,8282,0),(7,8283,0),(7,8284,0),(7,8286,0),(7,8287,0),(7,8288,0),(7,8289,0),(7,8290,0),(7,8291,0),(7,8294,0),(7,8296,0),(7,8298,0),(7,8299,0),(7,8300,0),(7,8301,0),(7,8303,0),(7,8304,0),(7,8305,0),(7,8306,0),(7,8307,0),(7,8315,0),(7,8316,0),(7,8319,0),(7,8322,0),(7,8323,0),(7,8324,0),(7,8326,0),(7,8327,0),(7,8328,0),(7,8329,0),(7,8332,0),(7,8333,0),(7,8334,0),(7,8335,0),(7,8337,0),(7,8338,0),(7,8339,0),(7,8340,0),(7,8341,0),(7,8342,0),(7,8343,0),(7,8344,0),(7,8345,0),(7,8346,0),(7,8347,0),(7,8348,0),(7,8349,0),(7,8350,0),(7,8351,0),(7,8352,0),(7,8353,0),(7,8354,0),(7,8356,0),(7,8357,0),(7,8358,0),(7,8359,0),(7,8360,0),(7,8361,0),(7,8364,0),(7,8365,0),(7,8367,0),(7,8369,0),(7,8370,0),(7,8371,0),(7,8372,0),(7,8374,0),(7,8375,0),(7,8377,0),(7,8379,0),(7,8380,0),(7,8381,0),(7,8382,0),(7,8384,0),(7,8385,0),(7,8386,0),(7,8387,0),(7,8388,0),(7,8389,0),(7,8390,0),(7,8391,0),(7,8392,0),(7,8393,0),(7,8394,0),(7,8395,0),(7,8396,0),(7,8397,0),(7,8399,0),(7,8400,0),(7,8402,0),(7,8404,0),(7,8406,0),(7,8407,0),(7,8411,0),(7,8412,0),(7,8413,0),(7,8414,0),(7,8415,0),(7,8419,0),(7,8420,0),(7,8421,0),(7,8426,0),(7,8427,0),(7,8428,0),(7,8429,0),(7,8430,0),(7,8431,0),(7,8432,0),(7,8433,0),(7,8442,0),(7,8451,0),(7,8464,0),(7,8465,0),(7,8466,0),(7,8467,0),(7,8468,0),(7,8469,0),(7,8471,0),(7,8472,0),(7,8473,0),(7,8474,0),(7,8475,0),(7,8476,0),(7,8477,0),(7,8478,0),(7,8479,0),(7,8481,0),(7,8482,0),(7,8483,0),(7,8484,0),(7,8485,0),(7,8490,0),(7,8493,0),(7,8494,0),(7,8495,0),(7,8496,0),(7,8497,0),(7,8498,0),(7,8499,0),(7,8500,0),(7,8501,0),(7,8502,0),(7,8503,0),(7,8504,0),(7,8505,0),(7,8516,0),(7,8521,0),(7,8524,0),(7,8525,0),(7,8526,0),(7,8527,0),(7,8530,0),(7,8531,0),(7,8532,0),(7,8534,0),(7,8535,0),(7,8538,0),(7,8539,0),(7,8540,0),(7,8541,0),(7,8542,0),(7,8543,0),(7,8544,0),(7,8545,0),(7,8547,0),(7,8549,0),(7,8551,0),(7,8552,0),(7,8553,0),(7,8554,0),(7,8556,0),(7,8558,0),(7,8559,0),(7,8560,0),(7,8561,0),(7,8562,0),(7,8565,0),(7,8566,0),(7,8567,0),(7,8568,0),(7,8569,0),(7,8570,0),(7,8572,0),(7,8574,0),(7,8575,0),(7,8576,0),(7,8577,0),(7,8578,0),(7,8579,0),(7,8580,0),(7,8581,0),(7,8584,0),(7,8585,0),(7,8587,0),(7,8593,0),(7,8595,0),(7,8597,0),(7,8599,0),(7,8683,0),(7,8684,0),(7,8685,0),(7,8686,0),(7,8687,0),(7,8689,0),(7,8690,0),(7,8691,0),(7,8692,0),(7,8693,0),(7,8694,0),(7,8696,0),(7,8697,0),(7,8700,0),(7,8701,0),(7,8702,0),(7,8703,0),(7,8704,0),(7,8706,0),(7,8707,0),(7,8708,0),(7,8709,0),(7,8713,0),(7,8714,0),(7,8715,0),(7,8719,0),(7,8720,0),(7,8721,0),(7,8725,0),(7,8726,0),(7,8727,0),(7,8732,0),(7,8733,0),(7,8734,0),(7,8735,0),(7,8737,0),(7,8739,0),(7,8741,0),(7,8743,0),(7,8745,0),(7,8746,0),(7,8747,0),(7,8748,0),(7,8750,0),(7,8752,0),(7,8754,0),(7,8755,0),(7,8756,0),(7,8758,0),(7,8759,0),(7,8760,0),(7,8761,0),(7,8762,0),(7,8765,0),(7,8767,0),(7,8769,0),(7,8771,0),(7,8773,0),(7,8774,0),(7,8775,0),(7,8776,0),(7,8777,0),(7,8778,0),(7,8779,0),(7,8780,0),(7,8781,0),(7,8782,0),(7,8783,0),(7,8784,0),(7,8787,0),(7,8788,0),(7,8789,0),(7,8790,0),(7,8791,0),(7,8792,0),(7,8799,0),(7,8800,0),(7,8801,0),(7,8802,0),(7,8805,0),(7,8806,0),(7,8807,0),(7,8810,0),(7,8811,0),(7,8813,0),(7,8814,0),(7,8815,0),(7,8816,0),(7,8818,0),(7,8819,0),(7,8820,0),(7,8821,0),(7,8823,0),(7,8824,0),(7,8826,0),(7,8827,0),(7,8828,0),(7,8829,0),(7,8831,0),(7,8839,0),(7,8840,0),(7,8841,0),(7,8842,0),(7,8843,0),(7,8844,0),(7,8845,0),(7,8847,0),(7,8848,0),(7,8849,0),(7,8850,0),(7,8851,0),(7,8852,0),(7,8853,0),(7,8854,0),(7,8857,0),(7,8858,0),(7,8859,0),(7,8860,0),(7,8861,0),(7,8862,0),(7,8863,0),(7,8864,0),(7,8865,0),(7,8866,0),(7,8867,0),(7,8868,0),(7,8869,0),(7,8872,0),(7,8873,0),(7,8874,0),(7,8875,0),(7,8877,0),(7,8878,0),(7,8879,0),(7,8880,0),(7,8881,0),(7,8882,0),(7,8884,0),(7,8885,0),(7,8886,0),(7,8892,0),(7,8893,0),(7,8917,0),(7,8918,0),(7,8919,0),(7,8920,0),(7,8921,0),(7,8924,0),(7,8925,0),(7,8926,0),(7,8927,0),(7,8929,0),(7,8930,0),(7,8931,0),(7,8932,0),(7,8939,0),(7,8940,0),(7,8941,0),(7,8942,0),(7,8943,0),(7,8944,0),(7,8945,0),(7,8947,0),(7,8948,0),(7,8949,0),(7,8952,0),(7,8954,0),(7,8955,0),(7,8956,0),(7,8957,0),(7,8958,0),(7,8959,0),(7,8960,0),(7,8961,0),(7,8962,0),(7,8964,0),(7,8965,0),(7,8966,0),(7,8967,0),(7,8968,0),(7,8972,0),(7,8977,0),(7,8978,0),(7,8979,0),(7,8980,0),(7,8982,0),(7,8983,0),(7,8986,0),(7,8988,0),(7,8990,0),(7,8991,0),(7,8995,0),(7,8996,0),(7,8997,0),(7,8998,0),(7,8999,0),(7,9000,0),(7,9001,0),(7,9002,0),(7,9003,0),(7,9005,0),(7,9006,0),(7,9007,0),(7,9008,0),(7,9010,0),(7,9011,0),(7,9014,0),(7,9015,0),(7,9016,0),(7,9017,0),(7,9018,0),(7,9019,0),(7,9020,0),(7,9021,0),(7,9022,0),(7,9024,0),(7,9026,0),(7,9028,0),(7,9029,0),(7,9031,0),(7,9032,0),(7,9033,0),(7,9035,0),(7,9036,0),(7,9037,0),(7,9038,0),(7,9039,0),(7,9040,0),(7,9041,0),(7,9043,0),(7,9044,0),(7,9045,0),(7,9046,0),(7,9057,0),(7,9058,0),(7,9059,0),(7,9063,0),(7,9064,0),(7,9065,0),(7,9066,0),(7,9067,0),(7,9086,0),(7,9089,0),(7,9090,0),(7,9092,0),(7,9093,0),(7,9095,0),(7,9096,0),(7,9098,0),(7,9100,0),(7,9104,0),(7,9105,0),(7,9106,0),(7,9153,0),(7,9156,0),(7,9157,0),(7,9165,0),(7,9170,0),(7,9171,0),(7,9188,0),(7,9193,0),(7,9199,0),(7,9240,0),(7,9242,0),(7,9243,0),(7,9244,0),(7,9246,0),(7,9249,0),(7,9250,0),(7,9251,0),(7,9252,0),(7,9255,0),(7,9289,0),(7,9290,0),(7,9292,0),(7,9293,0),(7,9294,0),(7,9295,0),(7,9296,0),(7,9299,0),(7,9300,0),(7,9301,0),(7,9302,0),(7,9303,0),(7,9304,0),(7,9305,0),(7,9307,0),(7,9308,0),(7,9309,0),(7,9310,0),(7,9311,0),(7,9312,0),(7,9314,0),(7,9315,0),(7,9316,0),(7,9317,0),(7,9318,0),(7,9319,0),(7,9321,0),(7,9322,0),(7,9329,0),(7,9339,0),(7,9341,0),(7,9343,0),(7,9344,0),(7,9345,0),(7,9347,0),(7,9348,0),(7,9349,0),(7,9350,0),(7,9351,0),(7,9352,0),(7,9353,0),(7,9354,0),(7,9356,0),(7,9357,0),(7,9358,0),(7,9359,0),(7,9360,0),(7,9361,0),(7,9362,0),(7,9363,0),(7,9364,0),(7,9366,0),(7,9367,0),(7,9368,0),(7,9369,0),(7,9370,0),(7,9371,0),(7,9372,0),(7,9373,0),(7,9374,0),(7,9378,0),(7,9379,0),(7,9380,0),(7,9381,0),(7,9382,0),(7,9383,0),(7,9385,0),(7,9386,0),(7,9389,0),(7,9390,0),(7,9392,0),(7,9393,0),(7,9394,0),(7,9396,0),(7,9397,0),(7,9398,0),(7,9399,0),(7,9400,0),(7,9401,0),(7,9402,0),(7,9403,0),(7,9404,0),(7,9405,0),(7,9407,0),(7,9409,0),(7,9410,0),(7,9413,0),(7,9414,0),(7,9415,0),(7,9416,0),(7,9417,0),(7,9420,0),(7,9421,0),(7,9422,0),(7,9425,0),(7,9426,0),(7,9427,0),(7,9428,0),(7,9429,0),(7,9430,0),(7,9431,0),(7,9433,0),(7,9436,0),(7,9437,0),(7,9438,0),(7,9441,0),(7,9443,0),(7,9444,0),(7,9445,0),(7,9446,0),(7,9448,0),(7,9449,0),(7,9450,0),(7,9453,0),(7,9454,0),(7,9455,0),(7,9459,0),(7,9460,0),(7,9462,0),(7,9466,0),(7,9467,0),(7,9469,0),(7,9470,0),(7,9471,0),(7,9472,0),(7,9473,0),(7,9474,0),(7,9475,0),(7,9477,0),(7,9487,0),(7,9489,0),(7,9490,0),(7,9492,0),(7,9493,0),(7,9494,0),(7,9495,0),(7,9496,0),(7,9499,0),(7,9500,0),(7,9502,0),(7,9503,0),(7,9504,0),(7,9505,0),(7,9507,0),(7,9509,0),(7,9512,0),(7,9513,0),(7,9515,0),(7,9516,0),(7,9517,0),(7,9518,0),(7,9519,0),(7,9520,0),(7,9521,0),(7,9522,0),(7,9523,0),(7,9524,0),(7,9525,0),(7,9527,0),(7,9528,0),(7,9530,0),(7,9532,0),(7,9533,0),(7,9536,0),(7,9540,0),(7,9541,0),(7,9542,0),(7,9545,0),(7,9546,0),(7,9547,0),(7,9548,0),(7,9549,0),(7,9550,0),(7,9553,0),(7,9554,0),(7,9555,0),(7,9556,0),(7,9559,0),(7,9560,0),(7,9561,0),(7,9563,0),(7,9564,0),(7,9565,0),(7,9566,0),(7,9567,0),(7,9569,0),(7,9571,0),(7,9572,0),(7,9577,0),(7,9578,0),(7,9579,0),(7,9580,0),(7,9581,0),(7,9582,0),(7,9583,0),(7,9585,0),(7,9586,0),(7,9588,0),(7,9589,0),(7,9591,0),(7,9592,0),(7,9593,0),(7,9599,0),(7,9600,0),(7,9602,0),(7,9603,0),(7,9604,0),(7,9605,0),(7,9606,0),(7,9607,0),(7,9610,0),(7,9611,0),(7,9612,0),(7,9613,0),(7,9614,0),(7,9615,0),(7,9616,0),(7,9618,0),(7,9620,0),(7,9621,0),(7,9627,0),(7,9629,0),(7,9630,0),(7,9632,0),(7,9635,0),(7,9639,0),(7,9642,0),(7,9644,0),(7,9647,0),(7,9650,0),(7,9651,0),(7,9653,0),(7,9654,0),(7,9657,0),(7,9658,0),(7,9659,0),(7,9660,0),(7,9662,0),(7,9663,0),(7,9666,0),(7,9667,0),(7,9671,0),(7,9672,0),(7,9674,0),(7,9676,0),(7,9678,0),(7,9679,0),(7,9680,0),(7,9681,0),(7,9682,0),(7,9683,0),(7,9684,0),(7,9685,0),(7,9686,0),(7,9687,0),(7,9692,0),(7,9703,0),(7,9704,0),(7,9710,0),(7,9731,0),(7,9733,0),(7,9734,0),(7,9735,0),(7,9736,0),(7,9737,0),(7,9738,0),(7,9739,0),(7,9740,0),(7,9742,0),(7,9743,0),(7,9744,0),(7,9745,0),(7,9747,0),(7,9748,0),(7,9750,0),(7,9751,0),(7,9752,0),(7,9753,0),(7,9755,0),(7,9757,0),(7,9758,0),(7,9759,0),(7,9761,0),(7,9762,0),(7,9763,0),(7,9767,0),(7,9768,0),(7,9771,0),(7,9773,0),(7,9774,0),(7,9775,0),(7,9777,0),(7,9778,0),(7,9779,0),(7,9781,0),(7,9782,0),(7,9783,0),(7,9785,0),(7,9787,0),(7,9788,0),(7,9789,0),(7,9806,0),(7,9807,0),(7,9808,0),(7,9810,0),(7,9811,0),(7,9812,0),(7,9813,0),(7,9815,0),(7,9816,0),(7,9818,0),(7,9819,0),(7,9824,0),(7,9827,0),(7,9828,0),(7,9830,0),(7,9831,0),(7,9832,0),(7,9834,0),(7,9837,0),(7,9838,0),(7,9839,0),(7,9840,0),(7,9841,0),(7,9842,0),(7,9843,0),(7,9844,0),(7,9845,0),(7,9847,0),(7,9850,0),(7,9851,0),(7,9852,0),(7,9853,0),(7,9855,0),(7,9856,0),(7,9858,0),(7,9860,0),(7,9861,0),(7,9862,0),(7,9863,0),(7,9864,0),(7,9865,0),(7,9866,0),(7,9867,0),(7,9868,0),(7,9869,0),(7,9873,0),(7,9877,0),(7,9878,0),(7,9879,0),(7,9880,0),(7,9881,0),(7,9883,0),(7,9887,0),(7,9888,0),(7,9889,0),(7,9890,0),(7,9894,0),(7,9895,0),(7,9897,0),(7,9898,0),(7,9907,0),(7,9909,0),(7,9910,0),(7,9912,0),(7,9914,0),(7,9915,0),(7,9916,0),(7,9917,0),(7,9918,0),(7,9922,0),(7,9923,0),(7,9924,0),(7,9925,0),(7,9926,0),(7,9927,0),(7,9928,0),(7,9929,0),(7,9930,0),(7,9934,0),(7,9935,0),(7,9937,0),(7,9938,0),(7,9940,0),(7,9941,0),(7,9945,0),(7,9947,0),(7,9949,0),(7,9952,0),(7,9953,0),(7,9954,0),(7,9955,0),(7,9956,0),(7,9958,0),(7,9959,0),(7,9960,0),(7,9962,0),(7,9963,0),(7,9964,0),(7,9966,0),(7,9967,0),(7,9968,0),(7,9972,0),(7,9973,0),(7,9974,0),(7,9975,0),(7,9976,0),(7,9977,0),(7,9978,0),(7,9979,0),(7,9984,0),(7,9986,0),(7,9987,0),(7,9988,0),(7,9990,0),(7,9993,0),(7,9998,0),(7,9999,0),(7,10000,0),(7,10001,0),(7,10002,0),(7,10003,0),(7,10004,0),(7,10005,0),(7,10006,0),(7,10008,0),(7,10011,0),(7,10013,0),(7,10014,0),(7,10015,0),(7,10016,0),(7,10017,0),(7,10018,0),(7,10019,0),(7,10020,0),(7,10021,0),(7,10022,0),(7,10028,0),(7,10030,0),(7,10032,0),(7,10033,0),(7,10036,0),(7,10037,0),(7,10039,0),(7,10041,0),(7,10042,0),(7,10044,0),(7,10045,0),(7,10046,0),(7,10049,0),(7,10050,0),(7,10051,0),(7,10053,0),(7,10056,0),(7,10057,0),(7,10058,0),(7,10060,0),(7,10061,0),(7,10064,0),(7,10065,0),(7,10067,0),(7,10068,0),(7,10071,0),(7,10072,0),(7,10073,0),(7,10076,0),(7,10078,0),(7,10084,0),(7,10085,0),(7,10086,0),(7,10087,0),(7,10092,0),(7,10095,0),(7,10096,0),(7,10097,0),(7,10100,0),(7,10101,0),(7,10102,0),(7,10104,0),(7,10105,0),(7,10106,0),(7,10107,0),(7,10108,0),(7,10109,0),(7,10110,0),(7,10111,0),(7,10112,0),(7,10113,0),(7,10116,0),(7,10117,0),(7,10118,0),(7,10126,0),(7,10127,0),(7,10128,0),(7,10130,0),(7,10131,0),(7,10132,0),(7,10134,0),(7,10135,0),(7,10136,0),(7,10137,0),(7,10138,0),(7,10139,0),(7,10140,0),(7,10141,0),(7,10142,0),(7,10147,0),(7,10148,0),(7,10149,0),(7,10150,0),(7,10153,0),(7,10154,0),(7,10156,0),(7,10158,0),(7,10159,0),(7,10160,0),(7,10161,0),(7,10162,0),(7,10164,0),(7,10165,0),(7,10166,0),(7,10167,0),(7,10168,0),(7,10169,0),(7,10170,0),(7,10171,0),(7,10172,0),(7,10173,0),(7,10176,0),(7,10177,0),(7,10178,0),(7,10179,0),(7,10181,0),(7,10182,0),(7,10186,0),(7,10187,0),(7,10188,0),(7,10189,0),(7,10199,0),(7,10200,0),(7,10202,0),(7,10216,0),(7,10217,0),(7,10219,0),(7,10221,0),(7,10225,0),(7,10226,0),(7,10227,0),(7,10228,0),(7,10254,0),(7,10255,0),(7,10256,0),(7,10257,0),(7,10259,0),(7,10260,0),(7,10261,0),(7,10263,0),(7,10264,0),(7,10266,0),(7,10268,0),(7,10270,0),(7,10272,0),(7,10274,0),(7,10275,0),(7,10276,0),(7,10277,0),(7,10278,0),(7,10279,0),(7,10282,0),(7,10283,0),(7,10284,0),(7,10285,0),(7,10286,0),(7,10288,0),(7,10289,0),(7,10290,0),(7,10291,0),(7,10292,0),(7,10293,0),(7,10294,0),(7,10295,0),(7,10296,0),(7,10299,0),(7,10300,0),(7,10301,0),(7,10302,0),(7,10303,0),(7,10304,0),(7,10306,0),(7,10307,0),(7,10312,0),(7,10317,0),(7,10318,0),(7,10319,0),(7,10320,0),(7,10321,0),(7,10322,0),(7,10326,0),(7,10331,0),(7,10332,0),(7,10333,0),(7,10334,0),(7,10335,0),(7,10337,0),(7,10338,0),(7,10339,0),(7,10340,0),(7,10342,0),(7,10343,0),(7,10344,0),(7,10347,0),(7,10348,0),(7,10350,0),(7,10351,0),(7,10354,0),(7,10356,0),(7,10357,0),(7,10359,0),(7,10361,0),(7,10362,0),(7,10363,0),(7,10365,0),(7,10366,0),(7,10367,0),(7,10368,0),(7,10370,0),(7,10371,0),(7,10372,0),(7,10374,0),(7,10375,0),(7,10376,0),(7,10377,0),(7,10378,0),(7,10379,0),(7,10381,0),(7,10382,0),(7,10383,0),(7,10384,0),(7,10385,0),(7,10386,0),(7,10387,0),(7,10389,0),(7,10392,0),(7,10393,0),(7,10395,0),(7,10396,0),(7,10397,0),(7,10398,0),(7,10399,0),(7,10401,0),(7,10402,0),(7,10403,0),(7,10404,0),(7,10405,0),(7,10407,0),(7,10413,0),(7,10414,0),(7,10415,0),(7,10418,0),(7,10419,0),(7,10422,0),(7,10423,0),(7,10424,0),(7,10428,0),(7,10429,0),(7,10430,0),(7,10432,0),(7,10433,0),(7,10435,0),(7,10437,0),(7,10438,0),(7,10439,0),(7,10441,0),(7,10461,0),(7,10472,0),(7,10473,0),(7,10474,0),(7,10476,0),(7,10503,0),(7,10504,0),(7,10505,0),(7,10510,0),(7,10517,0),(7,10518,0),(7,10519,0),(7,10520,0),(7,10521,0),(7,10522,0),(7,10524,0),(7,10525,0),(7,10526,0),(7,10529,0),(7,10530,0),(7,10531,0),(7,10532,0),(7,10534,0),(7,10535,0),(7,10536,0),(7,10537,0),(7,10538,0),(7,10539,0),(7,10544,0),(7,10546,0),(7,10547,0),(7,10548,0),(7,10550,0),(7,10551,0),(7,10552,0),(7,10553,0),(7,10554,0),(7,10556,0),(7,10557,0),(7,10559,0),(7,10560,0),(7,10562,0),(7,10563,0),(7,10564,0),(7,10565,0),(7,10566,0),(7,10567,0),(7,10568,0),(7,10569,0),(7,10570,0),(7,10571,0),(7,10575,0),(7,10576,0),(7,10577,0),(7,10578,0),(7,10579,0),(7,10580,0),(7,10581,0),(7,10584,0),(7,10585,0),(7,10586,0),(7,10587,0),(7,10588,0),(7,10591,0),(7,10592,0),(7,10593,0),(7,10595,0),(7,10596,0),(7,10598,0),(7,10600,0),(7,10601,0),(7,10604,0),(7,10605,0),(7,10606,0),(7,10607,0),(7,10608,0),(7,10610,0),(7,10611,0),(7,10613,0),(7,10615,0),(7,10616,0),(7,10618,0),(7,10622,0),(7,10623,0),(7,10624,0),(7,10625,0),(7,10626,0),(7,10627,0),(7,10628,0),(7,10629,0),(7,10632,0),(7,10633,0),(7,10634,0),(7,10635,0),(7,10636,0),(7,10637,0),(7,10639,0),(7,10642,0),(7,10643,0),(7,10644,0),(7,10646,0),(7,10647,0),(7,10648,0),(7,10649,0),(7,10650,0),(7,10651,0),(7,10652,0),(7,10653,0),(7,10654,0),(7,10655,0),(7,10656,0),(7,10657,0),(7,10658,0),(7,10659,0),(7,10660,0),(7,10661,0),(7,10662,0),(7,10664,0),(7,10665,0),(7,10666,0),(7,10667,0),(7,10668,0),(7,10669,0),(7,10672,0),(7,10673,0),(7,10674,0),(7,10675,0),(7,10676,0),(7,10678,0),(7,10683,0),(7,10684,0),(7,10689,0),(7,10690,0),(7,10691,0),(7,10692,0),(7,10693,0),(7,10694,0),(7,10695,0),(7,10696,0),(7,10701,0),(7,10702,0),(7,10703,0),(7,10704,0),(7,10705,0),(7,10706,0),(7,10707,0),(7,10708,0),(7,10710,0),(7,10711,0),(7,10712,0),(7,10713,0),(7,10714,0),(7,10716,0),(7,10717,0),(7,10718,0),(7,10721,0),(7,10724,0),(7,10725,0),(7,10726,0),(7,10728,0),(7,10730,0),(7,10731,0),(7,10732,0),(7,10733,0),(7,10734,0),(7,10735,0),(7,10743,0),(7,10744,0),(7,10745,0),(7,10746,0),(7,10747,0),(7,10748,0),(7,10749,0),(7,10751,0),(7,10755,0),(7,10757,0),(7,10758,0),(7,10759,0),(7,10760,0),(7,10764,0),(7,10765,0),(7,10766,0),(7,10768,0),(7,10769,0),(7,10781,0),(7,10782,0),(7,10783,0),(7,10786,0),(7,10787,0),(7,10788,0),(7,10791,0),(7,10794,0),(7,10795,0),(7,10796,0),(7,10797,0),(7,10798,0),(7,10799,0),(7,10800,0),(7,10801,0),(7,10802,0),(7,10805,0),(7,10806,0),(7,10808,0),(7,10809,0),(7,10810,0),(7,10811,0),(7,10814,0),(7,10815,0),(7,10820,0),(7,10821,0),(7,10822,0),(7,10823,0),(7,10825,0),(7,10828,0),(7,10829,0),(7,10830,0),(7,10833,0),(7,10834,0),(7,10836,0),(7,10837,0),(7,10838,0),(7,10839,0),(7,10841,0),(7,10845,0),(7,10848,0),(7,10849,0),(7,10850,0),(7,10851,0),(7,10852,0),(7,10854,0),(7,10856,0),(7,10860,0),(7,10861,0),(7,10862,0),(7,10863,0),(7,10866,0),(7,10868,0),(7,10869,0),(7,10870,0),(7,10871,0),(7,10872,0),(7,10873,0),(7,10874,0),(7,10875,0),(7,10876,0),(7,10877,0),(7,10878,0),(7,10879,0),(7,10880,0),(7,10882,0),(7,10883,0),(7,10884,0),(7,10885,0),(7,10886,0),(7,10887,0),(7,10888,0),(7,10889,0),(7,10890,0),(7,10891,0),(7,10892,0),(7,10893,0),(7,10894,0),(7,10895,0),(7,10897,0),(7,10898,0),(7,10899,0),(7,10900,0),(7,10901,0),(7,10902,0),(7,10903,0),(7,10904,0),(7,10907,0),(7,10908,0),(7,10909,0),(7,10910,0),(7,10912,0),(7,10913,0),(7,10915,0),(7,10916,0),(7,10917,0),(7,10919,0),(7,10921,0),(7,10923,0),(7,10924,0),(7,10927,0),(7,10928,0),(7,10929,0),(7,10931,0),(7,10932,0),(7,10933,0),(7,10935,0),(7,10937,0),(7,10938,0),(7,10941,0),(7,10942,0),(7,10943,0),(7,10950,0),(7,10952,0),(7,10954,0),(7,10957,0),(7,10958,0),(7,10959,0),(7,10960,0),(7,10961,0),(7,10963,0),(7,10964,0),(7,10969,0),(7,10970,0),(7,10971,0),(7,10972,0),(7,10973,0),(7,10974,0),(7,10975,0),(7,10976,0),(7,10977,0),(7,10978,0),(7,10979,0),(7,10980,0),(7,10981,0),(7,10982,0),(7,10983,0),(7,10984,0),(7,10985,0),(7,10986,0),(7,10987,0),(7,10988,0),(7,10989,0),(7,10990,0),(7,10992,0),(7,10993,0),(7,10994,0),(7,10996,0),(7,10998,0),(7,11000,0),(7,11001,0),(7,11003,0),(7,11004,0),(7,11005,0),(7,11006,0),(7,11007,0),(7,11008,0),(7,11009,0),(7,11010,0),(7,11011,0),(7,11012,0),(7,11013,0),(7,11014,0),(7,11015,0),(7,11016,0),(7,11017,0),(7,11018,0),(7,11019,0),(7,11020,0),(7,11021,0),(7,11022,0),(7,11025,0),(7,11027,0),(7,11028,0),(7,11029,0),(7,11030,0),(7,11031,0),(7,11032,0),(7,11033,0),(7,11034,0),(7,11035,0),(7,11040,0),(7,11041,0),(7,11042,0),(7,11046,0),(7,11048,0),(7,11050,0),(7,11052,0),(7,11053,0),(7,11054,0),(7,11056,0),(7,11057,0),(7,11058,0),(7,11059,0),(7,11061,0),(7,11062,0),(7,11064,0),(7,11066,0),(7,11067,0),(7,11068,0),(7,11070,0),(7,11071,0),(7,11072,0),(7,11073,0),(7,11074,0),(7,11075,0),(7,11077,0),(7,11078,0),(7,11079,0),(7,11080,0),(7,11087,0),(7,11088,0),(7,11089,0),(7,11090,0),(7,11091,0),(7,11094,0),(7,11096,0),(7,11098,0),(7,11099,0),(7,11101,0),(7,11106,0),(7,11107,0),(7,11108,0),(7,11109,0),(7,11111,0),(7,11115,0),(7,11116,0),(7,11117,0),(7,11118,0),(7,11119,0),(7,11120,0),(7,11121,0),(7,11123,0),(7,11124,0),(7,11125,0),(7,11127,0),(7,11130,0),(7,11131,0),(7,11133,0),(7,11134,0),(7,11135,0),(7,11136,0),(7,11137,0),(7,11138,0),(7,11139,0),(7,11141,0),(7,11142,0),(7,11143,0),(7,11144,0),(7,11145,0),(7,11146,0),(7,11147,0),(7,11151,0),(7,11155,0),(7,11164,0),(7,11165,0),(7,11166,0),(7,11167,0),(7,11169,0),(7,11170,0),(7,11172,0),(7,11173,0),(7,11176,0),(7,11177,0),(7,11184,0),(7,11185,0),(7,11186,0),(7,11188,0),(7,11189,0),(7,11190,0),(7,11193,0),(7,11194,0),(7,11195,0),(7,11196,0),(7,11197,0),(7,11199,0),(7,11200,0),(7,11201,0),(7,11202,0),(7,11205,0),(7,11206,0),(7,11208,0),(7,11209,0),(7,11210,0),(7,11211,0),(7,11212,0),(7,11213,0),(7,11214,0),(7,11216,0),(7,11220,0),(7,11222,0),(7,11223,0),(7,11224,0),(7,11225,0),(7,11226,0),(7,11227,0),(7,11228,0),(7,11232,0),(7,11233,0),(7,11235,0),(7,11237,0),(7,11239,0),(7,11240,0),(7,11245,0),(7,11246,0),(7,11247,0),(7,11248,0),(7,11250,0),(7,11251,0),(7,11252,0),(7,11253,0),(7,11254,0),(7,11255,0),(7,11256,0),(7,11259,0),(7,11262,0),(7,11263,0),(7,11267,0),(7,11271,0),(7,11276,0),(7,11277,0),(7,11278,0),(7,11281,0),(7,11285,0),(7,11286,0),(7,11288,0),(7,11289,0),(7,11291,0),(7,11292,0),(7,11293,0),(7,11294,0),(7,11295,0),(7,11296,0),(7,11297,0),(7,11298,0),(7,11299,0),(7,11305,0),(7,11306,0),(7,11309,0),(7,11311,0),(7,11314,0),(7,11316,0),(7,11322,0),(7,11323,0),(7,11324,0),(7,11325,0),(7,11326,0),(7,11327,0),(7,11331,0),(7,11332,0),(7,11333,0),(7,11334,0),(7,11335,0),(7,11336,0),(7,11337,0),(7,11338,0),(7,11339,0),(7,11341,0),(7,11342,0),(7,11343,0),(7,11345,0),(7,11347,0),(7,11348,0),(7,11349,0),(7,11350,0),(7,11351,0),(7,11352,0),(7,11354,0),(7,11355,0),(7,11356,0),(7,11357,0),(7,11358,0),(7,11359,0),(7,11360,0),(7,11361,0),(7,11362,0),(7,11363,0),(7,11368,0),(7,11369,0),(7,11370,0),(7,11377,0),(7,11381,0),(7,11382,0),(7,11388,0),(7,11390,0),(7,11391,0),(7,11392,0),(7,11395,0),(7,11396,0),(7,11397,0),(7,11399,0),(7,11400,0),(7,11401,0),(7,11405,0),(7,11407,0),(7,11408,0),(7,11409,0),(7,11410,0),(7,11415,0),(7,11416,0),(7,11417,0),(7,11418,0),(7,11419,0),(7,11421,0),(7,11423,0),(7,11424,0),(7,11427,0),(7,11428,0),(7,11429,0),(7,11430,0),(7,11433,0),(7,11434,0),(7,11435,0),(7,11437,0),(7,11439,0),(7,11440,0),(7,11441,0),(7,11442,0),(7,11445,0),(7,11446,0),(7,11449,0),(7,11450,0),(7,11451,0),(7,11452,0),(7,11453,0),(7,11454,0),(7,11455,0),(7,11456,0),(7,11457,0),(7,11458,0),(7,11459,0),(7,11460,0),(7,11463,0),(7,11464,0),(7,11465,0),(7,11466,0),(7,11467,0),(7,11469,0),(7,11471,0),(7,11473,0),(7,11474,0),(7,11475,0),(7,11476,0),(7,11478,0),(7,11479,0),(7,11480,0),(7,11481,0),(7,11482,0),(7,11483,0),(7,11485,0),(7,11487,0),(7,11488,0),(7,11490,0),(7,11491,0),(7,11492,0),(7,11493,0),(7,11494,0),(7,11495,0),(7,11496,0),(7,11497,0),(7,11498,0),(7,11499,0),(7,11500,0),(7,11501,0),(7,11502,0),(7,11503,0),(7,11504,0),(7,11506,0),(7,11507,0),(7,11508,0),(7,11509,0),(7,11510,0),(7,11512,0),(7,11513,0),(7,11514,0),(7,11515,0),(7,11517,0),(7,11519,0),(7,11521,0),(7,11522,0),(7,11523,0),(7,11524,0),(7,11527,0),(7,11528,0),(7,11529,0),(7,11530,0),(7,11531,0),(7,11532,0),(7,11533,0),(7,11535,0),(7,11536,0),(7,11537,0),(7,11539,0),(7,11540,0),(7,11541,0),(7,11542,0),(7,11543,0),(7,11544,0),(7,11545,0),(7,11547,0),(7,11548,0),(7,11549,0),(7,11551,0),(7,11552,0),(7,11553,0),(7,11554,0),(7,11555,0),(7,11556,0),(7,11557,0),(7,11558,0),(7,11559,0),(7,11560,0),(7,11561,0),(7,11562,0),(7,11563,0),(7,11564,0),(7,11565,0),(7,11566,0),(7,11567,0),(7,11572,0),(7,11574,0),(7,11575,0),(7,11578,0),(7,11579,0),(7,11581,0),(7,11582,0),(7,11583,0),(7,11584,0),(7,11587,0),(7,11588,0),(7,11589,0),(7,11591,0),(7,11594,0),(7,11595,0),(7,11597,0),(7,11599,0),(7,11600,0),(7,11601,0),(7,11602,0),(7,11604,0),(7,11606,0),(7,11607,0),(7,11611,0),(7,11612,0),(7,11613,0),(7,11616,0),(7,11617,0),(7,11620,0),(7,11621,0),(7,11622,0),(67,131,0),(67,189,0),(67,205,0),(67,215,0),(67,216,0),(67,217,0),(67,218,0),(67,219,0),(67,224,0),(67,247,0),(67,248,0),(67,249,0),(67,250,0),(67,251,0),(67,252,0),(67,253,0),(67,254,0),(67,255,0),(67,256,0),(67,257,0),(67,298,0),(67,326,0),(67,360,0),(67,361,0),(67,364,0),(67,365,0),(67,372,0),(67,373,0),(67,374,0),(67,375,0),(67,429,0),(67,452,0),(67,477,0),(67,525,0),(67,536,0),(67,537,0),(67,538,0),(67,539,0),(67,540,0),(67,541,0),(67,542,0),(67,543,0),(67,544,0),(67,545,0),(67,546,0),(67,547,0),(67,564,0),(67,565,0),(67,566,0),(67,567,0),(67,568,0),(67,569,0),(67,570,0),(67,571,0),(67,572,0),(67,573,0),(67,574,0),(67,575,0),(67,576,0),(67,577,0),(67,578,0),(67,579,0),(67,580,0),(67,581,0),(67,583,0),(67,584,0),(67,585,0),(67,586,0),(67,587,0),(67,588,0),(67,589,0),(67,590,0),(67,591,0),(67,592,0),(67,593,0),(67,594,0),(67,595,0),(67,596,0),(67,597,0),(67,598,0),(67,599,0),(67,601,0),(67,617,0),(67,618,0),(67,623,0),(67,624,0),(67,626,0),(67,628,0),(67,629,0),(67,630,0),(67,631,0),(67,632,0),(67,633,0),(67,634,0),(67,635,0),(67,637,0),(67,653,0),(67,654,0),(67,671,0),(67,678,0),(67,709,0),(67,710,0),(67,717,0),(67,724,0),(67,737,0),(67,738,0),(67,739,0),(67,740,0),(67,751,0),(67,765,0),(67,777,0),(67,778,0),(67,779,0),(67,780,0),(67,781,0),(67,782,0),(67,783,0),(67,791,0),(67,792,0),(67,793,0),(67,794,0),(67,795,0),(67,796,0),(67,797,0),(67,798,0),(67,799,0),(67,800,0),(67,801,0),(67,802,0),(67,803,0),(67,838,0),(67,854,0),(67,855,0),(67,856,0),(67,857,0),(67,862,0),(67,863,0),(67,864,0),(67,865,0),(67,870,0),(67,884,0),(67,903,0),(67,904,0),(67,905,0),(67,906,0),(67,907,0),(67,912,0),(67,913,0),(67,914,0),(67,915,0),(67,916,0),(67,917,0),(67,918,0),(67,919,0),(67,920,0),(67,921,0),(67,922,0),(67,923,0),(67,924,0),(67,925,0),(67,926,0),(67,927,0),(67,928,0),(67,929,0),(67,931,0),(67,935,0),(67,936,0),(67,937,0),(67,938,0),(67,939,0),(67,940,0),(67,941,0),(67,942,0),(67,943,0),(67,945,0),(67,946,0),(67,947,0),(67,948,0),(67,958,0),(67,959,0),(67,960,0),(67,961,0),(67,1010,0),(67,1011,0),(67,1078,0),(67,1130,0),(67,1220,0),(67,1221,0),(67,1222,0),(67,1223,0),(67,1224,0),(67,1225,0),(67,1226,0),(67,1227,0),(67,1228,0),(67,1229,0),(67,1230,0),(67,1231,0),(67,1232,0),(67,1233,0),(67,1234,0),(67,1235,0),(67,1236,0),(67,1238,0),(67,1244,0),(67,1248,0),(67,1249,0),(67,1250,0),(67,1251,0),(67,1252,0),(67,1253,0),(67,1254,0),(67,1256,0),(67,1257,0),(67,1258,0),(67,1259,0),(67,1260,0),(67,1261,0),(67,1262,0),(67,1263,0),(67,1264,0),(67,1265,0),(67,1266,0),(67,1267,0),(67,1268,0),(67,1269,0),(67,1270,0),(67,1271,0),(67,1272,0),(67,1273,0),(67,1274,0),(67,1275,0),(67,1276,0),(67,1278,0),(67,1279,0),(67,1280,0),(67,1281,0),(67,1284,0),(67,1285,0),(67,1286,0),(67,1287,0),(67,1288,0),(67,1289,0),(67,1290,0),(67,1291,0),(67,1292,0),(67,1293,0),(67,1294,0),(67,1295,0),(67,1296,0),(67,1297,0),(67,1298,0),(67,1299,0),(67,1303,0),(67,1304,0),(67,1305,0),(67,1306,0),(67,1307,0),(67,1308,0),(67,1309,0),(67,1310,0),(67,1311,0),(67,1312,0),(67,1313,0),(67,1314,0),(67,1315,0),(67,1316,0),(67,1317,0),(67,1318,0),(67,1319,0),(67,1320,0),(67,1321,0),(67,1322,0),(67,1323,0),(67,1324,0),(67,1326,0),(67,1327,0),(67,1328,0),(67,1329,0),(67,1330,0),(67,1331,0),(67,1332,0),(67,1333,0),(67,1334,0),(67,1335,0),(67,1336,0),(67,1337,0),(67,1338,0),(67,1339,0),(67,1340,0),(67,1341,0),(67,1342,0),(67,1343,0),(67,1344,0),(67,1345,0),(67,1346,0),(67,1347,0),(67,1348,0),(67,1349,0),(67,1350,0),(67,1351,0),(67,1361,0),(67,1364,0),(67,1365,0),(67,1366,0),(67,1367,0),(67,1368,0),(67,1369,0),(67,1370,0),(67,1371,0),(67,1373,0),(67,1374,0),(67,1375,0),(67,1376,0),(67,1377,0),(67,1381,0),(67,1424,0),(67,1425,0),(67,1426,0),(67,1427,0),(67,1428,0),(67,1429,0),(67,1430,0),(67,1431,0),(67,1432,0),(67,1448,0),(67,1504,0),(67,1505,0),(67,1506,0),(67,1507,0),(67,1508,0),(67,1509,0),(67,1510,0),(67,1511,0),(67,1512,0),(67,1513,0),(67,1514,0),(67,1515,0),(67,1516,0),(67,1517,0),(67,1518,0),(67,1519,0),(67,1520,0),(67,1522,0),(67,1523,0),(67,1524,0),(67,1525,0),(67,1526,0),(67,1527,0),(67,1535,0),(67,1536,0),(67,1537,0),(67,1538,0),(67,1539,0),(67,1540,0),(67,1541,0),(67,1542,0),(67,1543,0),(67,1544,0),(67,1545,0),(67,1546,0),(67,1547,0),(67,1548,0),(67,1549,0),(67,1550,0),(67,1551,0),(67,1552,0),(67,1553,0),(67,1554,0),(67,1555,0),(67,1556,0),(67,1557,0),(67,1558,0),(67,1559,0),(67,1560,0),(67,1561,0),(67,1590,0),(67,1591,0),(67,1592,0),(67,1594,0),(67,1595,0),(67,1596,0),(67,1598,0),(67,1599,0),(67,1602,0),(67,1603,0),(67,1604,0),(67,1605,0),(67,1606,0),(67,1607,0),(67,1608,0),(67,1609,0),(67,1610,0),(67,1611,0),(67,1612,0),(67,1613,0),(67,1614,0),(67,1615,0),(67,1616,0),(67,1617,0),(67,1618,0),(67,1619,0),(67,1620,0),(67,1621,0),(67,1622,0),(67,1623,0),(67,1624,0),(67,1625,0),(67,1626,0),(67,1627,0),(67,1628,0),(67,1629,0),(67,1630,0),(67,1631,0),(67,1659,0),(67,1689,0),(67,1690,0),(67,1698,0),(67,1699,0),(67,1700,0),(67,1705,0),(67,1706,0),(67,1707,0),(67,1708,0),(67,1709,0),(67,1710,0),(67,1711,0),(67,1712,0),(67,1713,0),(67,1714,0),(67,1715,0),(67,1718,0),(67,1719,0),(67,1720,0),(67,1723,0),(67,1739,0),(67,1743,0),(67,1744,0),(67,1746,0),(67,1748,0),(67,1749,0),(67,1750,0),(67,1751,0),(67,1752,0),(67,1764,0),(67,1765,0),(67,1766,0),(67,1767,0),(67,1768,0),(67,1769,0),(67,1771,0),(67,1772,0),(67,1773,0),(67,1774,0),(67,1775,0),(67,1776,0),(67,1777,0),(67,1778,0),(67,1779,0),(67,1780,0),(67,1781,0),(67,1782,0),(67,1783,0),(67,1784,0),(67,1785,0),(67,1786,0),(67,1787,0),(67,1788,0),(67,1789,0),(67,1790,0),(67,1791,0),(67,1792,0),(67,1793,0),(67,1794,0),(67,1795,0),(67,1796,0),(67,1797,0),(67,1838,0),(67,1908,0),(67,1912,0),(67,1913,0),(67,1914,0),(67,1929,0),(67,1930,0),(67,1935,0),(67,1937,0),(67,1938,0),(67,1939,0),(67,1940,0),(67,1941,0),(67,1942,0),(67,1943,0),(67,1944,0),(67,1945,0),(67,1947,0),(67,1948,0),(67,1949,0),(67,1950,0),(67,1951,0),(67,1952,0),(67,1954,0),(67,1978,0),(67,2067,0),(67,2068,0),(67,2085,0),(67,2086,0),(67,2087,0),(67,2088,0),(67,2089,0),(67,2090,0),(67,2092,0),(67,2093,0),(67,2094,0),(67,2095,0),(67,2096,0),(67,2097,0),(67,2098,0),(67,2114,0),(67,2115,0),(67,2116,0),(67,2117,0),(67,2118,0),(67,2119,0),(67,2120,0),(67,2121,0),(67,2122,0),(67,2123,0),(67,2124,0),(67,2125,0),(67,2126,0),(67,2127,0),(67,2128,0),(67,2129,0),(67,2130,0),(67,2131,0),(67,2132,0),(67,2133,0),(67,2134,0),(67,2135,0),(67,2136,0),(67,2137,0),(67,2138,0),(67,2139,0),(67,2140,0),(67,2141,0),(67,2142,0),(67,2143,0),(67,2144,0),(67,2145,0),(67,2146,0),(67,2147,0),(67,2148,0),(67,2149,0),(67,2150,0),(67,2151,0),(67,2152,0),(67,2153,0),(67,2154,0),(67,2155,0),(67,2156,0),(67,2157,0),(67,2158,0),(67,2159,0),(67,2160,0),(67,2161,0),(67,2162,0),(67,2163,0),(67,2164,0),(67,2165,0),(67,2166,0),(67,2167,0),(67,2168,0),(67,2169,0),(67,2170,0),(67,2171,0),(67,2172,0),(67,2173,0),(67,2174,0),(67,2175,0),(67,2176,0),(67,2177,0),(67,2178,0),(67,2179,0),(67,2180,0),(67,2181,0),(67,2182,0),(67,2183,0),(67,2184,0),(67,2185,0),(67,2186,0),(67,2187,0),(67,2188,0),(67,2189,0),(67,2190,0),(67,2191,0),(67,2192,0),(67,2193,0),(67,2194,0),(67,2195,0),(67,2196,0),(67,2197,0),(67,2198,0),(67,2199,0),(67,2200,0),(67,2201,0),(67,2202,0),(67,2204,0),(67,2205,0),(67,2206,0),(67,2207,0),(67,2208,0),(67,2209,0),(67,2210,0),(67,2211,0),(67,2212,0),(67,2213,0),(67,2214,0),(67,2215,0),(67,2216,0),(67,2217,0),(67,2218,0),(67,2219,0),(67,2220,0),(67,2221,0),(67,2222,0),(67,2223,0),(67,2224,0),(67,2225,0),(67,2226,0),(67,2227,0),(67,2228,0),(67,2229,0),(67,2230,0),(67,2231,0),(67,2232,0),(67,2233,0),(67,2234,0),(67,2235,0),(67,2236,0),(67,2237,0),(67,2238,0),(67,2239,0),(67,2240,0),(67,2241,0),(67,2242,0),(67,2243,0),(67,2244,0),(67,2245,0),(67,2246,0),(67,2247,0),(67,2248,0),(67,2249,0),(67,2250,0),(67,2251,0),(67,2252,0),(67,2253,0),(67,2254,0),(67,2255,0),(67,2256,0),(67,2257,0),(67,2258,0),(67,2259,0),(67,2260,0),(67,2261,0),(67,2262,0),(67,2263,0),(67,2264,0),(67,2265,0),(67,2266,0),(67,2267,0),(67,2268,0),(67,2269,0),(67,2270,0),(67,2271,0),(67,2272,0),(67,2273,0),(67,2274,0),(67,2275,0),(67,2276,0),(67,2277,0),(67,2278,0),(67,2279,0),(67,2280,0),(67,2281,0),(67,2282,0),(67,2283,0),(67,2284,0),(67,2285,0),(67,2286,0),(67,2287,0),(67,2288,0),(67,2289,0),(67,2290,0),(67,2291,0),(67,2292,0),(67,2293,0),(67,2294,0),(67,2295,0),(67,2296,0),(67,2297,0),(67,2298,0),(67,2299,0),(67,2300,0),(67,2301,0),(67,2302,0),(67,2303,0),(67,2304,0),(67,2305,0),(67,2306,0),(67,2307,0),(67,2308,0),(67,2309,0),(67,2310,0),(67,2311,0),(67,2312,0),(67,2313,0),(67,2314,0),(67,2315,0),(67,2316,0),(67,2317,0),(67,2318,0),(67,2319,0),(67,2320,0),(67,2321,0),(67,2322,0),(67,2323,0),(67,2324,0),(67,2325,0),(67,2326,0),(67,2327,0),(67,2328,0),(67,2329,0),(67,2330,0),(67,2331,0),(67,2332,0),(67,2333,0),(67,2334,0),(67,2335,0),(67,2336,0),(67,2337,0),(67,2338,0),(67,2339,0),(67,2340,0),(67,2341,0),(67,2342,0),(67,2343,0),(67,2344,0),(67,2345,0),(67,2346,0),(67,2347,0),(67,2348,0),(67,2349,0),(67,2350,0),(67,2351,0),(67,2352,0),(67,2353,0),(67,2354,0),(67,2355,0),(67,2356,0),(67,2357,0),(67,2358,0),(67,2359,0),(67,2360,0),(67,2361,0),(67,2362,0),(67,2363,0),(67,2364,0),(67,2365,0),(67,2366,0),(67,2367,0),(67,2368,0),(67,2369,0),(67,2370,0),(67,2371,0),(67,2372,0),(67,2373,0),(67,2374,0),(67,2375,0),(67,2376,0),(67,2377,0),(67,2378,0),(67,2379,0),(67,2380,0),(67,2381,0),(67,2382,0),(67,2383,0),(67,2384,0),(67,2385,0),(67,2386,0),(67,2387,0),(67,2388,0),(67,2389,0),(67,2390,0),(67,2391,0),(67,2392,0),(67,2393,0),(67,2394,0),(67,2400,0),(67,2411,0),(67,2412,0),(67,2416,0),(67,2417,0),(67,2418,0),(67,2419,0),(67,2420,0),(67,2421,0),(67,2422,0),(67,2424,0),(67,2425,0),(67,2426,0),(67,2428,0),(67,2436,0),(67,2493,0),(67,2521,0),(67,2532,0),(67,2533,0),(67,2534,0),(67,2535,0),(67,2536,0),(67,2537,0),(67,2538,0),(67,2539,0),(67,2540,0),(67,2541,0),(67,2624,0),(67,2643,0),(67,2644,0),(67,2645,0),(67,2646,0),(67,2647,0),(67,2648,0),(67,2649,0),(67,2650,0),(67,2651,0),(67,2652,0),(67,2653,0),(67,2654,0),(67,2655,0),(67,2656,0),(67,2657,0),(67,2658,0),(67,2659,0),(67,2660,0),(67,2661,0),(67,2662,0),(67,2664,0),(67,2665,0),(67,2666,0),(67,2667,0),(67,2677,0),(67,2694,0),(67,2707,0),(67,2720,0),(67,2721,0),(67,2722,0),(67,2723,0),(67,2724,0),(67,2725,0),(67,2726,0),(67,2727,0),(67,2728,0),(67,2729,0),(67,2730,0),(67,2731,0),(67,2732,0),(67,2733,0),(67,2734,0),(67,2735,0),(67,2736,0),(67,2737,0),(67,2738,0),(67,2739,0),(67,2740,0),(67,2741,0),(67,2742,0),(67,2743,0),(67,2754,0),(67,2760,0),(67,2762,0),(67,2763,0),(67,2764,0),(67,2767,0),(67,2768,0),(67,2769,0),(67,2770,0),(67,2780,0),(67,2781,0),(67,2782,0),(67,2828,0),(67,2830,0),(67,2917,0),(67,2918,0),(67,2930,0),(67,2938,0),(67,2939,0),(67,2940,0),(67,2941,0),(67,2942,0),(67,2943,0),(67,2944,0),(67,2945,0),(67,2947,0),(67,2949,0),(67,2950,0),(67,2951,0),(67,2956,0),(67,2957,0),(67,2958,0),(67,2959,0),(67,2960,0),(67,2961,0),(67,2962,0),(67,2963,0),(67,2964,0),(67,2965,0),(67,2966,0),(67,2967,0),(67,2968,0),(67,2971,0),(67,2972,0),(67,2973,0),(67,2974,0),(67,2975,0),(67,2976,0),(67,2977,0),(67,2982,0),(67,2983,0),(67,2987,0),(67,2990,0),(67,2991,0),(67,2992,0),(67,2993,0),(67,2994,0),(67,2995,0),(67,2996,0),(67,2997,0),(67,2998,0),(67,2999,0),(67,3000,0),(67,3001,0),(67,3002,0),(67,3003,0),(67,3004,0),(67,3005,0),(67,3006,0),(67,3007,0),(67,3008,0),(67,3009,0),(67,3011,0),(67,3012,0),(67,3013,0),(67,3014,0),(67,3015,0),(67,3016,0),(67,3017,0),(67,3018,0),(67,3019,0),(67,3020,0),(67,3021,0),(67,3022,0),(67,3023,0),(67,3027,0),(67,3028,0),(67,3029,0),(67,3030,0),(67,3031,0),(67,3032,0),(67,3033,0),(67,3034,0),(67,3035,0),(67,3036,0),(67,3037,0),(67,3038,0),(67,3039,0),(67,3040,0),(67,3041,0),(67,3042,0),(67,3043,0),(67,3044,0),(67,3045,0),(67,3046,0),(67,3047,0),(67,3048,0),(67,3049,0),(67,3050,0),(67,3051,0),(67,3052,0),(67,3053,0),(67,3056,0),(67,3057,0),(67,3058,0),(67,3060,0),(67,3061,0),(67,3062,0),(67,3063,0),(67,3064,0),(67,3065,0),(67,3066,0),(67,3067,0),(67,3068,0),(67,3070,0),(67,3071,0),(67,3072,0),(67,3073,0),(67,3074,0),(67,3075,0),(67,3076,0),(67,3077,0),(67,3078,0),(67,3079,0),(67,3080,0),(67,3081,0),(67,3082,0),(67,3083,0),(67,3084,0),(67,3085,0),(67,3086,0),(67,3087,0),(67,3088,0),(67,3089,0),(67,3090,0),(67,3091,0),(67,3092,0),(67,3093,0),(67,3094,0),(67,3095,0),(67,3097,0),(67,3102,0),(67,3103,0),(67,3104,0),(67,3105,0),(67,3106,0),(67,3107,0),(67,3108,0),(67,3109,0),(67,3110,0),(67,3111,0),(67,3112,0),(67,3114,0),(67,3115,0),(67,3116,0),(67,3118,0),(67,3119,0),(67,3120,0),(67,3121,0),(67,3122,0),(67,3123,0),(67,3142,0),(67,3144,0),(67,3145,0),(67,3146,0),(67,3147,0),(67,3148,0),(67,3149,0),(67,3150,0),(67,3151,0),(67,3152,0),(67,3153,0),(67,3154,0),(67,3155,0),(67,3156,0),(67,3157,0),(67,3158,0),(67,3159,0),(67,3160,0),(67,3165,0),(67,3166,0),(67,3167,0),(67,3172,0),(67,3173,0),(67,3174,0),(67,3175,0),(67,3179,0),(67,3180,0),(67,3184,0),(67,3185,0),(67,3187,0),(67,3188,0),(67,3189,0),(67,3190,0),(67,3191,0),(67,3192,0),(67,3193,0),(67,3194,0),(67,3198,0),(67,3199,0),(67,3200,0),(67,3202,0),(67,3203,0),(67,3204,0),(67,3205,0),(67,3206,0),(67,3207,0),(67,3228,0),(67,3229,0),(67,3244,0),(67,3246,0),(67,3247,0),(67,3248,0),(67,3249,0),(67,3250,0),(67,3251,0),(67,3253,0),(67,3254,0),(67,3255,0),(67,3256,0),(67,3257,0),(67,3258,0),(67,3260,0),(67,3261,0),(67,3262,0),(67,3263,0),(67,3264,0),(67,3265,0),(67,3266,0),(67,3267,0),(67,3268,0),(67,3269,0),(67,3270,0),(67,3288,0),(67,3327,0),(67,3358,0),(67,3359,0),(67,3360,0),(67,3361,0),(67,3362,0),(67,3363,0),(67,3364,0),(67,3365,0),(67,3366,0),(67,3480,0),(67,3488,0),(67,3558,0),(67,3573,0),(67,3575,0),(67,3583,0),(67,3584,0),(67,3615,0),(67,3682,0),(67,3754,0),(67,3806,0),(67,3807,0),(67,3982,0),(67,4091,0),(67,4092,0),(67,4143,0),(67,4160,0),(67,4177,0),(67,4194,0),(67,4195,0),(67,4196,0),(67,4197,0),(67,4198,0),(67,4199,0),(67,4200,0),(67,4201,0),(67,4202,0),(67,4203,0),(67,4204,0),(67,4205,0),(67,4206,0),(67,4221,0),(67,4241,0),(67,4256,0),(67,4257,0),(67,4258,0),(67,4372,0),(67,4373,0),(67,4374,0),(67,4375,0),(67,4376,0),(67,4377,0),(67,4378,0),(67,4379,0),(67,4380,0),(67,4381,0),(67,4382,0),(67,4383,0),(67,4384,0),(67,4385,0),(67,4386,0),(67,4387,0),(67,4388,0),(67,4389,0),(67,4390,0),(67,4400,0),(67,4402,0),(67,4404,0),(67,4405,0),(67,4406,0),(67,4409,0),(67,4418,0),(67,4444,0),(67,4482,0),(67,4483,0),(67,4484,0),(67,4485,0),(67,4496,0),(67,4497,0),(67,4513,0),(67,4525,0),(67,4624,0),(67,4626,0),(67,4640,0),(67,4645,0),(67,4646,0),(67,4647,0),(67,4648,0),(67,4649,0),(67,4650,0),(67,4651,0),(67,4689,0),(67,4696,0),(67,4697,0),(67,4704,0),(67,4705,0),(67,4706,0),(67,4707,0),(67,4708,0),(67,4742,0),(67,4744,0),(67,4776,0),(67,4778,0),(67,4781,0),(67,4822,0),(67,4838,0),(67,4839,0),(67,4840,0),(67,4841,0),(67,4851,0),(67,4852,0),(67,4853,0),(67,4854,0),(67,4855,0),(67,4856,0),(67,4858,0),(67,4859,0),(67,4860,0),(67,4861,0),(67,4862,0),(67,4863,0),(67,4864,0),(67,4865,0),(67,4866,0),(67,4868,0),(67,4869,0),(67,4870,0),(67,4871,0),(67,4872,0),(67,4873,0),(67,4874,0),(67,4875,0),(67,4876,0),(67,4877,0),(67,4878,0),(67,4879,0),(67,4880,0),(67,4881,0),(67,4882,0),(67,4883,0),(67,4884,0),(67,4885,0),(67,4886,0),(67,4887,0),(67,4888,0),(67,4889,0),(67,4890,0),(67,4891,0),(67,4892,0),(67,4893,0),(67,4894,0),(67,4895,0),(67,4896,0),(67,4897,0),(67,4898,0),(67,4899,0),(67,4900,0),(67,4901,0),(67,4902,0),(67,4903,0),(67,4904,0),(67,4905,0),(67,4906,0),(67,4907,0),(67,4908,0),(67,4909,0),(67,4910,0),(67,4911,0),(67,4912,0),(67,4913,0),(67,4914,0),(67,4915,0),(67,4916,0),(67,4951,0),(67,4952,0),(67,4953,0),(67,4954,0),(67,4957,0),(67,4958,0),(67,4959,0),(67,4961,0),(67,4962,0),(67,4963,0),(67,4964,0),(67,4965,0),(67,4966,0),(67,4967,0),(67,4968,0),(67,4969,0),(67,4970,0),(67,4971,0),(67,4972,0),(67,4973,0),(67,4974,0),(67,4975,0),(67,4976,0),(67,4977,0),(67,4978,0),(67,4979,0),(67,4980,0),(67,4981,0),(67,4982,0),(67,4983,0),(67,4984,0),(67,4985,0),(67,4986,0),(67,4987,0),(67,4988,0),(67,4989,0),(67,4990,0),(67,4991,0),(67,4992,0),(67,4993,0),(67,4994,0),(67,4995,0),(67,4996,0),(67,4997,0),(67,4998,0),(67,4999,0),(67,5000,0),(67,5001,0),(67,5002,0),(67,5003,0),(67,5005,0),(67,5006,0),(67,5007,0),(67,5008,0),(67,5009,0),(67,5010,0),(67,5011,0),(67,5012,0),(67,5013,0),(67,5021,0),(67,5022,0),(67,5023,0),(67,5024,0),(67,5025,0),(67,5026,0),(67,5027,0),(67,5028,0),(67,5029,0),(67,5030,0),(67,5031,0),(67,5032,0),(67,5041,0),(67,5042,0),(67,5043,0),(67,5044,0),(67,5045,0),(67,5046,0),(67,5047,0),(67,5048,0),(67,5049,0),(67,5050,0),(67,5051,0),(67,5052,0),(67,5053,0),(67,5054,0),(67,5074,0),(67,5075,0),(67,5076,0),(67,5077,0),(67,5080,0),(67,5081,0),(67,5082,0),(67,5083,0),(67,5084,0),(67,5085,0),(67,5086,0),(67,5092,0),(67,5093,0),(67,5094,0),(67,5095,0),(67,5097,0),(67,5098,0),(67,5099,0),(67,5104,0),(67,5105,0),(67,5106,0),(67,5107,0),(67,5108,0),(67,5109,0),(67,5110,0),(67,5111,0),(67,5207,0),(67,5208,0),(67,5209,0),(67,5210,0),(67,5211,0),(67,5212,0),(67,5213,0),(67,5214,0),(67,5215,0),(67,5216,0),(67,5217,0),(67,5218,0),(67,5219,0),(67,5220,0),(67,5221,0),(67,5222,0),(67,5223,0),(67,5224,0),(67,5225,0),(67,5226,0),(67,5227,0),(67,5228,0),(67,5229,0),(67,5230,0),(67,5231,0),(67,5232,0),(67,5233,0),(67,5285,0),(67,5325,0),(67,5354,0),(67,5357,0),(67,5366,0),(67,5398,0),(67,5462,0),(67,5473,0),(67,5488,0),(67,5505,0),(67,5517,0),(67,5522,0),(67,5523,0),(67,5530,0),(67,5536,0),(67,5538,0),(67,5551,0),(67,5552,0),(67,5573,0),(67,5650,0),(67,5651,0),(67,5652,0),(67,5653,0),(67,5654,0),(67,5656,0),(67,5657,0),(67,5658,0),(67,5702,0),(67,5781,0),(67,5809,0),(67,5811,0),(67,5812,0),(67,5813,0),(67,5900,0),(67,5901,0),(67,5902,0),(67,5903,0),(67,5904,0),(67,5905,0),(67,5934,0),(67,5941,0),(67,5942,0),(67,5943,0),(67,5944,0),(67,5945,0),(67,5946,0),(67,5948,0),(67,5949,0),(67,5958,0),(67,5971,0),(67,5972,0),(67,5973,0),(67,5974,0),(67,5975,0),(67,5976,0),(67,5977,0),(67,5978,0),(67,5979,0),(67,5993,0),(67,5994,0),(67,5995,0),(67,5996,0),(67,5997,0),(67,5998,0),(67,6000,0),(67,6001,0),(67,6007,0),(67,6008,0),(67,6009,0),(67,6010,0),(67,6011,0),(67,6012,0),(67,6013,0),(67,6014,0),(67,6015,0),(67,6016,0),(67,6017,0),(67,6018,0),(67,6019,0),(67,6020,0),(67,6039,0),(67,6043,0),(67,6044,0),(67,6045,0),(67,6046,0),(67,6047,0),(67,6048,0),(67,6049,0),(67,6050,0),(67,6053,0),(67,6056,0),(67,6057,0),(67,6058,0),(67,6059,0),(67,6060,0),(67,6061,0),(67,6064,0),(67,6065,0),(67,6066,0),(67,6067,0),(67,6068,0),(67,6069,0),(67,6070,0),(67,6071,0),(67,6073,0),(67,6074,0),(67,6075,0),(67,6076,0),(67,6077,0),(67,6079,0),(67,6080,0),(67,6081,0),(67,6082,0),(67,6083,0),(67,6084,0),(67,6095,0),(67,6098,0),(67,6108,0),(67,6120,0),(67,6121,0),(67,6122,0),(67,6123,0),(67,6124,0),(67,6133,0),(67,6134,0),(67,6135,0),(67,6136,0),(67,6137,0),(67,6138,0),(67,6139,0),(67,6140,0),(67,6141,0),(67,6142,0),(67,6143,0),(67,6144,0),(67,6145,0),(67,6146,0),(67,6147,0),(67,6148,0),(67,6149,0),(67,6150,0),(67,6151,0),(67,6152,0),(67,6153,0),(67,6154,0),(67,6207,0),(67,6218,0),(67,6222,0),(67,6233,0),(67,6267,0),(67,6290,0),(67,6291,0),(67,6294,0),(67,6295,0),(67,6297,0),(67,6304,0),(67,6311,0),(67,6312,0),(67,6314,0),(67,6315,0),(67,6316,0),(67,6321,0),(67,6322,0),(67,6324,0),(67,6325,0),(67,6326,0),(67,6327,0),(67,6328,0),(67,6329,0),(67,6330,0),(67,6331,0),(67,6332,0),(67,6333,0),(67,6334,0),(67,6335,0),(67,6336,0),(67,6337,0),(67,6338,0),(67,6339,0),(67,6341,0),(67,6342,0),(67,6343,0),(67,6344,0),(67,6345,0),(67,6346,0),(67,6347,0),(67,6348,0),(67,6349,0),(67,6350,0),(67,6351,0),(67,6352,0),(67,6354,0),(67,6355,0),(67,6356,0),(67,6357,0),(67,6358,0),(67,6359,0),(67,6360,0),(67,6361,0),(67,6362,0),(67,6365,0),(67,6402,0),(67,6403,0),(67,6404,0),(67,6405,0),(67,6411,0),(67,6467,0),(67,6471,0),(67,6520,0),(67,6529,0),(67,6566,0),(67,6600,0),(67,6676,0),(67,6677,0),(67,6727,0),(67,6728,0),(67,6729,0),(67,6730,0),(67,6731,0),(67,6755,0),(67,6762,0),(67,6800,0),(67,6809,0),(67,6810,0),(67,6811,0),(67,6812,0),(67,6813,0),(67,6814,0),(67,6832,0),(67,6847,0),(67,6857,0),(67,6872,0),(67,6909,0),(67,6910,0),(67,6911,0),(67,6912,0),(67,6913,0),(67,6914,0),(67,6915,0),(67,6918,0),(67,6919,0),(67,6920,0),(67,6926,0),(67,6927,0),(67,6928,0),(67,6929,0),(67,7000,0),(67,7015,0),(67,7075,0),(67,7192,0),(67,7193,0),(67,7202,0),(67,7217,0),(67,7218,0),(67,7277,0),(67,7278,0),(67,7303,0),(67,7304,0),(67,7305,0),(67,7306,0),(67,7307,0),(67,7308,0),(67,7309,0),(67,7310,0),(67,7311,0),(67,7313,0),(67,7314,0),(67,7315,0),(67,7323,0),(67,7334,0),(67,7335,0),(67,7357,0),(67,7358,0),(67,7359,0),(67,7360,0),(67,7362,0),(67,7363,0),(67,7364,0),(67,7365,0),(67,7366,0),(67,7367,0),(67,7368,0),(67,7387,0),(67,7388,0),(67,7389,0),(67,7394,0),(67,7418,0),(67,7419,0),(67,7420,0),(67,7421,0),(67,7422,0),(67,7423,0),(67,7424,0),(67,7426,0),(67,7427,0),(67,7428,0),(67,7447,0),(67,7477,0),(67,7482,0),(67,7487,0),(67,7489,0),(67,7490,0),(67,7494,0),(67,7495,0),(67,7496,0),(67,7503,0),(67,7508,0),(67,7553,0),(67,7554,0),(67,7555,0),(67,7599,0),(67,7612,0),(67,7618,0),(67,7672,0),(67,7673,0),(67,7674,0),(67,7675,0),(67,7676,0),(67,7722,0),(67,7723,0),(67,7724,0),(67,7725,0),(67,7726,0),(67,7727,0),(67,7728,0),(67,7729,0),(67,7730,0),(67,7731,0),(67,7732,0),(67,7733,0),(67,7734,0),(67,7735,0),(67,7736,0),(67,7737,0),(67,7738,0),(67,7739,0),(67,7771,0),(67,7772,0),(67,7773,0),(67,7774,0),(67,7775,0),(67,7776,0),(67,7777,0),(67,7778,0),(67,7779,0),(67,7780,0),(67,7901,0),(67,7902,0),(67,7903,0),(67,7904,0),(67,7905,0),(67,7906,0),(67,7960,0),(67,7961,0),(67,7962,0),(67,7963,0),(67,7964,0),(67,7976,0),(67,8014,0),(67,8039,0),(67,8042,0),(67,8043,0),(67,8044,0),(67,8045,0),(67,8046,0),(67,8047,0),(67,8048,0),(67,8049,0),(67,8050,0),(67,8051,0),(67,8052,0),(67,8053,0),(67,8054,0),(67,8055,0),(67,8056,0),(67,8057,0),(67,8071,0),(67,8072,0),(67,8079,0),(67,8080,0),(67,8081,0),(67,8082,0),(67,8083,0),(67,8084,0),(67,8085,0),(67,8086,0),(67,8087,0),(67,8088,0),(67,8089,0),(67,8090,0),(67,8091,0),(67,8092,0),(67,8093,0),(67,8094,0),(67,8095,0),(67,8096,0),(67,8097,0),(67,8098,0),(67,8099,0),(67,8100,0),(67,8101,0),(67,8102,0),(67,8103,0),(67,8104,0),(67,8105,0),(67,8106,0),(67,8107,0),(67,8108,0),(67,8109,0),(67,8110,0),(67,8111,0),(67,8112,0),(67,8113,0),(67,8114,0),(67,8115,0),(67,8116,0),(67,8117,0),(67,8118,0),(67,8119,0),(67,8120,0),(67,8121,0),(67,8122,0),(67,8123,0),(67,8124,0),(67,8125,0),(67,8126,0),(67,8127,0),(67,8128,0),(67,8129,0),(67,8130,0),(67,8131,0),(67,8132,0),(67,8133,0),(67,8134,0),(67,8135,0),(67,8136,0),(67,8137,0),(67,8138,0),(67,8139,0),(67,8140,0),(67,8141,0),(67,8142,0),(67,8143,0),(67,8144,0),(67,8145,0),(67,8146,0),(67,8147,0),(67,8159,0),(67,8160,0),(67,8162,0),(67,8163,0),(67,8164,0),(67,8165,0),(67,8166,0),(67,8167,0),(67,8168,0),(67,8169,0),(67,8170,0),(67,8184,0),(67,8185,0),(67,8186,0),(67,8187,0),(67,8188,0),(67,8191,0),(67,8194,0),(67,8195,0),(67,8197,0),(67,8201,0),(67,8295,0),(67,8311,0),(67,8312,0),(67,8313,0),(67,8314,0),(67,8436,0),(67,8437,0),(67,8439,0),(67,8440,0),(67,8441,0),(67,8443,0),(67,8444,0),(67,8445,0),(67,8446,0),(67,8447,0),(67,8448,0),(67,8449,0),(67,8450,0),(67,8452,0),(67,8453,0),(67,8455,0),(67,8456,0),(67,8457,0),(67,8458,0),(67,8564,0),(67,8590,0),(67,8591,0),(67,8592,0),(67,8604,0),(67,8606,0),(67,8607,0),(67,8608,0),(67,8609,0),(67,8610,0),(67,8611,0),(67,8612,0),(67,8614,0),(67,8615,0),(67,8616,0),(67,8617,0),(67,8618,0),(67,8619,0),(67,8620,0),(67,8621,0),(67,8622,0),(67,8623,0),(67,8624,0),(67,8625,0),(67,8626,0),(67,8627,0),(67,8628,0),(67,8629,0),(67,8630,0),(67,8631,0),(67,8632,0),(67,8633,0),(67,8634,0),(67,8635,0),(67,8636,0),(67,8637,0),(67,8638,0),(67,8639,0),(67,8640,0),(67,8641,0),(67,8642,0),(67,8643,0),(67,8644,0),(67,8645,0),(67,8646,0),(67,8647,0),(67,8648,0),(67,8649,0),(67,8650,0),(67,8651,0),(67,8652,0),(67,8653,0),(67,8654,0),(67,8655,0),(67,8656,0),(67,8677,0),(67,8678,0),(67,8679,0),(67,8680,0),(67,8681,0),(67,8682,0),(67,8834,0),(67,8835,0),(67,8837,0),(67,8838,0),(67,8887,0),(67,8888,0),(67,8889,0),(67,8890,0),(67,8895,0),(67,8896,0),(67,8897,0),(67,8898,0),(67,8899,0),(67,8900,0),(67,8901,0),(67,8902,0),(67,8903,0),(67,8906,0),(67,8909,0),(67,8911,0),(67,8912,0),(67,8913,0),(67,8914,0),(67,8915,0),(67,8928,0),(67,8933,0),(67,8934,0),(67,8935,0),(67,8937,0),(67,8938,0),(67,8985,0),(67,9004,0),(67,9042,0),(67,9047,0),(67,9048,0),(67,9049,0),(67,9050,0),(67,9051,0),(67,9052,0),(67,9053,0),(67,9054,0),(67,9055,0),(67,9056,0),(67,9060,0),(67,9061,0),(67,9068,0),(67,9069,0),(67,9071,0),(67,9072,0),(67,9073,0),(67,9074,0),(67,9076,0),(67,9077,0),(67,9078,0),(67,9079,0),(67,9080,0),(67,9081,0),(67,9082,0),(67,9083,0),(67,9084,0),(67,9088,0),(67,9094,0),(67,9097,0),(67,9101,0),(67,9102,0),(67,9103,0),(67,9107,0),(67,9108,0),(67,9109,0),(67,9110,0),(67,9111,0),(67,9112,0),(67,9113,0),(67,9114,0),(67,9115,0),(67,9116,0),(67,9117,0),(67,9119,0),(67,9120,0),(67,9121,0),(67,9122,0),(67,9123,0),(67,9124,0),(67,9125,0),(67,9126,0),(67,9127,0),(67,9128,0),(67,9129,0),(67,9130,0),(67,9131,0),(67,9133,0),(67,9134,0),(67,9135,0),(67,9136,0),(67,9137,0),(67,9138,0),(67,9139,0),(67,9140,0),(67,9141,0),(67,9142,0),(67,9143,0),(67,9145,0),(67,9146,0),(67,9147,0),(67,9148,0),(67,9149,0),(67,9150,0),(67,9151,0),(67,9152,0),(67,9154,0),(67,9155,0),(67,9158,0),(67,9160,0),(67,9161,0),(67,9162,0),(67,9163,0),(67,9164,0),(67,9166,0),(67,9167,0),(67,9168,0),(67,9169,0),(67,9172,0),(67,9173,0),(67,9174,0),(67,9175,0),(67,9176,0),(67,9177,0),(67,9178,0),(67,9179,0),(67,9180,0),(67,9181,0),(67,9182,0),(67,9183,0),(67,9184,0),(67,9185,0),(67,9186,0),(67,9187,0),(67,9190,0),(67,9191,0),(67,9192,0),(67,9195,0),(67,9201,0),(67,9202,0),(67,9203,0),(67,9204,0),(67,9205,0),(67,9207,0),(67,9208,0),(67,9209,0),(67,9210,0),(67,9211,0),(67,9212,0),(67,9213,0),(67,9214,0),(67,9215,0),(67,9216,0),(67,9217,0),(67,9218,0),(67,9219,0),(67,9220,0),(67,9221,0),(67,9222,0),(67,9223,0),(67,9224,0),(67,9225,0),(67,9226,0),(67,9227,0),(67,9228,0),(67,9229,0),(67,9230,0),(67,9231,0),(67,9232,0),(67,9233,0),(67,9234,0),(67,9235,0),(67,9236,0),(67,9237,0),(67,9238,0),(67,9241,0),(67,9257,0),(67,9258,0),(67,9259,0),(67,9260,0),(67,9261,0),(67,9262,0),(67,9263,0),(67,9264,0),(67,9266,0),(67,9271,0),(67,9272,0),(67,9273,0),(67,9274,0),(67,9275,0),(67,9276,0),(67,9277,0),(67,9278,0),(67,9279,0),(67,9283,0),(67,9284,0),(67,9285,0),(67,9287,0),(67,9288,0),(67,9324,0),(67,9325,0),(67,9326,0),(67,9327,0),(67,9328,0),(67,9330,0),(67,9331,0),(67,9332,0),(67,9333,0),(67,9336,0),(67,9337,0),(67,9355,0),(67,9387,0),(67,9388,0),(67,9395,0),(67,9406,0),(67,9418,0),(67,9419,0),(67,9423,0),(67,9424,0),(67,9439,0),(67,9440,0),(67,9442,0),(67,9452,0),(67,9457,0),(67,9463,0),(67,9464,0),(67,9465,0),(67,9478,0),(67,9480,0),(67,9481,0),(67,9482,0),(67,9483,0),(67,9484,0),(67,9485,0),(67,9486,0),(67,9491,0),(67,9506,0),(67,9508,0),(67,9510,0),(67,9526,0),(67,9534,0),(67,9535,0),(67,9537,0),(67,9539,0),(67,9543,0),(67,9551,0),(67,9552,0),(67,9568,0),(67,9574,0),(67,9575,0),(67,9576,0),(67,9596,0),(67,9597,0),(67,9598,0),(67,9636,0),(67,9643,0),(67,9645,0),(67,9649,0),(67,9652,0),(67,9664,0),(67,9688,0),(67,9689,0),(67,9691,0),(67,9693,0),(67,9694,0),(67,9695,0),(67,9696,0),(67,9697,0),(67,9698,0),(67,9699,0),(67,9700,0),(67,9701,0),(67,9702,0),(67,9706,0),(67,9707,0),(67,9708,0),(67,9709,0),(67,9711,0),(67,9712,0),(67,9713,0),(67,9715,0),(67,9716,0),(67,9717,0),(67,9718,0),(67,9719,0),(67,9720,0),(67,9721,0),(67,9722,0),(67,9723,0),(67,9724,0),(67,9726,0),(67,9728,0),(67,9729,0),(67,9730,0),(67,9780,0),(67,9786,0),(67,9791,0),(67,9792,0),(67,9793,0),(67,9794,0),(67,9795,0),(67,9796,0),(67,9797,0),(67,9798,0),(67,9799,0),(67,9800,0),(67,9801,0),(67,9802,0),(67,9803,0),(67,9804,0),(67,9805,0),(67,9857,0),(67,9882,0),(67,9884,0),(67,9885,0),(67,9886,0),(67,9891,0),(67,9892,0),(67,9893,0),(67,9899,0),(67,9900,0),(67,9901,0),(67,9902,0),(67,9903,0),(67,9904,0),(67,9905,0),(67,9906,0),(67,9913,0),(67,9933,0),(67,9948,0),(67,10025,0),(67,10026,0),(67,10031,0),(67,10034,0),(67,10082,0),(67,10083,0),(67,10121,0),(67,10122,0),(67,10123,0),(67,10144,0),(67,10145,0),(67,10184,0),(67,10190,0),(67,10191,0),(67,10192,0),(67,10193,0),(67,10194,0),(67,10195,0),(67,10196,0),(67,10197,0),(67,10198,0),(67,10204,0),(67,10205,0),(67,10206,0),(67,10207,0),(67,10208,0),(67,10209,0),(67,10210,0),(67,10211,0),(67,10212,0),(67,10213,0),(67,10214,0),(67,10229,0),(67,10230,0),(67,10231,0),(67,10232,0),(67,10233,0),(67,10234,0),(67,10235,0),(67,10236,0),(67,10237,0),(67,10238,0),(67,10239,0),(67,10240,0),(67,10241,0),(67,10242,0),(67,10243,0),(67,10244,0),(67,10245,0),(67,10246,0),(67,10247,0),(67,10248,0),(67,10249,0),(67,10250,0),(67,10251,0),(67,10252,0),(67,10253,0),(67,10329,0),(67,10330,0),(67,10369,0),(67,10420,0),(67,10421,0),(67,10426,0),(67,10443,0),(67,10444,0),(67,10445,0),(67,10446,0),(67,10447,0),(67,10448,0),(67,10449,0),(67,10450,0),(67,10451,0),(67,10452,0),(67,10453,0),(67,10454,0),(67,10455,0),(67,10456,0),(67,10457,0),(67,10458,0),(67,10459,0),(67,10460,0),(67,10462,0),(67,10463,0),(67,10464,0),(67,10465,0),(67,10466,0),(67,10467,0),(67,10468,0),(67,10469,0),(67,10470,0),(67,10471,0),(67,10475,0),(67,10477,0),(67,10478,0),(67,10479,0),(67,10480,0),(67,10481,0),(67,10482,0),(67,10483,0),(67,10484,0),(67,10485,0),(67,10486,0),(67,10487,0),(67,10488,0),(67,10489,0),(67,10490,0),(67,10491,0),(67,10492,0),(67,10493,0),(67,10494,0),(67,10495,0),(67,10496,0),(67,10497,0),(67,10498,0),(67,10499,0),(67,10500,0),(67,10501,0),(67,10502,0),(67,10506,0),(67,10507,0),(67,10508,0),(67,10511,0),(67,10512,0),(67,10513,0),(67,10514,0),(67,10515,0),(67,10516,0),(67,10540,0),(67,10541,0),(67,10542,0),(67,10543,0),(67,10679,0),(67,10685,0),(67,10686,0),(67,10687,0),(67,10729,0),(67,10738,0),(67,10739,0),(67,10770,0),(67,10771,0),(67,10772,0),(67,10773,0),(67,10774,0),(67,10775,0),(67,10776,0),(67,10777,0),(67,10778,0),(67,10779,0),(67,10780,0),(67,10784,0),(67,10785,0),(67,10807,0),(67,10930,0),(67,10934,0),(67,10966,0),(67,11002,0),(67,11113,0),(67,11114,0),(67,11152,0),(67,11153,0),(67,11154,0),(67,11156,0),(67,11157,0),(67,11158,0),(67,11159,0),(67,11160,0),(67,11161,0),(67,11162,0),(67,11174,0),(67,11178,0),(67,11236,0),(67,11264,0),(67,11265,0),(67,11266,0),(67,11268,0),(67,11269,0),(67,11270,0),(67,11272,0),(67,11273,0),(67,11287,0),(67,11378,0),(67,11379,0),(67,11383,0),(67,11384,0),(67,11385,0),(67,11386,0),(67,11389,0),(67,11402,0),(67,11526,0),(67,11585,0),(101,241,0),(101,242,0),(101,243,0),(101,244,0),(101,245,0),(101,246,0),(101,362,0),(101,363,0),(101,378,0),(101,379,0),(101,501,0),(101,502,0),(101,503,0),(101,504,0),(101,582,0),(101,621,0),(101,834,0),(101,835,0),(101,836,0),(101,852,0),(101,853,0),(101,858,0),(101,859,0),(101,860,0),(101,861,0),(101,866,0),(101,867,0),(101,1283,0),(101,1300,0),(101,1301,0),(101,1302,0),(101,1325,0),(101,1521,0),(101,1770,0),(101,1936,0),(101,2091,0),(101,2203,0),(101,2413,0),(101,2414,0),(101,2415,0),(101,2663,0),(101,2668,0),(101,2669,0),(101,2670,0),(101,2766,0),(101,2932,0),(101,2933,0),(101,2934,0),(101,2935,0),(101,2936,0),(101,2937,0),(101,2948,0),(101,2952,0),(101,2953,0),(101,2954,0),(101,2978,0),(101,2979,0),(101,2980,0),(101,2981,0),(101,2984,0),(101,2985,0),(101,2986,0),(101,2988,0),(101,2989,0),(101,3024,0),(101,3025,0),(101,3054,0),(101,3055,0),(101,3069,0),(101,3096,0),(101,3098,0),(101,3099,0),(101,3100,0),(101,3101,0),(101,3113,0),(101,3117,0),(101,3124,0),(101,3125,0),(101,3126,0),(101,3127,0),(101,3128,0),(101,3129,0),(101,3130,0),(101,3131,0),(101,3132,0),(101,3133,0),(101,3134,0),(101,3135,0),(101,3136,0),(101,3137,0),(101,3138,0),(101,3139,0),(101,3140,0),(101,3141,0),(101,3161,0),(101,3162,0),(101,3163,0),(101,3164,0),(101,3168,0),(101,3169,0),(101,3181,0),(101,3182,0),(101,3183,0),(101,3208,0),(101,3209,0),(101,3210,0),(101,3211,0),(101,3243,0),(101,3245,0),(101,3259,0),(101,4242,0),(101,4243,0),(101,4244,0),(101,4521,0),(101,4867,0),(101,5520,0),(101,5521,0),(101,5537,0),(101,5991,0),(101,5999,0),(101,6040,0),(101,6130,0),(101,6184,0),(101,6185,0),(101,6292,0),(101,6293,0),(101,6296,0),(101,6306,0),(101,6307,0),(101,6308,0),(101,6309,0),(101,6310,0),(101,6340,0),(101,6353,0),(101,6363,0),(101,7104,0),(101,7200,0),(101,7249,0),(101,7289,0),(101,7290,0),(101,7291,0),(101,7346,0),(101,7347,0),(101,7348,0),(101,7349,0),(101,7350,0),(101,7351,0),(101,7352,0),(101,7353,0),(101,7354,0),(101,7355,0),(101,7356,0),(101,7361,0),(101,7369,0),(101,7370,0),(101,7371,0),(101,7372,0),(101,7373,0),(101,7531,0),(101,7713,0),(101,8171,0),(101,8172,0),(101,8173,0),(101,8174,0),(101,8175,0),(101,8176,0),(101,8177,0),(101,8178,0),(101,8179,0),(101,8180,0),(101,8181,0),(101,8182,0),(101,8183,0),(101,8434,0),(101,8435,0),(101,8438,0),(101,8459,0),(101,8460,0),(101,8461,0),(101,8462,0),(101,8605,0),(101,8613,0),(101,8657,0),(101,8658,0),(101,8659,0),(101,8660,0),(101,8661,0),(101,8662,0),(101,8663,0),(101,8664,0),(101,8665,0),(101,8666,0),(101,8667,0),(101,8668,0),(101,8669,0),(101,8670,0),(101,8671,0),(101,8672,0),(101,8673,0),(101,8674,0),(101,8675,0),(101,8676,0),(101,8833,0),(101,8894,0),(101,8904,0),(101,8905,0),(101,8907,0),(101,8908,0),(101,8910,0),(101,8936,0),(101,9118,0),(101,9132,0),(101,9144,0),(101,9267,0),(101,9268,0),(101,9269,0),(101,9270,0),(101,9280,0),(101,9281,0),(101,9282,0),(101,9286,0),(101,9323,0),(101,9408,0),(101,9447,0),(101,9705,0),(101,9714,0),(101,9725,0),(101,9727,0),(101,10080,0),(101,10081,0),(101,10103,0),(101,10328,0),(101,10509,0),(101,11036,0),(101,11037,0),(101,11039,0),(101,11045,0),(101,11112,0),(101,11577,0),(292,4209,0);

--
-- Table structure for table `ps_category_shop`
--

CREATE TABLE `ps_category_shop` (
  `id_category` int(11) NOT NULL,
  `id_shop` int(11) NOT NULL,
  `position` int(10) unsigned NOT NULL DEFAULT '0',
  PRIMARY KEY (`id_category`,`id_shop`)
) ENGINE=InnoDB DEFAULT CHARSET=utf8;

--
-- Dumping data for table `ps_category_shop`
--

INSERT INTO `ps_category_shop` VALUES (1,1,0),(2,1,0),(3,1,0),(4,1,1),(5,1,0),(7,1,2),(8,1,0),(9,1,0),(10,1,0),(11,1,0),(12,1,0),(13,1,0),(14,1,0),(15,1,0),(16,1,0),(17,1,0),(18,1,0),(19,1,0),(20,1,0),(21,1,0),(22,1,0),(23,1,0),(24,1,0),(25,1,0),(26,1,0),(27,1,0),(28,1,0),(29,1,0),(30,1,0),(31,1,0),(32,1,0),(33,1,0),(34,1,0),(35,1,0),(36,1,0),(37,1,0),(38,1,0),(39,1,0),(40,1,0),(41,1,0),(42,1,0),(43,1,0),(44,1,0),(45,1,0),(46,1,0),(47,1,0),(48,1,0),(49,1,0),(50,1,0),(51,1,0),(52,1,0),(53,1,0),(54,1,0),(55,1,0),(56,1,0),(57,1,0),(58,1,0),(59,1,0),(60,1,0),(61,1,0),(62,1,0),(63,1,0),(64,1,0),(65,1,0),(66,1,0),(67,1,3),(68,1,0),(69,1,0),(70,1,0),(71,1,0),(72,1,0),(73,1,0),(74,1,0),(75,1,0),(76,1,0),(77,1,0),(78,1,0),(79,1,0),(80,1,0),(81,1,0),(82,1,0),(83,1,0),(84,1,0),(85,1,0),(86,1,0),(87,1,0),(88,1,0),(89,1,0),(90,1,0),(91,1,0),(92,1,0),(93,1,0),(94,1,0),(95,1,0),(96,1,0),(97,1,0),(98,1,0),(99,1,0),(100,1,0),(101,1,4),(102,1,0),(103,1,0),(104,1,0),(105,1,0),(106,1,0),(107,1,0),(108,1,0),(109,1,0),(110,1,0),(111,1,0),(112,1,0),(113,1,0),(114,1,0),(115,1,0),(116,1,0),(117,1,0),(118,1,0),(119,1,0),(120,1,0),(121,1,0),(122,1,0),(123,1,0),(124,1,0),(125,1,0),(126,1,0),(127,1,0),(128,1,0),(129,1,0),(130,1,0),(131,1,0),(132,1,0),(133,1,0),(134,1,0),(135,1,0),(136,1,0),(137,1,0),(138,1,0),(139,1,0),(140,1,0),(141,1,0),(142,1,0),(143,1,0),(144,1,0),(145,1,0),(146,1,0),(147,1,0),(148,1,0),(149,1,0),(150,1,0),(151,1,0),(152,1,0),(153,1,0),(154,1,0),(155,1,0),(156,1,0),(157,1,0),(158,1,0),(159,1,0),(160,1,0),(161,1,0),(162,1,0),(163,1,0),(164,1,0),(165,1,0),(166,1,0),(167,1,0),(168,1,0),(169,1,0),(170,1,0),(171,1,0),(172,1,0),(173,1,0),(174,1,0),(175,1,0),(176,1,0),(177,1,0),(178,1,0),(179,1,0),(180,1,0),(181,1,0),(182,1,0),(183,1,0),(184,1,0),(185,1,0),(186,1,0),(187,1,0),(188,1,0),(189,1,0),(190,1,0),(191,1,0),(192,1,0),(193,1,0),(194,1,0),(195,1,0),(196,1,0),(197,1,0),(198,1,0),(199,1,0),(200,1,0),(201,1,0),(202,1,0),(203,1,0),(204,1,0),(205,1,0),(206,1,0),(207,1,0),(208,1,0),(209,1,0),(210,1,0),(211,1,0),(212,1,0),(213,1,0),(214,1,0),(215,1,0),(216,1,0),(217,1,0),(218,1,0),(219,1,0),(220,1,0),(221,1,0),(222,1,0),(223,1,0),(224,1,0),(225,1,0),(226,1,0),(227,1,0),(228,1,0),(229,1,0),(230,1,0),(231,1,0),(232,1,0),(233,1,0),(234,1,0),(235,1,0),(236,1,0),(237,1,0),(238,1,0),(239,1,0),(240,1,0),(241,1,0),(242,1,0),(243,1,0),(244,1,0),(245,1,0),(246,1,0),(247,1,0),(248,1,0),(249,1,0),(250,1,0),(251,1,0),(252,1,0),(253,1,0),(254,1,0),(255,1,0),(256,1,0),(257,1,0),(258,1,0),(259,1,0),(260,1,0),(261,1,0),(262,1,0),(263,1,0),(264,1,0),(265,1,0),(266,1,0),(267,1,0),(268,1,0),(269,1,0),(270,1,0),(271,1,0),(272,1,0),(273,1,0),(274,1,0),(275,1,0),(276,1,0),(277,1,0),(278,1,0),(279,1,0),(280,1,0),(281,1,0),(282,1,0),(283,1,0),(284,1,0),(285,1,0),(286,1,0),(287,1,0),(288,1,0),(289,1,0),(290,1,0),(291,1,0),(293,1,0),(294,1,0),(295,1,0),(296,1,0),(297,1,0),(298,1,0),(299,1,0),(300,1,0),(301,1,0),(302,1,0),(303,1,0),(304,1,0),(305,1,0),(306,1,0),(307,1,0),(308,1,0),(309,1,0),(310,1,0),(311,1,0),(312,1,0),(313,1,0),(314,1,0),(315,1,0),(316,1,0),(317,1,0),(318,1,0),(319,1,0),(320,1,0),(321,1,0),(322,1,0),(323,1,0),(324,1,0),(325,1,0),(326,1,0),(327,1,0),(328,1,0),(329,1,0),(330,1,0),(331,1,0),(332,1,0),(333,1,0),(334,1,0),(335,1,0),(336,1,0),(337,1,0),(338,1,0),(339,1,0),(340,1,0),(341,1,0),(342,1,0),(343,1,0),(344,1,0),(345,1,0),(346,1,0),(347,1,0),(348,1,0),(349,1,0),(350,1,0),(351,1,0),(352,1,0),(353,1,0),(354,1,0),(355,1,0),(356,1,0),(357,1,0),(358,1,0),(359,1,0),(360,1,0),(361,1,0),(362,1,0),(363,1,0),(364,1,0),(365,1,0),(366,1,0),(367,1,0),(368,1,0),(369,1,0),(370,1,0),(371,1,0),(372,1,0),(373,1,0),(374,1,0),(375,1,0),(376,1,0),(377,1,0),(378,1,0),(379,1,0),(380,1,0),(381,1,0),(386,1,0),(387,1,0),(388,1,0),(389,1,0),(390,1,0),(391,1,0),(392,1,0),(393,1,0),(394,1,0);

--
-- Table structure for table `ps_cms`
--

CREATE TABLE `ps_cms` (
  `id_cms` int(10) unsigned NOT NULL AUTO_INCREMENT,
  `id_cms_category` int(10) unsigned NOT NULL,
  `position` int(10) unsigned NOT NULL DEFAULT '0',
  `active` tinyint(1) unsigned NOT NULL DEFAULT '0',
  `indexation` tinyint(1) unsigned NOT NULL DEFAULT '1',
  PRIMARY KEY (`id_cms`)
) ENGINE=InnoDB AUTO_INCREMENT=6 DEFAULT CHARSET=utf8;

--
-- Dumping data for table `ps_cms`
--

INSERT INTO `ps_cms` VALUES (1,1,0,1,0),(2,1,1,1,0),(3,1,2,1,0),(4,1,3,1,0),(5,1,4,1,0);

--
-- Table structure for table `ps_cms_block`
--

CREATE TABLE `ps_cms_block` (
  `id_cms_block` int(10) unsigned NOT NULL AUTO_INCREMENT,
  `id_cms_category` int(10) unsigned NOT NULL,
  `location` tinyint(1) unsigned NOT NULL,
  `position` int(10) unsigned NOT NULL DEFAULT '0',
  `display_store` tinyint(1) unsigned NOT NULL DEFAULT '1',
  PRIMARY KEY (`id_cms_block`)
) ENGINE=InnoDB AUTO_INCREMENT=2 DEFAULT CHARSET=utf8;

--
-- Dumping data for table `ps_cms_block`
--

INSERT INTO `ps_cms_block` VALUES (1,1,0,0,1);

--
-- Table structure for table `ps_cms_block_lang`
--

CREATE TABLE `ps_cms_block_lang` (
  `id_cms_block` int(10) unsigned NOT NULL,
  `id_lang` int(10) unsigned NOT NULL,
  `name` varchar(40) NOT NULL DEFAULT '',
  PRIMARY KEY (`id_cms_block`,`id_lang`)
) ENGINE=InnoDB DEFAULT CHARSET=utf8;

--
-- Dumping data for table `ps_cms_block_lang`
--

INSERT INTO `ps_cms_block_lang` VALUES (1,1,'Informazioni');

--
-- Table structure for table `ps_cms_block_page`
--

CREATE TABLE `ps_cms_block_page` (
  `id_cms_block_page` int(10) unsigned NOT NULL AUTO_INCREMENT,
  `id_cms_block` int(10) unsigned NOT NULL,
  `id_cms` int(10) unsigned NOT NULL,
  `is_category` tinyint(1) unsigned NOT NULL,
  PRIMARY KEY (`id_cms_block_page`)
) ENGINE=InnoDB AUTO_INCREMENT=6 DEFAULT CHARSET=utf8;

--
-- Dumping data for table `ps_cms_block_page`
--

INSERT INTO `ps_cms_block_page` VALUES (1,1,1,0),(2,1,2,0),(3,1,3,0),(4,1,4,0),(5,1,5,0);

--
-- Table structure for table `ps_cms_block_shop`
--

CREATE TABLE `ps_cms_block_shop` (
  `id_cms_block` int(10) unsigned NOT NULL AUTO_INCREMENT,
  `id_shop` int(10) unsigned NOT NULL,
  PRIMARY KEY (`id_cms_block`,`id_shop`)
) ENGINE=InnoDB AUTO_INCREMENT=2 DEFAULT CHARSET=utf8;

--
-- Dumping data for table `ps_cms_block_shop`
--

INSERT INTO `ps_cms_block_shop` VALUES (1,1);

--
-- Table structure for table `ps_cms_category`
--

CREATE TABLE `ps_cms_category` (
  `id_cms_category` int(10) unsigned NOT NULL AUTO_INCREMENT,
  `id_parent` int(10) unsigned NOT NULL,
  `level_depth` tinyint(3) unsigned NOT NULL DEFAULT '0',
  `active` tinyint(1) unsigned NOT NULL DEFAULT '0',
  `date_add` datetime NOT NULL,
  `date_upd` datetime NOT NULL,
  `position` int(10) unsigned NOT NULL DEFAULT '0',
  PRIMARY KEY (`id_cms_category`),
  KEY `category_parent` (`id_parent`)
) ENGINE=InnoDB AUTO_INCREMENT=2 DEFAULT CHARSET=utf8;

--
-- Dumping data for table `ps_cms_category`
--

INSERT INTO `ps_cms_category` VALUES (1,0,1,1,'2016-02-15 10:48:02','2016-02-15 10:48:02',0);

--
-- Table structure for table `ps_cms_category_lang`
--

CREATE TABLE `ps_cms_category_lang` (
  `id_cms_category` int(10) unsigned NOT NULL,
  `id_lang` int(10) unsigned NOT NULL,
  `id_shop` int(10) unsigned NOT NULL DEFAULT '1',
  `name` varchar(128) NOT NULL,
  `description` text,
  `link_rewrite` varchar(128) NOT NULL,
  `meta_title` varchar(128) DEFAULT NULL,
  `meta_keywords` varchar(255) DEFAULT NULL,
  `meta_description` varchar(255) DEFAULT NULL,
  PRIMARY KEY (`id_cms_category`,`id_shop`,`id_lang`),
  KEY `category_name` (`name`)
) ENGINE=InnoDB DEFAULT CHARSET=utf8;

--
-- Dumping data for table `ps_cms_category_lang`
--

INSERT INTO `ps_cms_category_lang` VALUES (1,1,1,'Home','','home','','','');

--
-- Table structure for table `ps_cms_category_shop`
--

CREATE TABLE `ps_cms_category_shop` (
  `id_cms_category` int(10) unsigned NOT NULL AUTO_INCREMENT,
  `id_shop` int(11) unsigned NOT NULL,
  PRIMARY KEY (`id_cms_category`,`id_shop`),
  KEY `id_shop` (`id_shop`)
) ENGINE=InnoDB AUTO_INCREMENT=2 DEFAULT CHARSET=utf8;

--
-- Dumping data for table `ps_cms_category_shop`
--

INSERT INTO `ps_cms_category_shop` VALUES (1,1);

--
-- Table structure for table `ps_cms_lang`
--

CREATE TABLE `ps_cms_lang` (
  `id_cms` int(10) unsigned NOT NULL,
  `id_lang` int(10) unsigned NOT NULL,
  `id_shop` int(10) unsigned NOT NULL DEFAULT '1',
  `meta_title` varchar(128) NOT NULL,
  `meta_description` varchar(255) DEFAULT NULL,
  `meta_keywords` varchar(255) DEFAULT NULL,
  `content` longtext,
  `link_rewrite` varchar(128) NOT NULL,
  PRIMARY KEY (`id_cms`,`id_shop`,`id_lang`)
) ENGINE=InnoDB DEFAULT CHARSET=utf8;

--
-- Dumping data for table `ps_cms_lang`
--

INSERT INTO `ps_cms_lang` VALUES (1,1,1,'Consegna','I nostri termini e condizioni di consegna','condizioni, consegna, ritardo, spedizione, pacco','<h2>Spedizioni e resi</h2><h3>La spedizione del vostro pacco</h3><p>I pacchi sono generalmente inviati entro 2 giorni dal ricevimento del pagamento e vengono spediti tramite UPS con tracciatura e consegna senza firma. Se preferite una consegna con UPS Extra con richiesta di firma, verrà applicato un costo aggiuntivo, quindi vi preghiamo di contattarci prima di scegliere questo metodo. Qualsiasi tipo di spedizione scegliate, vi forniremo un link per tracciare il vostro pacco online.</p><p>Le spese di spedizione comprendono gli oneri di gestione e imballaggio e le spese postali. I costi di gestione sono fissi, mentre i costi di trasporto variano a seconda del peso totale della spedizione. Vi consigliamo di raggruppare i vostri articoli in un unico ordine. Non ci è possibile raggruppare due ordini distinti effettuati separatamente, pertanto le spese di spedizione saranno addebitate per ognuno di essi. Il vostro pacco sarà inviato a vostro rischio, ma viene prestata un\'attenzione particolare in caso di oggetti fragili.<br /><br />Le scatole hanno dimensioni adeguatamente ampie e i vostri articoli son ben protetti.</p>','consegna'),(2,1,1,'Note legali','Note legali','note, legali, crediti','<h2>Note legali</h2><h3>Crediti</h3><p>Ideazione e realizzazione:</p><p>Questo negozio online è stato creato usando <a href=\"http://www.prestashop.com\">il software PrestaShop Shopping Cart</a>. Visitate il blog di e-commerce di PrestaShop <a href=\"http://www.prestashop.com/blog/en/\"></a> per avere notizie e consigli su come vendere online e gestire il vostro sito web di e-commerce.</p>','note-legali'),(3,1,1,'Termini e condizioni d\'uso','I nostri termini e condizioni d\'uso','condizioni, termini, uso, vendita','<h1 class=\"page-heading\">Termini e condizioni d\'uso</h1>\n<div class=\"termini\">\n<h4>I prezzi del sito sono sempre riservati ad Acquisti e Pagamenti On-Line</h4>\n<p>Vi spieghiamo perchè l\'acquisto on-line ha dei vantaggi per l\'acquirente.</p>\n<ol><li> Solo On-Line si trovano i prezzi più bassi a meno che non ci siano speciali Promo in corso</li>\n<li> I Prezzi sono scontati per giustificare il costo di spedizione, e Perchè la gestione del cliente (On-Line) è meno onerosa di quella al Negozio</li>\n<li> In ogni caso Vi diamo la possibilità di avere i prodotti ai Prezzi Scontati del Sito alle seguenti condizioni:\n<ul><li>Registrarsi, acquistare e PAGARE ON-LINE e spendere almeno € 30,00 -</li>\n<li>Scegliere l\'opzione Ritiro al Negozio - L\'ordine sarà Preparato in poco Tempo appena ricevuto il pagamento potrete passare al NEGOZIO per ritirarlo</li>\n<li>Potete ritirare Dal Lunedi al Venerdì dalle 9:00 alle 13:00 e dalle 16:30 alle 20:00 oppure il Sabato dalle dalle 10:00 alle 13:00 o dalle 17:00 alle 19:00</li>\n</ul></li>\n</ol><h4>Perché i prezzi del punto vendita sono più alti del negozio online?</h4>\n<p>La differenza sta nel fatto che gli ordini pervenuti via web possono essere da noi preparati secondo i nostri tempi e rispettando i canoni della nostra organizzazione cosa che non può essere fatta al banco dove il cliente deve essere servito secondo i suoi tempi e non secondo i nostri. La preparazione di un ordine online richiede quindi meno tempo di gestione e lavorazione dello stesso. Ti preghiamo quindi di comprendere che quello che risparmi online lo dobbiamo risparmiare anche noi sotto forma di tempo.</p>\n<h4>DEFINIZIONE E OGGETTO DEL CONTRATTO</h4>\n<ol><li>Il presente contratto (\"Contratto\") è un contratto a distanza ai sensi dell\'art. 50 e ss. Del D.Lgs. 6 settembre 2005, n. 206 (\"Codice del Consumo\"). <br />Il Contratto ha per oggetto la vendita di beni mobili tra Newpeople Srls, con sede legale in Via Vittorio Emanuele, 24 (SA) P.I. IT05340140655 (\"NEWPEOPLE\") e il consumatore (il \"Cliente\"). <br />Il Contratto è concluso direttamente attraverso l\'accettazione da parte di NEWPEOPLE di una proposta di acquisto emessa da parte del Cliente per via telefonica o tramite internet, a seguito dell\'invito ad offrire contenuto nelle trasmissioni di televendita, nel sitoweb www.desktopstore.it (il\"Sito\") e/o attraverso altri sistemi di vendita a distanza di NEWPEOPLE, sulla base delle modalitàdescritte al successivo articolo 3.</li>\n<li>Le presenti condizioni generali di vendita (\"Condizioni Generali\") e, in particolare, le informazioni di cui all\'art. 52 del Codice del Consumo, così come fornite da NEWPEOPLE nel corso delle inserzioni, ripetute al telefono al Cliente e riportate nel Sito, rimarranno valide ed efficaci finché non saranno modificate e/o integrate da NEWPEOPLE. <br />Eventuali modifiche e/o integrazioni alle Condizioni Generali saranno efficaci con decorrenza dalla data in cui saranno comunicate al pubblico e si applicheranno alle vendite effettuate a decorrere da detta data. L\'ultima versione aggiornata delle Condizioni Generali è quella reperibile sul Sito.</li>\n</ol><h4>PREZZI</h4>\n<p>I prezzi di vendita dei prodotti illustrati  sul Sito e/o attraverso eventuali altri sistemi di vendita a distanza di NEWPEOPLE sono comprensivi di I.V.A. e di ogni altra imposta. <br /> Le spese di consegna sono indicate sul Sito e/o attraverso eventuali altri sistemi di vendita a distanza di NEWPEOPLE e, nel caso di ordine telefonico, ripetute al Cliente dall\'operatore dello Staff di NEWPEOPLE.</p>\n<h4>MODALITA\' DI ACQUISTO E DI PAGAMENTO</h4>\n<ol><li>Il Contratto per via telefonica si perfeziona mediante la comunicazione al Cliente (che abbia contattato telefonicamente NEWPEOPLE e formulato, in tale occasione, una proposta d\'acquisto fornendo altresì all\'operatore i dati necessari per la procedura di registrazione del proprio nominativo, dell\'ordine di acquisto e della modalità di pagamento scelta) che la proposta è accettata.</li>\n<li>In caso di proposte d\'acquisto inviate tramite il Sito il Cliente riceverà da NEWPEOPLE una e-mail riepilogativa, con cui sarà informato che la propria proposta d\'acquisto è in fase di elaborazione e si intenderà accettata, salvo contraria comunicazione e-mail o telefonica trasmessa da NEWPEOPLE entro il termine di 3 (tre) giorni di calendario dal ricevimento della e-mail riepilogativa. Decorso tale termine, il Contratto a mezzo internet è da intendersi perfezionato.</li>\n<li>Al Cliente sarà consentito scegliere una modalità di pagamento di volta in volta indicato come valido da NEWPEOPLE sul Sito.</li>\n</ol><h4>CONSEGNA DEI PRODOTTI - RECLAMI</h4>\n<ol><li>NEWPEOPLE consegna i prodotti all\'indirizzo indicato dal Cliente entro 30 (trenta) giorni dalla conclusione del Contratto.</li>\n<li>Qualsiasi reclamo potrà essere inoltrato al seguente indirizzo: NEWPEOPLE Via Vittorio Emanuele, 24 84081 Baronissi (SA)</li>\n</ol><h4>DISPONIBILITÀ DEI PRODOTTI</h4>\n<p>NEWPEOPLE accetta gli ordini del Cliente nei limiti delle quantità dei prodotti richiesti esistenti in magazzino. Pertanto, l\'accettazione da parte di NEWPEOPLE della proposta d\'acquisto inoltrata dal Cliente è subordinata alla disponibilità a magazzino dei prodotti stessi. NEWPEOPLE si impegna a comunicare tempestivamente al Cliente eventuali imprevedibili esaurimenti di scorte dovuti ad eccesso di domanda o altre cause.</p>\n<h4>GARANZIE E ASSISTENZA</h4>\n<p>Per i prodotti acquistati dal Cliente sono applicabili a NEWPEOPLE le norme in materia di garanzie e assistenza  relativamente alla vendita di beni di consumo.</p>\n<h4>OBBLIGHI DEL CLIENTE</h4>\n<p>Il Cliente dichiara e garantisce:</p>\n<ul><li>di essere un consumatore secondo quanto previsto all\'art. 3 del Codice del Consumo;</li>\n<li>di essere maggiorenne;</li>\n<li>che i dati dallo stesso forniti per l\'esecuzione del Contratto sono corretti e veritieri.</li>\n</ul><h4>DIRITTO DI RECESSO</h4>\n<ol><li>Il Cliente ha diritto di recedere dal contratto stipulato, senza alcuna penalità e senza specificarne il motivo, entro 7 giorni dal ricevimento dei prodotti. <br /> Il Cliente potrà esercitare il diritto di recesso, entro il suddetto termine, manifestandolo telefonicamente  ovvero mediante una comunicazione scritta presso la sede di NEWPEOPLE di cui all\'art. 4, da inviarsi tramite lettera raccomandata con avviso di ricevimento oppure con telegramma, telex,  posta elettronica o telefax.</li>\n<li>Il Cliente che intende avvalersi del diritto di recesso dovrà restituire i prodotti all\'indirizzo indicato in fattura, seguendo le istruzioni in essa riportate, entro 7 giorni dal ricevimento dei prodotti. Ai sensi dell\'articolo 55, secondo comma, del Codice del Consumo, il Cliente non avrà diritto di recesso nei seguenti casi:\n<ul><li>fornitura di prodotti audiovisivi o di software sigillati, aperti dal Cliente;</li>\n<li>fornitura di prodotti confezionati su misura o personalizzati, o che per loro stessa natura, non possono essere rispediti o rischiano di deteriorarsi o alterarsi rapidamente (es. cosmetici, fiori, generi alimentari);</li>\n<li>fornitura di giornali, periodici e riviste.</li>\n</ul></li>\n<li>Le spese di restituzione dei prodotti sono a carico del Cliente. NEWPEOPLE restituirà, entro 30 giorni dalla data di ricevimento dei prodotti da parte del Cliente l\'intero prezzo pagato dal Cliente, spedizione esclusa, in caso di restituzione del prodotto completo di tutte le sue parti e funzionalità; ovvero la parte del prezzo equivalente al prodotto effettivamente restituito dal Cliente che abbia consumato il prodotto in maniera apprezzabile e/o tale da sminuirne significativamente il valore.</li>\n</ol><h4>TRATTAMENTO E RISERVATEZZA DEI DATI PERSONALI INFORMATIVA AI SENSI DEL D.LGS. 196/03</h4>\n<p>Ai sensi e per gli effetti di quanto disposto dal D.Lgs del 30 giugno 2003, n.196 Codice in materia di protezione dei dati personali (di seguito il \"Codice\"), Vi informiamo che i Vostri dati personali, forniti e/o acquisiti successivamente, verranno trattati da NEWPEOPLE, in Italia e all\'estero, attraverso strumenti elettronici e manuali nel rispetto del Codice e della normativa vigente in materia di privacy.</p>\n<h4>Finalità del trattamento</h4>\n<p>I dati raccolti vengono trattati per le seguenti finalità:</p>\n<ul><li>iscriversi al servizio;</li>\n<li>concludere contratti di compravendita e realizzarne la prestazione;</li>\n<li>effettuare gli adempimenti necessari a dare esecuzione al rapporto contrattuale posto in essere;</li>\n<li>inviare informazioni commerciali, materiale pubblicitario, informativo e promozionale, con ogni mezzo (e-mail, sms, ecc);</li>\n<li>effettuare, anche mediante contatto telefonico, ricerche di mercato, analisi economiche e statistiche al fine di verificare il corretto funzionamento dei servizi e il gradimento degli stessi;</li>\n<li>elaborare informazioni personalizzate circa l\'abitudine di consumo e l\'orientamento degli interessati;</li>\n<li>comunicare i dati a società terze per finalità di direct marketing.</li>\n</ul><p>Il conferimento dei dati è obbligatorio per la conclusione del contratto d\'acquisto, facoltativo negli altri casi. Il mancato conferimento dei dati comporterà l\'impossibilità di poter eseguire l\'ordine effettuato.</p>\n<h4>Categorie di soggetti a cui verranno trasmessi i dati</h4>\n<p>Il trattamento dei dati personali in oggetto, per le finalità su esposte, potrà anche essere effettuato da persone fisiche o giuridiche, in Italia o all\'estero, che per conto e/o nell\'interesse di NEWPEOPLE forniscano specifici servizi elaborativi o che svolgano ttività connesse, strumentali o di supporto. <br />Pertanto, i Vostri dati potranno essere comunicati per le medesime finalità indicate, alle altre società:</p>\n<ul><li>chiunque sia legittimo destinatario di comunicazioni previste da norme di legge o regolamenti (quali, ad esempio: uffici ed Autorità Pubbliche);</li>\n<li>chiunque sia destinatario di comunicazioni necessarie in esecuzione degli obblighi derivanti dai servizi prestati;</li>\n<li>società terze specializzate nella gestione di informazioni commerciali e relative al credito (quali, ad es., centri di elaborazione dati, banche, ecc.).</li>\n</ul><p>I Vostri dati saranno trattati anche da:</p>\n<ul><li>società e/o collaboratori per la gestione di servizi amministrativi di cui ci si avvalga per adempiere ai propri obblighi legali o contrattuali;</li>\n<li>altri soggetti (imprese, società, persone fisiche) che collaborano alla realizzazione dei servizi e delle finalità indicate, anche all\'estero.</li>\n</ul><p>Questi soggetti operano in qualità di Responsabili o Incaricati opportunamente nominati e istruiti. <br />Infine i Vostri dati previo consenso potranno essere comunicati a società terze (il cui elenco è disponibile nella pagina della Privacy) per finalità di direct marketing.</p>\n<h4>Conservazione dei dati</h4>\n<p>Tutti i dati acquisiti non potranno essere utilizzati per altre finalità oltre a quelle suindicate e verranno conservati per il periodo necessario alla realizzazione delle medesime. Trascorso tale termine, i dati verranno cancellati o trasformati in forma anonima. Per i dati di dettaglio su acquisti e servizi, i tempi di conservazione non saranno superiori a quelli stabiliti dalla normativa vigente.</p>\n<h4>Diritti dell\'interessato</h4>\n<p>Resta salva la Vostra facoltà di esercitare in ogni momento i diritti di cui all\'art.7 (Diritto di accesso ai dati personali e altri diritti) del Codice, in particolare: il diritto di accedere ai propri dati personali, chiederne la rettifica, l\'aggiornamento e la cancellazione se incompleti, erronei o raccolti in violazione della normativa vigente, nonché di opporsi al loro trattamento per motivi legittimi, rivolgendo una richiesta scritta alla Direzione Regolamentazione e Adempimenti Istituzionali di NEWPEOPLE, Via Vittorio Emanuele, 24 - 84080 Pellezzano (SA), ovvero direttamente attraverso le modalità indicate nel sito nella pagina di accesso ai dati.</p>\n<h4>Titolare del trattamento</h4>\n<p>Titolare del trattamento è NEWPEOPLE, con sede in Pellezzano (SA), Via Vittorio Emanuele, 24</p>\n<h4>FORO COMPETENTE</h4>\n<p>Il Contratto è regolato dalla legge italiana. Ogni controversia relativa all\'applicazione, esecuzione, interpretazione e violazione del Contratto sarà di competenza del Foro in cui il Cliente ha la propria residenza o domicilio, se ubicati nel territorio dello Stato italiano, o del Foro di Milano, qualora il Cliente abbia la propria residenza o il proprio domicilio all\'estero.</p>\n</div>','termini-e-condizioni-di-uso'),(4,1,1,'Chi siamo','Scoprite chi siamo','chi siamo, informazioni','<h1 class=\"page-heading bottom-indent\">Chi siamo</h1>\n<div class=\"row\">\n<div class=\"col-xs-12 col-sm-4\">\n<div class=\"cms-block\">\n<h3 class=\"page-subheading\">La nostra azienda</h3>\n<p><strong class=\"dark\">Lorem ipsum dolor sit amet conse ctetur adipisicing elit, sed do eiusmod tempor incididun.</strong></p>\n<p>Lorem ipsum dolor sit amet conse ctetur adipisicing elit, sed do eiusmod tempor incididunt ut labore et dolore magna aliqua. Ut enim ad minim veniam. Lorem ipsum dolor sit amet conse ctetur adipisicing elit.</p>\n<ul class=\"list-1\">\n<li><em class=\"icon-ok\"></em>Prodotti della massima qualità</li>\n<li><em class=\"icon-ok\"></em>Un ottimo servizio clienti</li>\n<li><em class=\"icon-ok\"></em>Garanzia di rimborso entro 30 giorni</li>\n</ul>\n</div>\n</div>\n<div class=\"col-xs-12 col-sm-4\">\n<div class=\"cms-box\">\n<h3 class=\"page-subheading\">Il nostro team</h3>\n<img title=\"cms-img\" src=\"../img/cms/cms-img.jpg\" alt=\"cms-img\" width=\"370\" height=\"192\" />\n<p><strong class=\"dark\">Lorem set sint occaecat cupidatat non </strong></p>\n<p>Eiusmod tempor incididunt ut labore et dolore magna aliqua. Ut enim ad minim veniam, quis nostrud exercitation ullamco laboris nisi ut aliquip ex ea commodo.</p>\n</div>\n</div>\n<div class=\"col-xs-12 col-sm-4\">\n<div class=\"cms-box\">\n<h3 class=\"page-subheading\">Testimonial</h3>\n<div class=\"testimonials\">\n<div class=\"inner\"><span class=\"before\">“</span>Lorem ipsum dolor sit amet conse ctetur adipisicing elit, sed do eiusmod tempor incididunt ut labore et dolore magna aliqua. Ut enim ad minim.<span class=\"after\">”</span></div>\n</div>\n<p><strong class=\"dark\">Lorem ipsum dolor sit</strong></p>\n<div class=\"testimonials\">\n<div class=\"inner\"><span class=\"before\">“</span>Excepteur sint occaecat cupidatat non proident, sunt in culpa qui officia deserunt mollit anim id est laborum. Lorem ipsum dolor sit amet conse ctetur adipisicing elit. Lorem ipsum dolor sit amet conse ctetur adipisicing elit, sed do eiusmod.<span class=\"after\">”</span></div>\n</div>\n<p><strong class=\"dark\">Ipsum dolor sit</strong></p>\n</div>\n</div>\n</div>','chi-siamo'),(5,1,1,'Pagamento sicuro','Il nostro metodo di pagamento sicuro','pagamento sicuro, ssl, visa, mastercard, paypal','<h2>Pagamento sicuro</h2>\n<div class=\"termini\">\n<h4>I metodi di pagamento abilitati sono 3: </h4>\n<ol><li>Bonifico Bancario </li>\n<li>Paypal</li>\n<li>Carta di credito </li>\n</ol><p>L’importo da pagare sarà quello riportato nel totale dopo aver effettuato l\'ordine.  <br />Gli ordini si riterranno validi solo al ricevimento del pagamento.</p>\n<ol><li>\n<h5>BONIFICO BANCARIO (bank transfert)</h5>\nIl pagamento avviene tramite bonifico bancario che può essere effettuato presso la vostra banca, o tramite internet all\'interno del vostro conto Online. <br />Le coordinate bancarie su cui effettuare il bonifico:\n<p>Banca: Banca Monte dei paschi di Siena <br />codice IBAN: <b>IT40 E0103089640000000630040</b> <br />Intestato a: <b>NEWPEOPLE</b> <br />Causale: indicare nella causale il nome della persona che ha eseguito l\'ordine.</p>\n<p>Al fine di velocizzare il controllo dell\'avvenuto bonifico vi consigliamo di inviarci copia del bonifico, via e-mail all\'indirizzo <b>info@desktopstore.it</b> o via Fax al numero <b>089566944</b>. <br />Per evitare attese di accredito sul nostro conto e quindi ritardi nella spedizione.</p>\n</li>\n<li>\n<h5>PAYPAL</h5>\nDurante la procedura di ordine se selezionerete di pagare con Paypal, verrete indirizzati direttamente ad una schermata dove potrete procedere con semplicità al pagamento dopo essere entrati nel vostro conto personale. <br />Appena eseguita la transizione riceveremo in tempo reale il pagamento eseguito e lo assoceremo immediatamente al vostro ordine per procedere quanto prima all\'invio del prodotto. <br />Utilizzando PayPal per i pagamenti, sarà semplice e veloce per noi visualizzare e archiviare il vostro pagamento associandolo al vostro ordine. <br />Conto Paypal di: <b>info@desktopstore.it</b></li>\n<li>\n<h5>CARTE DI CREDITO</h5>\nE\' possibile pagare con carta di credito in modo semplice e sicuro. Il nostro servizio si appoggia al conosciutissimo circuito di pagamento PAYPAL dove ora vengono accettate anche tutte le principali carte di credito. <br />Carte credito accettate: Visa, Visa Electron, PostePay, MasterCard, American Express, Carta Aura.  <br />Alla fine dell\'ordine il sito vi collegherà al pannello Paypal dove potrete pagare attraverso la vostra Carta di Credito in modo sicuro e veloce. <br />Utilizzando questa procedura di pagamento, sarà semplice per noi visualizzare e archiviare il vostro pagamento associandolo al vostro ordine. </li>\n</ol><p><b>IMPORTANTE</b></p>\n<p>Sarà nostra cura avvisarvi via email solo in caso di problemi nel rintracciare o associare il pagamento con il vostro ordine. <br />Se non riceverete nostre comunicazioni dopo il vostro ordine significherà che tutto è andato a buon fine. <br />Qualora si decidesse di cambiare il metodo di pagamento dopo aver già effettuato l\'ordine vi preghiamo di comunicarcelo in modo da poter correggere l\'errore e rintracciare il vostro pagamento. <br />Daremo priorità alle spedizioni degli ordini pervenuti per primi. <br />Si prega di pagare entro 10 giorni dall\'ordine.  <br />Se dopo 15 giorni dall\'ordine non ci risulta accreditato il pagamento, l\'\'ordine verrà annullato.</p>\n</div>','pagamento-sicuro');

--
-- Table structure for table `ps_cms_role`
--

CREATE TABLE `ps_cms_role` (
  `id_cms_role` int(11) unsigned NOT NULL AUTO_INCREMENT,
  `name` varchar(50) NOT NULL,
  `id_cms` int(11) unsigned NOT NULL,
  PRIMARY KEY (`id_cms_role`,`id_cms`),
  UNIQUE KEY `name` (`name`)
) ENGINE=InnoDB DEFAULT CHARSET=utf8;

--
-- Dumping data for table `ps_cms_role`
--


--
-- Table structure for table `ps_cms_role_lang`
--

CREATE TABLE `ps_cms_role_lang` (
  `id_cms_role` int(11) unsigned NOT NULL,
  `id_lang` int(11) unsigned NOT NULL,
  `id_shop` int(11) unsigned NOT NULL,
  `name` varchar(128) DEFAULT NULL,
  PRIMARY KEY (`id_cms_role`,`id_lang`,`id_shop`)
) ENGINE=InnoDB DEFAULT CHARSET=utf8;

--
-- Dumping data for table `ps_cms_role_lang`
--


--
-- Table structure for table `ps_cms_shop`
--

CREATE TABLE `ps_cms_shop` (
  `id_cms` int(11) unsigned NOT NULL,
  `id_shop` int(11) unsigned NOT NULL,
  PRIMARY KEY (`id_cms`,`id_shop`),
  KEY `id_shop` (`id_shop`)
) ENGINE=InnoDB DEFAULT CHARSET=utf8;

--
-- Dumping data for table `ps_cms_shop`
--

INSERT INTO `ps_cms_shop` VALUES (1,1),(2,1),(3,1),(4,1),(5,1);

--
-- Table structure for table `ps_compare`
--

CREATE TABLE `ps_compare` (
  `id_compare` int(10) unsigned NOT NULL AUTO_INCREMENT,
  `id_customer` int(10) unsigned NOT NULL,
  PRIMARY KEY (`id_compare`)
) ENGINE=InnoDB DEFAULT CHARSET=utf8;

--
-- Dumping data for table `ps_compare`
--


--
-- Table structure for table `ps_compare_product`
--

CREATE TABLE `ps_compare_product` (
  `id_compare` int(10) unsigned NOT NULL,
  `id_product` int(10) unsigned NOT NULL,
  `date_add` datetime NOT NULL,
  `date_upd` datetime NOT NULL,
  PRIMARY KEY (`id_compare`,`id_product`)
) ENGINE=InnoDB DEFAULT CHARSET=utf8;

--
-- Dumping data for table `ps_compare_product`
--


--
-- Table structure for table `ps_condition`
--

CREATE TABLE `ps_condition` (
  `id_condition` int(11) NOT NULL AUTO_INCREMENT,
  `id_ps_condition` int(11) NOT NULL,
  `type` enum('configuration','install','sql') NOT NULL,
  `request` text,
  `operator` varchar(32) DEFAULT NULL,
  `value` varchar(64) DEFAULT NULL,
  `result` varchar(64) DEFAULT NULL,
  `calculation_type` enum('hook','time') DEFAULT NULL,
  `calculation_detail` varchar(64) DEFAULT NULL,
  `validated` tinyint(1) unsigned NOT NULL DEFAULT '0',
  `date_add` datetime NOT NULL,
  `date_upd` datetime NOT NULL,
  PRIMARY KEY (`id_condition`,`id_ps_condition`)
) ENGINE=InnoDB AUTO_INCREMENT=278 DEFAULT CHARSET=utf8;

--
-- Dumping data for table `ps_condition`
--

INSERT INTO `ps_condition` VALUES (1,19,'install','','>','0','1','time','1',1,'2016-09-05 00:38:51','2016-09-05 00:38:51'),(2,142,'sql','SELECT COUNT( id_module ) FROM PREFIX_module WHERE `name` like \"%paypal%\"','>=','1','1','hook','actionModuleInstallAfter',1,'2016-09-05 00:38:51','2016-09-05 00:38:51'),(5,136,'sql','SELECT COUNT( id_module ) FROM PREFIX_module WHERE `name` like \"%ebay%\"','>=','1','1','hook','actionModuleInstallAfter',1,'2016-09-05 00:38:51','2016-09-05 00:38:51'),(6,40,'install','','>=','730','','time','2',0,'2016-09-05 00:38:51','2016-09-05 00:38:51'),(7,6,'sql','SELECT COUNT(distinct m.id_module) FROM PREFIX_hook h LEFT JOIN PREFIX_hook_module hm ON h.id_hook = hm.id_hook LEFT JOIN PREFIX_module m ON hm.id_module = m.id_module\r\nWHERE (h.name = \"displayPayment\" OR h.name = \"payment\") AND m.name NOT IN (\"bankwire\", \"cheque\", \"cashondelivery\")','>','0','1','hook','actionModuleInstallAfter',1,'2016-09-05 00:38:51','2016-09-05 00:38:51'),(8,109,'sql','SELECT COUNT(*) FROM PREFIX_orders o INNER JOIN PREFIX_address a ON a.id_address = o.id_address_delivery\r\nWHERE reference NOT IN (\"XKBKNABJK\", \"OHSATSERP\", \"FFATNOMMJ\", \"UOYEVOLI\", \"KHWLILZLL\") AND a.id_country != \"{config}PS_COUNTRY_DEFAULT{/config}\"','>=','1','0','hook','newOrder',0,'2016-09-05 00:38:51','2016-09-05 00:38:51'),(9,152,'sql','SELECT COUNT( id_module ) FROM PREFIX_module WHERE `name` like \"%paypal%\"','==','0','0','time','1',1,'2016-09-05 00:38:51','2016-09-05 00:38:51'),(10,121,'sql','SELECT COUNT( id_module ) FROM PREFIX_module WHERE `name` like \"%moneybookers%\"','==','0','0','time','1',1,'2016-09-05 00:38:51','2016-09-05 00:38:51'),(11,147,'sql','SELECT COUNT( id_module ) FROM PREFIX_module WHERE `name` like \"%hipay%\"','==','0','0','time','1',1,'2016-09-05 00:38:51','2016-09-05 00:38:51'),(12,155,'sql','SELECT COUNT( id_module ) FROM PREFIX_module WHERE `name` like \"%trustly%\"','==','0','0','time','1',1,'2016-09-05 00:38:51','2016-09-05 00:38:51'),(13,438,'sql','SELECT COUNT( id_module ) FROM PREFIX_module WHERE `name` like \"%payplug%\"','>=','1','0','hook','actionModuleInstallAfter',0,'2016-09-05 00:38:51','2016-09-05 00:38:51'),(14,410,'sql','SELECT COUNT( id_module ) FROM PREFIX_module WHERE `name` like \"%boxdropshipment%\"','>=','1','0','hook','actionModuleInstallAfter',0,'2016-09-05 00:38:51','2016-09-05 00:38:51'),(15,252,'sql','SELECT COUNT( id_module ) FROM PREFIX_module WHERE `name` like \"%gadwords%\" ','>=','1','0','hook','actionModuleInstallAfter',0,'2016-09-05 00:38:51','2016-09-05 00:38:51'),(16,55,'sql','SELECT COUNT(*) FROM ps_orders WHERE reference NOT IN (\"XKBKNABJK\", \"OHSATSERP\", \"FFATNOMMJ\", \"UOYEVOLI\", \"KHWLILZLL\")','>=','100','100','hook','actionObjectOrderAddAfter',1,'2016-09-05 00:38:51','2016-09-05 00:38:51'),(17,345,'sql','SELECT COUNT( id_module ) FROM PREFIX_module WHERE `name` like \"%twenga%\" ','==','0','0','time','1',1,'2016-09-05 00:38:51','2016-09-05 00:38:51'),(18,344,'sql','SELECT COUNT( id_module ) FROM PREFIX_module WHERE `name` like \"%twenga%\" ','>=','1','0','hook','actionModuleInstallAfter',0,'2016-09-05 00:38:51','2016-09-05 00:38:51'),(19,13,'sql','SELECT COUNT(*) FROM PREFIX_product WHERE reference NOT LIKE \"demo_%\"','>','999','494','hook','actionObjectProductAddAfter',0,'2016-09-05 00:38:51','2016-09-05 00:38:51'),(20,467,'sql','SELECT COUNT( id_module ) FROM PREFIX_module WHERE `name` like \"%erpillicopresta%\"','>=','1','0','hook','actionModuleInstallAfter',0,'2016-09-05 00:38:51','2016-09-05 00:38:51'),(21,12,'sql','SELECT COUNT(*) FROM PREFIX_product WHERE reference NOT LIKE \"demo_%\"','>','99','100','hook','actionObjectProductAddAfter',1,'2016-09-05 00:38:51','2016-09-05 00:38:51'),(22,39,'install','','>=','365','','time','2',0,'2016-09-05 00:38:51','2016-09-05 00:38:51'),(23,175,'sql','SELECT count(*) FROM	 PREFIX_configuration WHERE name = \'PS_HOSTED_MODE\'','==','0','0','time','1',1,'2016-09-05 00:38:51','2016-09-05 00:38:51'),(24,428,'sql','SELECT COUNT( id_module ) FROM PREFIX_module WHERE `name` like \"%authorizeaim%\"','>=','1','0','hook','actionModuleInstallAfter',0,'2016-09-05 00:38:51','2016-09-05 00:38:51'),(26,1,'configuration','PS_REWRITING_SETTINGS','==','1','1','hook','actionAdminMetaControllerUpdate_optionsAfter',1,'2016-09-05 00:38:51','2016-09-05 00:38:51'),(27,2,'configuration','PS_SMARTY_FORCE_COMPILE','!=','2','1','hook','actionAdminPerformanceControllerSaveAfter',1,'2016-09-05 00:38:51','2016-09-05 00:38:51'),(28,3,'configuration','PS_CSS_THEME_CACHE','==','1','','hook','actionAdminPerformanceControllerSaveAfter',0,'2016-09-05 00:38:51','2016-09-05 00:38:51'),(29,4,'configuration','PS_CIPHER_ALGORITHM','==','1','1','hook','actionAdminPerformanceControllerSaveAfter',1,'2016-09-05 00:38:51','2016-09-05 00:38:51'),(30,5,'configuration','PS_MEDIA_SERVERS','==','1','','hook','actionAdminPerformanceControllerSaveAfter',0,'2016-09-05 00:38:51','2016-09-05 00:38:51'),(31,7,'sql','SELECT COUNT(distinct m.id_module) FROM PREFIX_hook h LEFT JOIN PREFIX_hook_module hm ON h.id_hook = hm.id_hook LEFT JOIN PREFIX_module m ON hm.id_module = m.id_module\r\nWHERE (h.name = \"displayPayment\" OR h.name = \"payment\") AND m.name NOT IN (\"bankwire\", \"cheque\", \"cashondelivery\")','>','1','1','hook','actionModuleInstallAfter',0,'2016-09-05 00:38:51','2016-09-05 00:38:51'),(32,8,'sql','SELECT COUNT(*) FROM PREFIX_carrier WHERE name NOT IN (\"0\", \"My carrier\")','>','0','6','hook','actionObjectCarrierAddAfter',1,'2016-09-05 00:38:51','2016-09-05 00:38:51'),(33,9,'sql','SELECT COUNT(*) FROM PREFIX_carrier WHERE name NOT IN (\"0\", \"My carrier\")','>','1','6','hook','actionObjectCarrierAddAfter',1,'2016-09-05 00:38:51','2016-09-05 00:38:51'),(34,10,'sql','SELECT COUNT(*) FROM PREFIX_product WHERE reference NOT LIKE \"demo_%\"','>','0','74','hook','actionObjectProductAddAfter',1,'2016-09-05 00:38:51','2016-09-05 00:38:51'),(35,11,'sql','SELECT COUNT(*) FROM PREFIX_product WHERE reference NOT LIKE \"demo_%\"','>','9','74','hook','actionObjectProductAddAfter',1,'2016-09-05 00:38:51','2016-09-05 00:38:51'),(36,16,'configuration','PS_SHOP_PHONE','!=','0','','hook','actionAdminStoresControllerUpdate_optionsAfter',0,'2016-09-05 00:38:51','2016-09-05 00:38:51'),(37,17,'sql','SELECT COUNT(*) FROM PREFIX_contact','>','2','2','hook','actionObjectContactAddAfter',0,'2016-09-05 00:38:51','2016-09-05 00:38:51'),(38,18,'sql','SELECT COUNT(*) FROM PREFIX_contact','>','4','2','hook','actionObjectContactAddAfter',0,'2016-09-05 00:38:51','2016-09-05 00:38:51'),(39,14,'sql','SELECT COUNT(*) FROM PREFIX_product WHERE reference NOT LIKE \"demo_%\"','>','9999','494','hook','actionObjectProductAddAfter',0,'2016-09-05 00:38:51','2016-09-05 00:38:51'),(40,15,'sql','SELECT COUNT(*) FROM PREFIX_product WHERE reference NOT LIKE \"demo_%\"','>','99999','494','hook','actionObjectProductAddAfter',0,'2016-09-05 00:38:51','2016-09-05 00:38:51'),(41,20,'install','','>=','7','1','time','1',1,'2016-09-05 00:38:51','2016-09-05 00:38:51'),(42,21,'configuration','PS_LOGO','!=','logo.jpg','1','hook','actionAdminThemesControllerUpdate_optionsAfter',1,'2016-09-05 00:38:51','2016-09-05 00:38:51'),(43,22,'sql','SELECT COUNT(*) FROM PREFIX_theme WHERE directory != \"default\" AND directory != \"prestashop\" AND directory ! \"default-bootstrap\"','>','0','0','hook','actionObjectShopUpdateAfter',0,'2016-09-05 00:38:51','2016-09-05 00:38:51'),(44,23,'configuration','PS_LOGGED_ON_ADDONS','==','1','','time','1',0,'2016-09-05 00:38:51','2016-09-05 00:38:51'),(45,24,'configuration','PS_MULTISHOP_FEATURE_ACTIVE','==','1','','hook','actionAdminPreferencesControllerUpdate_optionsAfter',0,'2016-09-05 00:38:51','2016-09-05 00:38:51'),(46,25,'sql','SELECT COUNT(*) FROM PREFIX_shop','>','1','1','hook','actionObjectShopAddAfter',0,'2016-09-05 00:38:51','2016-09-05 00:38:51'),(47,28,'sql','SELECT COUNT(*) FROM PREFIX_shop_group','>','1','1','hook','actionObjectShopGroupAddAfter',0,'2016-09-05 00:38:51','2016-09-05 00:38:51'),(48,26,'sql','SELECT COUNT(*) FROM PREFIX_shop','>','4','1','hook','actionObjectShopAddAfter',0,'2016-09-05 00:38:51','2016-09-05 00:38:51'),(49,27,'sql','SELECT COUNT(*) FROM PREFIX_shop_group','>','5','1','hook','actionObjectShopGroupAddAfter 	',0,'2016-09-05 00:38:51','2016-09-05 00:38:51'),(50,30,'sql','SELECT COUNT(*) FROM PREFIX_carrier WHERE name NOT IN (\"0\", \"My carrier\")','>','2','6','hook','actionObjectCarrierAddAfter',1,'2016-09-05 00:38:51','2016-09-05 00:38:51'),(51,29,'sql','SELECT COUNT(distinct m.id_module) FROM PREFIX_hook h LEFT JOIN PREFIX_hook_module hm ON h.id_hook = hm.id_hook LEFT JOIN PREFIX_module m ON hm.id_module = m.id_module\r\nWHERE (h.name = \"displayPayment\" OR h.name = \"payment\") AND m.name NOT IN (\"bankwire\", \"cheque\", \"cashondelivery\")','>','2','1','hook','actionModuleInstallAfter',0,'2016-09-05 00:38:51','2016-09-05 00:38:51'),(52,31,'sql','SELECT SUM(total_paid_tax_excl / c.conversion_rate)\r\nFROM PREFIX_orders o INNER JOIN PREFIX_currency c ON c.id_currency = o.id_currency WHERE valid = 1 AND reference != \"XKBKNABJK\"','>=','100','103','hook','actionOrderStatusUpdate',1,'2016-09-05 00:38:51','2016-09-05 00:38:51'),(53,32,'sql',' 	SELECT SUM(total_paid_tax_excl / c.conversion_rate) FROM PREFIX_orders o INNER JOIN PREFIX_currency c ON c.id_currency = o.id_currency WHERE valid = 1 AND reference != \"XKBKNABJK\"','>=','1000','1001','hook','actionOrderStatusUpdate',1,'2016-09-05 00:38:51','2016-09-05 00:38:51'),(54,33,'sql',' 	SELECT SUM(total_paid_tax_excl / c.conversion_rate) FROM PREFIX_orders o INNER JOIN PREFIX_currency c ON c.id_currency = o.id_currency WHERE valid = 1 AND reference != \"XKBKNABJK\"','>=','10000','1988','time','1',0,'2016-09-05 00:38:51','2016-09-05 00:38:51'),(55,34,'sql',' 	SELECT SUM(total_paid_tax_excl / c.conversion_rate) FROM PREFIX_orders o INNER JOIN PREFIX_currency c ON c.id_currency = o.id_currency WHERE valid = 1','>=','100000','1923','time','7',0,'2016-09-05 00:38:51','2016-09-05 00:38:51'),(56,35,'sql',' 	SELECT SUM(total_paid_tax_excl / c.conversion_rate) FROM PREFIX_orders o INNER JOIN PREFIX_currency c ON c.id_currency = o.id_currency WHERE valid = 1','>=','1000000','1923','time','7',0,'2016-09-05 00:38:51','2016-09-05 00:38:51'),(57,36,'sql',' 	SELECT SUM(total_paid_tax_excl / c.conversion_rate) FROM PREFIX_orders o INNER JOIN PREFIX_currency c ON c.id_currency = o.id_currency WHERE valid = 1','>=','10000000','1923','time','7',0,'2016-09-05 00:38:51','2016-09-05 00:38:51'),(58,37,'install','','>=','30','1','time','1',1,'2016-09-05 00:38:51','2016-09-05 00:38:51'),(59,38,'install','','>=','182','','time','2',0,'2016-09-05 00:38:51','2016-09-05 00:38:51'),(60,41,'sql','SELECT COUNT(*) FROM PREFIX_guest','>=','10','23','time','1',1,'2016-09-05 00:38:51','2016-09-05 00:38:51'),(61,42,'sql','SELECT COUNT(*) FROM PREFIX_guest','>=','100','942','time','1',1,'2016-09-05 00:38:51','2016-09-05 00:38:51'),(62,43,'sql','SELECT COUNT(*) FROM PREFIX_guest','>=','1000','1091','time','1',1,'2016-09-05 00:38:51','2016-09-05 00:38:51'),(63,44,'sql','SELECT COUNT(*) FROM PREFIX_guest','>=','10000','28627','time','2',1,'2016-09-05 00:38:51','2016-09-05 00:38:51'),(64,45,'sql','SELECT COUNT(*) FROM PREFIX_guest','>=','100000','49690','time','3',0,'2016-09-05 00:38:51','2016-09-05 00:38:51'),(65,46,'sql','SELECT COUNT(*) FROM PREFIX_guest','>=','1000000','49690','time','4',0,'2016-09-05 00:38:51','2016-09-05 00:38:51'),(66,47,'sql','SELECT COUNT(*) FROM PREFIX_cart WHERE secure_key != \"b44a6d9efd7a0076a0fbce6b15eaf3b1\"','>=','2','2','hook','actionObjectCartAddAfter',1,'2016-09-05 00:38:51','2016-09-05 00:38:51'),(67,48,'sql','SELECT COUNT(*) FROM PREFIX_cart WHERE secure_key != \"b44a6d9efd7a0076a0fbce6b15eaf3b1\"','>=','10','10','hook','actionObjectCartAddAfter',1,'2016-09-05 00:38:51','2016-09-05 00:38:51'),(68,49,'sql','SELECT COUNT(*) FROM PREFIX_cart WHERE secure_key != \"b44a6d9efd7a0076a0fbce6b15eaf3b1\"','>=','100','100','hook','actionObjectCartAddAfter',1,'2016-09-05 00:38:51','2016-09-05 00:38:51'),(69,50,'sql','SELECT COUNT(*) FROM PREFIX_cart WHERE secure_key != \"b44a6d9efd7a0076a0fbce6b15eaf3b1\"','>=','1000','255','time','1',0,'2016-09-05 00:38:51','2016-09-05 00:38:51'),(70,51,'sql','SELECT COUNT(*) FROM PREFIX_cart WHERE secure_key != \"b44a6d9efd7a0076a0fbce6b15eaf3b1\"','>=','10000','244','time','4',0,'2016-09-05 00:38:51','2016-09-05 00:38:51'),(71,52,'sql','SELECT COUNT(*) FROM PREFIX_cart WHERE secure_key != \"b44a6d9efd7a0076a0fbce6b15eaf3b1\"','>=','100000','244','time','8',0,'2016-09-05 00:38:51','2016-09-05 00:38:51'),(72,53,'sql','SELECT COUNT(*) FROM ps_orders WHERE reference NOT IN (\"XKBKNABJK\", \"OHSATSERP\", \"FFATNOMMJ\", \"UOYEVOLI\", \"KHWLILZLL\")','>=','1','1','hook','actionObjectOrderAddAfter',1,'2016-09-05 00:38:51','2016-09-05 00:38:51'),(73,54,'sql','SELECT COUNT(*) FROM ps_orders WHERE reference NOT IN (\"XKBKNABJK\", \"OHSATSERP\", \"FFATNOMMJ\", \"UOYEVOLI\", \"KHWLILZLL\")','>=','10','10','hook','actionObjectOrderAddAfter',1,'2016-09-05 00:38:51','2016-09-05 00:38:51'),(74,56,'sql','SELECT COUNT(*) FROM ps_orders WHERE reference NOT IN (\"XKBKNABJK\", \"OHSATSERP\", \"FFATNOMMJ\", \"UOYEVOLI\", \"KHWLILZLL\")','>=','1000','215','time','2',0,'2016-09-05 00:38:51','2016-09-05 00:38:51'),(75,57,'sql','SELECT COUNT(*) FROM ps_orders WHERE reference NOT IN (\"XKBKNABJK\", \"OHSATSERP\", \"FFATNOMMJ\", \"UOYEVOLI\", \"KHWLILZLL\")','>=','10000','215','time','4',0,'2016-09-05 00:38:51','2016-09-05 00:38:51'),(76,58,'sql','SELECT COUNT(*) FROM ps_orders WHERE reference NOT IN (\"XKBKNABJK\", \"OHSATSERP\", \"FFATNOMMJ\", \"UOYEVOLI\", \"KHWLILZLL\")','>=','100000','215','time','8',0,'2016-09-05 00:38:51','2016-09-05 00:38:51'),(77,65,'sql','SELECT COUNT(*) FROM PREFIX_customer_thread','>=','1','1','hook','actionObjectCustomerThreadAddAfter',1,'2016-09-05 00:38:51','2016-09-05 00:38:51'),(78,66,'sql','SELECT COUNT(*) FROM PREFIX_customer_thread','>=','10','3','hook','actionObjectCustomerThreadAddAfter',0,'2016-09-05 00:38:51','2016-09-05 00:38:51'),(79,67,'sql','SELECT COUNT(*) FROM PREFIX_customer_thread','>=','100','3','hook','actionObjectCustomerThreadAddAfter',0,'2016-09-05 00:38:51','2016-09-05 00:38:51'),(80,68,'sql','SELECT COUNT(*) FROM PREFIX_customer_thread','>=','1000','2','time','2',0,'2016-09-05 00:38:51','2016-09-05 00:38:51'),(81,69,'sql','SELECT COUNT(*) FROM PREFIX_customer_thread','>=','10000','2','time','4',0,'2016-09-05 00:38:51','2016-09-05 00:38:51'),(82,70,'sql','SELECT COUNT(*) FROM PREFIX_customer_thread','>=','100000','2','time','8',0,'2016-09-05 00:38:51','2016-09-05 00:38:51'),(83,59,'sql','SELECT COUNT(*) FROM PREFIX_customer WHERE email != \"pub@prestashop.com\"','>=','1','1','hook','actionObjectCustomerAddAfter',1,'2016-09-05 00:38:51','2016-09-05 00:38:51'),(84,60,'sql','SELECT COUNT(*) FROM PREFIX_customer WHERE email != \"pub@prestashop.com\"','>=','10','10','hook','actionObjectCustomerAddAfter',1,'2016-09-05 00:38:51','2016-09-05 00:38:51'),(85,61,'sql','SELECT COUNT(*) FROM PREFIX_customer WHERE email != \"pub@prestashop.com\"','>=','100','100','hook','actionObjectCustomerAddAfter',1,'2016-09-05 00:38:51','2016-09-05 00:38:51'),(86,62,'sql','SELECT COUNT(*) FROM PREFIX_customer WHERE email != \"pub@prestashop.com\"','>=','1000','236','time','1',0,'2016-09-05 00:38:51','2016-09-05 00:38:51'),(87,63,'sql','SELECT COUNT(*) FROM PREFIX_customer WHERE email != \"pub@prestashop.com\"','>=','10000','226','time','2',0,'2016-09-05 00:38:51','2016-09-05 00:38:51'),(88,64,'sql','SELECT COUNT(*) FROM PREFIX_customer WHERE email != \"pub@prestashop.com\"','>=','100000','226','time','4',0,'2016-09-05 00:38:51','2016-09-05 00:38:51'),(89,71,'sql','SELECT IFNULL(id_order, 0) FROM PREFIX_orders o LEFT JOIN PREFIX_address a ON o.id_address_delivery = a.id_address LEFT JOIN PREFIX_country c ON c.id_country = a.id_country WHERE o.valid = 1 AND a.id_country != \"{config}PS_COUNTRY_DEFAULT{/config}\" AND c.iso_code IN (\"BE\",\"DE\",\"FR\",\"FX\",\"GB\",\"IE\",\"LU\",\"MC\",\"NL\")','!=','0','0','hook','actionOrderStatusUpdate',0,'2016-09-05 00:38:51','2016-11-05 10:18:51'),(90,72,'sql','SELECT IFNULL(id_order, 0) FROM PREFIX_orders o LEFT JOIN PREFIX_address a ON o.id_address_delivery = a.id_address LEFT JOIN PREFIX_country c ON c.id_country = a.id_country WHERE o.valid = 1 AND a.id_country != \"{config}PS_COUNTRY_DEFAULT{/config}\" AND c.iso_code IN (\"IT\",\r\n\"MT\",\r\n\"SM\",\r\n\"VA\",\r\n\"AD\",\r\n\"ES\",\r\n\"GI\",\r\n\"PT\")','!=','0','0','hook','actionOrderStatusUpdate',0,'2016-09-05 00:38:51','2016-11-05 10:18:51'),(91,73,'sql','SELECT IFNULL(id_order, 0) FROM PREFIX_orders o LEFT JOIN PREFIX_address a ON o.id_address_delivery = a.id_address LEFT JOIN PREFIX_country c ON c.id_country = a.id_country WHERE o.valid = 1 AND a.id_country != \"{config}PS_COUNTRY_DEFAULT{/config}\" AND c.iso_code IN (\r\n\"BY\",\r\n\"EE\",\r\n\"LT\",\r\n\"LV\",\r\n\"MD\",\r\n\"PL\",\r\n\"UA\",\r\n\"AL\",\r\n\"BA\",\r\n\"BG\",\r\n\"GR\",\r\n\"HR\",\r\n\"MK\",\r\n\"RO\",\r\n\"SI\",\r\n\"YU\",\r\n\"RU\"\r\n)','!=','0','0','hook','actionOrderStatusUpdate',0,'2016-09-05 00:38:51','2016-11-05 10:18:51'),(92,74,'sql','SELECT IFNULL(id_order, 0) FROM PREFIX_orders o LEFT JOIN PREFIX_address a ON o.id_address_delivery = a.id_address LEFT JOIN PREFIX_country c ON c.id_country = a.id_country WHERE o.valid = 1 AND a.id_country != \"{config}PS_COUNTRY_DEFAULT{/config}\" AND c.iso_code IN (\r\n\"AT\",\r\n\"CH\",\r\n\"CZ\",\r\n\"HU\",\r\n\"LI\",\r\n\"SK\"\r\n)','!=','0','0','hook','actionOrderStatusUpdate',0,'2016-09-05 00:38:51','2016-11-05 10:18:51'),(93,75,'sql','SELECT IFNULL(id_order, 0) FROM PREFIX_orders o LEFT JOIN PREFIX_address a ON o.id_address_delivery = a.id_address LEFT JOIN PREFIX_country c ON c.id_country = a.id_country WHERE o.valid = 1 AND a.id_country != \"{config}PS_COUNTRY_DEFAULT{/config}\" AND c.iso_code IN (\r\n\"DK\",\r\n\"FI\",\r\n\"FO\",\r\n\"IS\",\r\n\"NO\",\r\n\"SE\",\r\n\"SJ\"\r\n)','!=','0','0','hook','actionOrderStatusUpdate',0,'2016-09-05 00:38:51','2016-11-05 10:18:51'),(94,76,'sql','SELECT IFNULL(id_order, 0) FROM PREFIX_orders o LEFT JOIN PREFIX_address a ON o.id_address_delivery = a.id_address LEFT JOIN PREFIX_country c ON c.id_country = a.id_country WHERE o.valid = 1 AND a.id_country != \"{config}PS_COUNTRY_DEFAULT{/config}\" AND c.iso_code IN (\r\n\"CA\",\r\n\"GL\",\r\n\"PM\",\r\n\"US\"\r\n)','!=','0','0','hook','actionOrderStatusUpdate',0,'2016-09-05 00:38:51','2016-11-05 10:18:51'),(95,79,'sql','SELECT IFNULL(id_order, 0) FROM PREFIX_orders o LEFT JOIN PREFIX_address a ON o.id_address_delivery = a.id_address LEFT JOIN PREFIX_country c ON c.id_country = a.id_country WHERE o.valid = 1 AND a.id_country != \"{config}PS_COUNTRY_DEFAULT{/config}\" AND c.iso_code IN (\r\n\"UM\",\r\n\"AS\",\r\n\"AU\",\r\n\"CK\",\r\n\"FJ\",\r\n\"FM\",\r\n\"GU\",\r\n\"KI\",\r\n\"MH,\"\r\n\"MP\",\r\n\"NC\",\r\n\"NF\",\r\n\"NR\",\r\n\"NU\",\r\n\"NZ\",\r\n\"PF\",\r\n\"PG\",\r\n\"PN\",\r\n\"PW\",\r\n\"SB\",\r\n\"TK\",\r\n\"TO\",\r\n\"TV\",\r\n\"VU\",\r\n\"WF\",\r\n\"WS\"\r\n)','!=','0','0','hook','actionOrderStatusUpdate',0,'2016-09-05 00:38:51','2016-11-05 10:18:51'),(96,85,'sql','SELECT IFNULL(id_order, 0) FROM PREFIX_orders o LEFT JOIN PREFIX_address a ON o.id_address_delivery = a.id_address LEFT JOIN PREFIX_country c ON c.id_country = a.id_country WHERE o.valid = 1 AND a.id_country != \"{config}PS_COUNTRY_DEFAULT{/config}\" AND c.iso_code IN (\r\n\"KG\",\r\n\"KZ\",\r\n\"TJ\",\r\n\"TM\",\r\n\"UZ\",\r\n\"AE\",\r\n\"AM\",\r\n\"AZ\",\r\n\"BH\",\r\n\"CY\",\r\n\"GE\",\r\n\"IL\",\r\n\"IQ\",\r\n\"IR\",\r\n\"JO\",\r\n\"KW\",\r\n\"LB\",\r\n\"OM\",\r\n\"QA\",\r\n\"SA\",\r\n\"SY\",\r\n\"TR\",\r\n\"YE\",\r\n\"AF\",\r\n\"BD\",\r\n\"BT\",\r\n\"IN\",\r\n\"IO\",\r\n\"LK\",\r\n\"MV\",\r\n\"NP\",\r\n\"PK\",\r\n\"CN\",\r\n\"HK\",\r\n\"JP\",\r\n\"KP\",\r\n\"KR\",\r\n\"MO\",\r\n\"TW\",\r\n\"MN\",\r\n\"BN\",\r\n\"CC\",\r\n\"CX\",\r\n\"ID\",\r\n\"KH\",\r\n\"LA\",\r\n\"MM\",\r\n\"MY\",\r\n\"PH\",\r\n\"SG\",\r\n\"TH\",\r\n\"TP\",\r\n\"VN\"\r\n)','!=','0','0','hook','actionOrderStatusUpdate',0,'2016-09-05 00:38:51','2016-11-05 10:18:51'),(97,86,'sql','SELECT IFNULL(id_order, 0) FROM PREFIX_orders o LEFT JOIN PREFIX_address a ON o.id_address_delivery = a.id_address LEFT JOIN PREFIX_country c ON c.id_country = a.id_country WHERE o.valid = 1 AND a.id_country != \"{config}PS_COUNTRY_DEFAULT{/config}\" AND c.iso_code IN (\r\n\"BZ\",\r\n\"CR\",\r\n\"GT\",\r\n\"HN\",\r\n\"MX\",\r\n\"NI\",\r\n\"PA\",\r\n\"SV\",\r\n\"AG\",\r\n\"AI\",\r\n\"AN\",\r\n\"AW\",\r\n\"BB\",\r\n\"BM\",\r\n\"BS\",\r\n\"CU\",\r\n\"DM\",\r\n\"DO\",\r\n\"GD\",\r\n\"GP\",\r\n\"HT\",\r\n\"JM\",\r\n\"KN\",\r\n\"KY\",\r\n\"LC\",\r\n\"MQ\",\r\n\"MS\",\r\n\"PR\",\r\n\"TC\",\r\n\"TT\",\r\n\"VC\",\r\n\"VG\",\r\n\"VI\",\r\n\"AR\",\r\n\"BO\",\r\n\"BR\",\r\n\"CL\",\r\n\"CO\",\r\n\"EC\",\r\n\"FK\",\r\n\"GF\",\r\n\"GY\",\r\n\"PE\",\r\n\"PY\",\r\n\"SR\",\r\n\"UY\",\r\n\"VE\"\r\n)','!=','0','0','hook','actionOrderStatusUpdate',0,'2016-09-05 00:38:51','2016-11-05 10:18:51'),(98,88,'sql','SELECT IFNULL(id_order, 0) FROM PREFIX_orders o LEFT JOIN PREFIX_address a ON o.id_address_delivery = a.id_address LEFT JOIN PREFIX_country c ON c.id_country = a.id_country WHERE o.valid = 1 AND a.id_country != \"{config}PS_COUNTRY_DEFAULT{/config}\" AND c.iso_code IN (\r\n\"BI\",\r\n\"CF\",\r\n\"CG\",\r\n\"RW\",\r\n\"TD\",\r\n\"ZR\",\r\n\"DJ\",\r\n\"ER\",\r\n\"ET\",\r\n\"KE\",\r\n\"SO\",\r\n\"TZ\",\r\n\"UG\",\r\n\"KM\",\r\n\"MG\",\r\n\"MU\",\r\n\"RE\",\r\n\"SC\",\r\n\"YT\",\r\n\"AO\",\r\n\"BW\",\r\n\"LS\",\r\n\"MW\",\r\n\"MZ\",\r\n\"NA\",\r\n\"SZ\",\r\n\"ZA\",\r\n\"ZM\",\r\n\"ZW\",\r\n\"BF\",\r\n\"BJ\",\r\n\"CI\",\r\n\"CM\",\r\n\"CV\",\r\n\"GA\",\r\n\"GH\",\r\n\"GM\",\r\n\"GN\",\r\n\"GQ\",\r\n\"GW\",\r\n\"LR\",\r\n\"ML\",\r\n\"MR\",\r\n\"NE\",\r\n\"NG\",\r\n\"SL\",\r\n\"SN\",\r\n\"ST\",\r\n\"TG\"\r\n)','!=','0','0','hook','actionOrderStatusUpdate',0,'2016-09-05 00:38:51','2016-11-05 10:18:51'),(99,89,'sql','SELECT IFNULL(id_order, 0) FROM PREFIX_orders o LEFT JOIN PREFIX_address a ON o.id_address_delivery = a.id_address LEFT JOIN PREFIX_country c ON c.id_country = a.id_country WHERE o.valid = 1 AND a.id_country != \"{config}PS_COUNTRY_DEFAULT{/config}\" AND c.iso_code IN (\r\n\"DZ\",\r\n\"EG\",\r\n\"EH\",\r\n\"LY\",\r\n\"MA\",\r\n\"SD\",\r\n\"TN\"\r\n)','!=','0','0','hook','actionOrderStatusUpdate',0,'2016-09-05 00:38:51','2016-11-05 10:18:52'),(100,90,'sql','SELECT COUNT(*) FROM PREFIX_employee','>=','2','2','hook','actionObjectEmployeeAddAfter',1,'2016-09-05 00:38:51','2016-09-05 00:38:51'),(101,91,'sql','SELECT COUNT(*) FROM PREFIX_employee','>=','3','3','hook','actionObjectEmployeeAddAfter',1,'2016-09-05 00:38:51','2016-09-05 00:38:51'),(102,92,'sql','SELECT COUNT(*) FROM PREFIX_employee','>=','5','4','hook','actionObjectEmployeeAddAfter',0,'2016-09-05 00:38:51','2016-09-05 00:38:51'),(103,93,'sql','SELECT COUNT(*) FROM PREFIX_employee','>=','10','4','hook','actionObjectEmployeeAddAfter',0,'2016-09-05 00:38:51','2016-09-05 00:38:51'),(104,94,'sql','SELECT COUNT(*) FROM PREFIX_employee','>=','20','4','hook','actionObjectEmployeeAddAfter',0,'2016-09-05 00:38:51','2016-09-05 00:38:51'),(105,95,'sql','SELECT COUNT(*) FROM PREFIX_employee','>=','40','4','hook','actionObjectEmployeeAddAfter',0,'2016-09-05 00:38:51','2016-09-05 00:38:51'),(106,96,'sql','SELECT id_image FROM PREFIX_image WHERE id_image > 26','>','0','27','hook','actionObjectImageAddAfter',1,'2016-09-05 00:38:51','2016-09-05 00:38:51'),(107,97,'sql','SELECT COUNT(*) FROM PREFIX_image','>=','50','50','hook','actionObjectImageAddAfter',1,'2016-09-05 00:38:51','2016-09-05 00:38:51'),(108,98,'sql','SELECT COUNT(*) FROM PREFIX_image','>=','100','100','hook','actionObjectImageAddAfter',1,'2016-09-05 00:38:51','2016-09-05 00:38:51'),(109,99,'sql','SELECT COUNT(*) FROM PREFIX_image','>=','1000','654','time','2',0,'2016-09-05 00:38:51','2016-09-05 00:38:51'),(110,100,'sql','SELECT COUNT(*) FROM PREFIX_image','>=','10000','654','time','4',0,'2016-09-05 00:38:51','2016-09-05 00:38:51'),(111,101,'sql','SELECT COUNT(*) FROM PREFIX_image','>=','50000','654','time','8',0,'2016-09-05 00:38:51','2016-09-05 00:38:51'),(112,102,'sql','SELECT id_cms FROM PREFIX_cms WHERE id_cms > 5','>','0','0','hook','actionObjectCMSAddAfter',0,'2016-09-05 00:38:51','2016-09-05 00:38:51'),(113,103,'sql','SELECT COUNT(*) FROM PREFIX_cart_rule','>=','1','0','hook','actionObjectCartRuleAddAfter 	',0,'2016-09-05 00:38:51','2016-09-05 00:38:51'),(114,104,'sql','SELECT COUNT(*) FROM PREFIX_cart_rule','>=','10','0','hook','actionObjectCartRuleAddAfter 	',0,'2016-09-05 00:38:51','2016-09-05 00:38:51'),(115,105,'sql','SELECT COUNT(*) FROM PREFIX_cart_rule','>=','100','0','hook','actionObjectCartRuleAddAfter 	',0,'2016-09-05 00:38:51','2016-09-05 00:38:51'),(116,107,'sql','SELECT COUNT(*) FROM PREFIX_cart_rule','>=','500','0','hook','actionObjectCartRuleAddAfter 	',0,'2016-09-05 00:38:51','2016-09-05 00:38:51'),(117,106,'sql','SELECT COUNT(*) FROM PREFIX_cart_rule','>=','1000','0','hook','actionObjectCartRuleAddAfter 	',0,'2016-09-05 00:38:51','2016-09-05 00:38:51'),(118,108,'sql','SELECT COUNT(*) FROM PREFIX_cart_rule','>=','5000','0','hook','actionObjectCartRuleAddAfter 	',0,'2016-09-05 00:38:51','2016-09-05 00:38:51'),(119,110,'sql','SELECT COUNT(*) FROM PREFIX_orders o INNER JOIN PREFIX_address a ON a.id_address = o.id_address_delivery\r\nWHERE reference NOT IN (\"XKBKNABJK\", \"OHSATSERP\", \"FFATNOMMJ\", \"UOYEVOLI\", \"KHWLILZLL\") AND a.id_country != \"{config}PS_COUNTRY_DEFAULT{/config}\"','>=','10','0','hook','actionOrderStatusUpdate',0,'2016-09-05 00:38:51','2016-11-05 10:18:52'),(120,111,'sql','SELECT COUNT(*) FROM PREFIX_orders o INNER JOIN PREFIX_address a ON a.id_address = o.id_address_delivery\r\nWHERE reference NOT IN (\"XKBKNABJK\", \"OHSATSERP\", \"FFATNOMMJ\", \"UOYEVOLI\", \"KHWLILZLL\") AND a.id_country != \"{config}PS_COUNTRY_DEFAULT{/config}\"','>=','100','0','hook','actionOrderStatusUpdate',0,'2016-09-05 00:38:51','2016-11-05 10:18:52'),(121,113,'sql','SELECT COUNT(*) FROM PREFIX_orders o INNER JOIN PREFIX_address a ON a.id_address = o.id_address_delivery\r\nWHERE reference NOT IN (\"XKBKNABJK\", \"OHSATSERP\", \"FFATNOMMJ\", \"UOYEVOLI\", \"KHWLILZLL\") AND a.id_country != \"{config}PS_COUNTRY_DEFAULT{/config}\"','>=','1000','0','hook','actionOrderStatusUpdate',0,'2016-09-05 00:38:51','2016-11-05 10:18:52'),(122,114,'sql','SELECT COUNT(*) FROM PREFIX_orders o INNER JOIN PREFIX_address a ON a.id_address = o.id_address_delivery\r\nWHERE reference NOT IN (\"XKBKNABJK\", \"OHSATSERP\", \"FFATNOMMJ\", \"UOYEVOLI\", \"KHWLILZLL\") AND a.id_country != \"{config}PS_COUNTRY_DEFAULT{/config}\"','>=','5000','0','hook','actionOrderStatusUpdate',0,'2016-09-05 00:38:51','2016-11-05 10:18:52'),(123,112,'sql','SELECT COUNT(*) FROM PREFIX_orders o INNER JOIN PREFIX_address a ON a.id_address = o.id_address_delivery\r\nWHERE reference NOT IN (\"XKBKNABJK\", \"OHSATSERP\", \"FFATNOMMJ\", \"UOYEVOLI\", \"KHWLILZLL\") AND a.id_country != \"{config}PS_COUNTRY_DEFAULT{/config}\"','>=','10000','0','hook','actionOrderStatusUpdate',0,'2016-09-05 00:38:51','2016-11-05 10:18:52'),(124,165,'sql','SELECT COUNT(s.`id_store`) FROM PREFIX_store s WHERE `latitude` NOT IN (\'25.76500500\', \'26.13793600\', \'26.00998700\', \'25.73629600\', \'25.88674000\') AND `longitude` NOT IN (\'-80.24379700\', \'-80.13943500\', \'-80.29447200\', \'-80.24479700\', \'-80.16329200\')','>','0','1','hook','actionAdminStoresControllerSaveAfter',1,'2016-09-05 00:38:51','2016-09-05 00:38:51'),(125,166,'sql','SELECT COUNT(s.`id_store`) FROM PREFIX_store s WHERE `latitude` NOT IN (\'25.76500500\', \'26.13793600\', \'26.00998700\', \'25.73629600\', \'25.88674000\') AND `longitude` NOT IN (\'-80.24379700\', \'-80.13943500\', \'-80.29447200\', \'-80.24479700\', \'-80.16329200\')','>','1','1','hook','actionAdminStoresControllerSaveAfter',0,'2016-09-05 00:38:51','2016-09-05 00:38:51'),(126,167,'sql','SELECT COUNT(s.`id_store`) FROM PREFIX_store s WHERE `latitude` NOT IN (\'25.76500500\', \'26.13793600\', \'26.00998700\', \'25.73629600\', \'25.88674000\') AND `longitude` NOT IN (\'-80.24379700\', \'-80.13943500\', \'-80.29447200\', \'-80.24479700\', \'-80.16329200\')','>','4','1','hook','actionAdminStoresControllerSaveAfter',0,'2016-09-05 00:38:51','2016-09-05 00:38:51'),(127,168,'sql','SELECT COUNT(s.`id_store`) FROM PREFIX_store s WHERE `latitude` NOT IN (\'25.76500500\', \'26.13793600\', \'26.00998700\', \'25.73629600\', \'25.88674000\') AND `longitude` NOT IN (\'-80.24379700\', \'-80.13943500\', \'-80.29447200\', \'-80.24479700\', \'-80.16329200\')','>','9','1','hook','actionAdminStoresControllerSaveAfter',0,'2016-09-05 00:38:51','2016-09-05 00:38:51'),(128,169,'sql','SELECT COUNT(s.`id_store`) FROM PREFIX_store s WHERE `latitude` NOT IN (\'25.76500500\', \'26.13793600\', \'26.00998700\', \'25.73629600\', \'25.88674000\') AND `longitude` NOT IN (\'-80.24379700\', \'-80.13943500\', \'-80.29447200\', \'-80.24479700\', \'-80.16329200\')','>','19','1','hook','actionAdminStoresControllerSaveAfter',0,'2016-09-05 00:38:51','2016-09-05 00:38:51'),(129,170,'sql','SELECT COUNT(s.`id_store`) FROM PREFIX_store s WHERE `latitude` NOT IN (\'25.76500500\', \'26.13793600\', \'26.00998700\', \'25.73629600\', \'25.88674000\') AND `longitude` NOT IN (\'-80.24379700\', \'-80.13943500\', \'-80.29447200\', \'-80.24479700\', \'-80.16329200\')','>','49','1','hook','actionAdminStoresControllerSaveAfter',0,'2016-09-05 00:38:51','2016-09-05 00:38:51'),(130,171,'sql','SELECT COUNT(*) FROM PREFIX_webservice_account','>=','1','0','hook','actionAdminWebserviceControllerSaveAfter',0,'2016-09-05 00:38:51','2016-09-05 00:38:51'),(131,172,'sql','SELECT COUNT(*) FROM PREFIX_webservice_account','>=','2','0','hook','actionAdminWebserviceControllerSaveAfter',0,'2016-09-05 00:38:51','2016-09-05 00:38:51'),(132,173,'sql','SELECT COUNT(*) FROM PREFIX_webservice_account','>=','3','0','hook','actionAdminWebserviceControllerSaveAfter',0,'2016-09-05 00:38:51','2016-09-05 00:38:51'),(133,174,'sql','SELECT COUNT(*) FROM PREFIX_webservice_account','>=','4','0','hook','actionAdminWebserviceControllerSaveAfter',0,'2016-09-05 00:38:51','2016-09-05 00:38:51'),(134,137,'sql','SELECT COUNT( id_module ) FROM PREFIX_module WHERE `name` like \"hipay%\"','>=','1','0','hook','actionModuleInstallAfter',0,'2016-09-05 00:38:51','2016-09-05 00:38:51'),(135,255,'configuration','HIPAY_CONFIGURATION_OK','==','1','','time','1',0,'2016-09-05 00:38:51','2016-09-05 00:38:51'),(136,362,'sql','SELECT COUNT(*) FROM PREFIX_orders o LEFT JOIN PREFIX_order_state os ON os.id_order_state = o.current_state WHERE o.module like \"%hipay%\" AND os.logable = 1','>=','1','0','time','1',0,'2016-09-05 00:38:51','2016-09-05 00:38:51'),(137,363,'sql','SELECT COUNT(*) FROM PREFIX_orders o LEFT JOIN PREFIX_order_state os ON os.id_order_state = o.current_state WHERE o.module like \"%hipay%\" AND os.logable = 1 AND o.date_add > DATE_SUB(NOW(), INTERVAL 90 DAY)','>=','30','0','time','1',0,'2016-09-05 00:38:51','2016-09-05 00:38:51'),(138,141,'sql','SELECT COUNT( id_module ) FROM PREFIX_module WHERE `name` like \"%ogone%\"','>=','1','0','hook','actionModuleInstallAfter',0,'2016-09-05 00:38:51','2016-09-05 00:38:51'),(139,291,'sql','SELECT COUNT(*) FROM PREFIX_configuration WHERE (( name LIKE \'OGONE_CONFIGURATION_OK\') AND ( value = \'1\')) OR (( name LIKE \'OGONE_MODE\') AND ( value = \'live\'))','==','2','0','time','1',0,'2016-09-05 00:38:51','2016-09-05 00:38:51'),(140,369,'sql','SELECT COUNT(*) FROM PREFIX_orders o LEFT JOIN PREFIX_order_state os ON os.id_order_state = o.current_state WHERE o.module like \"%ogone%\" AND os.logable = 1','>=','1','0','time','1',0,'2016-09-05 00:38:51','2016-09-05 00:38:51'),(141,391,'sql','SELECT COUNT(*) FROM PREFIX_orders o LEFT JOIN PREFIX_order_state os ON os.id_order_state = o.current_state WHERE o.module like \"%ogone%\" AND os.logable = 1 AND o.date_add > DATE_SUB(NOW(), INTERVAL 90 DAY)','>=','30','0','time','1',0,'2016-09-05 00:38:51','2016-09-05 00:38:51'),(142,301,'sql','SELECT COUNT(*) FROM PREFIX_configuration WHERE (( name LIKE \'PAYPAL_CONFIGURATION_OK\') AND ( value = \'1\')) OR (( name LIKE \'PAYPAL_SANDBOX\') AND ( value = \'0\'))','==','2','2','time','1',1,'2016-09-05 00:38:51','2016-09-05 00:38:51'),(143,371,'sql','SELECT COUNT(*) FROM PREFIX_orders o LEFT JOIN PREFIX_order_state os ON os.id_order_state = o.current_state WHERE o.module like \"%paypal%\" AND os.logable = 1','>=','1','1','time','1',1,'2016-09-05 00:38:51','2016-09-05 00:38:51'),(144,372,'sql','SELECT COUNT(*) FROM PREFIX_orders o LEFT JOIN PREFIX_order_state os ON os.id_order_state = o.current_state WHERE o.module like \"%paypal%\" AND os.logable = 1 AND o.date_add > DATE_SUB(NOW(), INTERVAL 90 DAY)','>=','30','2','time','1',0,'2016-09-05 00:38:51','2016-09-05 00:38:51'),(145,320,'sql','SELECT COUNT( id_module ) FROM PREFIX_module WHERE `name` like \"%shopgate%\" ','>=','1','0','hook','actionModuleInstallAfter',0,'2016-09-05 00:38:51','2016-09-05 00:38:51'),(146,322,'configuration','SHOPGATE_CONFIGURATION_OK','==','1','','time','1',0,'2016-09-05 00:38:51','2016-09-05 00:38:51'),(147,375,'sql','SELECT COUNT(*) FROM PREFIX_orders o LEFT JOIN PREFIX_order_state os ON os.id_order_state = o.current_state WHERE o.module like \"%shopgate%\" AND os.logable = 1 AND o.date_add > DATE_SUB(NOW(), INTERVAL 90 DAY)','>=','1','0','time','1',0,'2016-09-05 00:38:51','2016-09-05 00:38:51'),(148,376,'sql','SELECT COUNT(*) FROM PREFIX_orders o LEFT JOIN PREFIX_order_state os ON os.id_order_state = o.current_state WHERE o.module like \"%shopgate%\" AND os.logable = 1 AND o.date_add > DATE_SUB(NOW(), INTERVAL 90 DAY)','>=','30','0','time','1',0,'2016-09-05 00:38:51','2016-09-05 00:38:51'),(149,140,'sql','SELECT COUNT( id_module ) FROM PREFIX_module WHERE `name` like \"%moneybookers%\"','>=','1','0','hook','actionModuleInstallAfter',0,'2016-09-05 00:38:51','2016-09-05 00:38:51'),(150,326,'sql','SELECT COUNT(*) FROM PREFIX_configuration WHERE (( name LIKE \'MONEYBOOKERS_CONFIGURATION_OK\') AND ( value = \'1\')) OR (( name LIKE \'MB_PAY_TO_EMAIL \') AND ( value != \'testaccount2@moneybookers.com \'))','==','2','0','time','1',0,'2016-09-05 00:38:51','2016-09-05 00:38:51'),(151,377,'sql','SELECT COUNT(*) FROM PREFIX_orders o LEFT JOIN PREFIX_order_state os ON os.id_order_state = o.current_state WHERE o.module like \"%moneybookers%\" AND os.logable = 1 AND o.date_add > DATE_SUB(NOW(), INTERVAL 90 DAY)','>=','1','0','time','1',0,'2016-09-05 00:38:51','2016-09-05 00:38:51'),(152,394,'sql','SELECT COUNT(*) FROM PREFIX_orders o LEFT JOIN PREFIX_order_state os ON os.id_order_state = o.current_state WHERE o.module like \"%sofortbanking%\" AND os.logable = 1 AND o.date_add > DATE_SUB(NOW(), INTERVAL 90 DAY)','>=','30','0','time','1',0,'2016-09-05 00:38:51','2016-09-05 00:38:51'),(153,328,'sql','SELECT COUNT( id_module ) FROM PREFIX_module WHERE `name` like \"%sofortbanking%\" ','>=','1','0','hook','actionModuleInstallAfter',0,'2016-09-05 00:38:51','2016-09-05 00:38:51'),(154,330,'configuration','SOFORTBANKING_CONFIGURATION_OK','==','1','','time','1',0,'2016-09-05 00:38:51','2016-09-05 00:38:51'),(155,379,'sql','SELECT COUNT(*) FROM PREFIX_orders o LEFT JOIN PREFIX_order_state os ON os.id_order_state = o.current_state WHERE o.module like \"%sofortbanking%\" AND os.logable = 1','>=','1','0','time','1',0,'2016-09-05 00:38:51','2016-09-05 00:38:51'),(156,380,'sql','SELECT COUNT(*) FROM PREFIX_orders o LEFT JOIN PREFIX_order_state os ON os.id_order_state = o.current_state WHERE o.module like \"%sofortbanking%\" AND os.logable = 1 AND o.date_add > DATE_SUB(NOW(), INTERVAL 90 DAY)','>=','30','0','time','1',0,'2016-09-05 00:38:51','2016-09-05 00:38:51'),(157,288,'sql','SELECT COUNT( id_module ) FROM PREFIX_module WHERE `name` like \"%nqgatewayneteven%\" ','>=','1','0','hook','actionModuleInstallAfter',0,'2016-09-05 00:38:51','2016-09-05 00:38:51'),(158,290,'sql','SELECT COUNT(*) FROM PREFIX_configuration WHERE name LIKE \'NQGATEWAYNETEVEN_CONFIGURATION_OK\' OR name LIKE \'NQGATEWAYNETEVEN_CONFIGURED\'\r\n','>=','1','0','time','1',0,'2016-09-05 00:38:51','2016-09-05 00:38:51'),(159,405,'sql','SELECT COUNT(*) FROM PREFIX_orders o LEFT JOIN PREFIX_order_state os ON os.id_order_state = o.current_state WHERE o.module like \"%nqgatewayneteven%\" AND os.logable = 1','>=','1','0','time','1',0,'2016-09-05 00:38:51','2016-09-05 00:38:51'),(160,406,'sql','SELECT COUNT(*) FROM PREFIX_orders o LEFT JOIN PREFIX_order_state os ON os.id_order_state = o.current_state WHERE o.module like \"%nqgatewayneteven%\" AND os.logable = 1 AND o.date_add > DATE_SUB(NOW(), INTERVAL 90 DAY)','>=','30','0','time','1',0,'2016-09-05 00:38:51','2016-09-05 00:38:51'),(161,311,'sql','SELECT COUNT( id_module ) FROM PREFIX_module WHERE `name` like \"%prediggo%\" ','>=','1','0','hook','actionModuleInstallAfter',0,'2016-09-05 00:38:51','2016-09-05 00:38:51'),(162,313,'configuration','PREDIGGO_CONFIGURATION_OK','==','1','','time','1',0,'2016-09-05 00:38:51','2016-09-05 00:38:51'),(163,346,'configuration','TWENGA_CONFIGURATION_OK','==','1','','time','1',0,'2016-09-05 00:38:51','2016-09-05 00:38:51'),(164,222,'sql','SELECT COUNT( id_module ) FROM PREFIX_module WHERE `name` like \"%feedaty%\" ','>=','1','0','hook','actionModuleInstallAfter',0,'2016-09-05 00:38:51','2016-09-05 00:38:51'),(165,224,'configuration','FEEDATY_CONFIGURATION_OK','==','1','','time','1',0,'2016-09-05 00:38:51','2016-09-05 00:38:51'),(166,332,'sql','SELECT COUNT( id_module ) FROM PREFIX_module WHERE `name` like \"%textmaster%\" ','>=','1','0','hook','actionModuleInstallAfter',0,'2016-09-05 00:38:51','2016-09-05 00:38:51'),(167,334,'configuration','TEXTMASTER_CONFIGURATION_OK','==','1','','time','1',0,'2016-09-05 00:38:51','2016-09-05 00:38:51'),(168,381,'sql','SELECT COUNT(*) FROM PREFIX_textmaster_project WHERE status = \"completed\"','>=','1','0','time','1',0,'2016-09-05 00:38:51','2016-09-05 00:38:51'),(169,396,'sql','SELECT COUNT(*) FROM PREFIX_textmaster_project WHERE status = \"completed\"','>=','10','0','time','1',0,'2016-09-05 00:38:51','2016-09-05 00:38:51'),(170,411,'configuration','BOXDROPSHIPMENT_CONFIGURATION_OK','==','1','','time','1',0,'2016-09-05 00:38:51','2016-09-05 00:38:51'),(171,412,'sql','SELECT COUNT(*) FROM PREFIX_orders o LEFT JOIN PREFIX_order_state os ON os.id_order_state = o.current_state LEFT JOIN PREFIX_carrier c ON c.id_carrier = o.id_carrier WHERE c.name like \"%boxdropshipment%\" AND os.logable = 1','>=','1','0','time','1',0,'2016-09-05 00:38:51','2016-09-05 00:38:51'),(172,413,'sql','SELECT COUNT(*) FROM PREFIX_orders o LEFT JOIN PREFIX_order_state os ON os.id_order_state = o.current_state LEFT JOIN PREFIX_carrier c ON c.id_carrier = o.id_carrier WHERE c.name like \"%boxdropshipment%\" AND os.logable = 1 AND o.date_add > DATE_SUB(NOW(), INTERVAL 90 DAY)','>=','100','0','time','1',0,'2016-09-05 00:38:51','2016-09-05 00:38:51'),(173,416,'sql','SELECT COUNT( id_module ) FROM PREFIX_module WHERE `name` like \"%pigmbhpaymill%\"','>=','1','0','hook','actionModuleInstallAfter',0,'2016-09-05 00:38:51','2016-09-05 00:38:51'),(174,418,'sql','SELECT COUNT(*) FROM PREFIX_orders o LEFT JOIN PREFIX_order_state os ON os.id_order_state = o.current_state WHERE o.module like \"%pigmbhpaymill%\" AND os.logable = 1','>=','1','0','time','7',0,'2016-09-05 00:38:51','2016-09-05 00:38:51'),(175,419,'sql','SELECT COUNT(*) FROM PREFIX_orders o LEFT JOIN PREFIX_order_state os ON os.id_order_state = o.current_state WHERE o.module like \"%pigmbhpaymill%\" AND os.logable = 1 AND o.date_add > DATE_SUB(NOW(), INTERVAL 90 DAY)','>=','30','0','time','7',0,'2016-09-05 00:38:51','2016-09-05 00:38:51'),(176,429,'configuration','SELECT COUNT(*) FROM PREFIX_configuration WHERE (( name LIKE \'AUTHORIZEAIM_CONFIGURATION_OK\') AND ( value = \'1\')) OR (( name LIKE \'AUTHORIZE_AIM_SANDBOX\') AND ( value = \'0\'))','==','2','','time','2',0,'2016-09-05 00:38:51','2016-09-05 00:38:51'),(177,430,'sql','SELECT COUNT(*) FROM PREFIX_orders o LEFT JOIN PREFIX_order_state os ON os.id_order_state = o.current_state WHERE o.module like \"%authorizeaim%\" AND os.logable = 1','>=','1','0','time','2',0,'2016-09-05 00:38:51','2016-09-05 00:38:51'),(178,431,'sql','SELECT COUNT(*) FROM PREFIX_orders o LEFT JOIN PREFIX_order_state os ON os.id_order_state = o.current_state WHERE o.module like \"%authorizeaim%\" AND os.logable = 1 AND o.date_add > DATE_SUB(NOW(), INTERVAL 90 DAY)','>=','30','0','time','7',0,'2016-09-05 00:38:51','2016-09-05 00:38:51'),(179,209,'configuration','EBAY_CONFIGURATION_OK','==','1','1','time','1',1,'2016-09-05 00:38:51','2016-09-05 00:38:51'),(180,358,'sql','SELECT COUNT(*) FROM PREFIX_orders o LEFT JOIN PREFIX_order_state os ON os.id_order_state = o.current_state WHERE o.module like \"%ebay%\" AND os.logable = 1','>=','1','1','time','1',1,'2016-09-05 00:38:51','2016-09-05 00:38:51'),(181,359,'sql','SELECT COUNT(*) FROM PREFIX_orders o LEFT JOIN PREFIX_order_state os ON os.id_order_state = o.current_state WHERE o.module like \"%ebay%\" AND os.logable = 1 AND o.date_add > DATE_SUB(NOW(), INTERVAL 90 DAY)','>=','30','34','time','1',1,'2016-09-05 00:38:51','2016-09-05 00:38:51'),(182,439,'configuration','PAYPLUG_CONFIGURATION_OK','==','1','','time','1',0,'2016-09-05 00:38:51','2016-09-05 00:38:51'),(183,440,'sql','SELECT COUNT(*) FROM PREFIX_orders o LEFT JOIN PREFIX_order_state os ON os.id_order_state = o.current_state WHERE o.module like \"%payplug%\" AND os.logable = 1','>=','1','0','time','2',0,'2016-09-05 00:38:51','2016-09-05 00:38:51'),(184,441,'sql','SELECT SUM(o.total_paid) FROM PREFIX_orders o LEFT JOIN PREFIX_order_state os ON os.id_order_state = o.current_state WHERE o.module like \"%payplug%\" AND os.logable = 1 AND o.date_add > DATE_SUB(NOW(), INTERVAL 90 DAY)','>=','10000','0','time','7',0,'2016-09-05 00:38:51','2016-09-05 00:38:51'),(185,442,'sql','SELECT COUNT( id_module ) FROM PREFIX_module WHERE `name` like \"%affinityitems%\"','>=','1','0','hook','actionModuleInstallAfter',0,'2016-09-05 00:38:51','2016-09-05 00:38:51'),(186,443,'sql','SELECT COUNT(*) FROM PREFIX_configuration WHERE name LIKE \'AFFINITYITEMS_CONFIGURATION_OK\' AND value = \'1\'','==','1','0','time','1',0,'2016-09-05 00:38:51','2016-09-05 00:38:51'),(187,446,'sql','SELECT COUNT( id_module ) FROM PREFIX_module WHERE `name` like \"%dpdpoland%\"','>=','1','0','hook','actionModuleInstallAfter',0,'2016-09-05 00:38:51','2016-09-05 00:38:51'),(188,447,'configuration','DPDPOLAND_CONFIGURATION_OK','==','1','','time','1',0,'2016-09-05 00:38:51','2016-09-05 00:38:51'),(189,448,'sql','SELECT COUNT(*) FROM PREFIX_orders o LEFT JOIN PREFIX_order_state os ON os.id_order_state = o.current_state LEFT JOIN PREFIX_carrier c ON c.id_carrier = o.id_carrier WHERE c.name like \"%dpdpoland%\" AND os.logable = 1','>=','1','0','time','2',0,'2016-09-05 00:38:51','2016-09-05 00:38:51'),(190,449,'sql','SELECT COUNT(*) FROM PREFIX_orders o LEFT JOIN PREFIX_order_state os ON os.id_order_state = o.current_state LEFT JOIN PREFIX_carrier c ON c.id_carrier = o.id_carrier WHERE c.name like \"%dpdpoland%\" AND os.logable = 1 AND o.date_add > DATE_SUB(NOW(), INTERVAL 90 DAY)','>=','100','0','time','7',0,'2016-09-05 00:38:51','2016-09-05 00:38:51'),(191,450,'sql','SELECT COUNT( id_module ) FROM PREFIX_module WHERE `name` like \"%envoimoinscher%\"','>=','1','0','hook','actionModuleInstallAfter',0,'2016-09-05 00:38:51','2016-09-05 00:38:51'),(192,451,'sql','SELECT COUNT(*) FROM PREFIX_configuration WHERE (( name LIKE \'ENVOIMOINSCHER_CONFIGURATION_OK\') AND ( value = \'1\')) OR (( name LIKE \'EMC_ENV \') AND ( value != \'TEST\'))','==','2','0','time','1',0,'2016-09-05 00:38:51','2016-09-05 00:38:51'),(193,452,'sql','SELECT COUNT(*) FROM PREFIX_orders o LEFT JOIN PREFIX_order_state os ON os.id_order_state = o.current_state LEFT JOIN PREFIX_carrier c ON c.id_carrier = o.id_carrier WHERE c.name like \"%envoimoinscher%\" AND os.logable = 1','>=','1','0','time','2',0,'2016-09-05 00:38:51','2016-09-05 00:38:51'),(194,453,'sql','SELECT COUNT(*) FROM PREFIX_orders o LEFT JOIN PREFIX_order_state os ON os.id_order_state = o.current_state LEFT JOIN PREFIX_carrier c ON c.id_carrier = o.id_carrier WHERE c.name like \"%envoimoinscher%\" AND os.logable = 1 AND o.date_add > DATE_SUB(NOW(), INTERVAL 90 DAY)','>=','100','0','time','7',0,'2016-09-05 00:38:51','2016-09-05 00:38:51'),(195,454,'sql','SELECT COUNT( id_module ) FROM PREFIX_module WHERE `name` like \"%klikandpay%\"','>=','1','0','hook','actionModuleInstallAfter',0,'2016-09-05 00:38:51','2016-09-05 00:38:51'),(196,455,'configuration','KLIKANDPAY_CONFIGURATION_OK','==','1','','time','1',0,'2016-09-05 00:38:51','2016-09-05 00:38:51'),(197,456,'sql','SELECT COUNT(*) FROM PREFIX_orders o LEFT JOIN PREFIX_order_state os ON os.id_order_state = o.current_state WHERE o.module like \"%klikandpay%\" AND os.logable = 1','>=','1','0','time','2',0,'2016-09-05 00:38:51','2016-09-05 00:38:51'),(198,457,'sql','SELECT COUNT(*) FROM PREFIX_orders o LEFT JOIN PREFIX_order_state os ON os.id_order_state = o.current_state WHERE o.module like \"%klikandpay%\" AND os.logable = 1 AND o.date_add > DATE_SUB(NOW(), INTERVAL 90 DAY)','>=','30','0','time','7',0,'2016-09-05 00:38:51','2016-09-05 00:38:51'),(199,458,'sql','SELECT COUNT( id_module ) FROM PREFIX_module WHERE `name` like \"%clickline%\"','>=','1','0','hook','actionModuleInstallAfter',0,'2016-09-05 00:38:51','2016-09-05 00:38:51'),(200,459,'configuration','CLICKLINE_CONFIGURATION_OK','==','1','','time','1',0,'2016-09-05 00:38:51','2016-09-05 00:38:51'),(201,460,'sql','SELECT COUNT(*) FROM PREFIX_orders o LEFT JOIN PREFIX_order_state os ON os.id_order_state = o.current_state LEFT JOIN PREFIX_carrier c ON c.id_carrier = o.id_carrier WHERE c.name like \"%clickline%\" AND os.logable = 1','>=','1','0','time','2',0,'2016-09-05 00:38:51','2016-09-05 00:38:51'),(202,461,'sql','SELECT COUNT(*) FROM PREFIX_orders o LEFT JOIN PREFIX_order_state os ON os.id_order_state = o.current_state LEFT JOIN PREFIX_carrier c ON c.id_carrier = o.id_carrier WHERE c.name like \"%clickline%\" AND os.logable = 1 AND o.date_add > DATE_SUB(NOW(), INTERVAL 90 DAY)','>=','100','0','time','7',0,'2016-09-05 00:38:51','2016-09-05 00:38:51'),(203,462,'sql','SELECT COUNT( id_module ) FROM PREFIX_module WHERE `name` like \"%cdiscount%\"','>=','1','0','hook','actionModuleInstallAfter',0,'2016-09-05 00:38:51','2016-09-05 00:38:51'),(204,463,'sql','SELECT 1','!=','1','1','time','100',0,'2016-09-05 00:38:51','2016-09-05 00:38:51'),(205,464,'sql','SELECT COUNT(*) FROM PREFIX_orders o LEFT JOIN PREFIX_order_state os ON os.id_order_state = o.current_state WHERE o.module like \"%cdiscount%\" AND os.logable = 1','>=','1','0','time','2',0,'2016-09-05 00:38:51','2016-09-05 00:38:51'),(206,465,'sql','SELECT SUM(o.total_paid) FROM PREFIX_orders o LEFT JOIN PREFIX_order_state os ON os.id_order_state = o.current_state WHERE o.module like \"%cdiscount%\" AND os.logable = 1 AND o.date_add > DATE_SUB(NOW(), INTERVAL 365 DAY)','>=','500','0','time','7',0,'2016-09-05 00:38:51','2016-09-05 00:38:51'),(207,468,'configuration','SELECT COUNT(*) FROM PREFIX_configuration WHERE (( name LIKE \'ERPILLICOPRESTA_CONFIGURATION_OK\') AND ( value = \'1\')) OR (( name LIKE \'ERP_LICENCE_VALIDITY \') AND ( value == \'1\')) OR (( name LIKE \'ERP_MONTH_FREE_ACTIVE \') AND ( value == \'0\'))','==','3','','time','1',0,'2016-09-05 00:38:51','2016-09-05 00:38:51'),(208,469,'sql','SELECT 1','!=','1','1','time','100',0,'2016-09-05 00:38:51','2016-09-05 00:38:51'),(209,470,'sql','SELECT 1','!=','1','1','time','100',0,'2016-09-05 00:38:51','2016-09-05 00:38:51'),(210,471,'sql','SELECT COUNT( id_module ) FROM PREFIX_module WHERE `name` like \"%netreviews%\"','>=','1','0','hook','actionModuleInstallAfter',0,'2016-09-05 00:38:51','2016-09-05 00:38:51'),(211,472,'sql','SELECT COUNT(*) FROM PREFIX_configuration WHERE (( name LIKE \'NETREVIEWS_CONFIGURATION_OK\') AND ( value = \'1\')) OR (( name LIKE \'AVISVERIFIES_URLCERTIFICAT \') AND ( value IS NOT LIKE \'%preprod%\'))','==','2','0','time','1',0,'2016-09-05 00:38:51','2016-09-05 00:38:51'),(212,473,'sql','SELECT 1','!=','1','1','time','100',0,'2016-09-05 00:38:51','2016-09-05 00:38:51'),(213,474,'sql','SELECT 1','!=','1','1','time','100',0,'2016-09-05 00:38:51','2016-09-05 00:38:51'),(214,475,'sql','SELECT COUNT( id_module ) FROM PREFIX_module WHERE `name` like \"%bluesnap%\"','>=','1','0','hook','actionModuleInstallAfter',0,'2016-09-05 00:38:51','2016-09-05 00:38:51'),(215,476,'sql','SELECT COUNT(*) FROM PREFIX_configuration WHERE (( name LIKE \'BLUESNAP_CONFIGURATION_OK\') AND ( value = \'1\')) OR (( name LIKE \'BLUESNAP_SANDBOX \') AND ( value NOT LIKE \'%sandbox%\'))','==','2','0','time','1',0,'2016-09-05 00:38:51','2016-09-05 00:38:51'),(216,477,'sql','SELECT COUNT(*) FROM PREFIX_orders o LEFT JOIN PREFIX_order_state os ON os.id_order_state = o.current_state WHERE o.module like \"%bluesnap%\" AND os.logable = 1','>=','1','0','time','2',0,'2016-09-05 00:38:51','2016-09-05 00:38:51'),(217,478,'sql','SELECT COUNT(*) FROM PREFIX_orders o LEFT JOIN PREFIX_order_state os ON os.id_order_state = o.current_state WHERE o.module like \"%bluesnap%\" AND os.logable = 1 AND o.date_add > DATE_SUB(NOW(), INTERVAL 90 DAY)','>=','30','0','time','7',0,'2016-09-05 00:38:51','2016-09-05 00:38:51'),(218,479,'sql','SELECT COUNT( id_module ) FROM PREFIX_module WHERE `name` like \"%desjardins%\"','>=','1','0','hook','actionModuleInstallAfter',0,'2016-09-05 00:38:51','2016-09-05 00:38:51'),(219,480,'sql','SELECT COUNT(*) FROM PREFIX_configuration WHERE (( name LIKE \'DESJARDINS_CONFIGURATION_OK\') AND ( value = \'1\')) OR (( name LIKE \'DESJARDINS_MODE \') AND ( value NOT LIKE \'%test%\'))','==','2','0','time','1',0,'2016-09-05 00:38:51','2016-09-05 00:38:51'),(220,481,'sql','SELECT COUNT(*) FROM PREFIX_orders o LEFT JOIN PREFIX_order_state os ON os.id_order_state = o.current_state WHERE o.module like \"%desjardins%\" AND os.logable = 1','>=','1','0','time','2',0,'2016-09-05 00:38:51','2016-09-05 00:38:51'),(221,482,'sql','SELECT COUNT(*) FROM PREFIX_orders o LEFT JOIN PREFIX_order_state os ON os.id_order_state = o.current_state WHERE o.module like \"%desjardins%\" AND os.logable = 1 AND o.date_add > DATE_SUB(NOW(), INTERVAL 90 DAY)','>=','30','0','time','7',0,'2016-09-05 00:38:51','2016-09-05 00:38:51'),(222,483,'sql','SELECT COUNT( id_module ) FROM PREFIX_module WHERE `name` like \"%firstdata%\"','>=','1','0','hook','actionModuleInstallAfter',0,'2016-09-05 00:38:51','2016-09-05 00:38:51'),(223,484,'configuration','FIRSTDATA_CONFIGURATION_OK','==','1','','time','1',0,'2016-09-05 00:38:51','2016-09-05 00:38:51'),(224,485,'sql','SELECT COUNT(*) FROM PREFIX_orders o LEFT JOIN PREFIX_order_state os ON os.id_order_state = o.current_state WHERE o.module like \"%firstdata%\" AND os.logable = 1','>=','1','0','time','2',0,'2016-09-05 00:38:51','2016-09-05 00:38:51'),(225,486,'sql','SELECT COUNT(*) FROM PREFIX_orders o LEFT JOIN PREFIX_order_state os ON os.id_order_state = o.current_state WHERE o.module like \"%firstdata%\" AND os.logable = 1 AND o.date_add > DATE_SUB(NOW(), INTERVAL 90 DAY)','>=','30','0','time','7',0,'2016-09-05 00:38:52','2016-09-05 00:38:52'),(226,487,'sql','SELECT COUNT( id_module ) FROM PREFIX_module WHERE `name` like \"%giveit%\"','>=','1','0','hook','actionModuleInstallAfter',0,'2016-09-05 00:38:52','2016-09-05 00:38:52'),(227,488,'sql','GIVEIT_CONFIGURATION_OK','>=','1','0','time','1',0,'2016-09-05 00:38:52','2016-09-05 00:38:52'),(228,489,'sql','SELECT 1','!=','1','1','time','365',0,'2016-09-05 00:38:52','2016-09-05 00:38:52'),(229,490,'sql','SELECT 1','!=','1','1','time','365',0,'2016-09-05 00:38:52','2016-09-05 00:38:52'),(230,491,'sql','SELECT COUNT( id_module ) FROM PREFIX_module WHERE `name` like \"%ganalytics%\"','>=','1','1','hook','actionModuleInstallAfter',1,'2016-09-05 00:38:52','2016-09-05 00:38:52'),(231,492,'configuration','GANALYTICS_CONFIGURATION_OK','==','1','1','time','1',1,'2016-09-05 00:38:52','2016-09-05 00:38:52'),(232,493,'sql','SELECT 1','!=','1','1','time','1',0,'2016-09-05 00:38:52','2016-09-05 00:38:52'),(233,494,'sql','SELECT 1','!=','1','1','time','365',0,'2016-09-05 00:38:52','2016-09-05 00:38:52'),(234,496,'sql','SELECT COUNT( id_module ) FROM PREFIX_module WHERE `name` like \"%pagseguro%\"','>=','1','0','hook','actionModuleInstallAfter',0,'2016-09-05 00:38:52','2016-09-05 00:38:52'),(235,497,'configuration','PAGSEGURO_CONFIGURATION_OK','==','1','','time','1',0,'2016-09-05 00:38:52','2016-09-05 00:38:52'),(236,498,'sql','SELECT COUNT(*) FROM PREFIX_orders o LEFT JOIN PREFIX_order_state os ON os.id_order_state = o.current_state WHERE o.module like \"%pagseguro%\" AND os.logable = 1','>=','1','0','time','2',0,'2016-09-05 00:38:52','2016-09-05 00:38:52'),(237,499,'sql','SELECT COUNT(*) FROM PREFIX_orders o LEFT JOIN PREFIX_order_state os ON os.id_order_state = o.current_state WHERE o.module like \"%pagseguro%\" AND os.logable = 1 AND o.date_add > DATE_SUB(NOW(), INTERVAL 90 DAY)','>=','30','0','time','7',0,'2016-09-05 00:38:52','2016-09-05 00:38:52'),(238,500,'sql','SELECT COUNT( id_module ) FROM PREFIX_module WHERE `name` like \"%paypalmx%\"','>=','1','0','hook','actionModuleInstallAfter',0,'2016-09-05 00:38:52','2016-09-05 00:38:52'),(239,501,'sql','SELECT COUNT(*) FROM PREFIX_configuration WHERE (( name LIKE \'PAYPALMX_CONFIGURATION_OK\') AND ( value = \'1\')) OR (( name LIKE \'PAYPAL_MX_SANDBOX\') AND ( value = \'0\'))','==','2','0','time','1',0,'2016-09-05 00:38:52','2016-09-05 00:38:52'),(240,502,'sql','SELECT COUNT(*) FROM PREFIX_orders o LEFT JOIN PREFIX_order_state os ON os.id_order_state = o.current_state WHERE o.module like \"%paypalmx%\" AND os.logable = 1','>=','1','0','time','2',0,'2016-09-05 00:38:52','2016-09-05 00:38:52'),(241,503,'sql','SELECT COUNT(*) FROM PREFIX_orders o LEFT JOIN PREFIX_order_state os ON os.id_order_state = o.current_state WHERE o.module like \"%paypalmx%\" AND os.logable = 1 AND o.date_add > DATE_SUB(NOW(), INTERVAL 90 DAY)','>=','30','0','time','7',0,'2016-09-05 00:38:52','2016-09-05 00:38:52'),(242,505,'sql','SELECT COUNT( id_module ) FROM PREFIX_module WHERE `name` like \"%paypalusa%\"','==','1','0','hook','actionModuleInstallAfter',0,'2016-09-05 00:38:52','2016-09-05 00:38:52'),(243,506,'sql','SELECT COUNT(*) FROM PREFIX_configuration WHERE (( name LIKE \'PAYPALUSA_CONFIGURATION_OK\') AND ( value = \'1\')) OR (( name LIKE \'PAYPAL_USA_SANDBOX\') AND ( value = \'0\'))','==','2','0','time','1',0,'2016-09-05 00:38:52','2016-09-05 00:38:52'),(244,507,'sql','SELECT COUNT(*) FROM PREFIX_orders o LEFT JOIN PREFIX_order_state os ON os.id_order_state = o.current_state WHERE o.module like \"%paypalusa%\" AND os.logable = 1','>=','1','0','time','2',0,'2016-09-05 00:38:52','2016-09-05 00:38:52'),(245,508,'sql','SELECT COUNT(*) FROM PREFIX_orders o LEFT JOIN PREFIX_order_state os ON os.id_order_state = o.current_state WHERE o.module like \"%paypalmx%\" AND os.logable = 1 AND o.date_add > DATE_SUB(NOW(), INTERVAL 90 DAY)','>=','30','0','time','7',0,'2016-09-05 00:38:52','2016-09-05 00:38:52'),(246,509,'sql','SELECT COUNT( id_module ) FROM PREFIX_module WHERE `name` like \"%payulatam%\"','==','1','0','hook','actionModuleInstallAfter',0,'2016-09-05 00:38:52','2016-09-05 00:38:52'),(247,510,'sql','SELECT COUNT(*) FROM PREFIX_configuration WHERE (( name LIKE \'PAYULATAM_CONFIGURATION_OK\') AND ( value = \'1\')) OR (( name LIKE \'PAYU_LATAM_TEST\') AND ( value = \'1\'))','==','2','0','time','1',0,'2016-09-05 00:38:52','2016-09-05 00:38:52'),(248,511,'sql','SELECT COUNT(*) FROM PREFIX_orders o LEFT JOIN PREFIX_order_state os ON os.id_order_state = o.current_state WHERE o.module like \"%payulatam%\" AND os.logable = 1','>=','1','0','time','2',0,'2016-09-05 00:38:52','2016-09-05 00:38:52'),(249,512,'sql','SELECT COUNT(*) FROM PREFIX_orders o LEFT JOIN PREFIX_order_state os ON os.id_order_state = o.current_state WHERE o.module like \"%payulatam%\" AND os.logable = 1 AND o.date_add > DATE_SUB(NOW(), INTERVAL 90 DAY)','>=','30','0','time','7',0,'2016-09-05 00:38:52','2016-09-05 00:38:52'),(250,513,'sql','SELECT COUNT( id_module ) FROM PREFIX_module WHERE `name` like \"%prestastats%\"','==','1','0','hook','actionModuleInstallAfter',0,'2016-09-05 00:38:52','2016-09-05 00:38:52'),(251,514,'configuration','PRESTASTATS_CONFIGURATION_OK','==','1','','time','1',0,'2016-09-05 00:38:52','2016-09-05 00:38:52'),(252,515,'sql','SELECT 1','!=','1','1','time','365',0,'2016-09-05 00:38:52','2016-09-05 00:38:52'),(253,516,'sql','SELECT 1','!=','1','1','time','365',0,'2016-09-05 00:38:52','2016-09-05 00:38:52'),(254,517,'sql','SELECT COUNT( id_module ) FROM PREFIX_module WHERE `name` like \"%riskified%\"','==','1','0','hook','actionModuleInstallAfter',0,'2016-09-05 00:38:52','2016-09-05 00:38:52'),(255,518,'sql','SELECT COUNT(*) FROM PREFIX_configuration WHERE (( name LIKE \'RISKIFIED_CONFIGURATION_OK\') AND ( value = \'1\')) OR (( name LIKE \'RISKIFIED_MODE\') AND ( value = \'1\'))','==','2','0','time','1',0,'2016-09-05 00:38:52','2016-09-05 00:38:52'),(256,519,'sql','SELECT COUNT(*) FROM PREFIX_orders o LEFT JOIN PREFIX_order_state os ON os.id_order_state = o.current_state WHERE o.module like \"%riskified%\" AND os.logable = 1','>=','1','0','time','2',0,'2016-09-05 00:38:52','2016-09-05 00:38:52'),(257,520,'sql','SELECT COUNT(*) FROM PREFIX_orders o LEFT JOIN PREFIX_order_state os ON os.id_order_state = o.current_state WHERE o.module like \"%riskified%\" AND os.logable = 1 AND o.date_add > DATE_SUB(NOW(), INTERVAL 90 DAY)','>=','30','0','time','7',0,'2016-09-05 00:38:52','2016-09-05 00:38:52'),(258,521,'sql','SELECT COUNT( id_module ) FROM PREFIX_module WHERE `name` like \"%simplifycommerce%\"','==','1','0','hook','actionModuleInstallAfter',0,'2016-09-05 00:38:52','2016-09-05 00:38:52'),(259,522,'sql','SELECT COUNT(*) FROM PREFIX_configuration WHERE (( name LIKE \'SIMPLIFY_CONFIGURATION_OK\') AND ( value = \'1\')) OR (( name LIKE \'SIMPLIFY_MODE\') AND ( value = \'1\'))','==','2','0','time','1',0,'2016-09-05 00:38:52','2016-09-05 00:38:52'),(260,523,'sql','SELECT COUNT(*) FROM PREFIX_orders o LEFT JOIN PREFIX_order_state os ON os.id_order_state = o.current_state WHERE o.module like \"%simplifycommerce%\" AND os.logable = 1','>=','1','0','time','2',0,'2016-09-05 00:38:52','2016-09-05 00:38:52'),(261,524,'sql','SELECT COUNT(*) FROM PREFIX_orders o LEFT JOIN PREFIX_order_state os ON os.id_order_state = o.current_state WHERE o.module like \"%simplifycommerce%\" AND os.logable = 1 AND o.date_add > DATE_SUB(NOW(), INTERVAL 90 DAY)','>=','30','0','time','7',0,'2016-09-05 00:38:52','2016-09-05 00:38:52'),(262,525,'sql','SELECT COUNT( id_module ) FROM PREFIX_module WHERE `name` like \"%vtpayment%\"','==','1','0','hook','actionModuleInstallAfter',0,'2016-09-05 00:38:52','2016-09-05 00:38:52'),(263,526,'configuration','VTPAYMENT_CONFIGURATION_OK','==','1','','time','1',0,'2016-09-05 00:38:52','2016-09-05 00:38:52'),(264,527,'sql','SELECT COUNT(*) FROM PREFIX_orders o LEFT JOIN PREFIX_order_state os ON os.id_order_state = o.current_state WHERE o.module like \"%vtpayment%\" AND os.logable = 1','>=','1','0','time','2',0,'2016-09-05 00:38:52','2016-09-05 00:38:52'),(265,528,'sql','SELECT COUNT(*) FROM PREFIX_orders o LEFT JOIN PREFIX_order_state os ON os.id_order_state = o.current_state WHERE o.module like \"%vtpayment%\" AND os.logable = 1 AND o.date_add > DATE_SUB(NOW(), INTERVAL 90 DAY)','>=','30','0','time','7',0,'2016-09-05 00:38:52','2016-09-05 00:38:52'),(266,529,'sql','SELECT COUNT( id_module ) FROM PREFIX_module WHERE `name` like \"%yotpo%\"','==','1','0','hook','actionModuleInstallAfter',0,'2016-09-05 00:38:52','2016-09-05 00:38:52'),(267,530,'configuration','YOTPO_CONFIGURATION_OK','==','1','','time','1',0,'2016-09-05 00:38:52','2016-09-05 00:38:52'),(268,531,'sql','SELECT 1','!=','1','1','time','365',0,'2016-09-05 00:38:52','2016-09-05 00:38:52'),(269,532,'sql','SELECT 1','!=','1','1','time','365',0,'2016-09-05 00:38:52','2016-09-05 00:38:52'),(270,533,'sql','SELECT COUNT( id_module ) FROM PREFIX_module WHERE `name` like \"%yotpo%\"','==','1','0','hook','actionModuleInstallAfter',0,'2016-09-05 00:38:52','2016-09-05 00:38:52'),(271,534,'sql','SELECT COUNT(*) FROM PREFIX_configuration WHERE (( name LIKE \'YOUSTICERESOLUTIONSYSTEM_CONF_OK\') AND ( value = \'1\')) OR (( name LIKE \'YRS_SANDBOX\') AND ( value = \'0\'))','==','2','0','time','1',0,'2016-09-05 00:38:52','2016-09-05 00:38:52'),(272,535,'sql','SELECT 1','!=','1','1','time','365',0,'2016-09-05 00:38:52','2016-09-05 00:38:52'),(273,536,'sql','SELECT 1','!=','1','1','time','365',0,'2016-09-05 00:38:52','2016-09-05 00:38:52'),(274,537,'sql','SELECT COUNT( id_module ) FROM PREFIX_module WHERE `name` like \"%loyaltylion%\"','>=','1','0','hook','actionModuleInstallAfter',0,'2016-09-05 00:38:52','2016-09-05 00:38:52'),(275,538,'configuration','LOYALTYLION_CONFIGURATION_OK','==','1','','time','1',0,'2016-09-05 00:38:52','2016-09-05 00:38:52'),(276,539,'sql','SELECT 1','!=','1','1','time','365',0,'2016-09-05 00:38:52','2016-09-05 00:38:52'),(277,540,'sql','SELECT 1','!=','1','1','time','365',0,'2016-09-05 00:38:52','2016-09-05 00:38:52');

--
