-- Table structure for table `ps_ebay_configuration`
--

CREATE TABLE `ps_ebay_configuration` (
  `id_configuration` int(10) unsigned NOT NULL AUTO_INCREMENT,
  `id_ebay_profile` int(11) NOT NULL,
  `name` varchar(32) NOT NULL,
  `value` text NOT NULL,
  PRIMARY KEY (`id_configuration`),
  UNIQUE KEY `id_ebay_profile` (`id_ebay_profile`,`name`),
  KEY `name` (`name`)
) ENGINE=InnoDB AUTO_INCREMENT=8967 DEFAULT CHARSET=utf8;

--
-- Dumping data for table `ps_ebay_configuration`
--

INSERT INTO `ps_ebay_configuration` VALUES (1,1,'EBAY_COUNTRY_DEFAULT','it'),(11,1,'EBAY_ACTIVATE_LOGS','0'),(12,1,'EBAY_ACTIVATE_MAILS','0'),(17,1,'EBAY_PROFILE_STORE_CAT','1'),(98,1,'EBAY_HAS_SYNCED_PRODUCTS','1'),(2374,1,'EBAY_LAST_RELIST','2016-03-12'),(2375,1,'EBAY_PAYPAL_EMAIL','paypal@desktopstore.it'),(2376,1,'EBAY_SHOP','Desktop Store'),(2377,1,'EBAY_SHOP_POSTALCODE','84080'),(2378,1,'EBAY_SHOP_COUNTRY','it'),(2379,1,'EBAY_LISTING_DURATION','GTC'),(2380,1,'EBAY_AUTOMATICALLY_RELIST','on'),(2381,1,'EBAY_CURRENCY','1'),(2382,1,'EBAY_SEND_TRACKING_CODE','1'),(2383,1,'EBAY_SHIPPED_ORDER_STATE','4'),(2384,1,'EBAY_IMMEDIATE_PAYMENT','0'),(4771,1,'EBAY_PRODUCT_TEMPLATE','<link rel=\"stylesheet\" type=\"text/css\" href=\"http://www.desktopstore.it/modules/ebay/views/css/ebay.css\" /><div class=\"page\">\n<div class=\"content\">\n<div class=\"container\">\n<div id=\"header\"><img src=\"http://www.desktopstore.it////img/desktop-store-logo-1456097138.jpg?1457185429\" alt=\"\" /><div id=\"onocmsheaderblock\">\n<div class=\"col-xs-12\">\n<div id=\"contact_img\"><img src=\"http://www.desktopstore.it/img/cms/telephone.png\" alt=\"\" width=\"35\" height=\"29\" /></div>\n<div id=\"contact_description\">\n<div class=\"contact_title\">Contattaci</div>\n<div class=\"contact_no\">Telefono : 089.566944</div>\n</div>\n</div>\n</div>\n<form id=\"searchbox\" action=\"http://stores.ebay.it/Desktop-Store/_i.html?_armrs=1\" method=\"get\" name=\"search\"><label class=\"u-dspn\">Cerca Negozio</label> <input id=\"searchId\" class=\"sh-info-sch search_query form-control ac_input\" maxlength=\"300\" name=\"_nkw\" size=\"17\" type=\"text\" /><input class=\"btn btn-default button-search\" name=\"submit\" type=\"submit\" value=\"Cerca\" /></form></div>\n</div>\n<div class=\"container\">\n<div class=\"menu clearfix\">\n<ul id=\"tabs\"><li><a href=\"#tab1\">descrizione</a></li>\n<li><a href=\"#tab2\">acquisto</a></li>\n<li><a href=\"#tab3\">pagamento</a></li>\n<li><a href=\"#tab4\">spedizione</a></li>\n<li><a href=\"#tab5\">faq</a></li>\n<li><a href=\"#tab6\">diritto di recesso</a></li>\n</ul></div>\n</div>\n<div id=\"container\">\n<div class=\"content_tab\"><a id=\"tab1\" name=\"tab1\"></a>\n<h3>DESCRIZIONE PRODOTTO</h3>\n<div class=\"description\"><span class=\"img-left text-left\"> {MAIN_IMAGE} </span> {DESCRIPTION}</div>\n</div>\n<div class=\"content_tab\"><a id=\"tab2\" name=\"tab2\"></a>\n<div class=\"cleaner\"> </div>\n<h2>acquisto</h2>\n<p>Prima dell’acquisto è importante leggere tutte le condizioni di seguito elencate.</p>\n<h4 class=\"text-bold\">Acquisti multipli</h4>\n<p>Puoi acquistare più oggetti dal nostro negozio Ebay riducendo così i costi di spedizione. Comprare un oggetto, poi senza effettuarne il pagamento e senza chiudere il checkpoint si compra un secondo oggetto, e cosi via sino ad aver comprato tutti gli oggetti che si desidera, a questo punto si deve chiudere il checkpoint selezionando il metodo preferito di pagamento , in molti casi capita che ebay in automatico sbaglia i conteggi della spedizione , se fosse il vostro caso prima di pagare richiedete il totale corretto al venditore usando l\'apposita casella nel modulo del pagamento, avrò cosi la possibilita di correggere la spesa di spedizione ed inviarvi la mail corretta per poter procedere con il pagamento degli oggetti.</p>\n<h4 class=\"text-bold\">Fatturazione</h4>\n<p>Per ricevere la fattura bisogna richiederla direttamente utilizzando le note di Ebay e obbligatoriamente al momento dell\'acquisto. Per problemi amministrativi non si possono emettere fattura in una data differente da quella dello scontrino, il quale viene emesso al momento del pagamento.</p>\n<p>Per la corretta fatturazione è necessario fornire i dati completi:</p>\n<ul><li>Ragione sociale</li>\n<li>Partita IVA</li>\n<li>Codice fiscale del titolare</li>\n</ul><p class=\"text-bold\">La fattura verrà trasmessa via email entro 15 giorni, non viene inserita fisicamente all\'interno del pacco.</p>\n</div>\n<div class=\"content_tab\"><a id=\"tab3\" name=\"tab3\"></a>\n<div class=\"cleaner\"> </div>\n<h2>Modalità di pagamento accettate</h2>\n<h4>PayPal</h4>\n<p>Il modo sicuro per pagare con quasiasi carta di credito o prepagata direttamente da Ebay oppure dal sito www.paypal.it Non comporta costi aggiuntivi per il cliente ed è immediato. <br /> La spedizione parte il giorno stesso per i pagamenti ricevuti entro le ore 13:00 nei giorni dal lunedì al venerdì.</p>\n<h4>Bonifico Bancario</h4>\n<p>I dati per il bonifico bancario verranno inviati via e-mail dopo l\'acquisto. <br /> E\' un metodo sicuro e certificato. La spedizione parte dopo 3/4 giorni lavorativi dal pagamento perchè bisogna accertare la ricezione dell\'accredito.</p>\n<h4>Contrassegno</h4>\n<p>Pagamento in contanti direttamente al Corriere all\'atto della consegna. Il contrassegno comporta un aumento delle spese di spedizione pari a 7 euro. Chi sceglie come metodo di pagamento il contrassegno deve fornire obbligatoriamente un recapito telefonico e <strong>confermare il metodo di pagamento scelto con una email appena effettuato l\'acquisto</strong>. La spedizione parte il giorno stesso per i pagamenti ricevuti entro le ore 13:00 nei giorni dal lunedì al venerdì.</p>\n<h4>Altro</h4>\n<p>Accettiamo qualsiasi metodo di pagamento quindi se volete pagare diversamente ci accorderemo via mail.</p>\n</div>\n<div class=\"content_tab\"><a id=\"tab4\" name=\"tab4\"></a>\n<div class=\"cleaner\"> </div>\n<h2>spedizione</h2>\n<p>Le spese di spedizione sono quelle indicate all\'inizio dell\'inserzione vicino al prezzo dell\'oggetto, comprando più oggetti puoi risparmiare sulle spese di spedizione ricevendo un solo collo o più colli in un unica spedizione.</p>\n<h4>Tipo Corriere</h4>\n<p>Tutti i nostri prodotti vengono spediti tramite i migliori corrieri presenti sul territorio. La scelta del corriere è a nostra unica discrezione</p>\n<h4>Tracking della spedizione</h4>\n<p>Tutte le nostre spedizioni possono essere monitorate per conoscere lo stato e la posizione della spedizione sul territorio. Per avere il numero della spedizione basta contattarci tramite mail ( ebay@desktopstore.it) il giorno successivo alla spedizione, risponderemo entro pochissimo tempo!</p>\n<h4>Tempi di imballaggio e spedizione</h4>\n<p>L\'oggetto viene spedito entro 3 giorni dal pagamento. Non vengono considerati giorni lavorativi il Sabato, la Domenica e tutti quei giorni che sul calendario sono in rosso.</p>\n<h4>IMPORTANTE!</h4>\n<!--div class=\"text-bold\">Posta 4</div>\n        <p>Servizio effettuato da POSTE ITALIANE.</p>\n        <ul>\n          <li>SERVIZIO SOGGETTO A LIMITAZIONI PER PESO E DIMENSIONI! Si effettua una spedizione per ogni singolo oggetto.</li>\n          <li>Non esiste TRACCIATURA, e quindi non è possibile intervenire in caso di mancata consegna.</li>\n          <li>Tempi di consegna variabili da 3 a 10 giorni lavorativi oltre il giorno di spedizione.</li>\n          <li>La merce spedita con POSTE ITALIANE viaggia a totale rischio del cliente.</li>\n          <li>Scegliendo SPEDIZIONE ECONOMICA \'POSTA 4\' il cliente è consapevole che potrebbe andare incontro a disguidi, ritardi, e disservizi da parte delle poste. Quindi vi impegnate a NON LASCIARE BASSE VALUTAZIONI e/O FEEDBACK NEUTRI o NEGATIVI a causa dei ritardi delle poste! Solo 1 pacchetto su 200 va perso o arriva oltre i 10 giorni.</li>\n        </ul-->\n<div class=\"text-bold\">Posta 1</div>\n<ul><li>SERVIZIO SOGGETTO A LIMITAZIONI PER PESO E DIMENSIONI! Si effettua una spedizione per ogni singolo oggetto.</li>\n<li>ESISTE ESITO DI CONSEGNA, e quindi è possibile sapere se il pacco è stato consegnato. Non si può invece seguire la spedizione.</li>\n<li>Tempi di consegna variabili da 1 a 3 giorni lavorativi oltre il giorno di spedizione.</li>\n<li>La merce spedita con POSTE ITALIANE viaggia a totale rischio del cliente.</li>\n</ul><div class=\"text-bold\">Ritiro del pacco</div>\n<p>Quando ritirate un pacco accertatevi sempre che non sia stato manomesso, che non abbia un peso inverosimile, che non ci siano due tipi di nastri differenti per la chiusura, che il nome sul documento di trasporto corrisponda al nome sul pacco, se avete dubbi sulla integrità scrivete sempre sul documento \"si accetta con riserva di verifica integrità del contenuto\", perchè in caso firmiate il documento senza riserva dichiarate che il pacco è integro e il contenuto perfetto, quindi una volta firmato in caso di danno l\'oggetto non è rimborsabile.</p>\n<div class=\"text-bold\">Numero di telefono</div>\n<p>E\' importante comunicare un recapito telefonico di rete fissa o mobile per essere ritracciati, da noi o dal corriere, in fase di consegna del pacco qualora ci fossero problemi. In assenza di tale numero la spedizione potrebbe essere bloccata o subire notevoli ritardi.</p>\n</div>\n<div class=\"content_tab\"><a id=\"tab5\" name=\"tab5\"></a>\n<div class=\"cleaner\"> </div>\n<h2>Faq</h2>\n<h4>Quando viene spedito?</h4>\n<p>La spedizione avviene entro 24/48 ore dal ricevimento del pagamento. Ogni eventuale ritardo da parte del corriere espresso non è da addebitarsi alla Newpeople srls.</p>\n<h4>Quali sono le tempistiche?</h4>\n<p>Sia il bonifico che il vaglia impiegano 3-5gg ad arrivare. I prodotti saranno spediti solo quando riceveremo l\'accredito reale su c/c. E’ importante indicare nella causale del bonifico il proprio ID Ebay</p>\n<h4>Il pacco non è arrivato?</h4>\n<p>Per i pacchi che tornano a mittenza causa indirizzo errato, destinatario assente o altre cause saranno rispediti solo dopo aver saldato nuovamente le spese di spedizione. Verificare di aver inserito un indirizzo corretto e preciso, meglio ancora aggiungendo un contatto telefonico.</p>\n<h4>Oggetto danneggiato?</h4>\n<p>Vi preghiamo di avvertirci con una mail. Se hai scelto la spedizione assicurata e hai firmato con riserva, tranquillo, provvediamo noi ad effettuare il ritiro e la riconsegna nel più breve tempo possibile, il tutto a carico nostro. Se hai scelto la spedizione non assicurata devi rispedire indietro l’oggetto, provvederemo nella riconsegna del nuovo, ma questa volta le spese saranno a vostro carico. <br />E\' dovere dell\'acquirente verificare l\'integrità del materiale ricevuto entro e non oltre 3 giorni (naturali e consecutivi) dall\'arrivo del prodotto. Dopo tale termine Newpeople Srls non sarà più responsabile per danneggiamento, mancanza materiale o parti di ricambio e sostituzione.</p>\n<h4>Processo di reso</h4>\n<p>Il reso e quindi il rimborso è possibile richiederlo entro 14gg dal ricevimento della merce. Le spese di ritorno saranno a carico dell’acquirente ed il rimborso riguarda esclusivamente il costo del prodotto e non le spese di spedizione in quanto non sono un nostro guadagno. Per informazioni dettagliate leggi sempre condizioni del Diritto di Recesso presente in tutte le inserzioni e nel negozio.</p>\n</div>\n<div class=\"content_tab\"><a id=\"tab6\" name=\"tab6\"></a>\n<div class=\"cleaner\"> </div>\n<h2>Diritto di recesso</h2>\n<p class=\"text-bold\">art. 64 D.Lgs. n. 206 del 06/09/2005</p>\n<p>Il cliente (consumatore), che ha acquistato prodotti tramite il sito da Newpeople Srls, ha diritto di recedere dal contratto concluso senza alcuna penalità e senza specificarne il motivo, entro il termine di 10 (dieci) giorni lavorativi:</p>\n<ul><li>dalla data di sottoscrizione della nota d’ordine;</li>\n<li>dalla data di ricevimento della merce.</li>\n</ul><p class=\"text-bold\">Questo diritto è riservato esclusivamente alle persone fisiche (consumatori), quindi non può essere esercitato dalle persone giuridiche e dalle persone fisiche che agiscono per scopi riferibili all\'attività professionale svolta.</p>\n<p>Il cliente per esercitare il diritto di recesso deve:</p>\n<ul><li>inviare, entro il termine di 10 (dieci) giorni lavorativi dalla data di sottoscrizione della nota d’ordine o dalla data di ricevimento della merce, a Newpeople S.r.l.s., Via Vittorio Emanuele,24 - 84080 Coperchia di Pellezzano (SA) comunicazione scritta del recesso a mezzo lettera raccomandata con avviso di ricevimento. La comunicazione può essere inviata, entro lo stesso termine, anche mediante, telegramma, telex, posta elettronica e fax, a condizione che sia confermata mediante lettera raccomandata con avviso di ricevimento entro le quarantotto ore successive;</li>\n<li>spedire a Newpeople S.r.l.s., Via Vittorio Emanuele,24 - 84080 Coperchia di Pellezzano (SA) utilizzando un vettore a sua scelta ed a sue esclusive spese, entro dieci giorni lavorativi dalla data di ricevimento della merce, il/i prodotto/i acquistato/i, opportunamente protetti e imballati nelle confezioni originali, corredati da tutti gli eventuali accessori, documentazione e manuali d’uso. Il cartellino identificativo e/o le etichette, ove presenti, dovranno essere ancora attaccati ai prodotti al momento della restituzione.</li>\n</ul><p class=\"text-bold\">E’ condizione essenziale per l’esercizio del diritto di recesso la sostanziale integrità dei prodotti da restituire. I prodotti non dovranno essere stati danneggiati o alterati.</p>\n</div>\n</div>\n<div class=\"container\">\n<div class=\"menu clearfix\">\n<ul><li><a href=\"#tab1\">descrizione</a></li>\n<li><a href=\"#tab2\">acquisto</a></li>\n<li><a href=\"#tab3\">pagamento</a></li>\n<li><a href=\"#tab4\">spedizione</a></li>\n<li><a href=\"#tab5\">faq</a></li>\n<li><a href=\"#tab6\">diritto di recesso</a></li>\n</ul></div>\n</div>\n<div style=\"text-align:center;\"><img src=\"http://www.desktopstore.it/themes/PRS010001/img/urlstore.png\" alt=\"\" /></div>\n</div>\n</div>'),(4772,1,'EBAY_PRODUCT_TEMPLATE_TITLE','{TITLE}'),(4782,1,'EBAY_DELIVERY_TIME','1'),(7480,1,'EBAY_PICTURE_SIZE_DEFAULT','15'),(7481,1,'EBAY_PICTURE_SIZE_SMALL','11'),(7482,1,'EBAY_PICTURE_SIZE_BIG','14'),(7483,1,'EBAY_PICTURE_PER_LISTING','0'),(7733,1,'EBAY_LAST_ALERT_MAIL','2016-07-28T09:55:33.000Z'),(7768,1,'EBAY_SPECIFICS_LAST_UPDATE','{\"44996\":\"2016-07-28T10:41:38.000Z\"}'),(7769,1,'EBAY_SYNC_OPTION_RESYNC','0'),(7771,1,'EBAY_SYNC_MODE','1'),(7772,1,'EBAY_SYNC_PRODUCTS_MODE','B'),(7774,1,'EBAY_SYNC_LAST_PRODUCT','558'),(8966,1,'EBAY_ORDER_LAST_UPDATE','2016-11-05T10:17:04.000Z');

--
-- Table structure for table `ps_ebay_delivery_time_options`
--

CREATE TABLE `ps_ebay_delivery_time_options` (
  `id_delivery_time_option` int(11) NOT NULL AUTO_INCREMENT,
  `DispatchTimeMax` varchar(256) NOT NULL,
  `description` varchar(256) NOT NULL,
  PRIMARY KEY (`id_delivery_time_option`)
) ENGINE=InnoDB AUTO_INCREMENT=12 DEFAULT CHARSET=utf8;

--
-- Dumping data for table `ps_ebay_delivery_time_options`
--

INSERT INTO `ps_ebay_delivery_time_options` VALUES (1,'0','0 Days'),(2,'1','1 Day'),(3,'2','2 Days'),(4,'3','3 Days'),(5,'4','4 Days'),(6,'5','5 Days'),(7,'10','10 Days'),(8,'15','15 Days'),(9,'20','20 Days'),(10,'30','30 Days'),(11,'40','40 Days');

--
-- Table structure for table `ps_ebay_kb`
--

CREATE TABLE `ps_ebay_kb` (
  `id_ebay_kb` int(16) NOT NULL AUTO_INCREMENT,
  `error_code` varchar(255) NOT NULL,
  `language` varchar(255) NOT NULL,
  `ps_version` varchar(255) NOT NULL,
  `module_version` varchar(255) NOT NULL,
  `link` varchar(255) NOT NULL,
  `date_add` datetime NOT NULL,
  `date_upd` datetime NOT NULL,
  PRIMARY KEY (`id_ebay_kb`),
  UNIQUE KEY `id_ebay_kb` (`id_ebay_kb`)
) ENGINE=InnoDB AUTO_INCREMENT=15 DEFAULT CHARSET=utf8;

--
-- Dumping data for table `ps_ebay_kb`
--

INSERT INTO `ps_ebay_kb` VALUES (1,'HELP-SETTINGS-PAYMENT-SOLUTIONS','IT','1.6.1.4','1.12.3','http://help.202-ecommerce.com/','2016-03-10 00:53:43','2016-07-28 09:55:44'),(2,'HELP-ADV-SETTINGS-EAN','IT','1.6.1.4','1.12.3','http://help.202-ecommerce.com/ebayforprestashop/installation-configuration/operation-and-set-up/advanced-settings/add-product-codes-ebay-listings/','2016-03-10 00:53:43','2016-07-28 09:55:45'),(3,'HELP-VISUALIZATION-NO-SEND-EBAY','IT','1.6.1.4','1.12.3','false','2016-03-10 01:03:29','2016-07-28 09:55:47'),(4,'37','it','1.6.1.4','1.12.3','http://help.202-ecommerce.com/ebayforprestashop/common-problems/error-messages/input-data-for-tag-is-invalid-or-missing/','2016-03-10 19:28:07','2016-03-10 19:28:07'),(5,'83','it','1.6.1.4','1.12.3','false','2016-03-10 19:59:59','2016-03-10 19:59:59'),(6,'HELP-STORES-CATEGORIES','IT','1.6.1.4','1.12.3','http://help.202-ecommerce.com/ebayforprestashop/installation-configuration/operation-and-set-up/settings/store-categories/','2016-03-10 21:21:35','2016-07-28 09:55:46'),(7,'10026','it','1.6.1.4','1.12.3','false','2016-03-10 22:12:24','2016-03-10 22:12:24'),(8,'21919303','it','1.6.1.4','1.12.3','false','2016-03-10 22:12:25','2016-05-15 19:34:03'),(9,'21919301','it','1.6.1.4','1.12.3','http://help.202-ecommerce.com/ebayforprestashop/installation-configuration/operation-and-set-up/advanced-settings/add-product-codes-ebay-listings/','2016-03-12 14:44:20','2016-03-12 14:44:20'),(10,'HELP-ALERT-DEFAULT-PS-URL','it','1.6.1.4','1.12.3','http://help.202-ecommerce.com/ebayforprestashop/common-problems/ebay-specific-details/default-prestashop-url/','2016-04-04 20:15:09','2016-04-13 17:29:50'),(11,'73','it','1.6.1.4','1.12.3','false','2016-04-04 20:48:23','2016-07-13 20:47:30'),(12,'12513','it','1.6.1.4','1.12.3','false','2016-04-04 22:07:53','2016-04-13 20:42:44'),(13,'240','it','1.6.1.4','1.12.3','false','2016-05-28 17:40:39','2016-05-28 17:40:39'),(14,'17','it','1.6.1.4','1.12.3','false','2016-07-13 20:47:31','2016-07-20 10:30:48');

--
-- Table structure for table `ps_ebay_log`
--

CREATE TABLE `ps_ebay_log` (
  `id_ebay_log` int(16) unsigned NOT NULL AUTO_INCREMENT,
  `text` text NOT NULL,
  `type` varchar(40) NOT NULL,
  `date_add` datetime NOT NULL,
  PRIMARY KEY (`id_ebay_log`)
) ENGINE=InnoDB DEFAULT CHARSET=utf8;

--
-- Dumping data for table `ps_ebay_log`
--


--
-- Table structure for table `ps_ebay_order`
--

CREATE TABLE `ps_ebay_order` (
  `id_ebay_order` int(16) NOT NULL AUTO_INCREMENT,
  `id_order_ref` varchar(128) NOT NULL,
  `id_order` int(16) NOT NULL,
  PRIMARY KEY (`id_ebay_order`),
  UNIQUE KEY `id_order_ref` (`id_order_ref`)
) ENGINE=InnoDB AUTO_INCREMENT=348 DEFAULT CHARSET=utf8;

--
-- Dumping data for table `ps_ebay_order`
--

INSERT INTO `ps_ebay_order` VALUES (1,'172157315842-1527933132007',0),(2,'141949577680-1253360098004',0),(3,'141949577768-1253934766004',0),(5,'172141007968-1530426507007',0),(6,'141949576488-1255363613004',0),(7,'172157223669-1530607355007',0),(8,'141949576518-1255650729004',0),(9,'172164608033-1530799930007',0),(10,'172164608033-1530933493007',0),(11,'172164608033-1531221825007',0),(12,'141958505365-1256706747004',0),(13,'172166686689-1532457031007',0),(14,'141926604915-1257170415004',0),(15,'141949621369-1257193703004',0),(16,'141960624779-1257416309004',0),(17,'172168742395-1533047216007',0),(18,'141960624779-1257724092004',0),(19,'172166686689-1533161171007',0),(20,'141958505365-1257979478004',0),(21,'172170816132-1533453630007',0),(22,'172157223350-1533534289007',0),(23,'172170816538-1533622664007',0),(24,'141960624889-1258286625004',0),(25,'141949576404-1258308293004',0),(26,'172169560762-1533921143007',0),(27,'172157223380-1533922587007',0),(28,'141958505365-1258419828004',0),(29,'141938833566-1258671410004',0),(30,'172168744004-1534302985007',0),(31,'141938833566-1259033854004',0),(32,'172169560818-1534586893007',0),(33,'172170816132-1534664596007',0),(34,'172171345761-1535165361007',0),(35,'172157223350-1535746151007',0),(36,'172171345761-1535963820007',0),(37,'172171345761-1536540913007',0),(38,'172169560790-1536748523007',0),(39,'141960625064-1261149228004',0),(40,'172171345761-1537233182007',0),(41,'172171345761-1537470408007',0),(42,'141962525073-1261807579004',0),(43,'172130075514-1537916055007',0),(44,'172145269222-1537982709007',0),(45,'172171345761-1537735636007',0),(46,'172171345761-1538040359007',0),(47,'141938833566-1262370093004',0),(48,'172169560703-1538288581007',0),(49,'172183598496-1538318146007',0),(50,'172166687464-1538593496007',0),(51,'172183598496-1538492773007',0),(52,'141938833566-1262741224004',0),(53,'172141007968-1537133687007',0),(54,'172157223350-1538960683007',0),(55,'172168742395-1539176796007',0),(56,'172145268995-1539238529007',0),(57,'172157221434-1539241088007',0),(58,'172171345761-1539310150007',0),(59,'141960625064-1263302239004',0),(60,'172183598496-1538439974007',0),(61,'172157222778-1539459216007',0),(62,'172145268995-1539634610007',0),(63,'141958505365-1263685923004',0),(64,'172157223350-1540117161007',0),(65,'141938833994-1264148685004',0),(66,'141983999926-1265322017004',0),(67,'172196052286-1541788862007',0),(68,'172196050096-1542032115007',0),(69,'172169583084-1542266271007',0),(70,'141987509300-1266259200004',0),(71,'141987521337-1266687122004',0),(72,'172196050096-1543225528007',0),(73,'141988364413-1267632827004',0),(74,'172168744004-1544334440007',0),(75,'141987521337-1267875962004',0),(76,'172157223925-1544352376007',0),(77,'141949621369-1267961860004',0),(78,'172207776142-1545203691007',0),(79,'141984000561-1268770295004',0),(80,'141988364413-1269031016004',0),(81,'172202442104-1545630929007',0),(82,'141962525003-1269080306004',0),(83,'172207574802-1545718281007',0),(84,'141991521429-1269241662004',0),(85,'172207574802-1545909977007',0),(86,'141958504485-1269604992004',0),(87,'172200017222-1546407463007',0),(88,'209654656011',0),(89,'172170816538-1547066150007',0),(90,'141983999926-1271110302004',0),(91,'141949576404-1271119971004',0),(92,'141962524904-1271296126004',0),(93,'172170816132-1548199639007',0),(94,'172196051548-1548481989007',0),(95,'141949575136-1271656241004',0),(96,'172196051780-1548554629007',0),(97,'141958505365-1271682946004',0),(98,'172196051548-1548867269007',0),(99,'172168744004-1548877970007',0),(100,'141958504083-1272299859004',0),(101,'172200026228-1549436924007',0),(102,'141983999858-1272669693004',0),(103,'172196051548-1549727669007',0),(104,'172204079041-1550084049007',0),(105,'172196051548-1550952479007',0),(106,'141958504083-1274458009004',0),(107,'172196050520-1551730657007',0),(108,'141949621369-1274763253004',0),(109,'172196052286-1551973656007',0),(110,'141983999910-1274851543004',0),(111,'141993921013-1274875080004',0),(112,'172196050520-1553670485007',0),(113,'141947356677-1276378453004',0),(114,'172170816132-1554166118007',0),(115,'172157223669-1554982299007',0),(116,'141990513069-1278867823004',0),(117,'172166687524-1556605925007',0),(118,'172166687524-1557005759007',0),(119,'141958504169-1279624183004',0),(120,'141988356882-1279942633004',0),(121,'141958504328-1280746580004',0),(122,'141989233458-1278597015004',0),(123,'172200035583-1558822277007',0),(124,'172170816132-1559337583007',0),(125,'172196050863-1559758338007',0),(126,'172196052286-1560441219007',0),(127,'141949575229-1282977344004',0),(128,'141962524957-1283372239004',0),(129,'172200035583-1561524231007',0),(130,'141984000681-1283477426004',0),(131,'141987503691-1283551160004',0),(132,'141956371876-1285060000004',0),(133,'141983998408-1286170196004',0),(134,'172196052572-1565133079007',0),(135,'172166687292-1565429620007',0),(136,'172145269413-1565439869007',0),(137,'172166686494-1565443786007',0),(138,'172196052032-1565903616007',0),(139,'172196052572-1567082491007',0),(140,'141962524957-1288799459004',0),(141,'172196052032-1567584749007',0),(142,'172166687171-1567949130007',0),(143,'172168744004-1568236506007',0),(144,'172200033263-1568362985007',0),(145,'172272609434-1568377079007',0),(146,'142053509870-1289657728004',0),(147,'172201076714-1567507029007',0),(148,'172272609670-1568549365007',0),(149,'141983084608-1289968614004',0),(150,'141983999926-1290802332004',0),(151,'141960624779-1290955519004',0),(152,'172272609330-1570008359007',0),(153,'141995812336-1291066399004',0),(154,'172272609434-1570388455007',0),(155,'172202449379-1570566458007',0),(156,'172272609044-1570581976007',0),(157,'172171345761-1570647095007',0),(158,'141993773604-1291646720004',0),(159,'172157223350-1570758568007',0),(160,'172157223350-1570799114007',0),(161,'172196052572-1570884086007',0),(162,'141988364413-1291979360004',0),(163,'172272609330-1571143521007',0),(164,'142053511168-1292017886004',0),(165,'172272609330-1570843263007',0),(166,'172280740218-1571238536007',0),(167,'142061983536-1292098285004',0),(168,'142061983440-1292128759004',0),(169,'172280740254-1571287799007',0),(170,'172272609330-1571299126007',0),(171,'172272606595-1571342635007',0),(172,'172196052250-1571483061007',0),(173,'141962524957-1292377379004',0),(174,'141983999926-1292385276004',0),(175,'172272609330-1570810824007',0),(176,'141983999910-1292879080004',0),(177,'141993773604-1293041001004',0),(178,'213299901011',0),(179,'172207574802-1572665569007',0),(180,'172272612488-1572890981007',0),(181,'172280739982-1572899374007',0),(182,'172196052572-1572977587007',0),(183,'172272609434-1573258142007',0),(184,'172280740218-1573372544007',0),(185,'141983999858-1294018457004',0),(186,'172200033263-1573453140007',0),(187,'141983999926-1294348061004',0),(188,'142061983536-1294461477004',0),(189,'172272612488-1574000231007',0),(190,'141960624779-1294687424004',0),(191,'141983999926-1294725023004',0),(192,'141983999858-1294976232004',0),(193,'172166686689-1574619338007',0),(194,'172272606595-1574994342007',0),(195,'172286752080-1575032523007',0),(196,'172286724081-1575107453007',0),(197,'172196052572-1575196477007',0),(198,'213709706011',0),(199,'172281591235-1575467013007',0),(200,'141960624779-1295876061004',0),(201,'141958505365-1295821703004',0),(202,'142061983322-1295930799004',0),(203,'172272609670-1575827401007',0),(204,'172272608444-1575934621007',0),(205,'172285705838-1576155257007',0),(206,'172286752110-1576398702007',0),(207,'141962524957-1296849224004',0),(208,'172196052032-1576601134007',0),(209,'141947358360-1297155771004',0),(210,'172196051682-1577015090007',0),(211,'142061983440-1297302117004',0),(212,'141960625064-1297539914004',0),(213,'142061878371-1297592064004',0),(214,'172171345761-1577170389007',0),(215,'141960624779-1297830875004',0),(216,'141983999926-1297881517004',0),(217,'172166687171-1577890228007',0),(218,'141960624779-1298037969004',0),(219,'172280739982-1578196518007',0),(220,'141960624779-1297479180004',0),(221,'142068033432-1298508609004',0),(222,'172274094656-1578517589007',0),(223,'172171345761-1578882824007',0),(224,'141958504083-1298964421004',0),(225,'141960625064-1298998628004',0),(226,'172168742395-1579114894007',0),(227,'142061878371-1299139995004',0),(228,'142053506082-1299174130004',0),(229,'142053509489-1299178205004',0),(230,'172281982813-1579245835007',0),(231,'172286723978-1579293646007',0),(232,'142053510006-1299546811004',0),(233,'142053511258-1300240134004',0),(234,'142053510787-1300667085004',0),(235,'172170816132-1581006348007',0),(236,'172168742395-1581275695007',0),(237,'172280740254-1581279931007',0),(238,'141993921013-1301044946004',0),(239,'141958504328-1301252861004',0),(240,'172171345761-1581635343007',0),(241,'172272609330-1581654595007',0),(242,'142061983322-1301309430004',0),(243,'141958504328-1301313921004',0),(244,'172196052032-1581748291007',0),(245,'141988364413-1301520104004',0),(246,'172286752080-1581913085007',0),(247,'142061983322-1301535298004',0),(248,'172272609434-1582041879007',0),(249,'142053511214-1301664969004',0),(250,'141988553754-1301687958004',0),(251,'142053510006-1301600505004',0),(252,'172200026228-1582277362007',0),(253,'172196052572-1582332613007',0),(254,'142062286306-1301951098004',0),(255,'172281982813-1582641297007',0),(256,'172280739982-1582735716007',0),(257,'141993773604-1302267731004',0),(258,'172196052032-1582755986007',0),(259,'172196052286-1582903689007',0),(260,'172272609111-1583085032007',0),(261,'172196052032-1583096971007',0),(262,'142053509489-1302675375004',0),(263,'142068033672-1302966511004',0),(264,'172272610575-1583526853007',0),(265,'172272611050-1583604834007',0),(266,'172200021055-1583693714007',0),(267,'214850756011',0),(268,'172272609330-1583908078007',0),(269,'172196051169-1583921039007',0),(270,'141993773604-1303331988004',0),(271,'172281591255-1583980846007',0),(272,'172272609330-1583980190007',0),(273,'172196052572-1584213411007',0),(274,'142053508836-1303607692004',0),(275,'172196052572-1584246440007',0),(276,'141958505365-1303716745004',0),(277,'172196052032-1584401919007',0),(278,'142062865586-1303098675004',0),(279,'141983999926-1304068408004',0),(280,'141983999717-1304027298004',0),(281,'215099353011',0),(282,'141988364413-1304968643004',0),(283,'172272609330-1585816780007',0),(284,'172202442104-1586138954007',0),(285,'172166687292-1586225219007',0),(286,'215169949011',0),(287,'172200033263-1586315579007',0),(288,'142061878371-1305514250004',0),(289,'141960624779-1305691531004',0),(290,'172272609434-1586893528007',0),(291,'172196049750-1586926876007',0),(292,'141987503691-1306090449004',0),(293,'142061983322-1306149317004',0),(294,'142061983440-1306400258004',0),(295,'141988364413-1306403154004',0),(296,'172272610485-1587391476007',0),(297,'141988364413-1306769547004',0),(298,'172286752110-1587849676007',0),(299,'141995812336-1307006187004',0),(300,'172171345761-1588105360007',0),(301,'172286752110-1588403059007',0),(302,'172272608849-1603979244007',0),(303,'172196052032-1604142723007',0),(304,'172204067191-1604874002007',0),(305,'142053511464-1321992896004',0),(306,'172281591283-1604936747007',0),(307,'141990513069-1322257124004',0),(308,'172286724029-1604529038007',0),(309,'172330366525-1606216273007',0),(310,'172196052286-1605887860007',0),(311,'172286723978-1606189259007',0),(312,'141984000170-1322719482004',0),(313,'172196052286-1605714755007',0),(314,'172281982918-1606569959007',0),(315,'141983999926-1323474954004',0),(316,'141983999926-1324514256004',0),(317,'172200033263-1606961785007',0),(318,'172200024832-1606777424007',0),(319,'142053509613-1324479960004',0),(320,'141949612172-1323816707004',0),(321,'141983999926-1324949212004',0),(322,'172280739982-1607934779007',0),(323,'172196052397-1607920167007',0),(324,'142062286306-1325386350004',0),(325,'142062286306-1325305328004',0),(326,'172200024832-1608697460007',0),(327,'141983999926-1325143866004',0),(328,'172280739982-1608862663007',0),(329,'141960624988-1325791262004',0),(330,'142053511258-1326115585004',0),(331,'218268117011',0),(332,'141993921013-1325864003004',0),(333,'141983999717-1326266501004',0),(334,'172272606595-1611392048007',0),(335,'172286724136-1612089407007',0),(336,'141958505365-1328132348004',0),(337,'141960624779-1328760351004',0),(338,'172272609434-1612620692007',0),(339,'172272609670-1612593599007',0),(340,'172286752110-1612784611007',0),(341,'172196052572-1612796526007',0),(342,'172171345761-1612913186007',0),(343,'172330366525-1612963838007',0),(344,'172166687464-1613175264007',0),(345,'141990530941-1329429877004',0),(346,'141962524957-1329518446004',0),(347,'172272609434-1613483721007',0);

--
-- Table structure for table `ps_ebay_order_errors`
--

CREATE TABLE `ps_ebay_order_errors` (
  `id_ebay_order_error` int(16) NOT NULL AUTO_INCREMENT,
  `error` varchar(255) NOT NULL,
  `id_order_seller` int(16) NOT NULL,
  `date_add` datetime NOT NULL,
  `date_upd` datetime NOT NULL,
  PRIMARY KEY (`id_ebay_order_error`),
  UNIQUE KEY `id_ebay_order_error` (`id_ebay_order_error`)
) ENGINE=InnoDB DEFAULT CHARSET=utf8;

--
-- Dumping data for table `ps_ebay_order_errors`
--


--
-- Table structure for table `ps_ebay_order_log`
--

CREATE TABLE `ps_ebay_order_log` (
  `id_ebay_order_log` int(16) NOT NULL AUTO_INCREMENT,
  `id_ebay_profile` int(16) NOT NULL,
  `id_ebay_order` int(16) NOT NULL,
  `id_orders` varchar(255) NOT NULL,
  `type` varchar(40) NOT NULL,
  `success` tinyint(1) NOT NULL,
  `data` text NOT NULL,
  `date_add` datetime NOT NULL,
  `date_update` datetime NOT NULL,
  PRIMARY KEY (`id_ebay_order_log`)
) ENGINE=InnoDB AUTO_INCREMENT=1672 DEFAULT CHARSET=utf8;

--
-- Dumping data for table `ps_ebay_order_log`
--

INSERT INTO `ps_ebay_order_log` VALUES (1606,1,0,'','add_customer',1,'','2016-11-05 10:17:13','0000-00-00 00:00:00'),(1607,1,0,'','add_address',1,'','2016-11-05 10:17:13','0000-00-00 00:00:00'),(1608,1,0,'','add_cart',1,'','2016-11-05 10:17:14','0000-00-00 00:00:00'),(1609,1,0,'','add_customer',1,'','2016-11-05 10:17:14','0000-00-00 00:00:00'),(1610,1,0,'','add_address',1,'','2016-11-05 10:17:14','0000-00-00 00:00:00'),(1611,1,0,'','add_cart',1,'','2016-11-05 10:17:15','0000-00-00 00:00:00'),(1612,1,0,'321','validate_order',1,'','2016-11-05 10:17:20','0000-00-00 00:00:00'),(1613,1,335,'321','add_orders',1,'','2016-11-05 10:17:21','0000-00-00 00:00:00'),(1614,1,0,'','add_customer',1,'','2016-11-05 10:17:21','0000-00-00 00:00:00'),(1615,1,0,'','add_address',1,'','2016-11-05 10:17:21','0000-00-00 00:00:00'),(1616,1,0,'','add_cart',1,'','2016-11-05 10:17:21','0000-00-00 00:00:00'),(1617,1,0,'322','validate_order',1,'','2016-11-05 10:17:23','0000-00-00 00:00:00'),(1618,1,336,'322','add_orders',1,'','2016-11-05 10:17:25','0000-00-00 00:00:00'),(1619,1,0,'','add_customer',1,'','2016-11-05 10:17:27','0000-00-00 00:00:00'),(1620,1,0,'','add_address',1,'','2016-11-05 10:17:27','0000-00-00 00:00:00'),(1621,1,0,'','add_cart',1,'','2016-11-05 10:17:28','0000-00-00 00:00:00'),(1622,1,0,'323','validate_order',1,'','2016-11-05 10:17:54','0000-00-00 00:00:00'),(1623,1,337,'323','add_orders',1,'','2016-11-05 10:17:56','0000-00-00 00:00:00'),(1624,1,0,'','add_customer',1,'','2016-11-05 10:17:57','0000-00-00 00:00:00'),(1625,1,0,'','add_address',1,'','2016-11-05 10:17:58','0000-00-00 00:00:00'),(1626,1,0,'','add_cart',1,'','2016-11-05 10:17:58','0000-00-00 00:00:00'),(1627,1,0,'324','validate_order',1,'','2016-11-05 10:18:03','0000-00-00 00:00:00'),(1628,1,338,'324','add_orders',1,'','2016-11-05 10:18:04','0000-00-00 00:00:00'),(1629,1,0,'','add_customer',1,'','2016-11-05 10:18:04','0000-00-00 00:00:00'),(1630,1,0,'','add_address',1,'','2016-11-05 10:18:04','0000-00-00 00:00:00'),(1631,1,0,'','add_cart',1,'','2016-11-05 10:18:05','0000-00-00 00:00:00'),(1632,1,0,'325','validate_order',1,'','2016-11-05 10:18:08','0000-00-00 00:00:00'),(1633,1,339,'325','add_orders',1,'','2016-11-05 10:18:09','0000-00-00 00:00:00'),(1634,1,0,'','add_customer',1,'','2016-11-05 10:18:09','0000-00-00 00:00:00'),(1635,1,0,'','add_address',1,'','2016-11-05 10:18:09','0000-00-00 00:00:00'),(1636,1,0,'','add_cart',1,'','2016-11-05 10:18:09','0000-00-00 00:00:00'),(1637,1,0,'326','validate_order',1,'','2016-11-05 10:18:23','0000-00-00 00:00:00'),(1638,1,340,'326','add_orders',1,'','2016-11-05 10:18:23','0000-00-00 00:00:00'),(1639,1,0,'','add_customer',1,'','2016-11-05 10:18:23','0000-00-00 00:00:00'),(1640,1,0,'','add_address',1,'','2016-11-05 10:18:23','0000-00-00 00:00:00'),(1641,1,0,'','add_cart',1,'','2016-11-05 10:18:23','0000-00-00 00:00:00'),(1642,1,0,'327','validate_order',1,'','2016-11-05 10:18:26','0000-00-00 00:00:00'),(1643,1,341,'327','add_orders',1,'','2016-11-05 10:18:27','0000-00-00 00:00:00'),(1644,1,0,'','add_customer',1,'','2016-11-05 10:18:27','0000-00-00 00:00:00'),(1645,1,0,'','add_address',1,'','2016-11-05 10:18:27','0000-00-00 00:00:00'),(1646,1,0,'','add_cart',1,'','2016-11-05 10:18:27','0000-00-00 00:00:00'),(1647,1,0,'328','validate_order',1,'','2016-11-05 10:18:29','0000-00-00 00:00:00'),(1648,1,342,'328','add_orders',1,'','2016-11-05 10:18:30','0000-00-00 00:00:00'),(1649,1,0,'','add_customer',1,'','2016-11-05 10:18:30','0000-00-00 00:00:00'),(1650,1,0,'','add_address',1,'','2016-11-05 10:18:30','0000-00-00 00:00:00'),(1651,1,0,'','add_cart',1,'','2016-11-05 10:18:30','0000-00-00 00:00:00'),(1652,1,0,'','add_customer',1,'','2016-11-05 10:18:30','0000-00-00 00:00:00'),(1653,1,0,'','add_address',1,'','2016-11-05 10:18:30','0000-00-00 00:00:00'),(1654,1,0,'','add_cart',1,'','2016-11-05 10:18:31','0000-00-00 00:00:00'),(1655,1,0,'329','validate_order',1,'','2016-11-05 10:18:35','0000-00-00 00:00:00'),(1656,1,344,'329','add_orders',1,'','2016-11-05 10:18:36','0000-00-00 00:00:00'),(1657,1,0,'','add_customer',1,'','2016-11-05 10:18:36','0000-00-00 00:00:00'),(1658,1,0,'','add_address',1,'','2016-11-05 10:18:38','0000-00-00 00:00:00'),(1659,1,0,'','add_cart',1,'','2016-11-05 10:18:39','0000-00-00 00:00:00'),(1660,1,0,'330','validate_order',1,'','2016-11-05 10:18:44','0000-00-00 00:00:00'),(1661,1,345,'330','add_orders',1,'','2016-11-05 10:18:45','0000-00-00 00:00:00'),(1662,1,0,'','add_customer',1,'','2016-11-05 10:18:45','0000-00-00 00:00:00'),(1663,1,0,'','add_address',1,'','2016-11-05 10:18:45','0000-00-00 00:00:00'),(1664,1,0,'','add_cart',1,'','2016-11-05 10:18:46','0000-00-00 00:00:00'),(1665,1,0,'331','validate_order',1,'','2016-11-05 10:18:49','0000-00-00 00:00:00'),(1666,1,346,'331','add_orders',1,'','2016-11-05 10:18:49','0000-00-00 00:00:00'),(1667,1,0,'','add_customer',1,'','2016-11-05 10:18:49','0000-00-00 00:00:00'),(1668,1,0,'','add_address',1,'','2016-11-05 10:18:50','0000-00-00 00:00:00'),(1669,1,0,'','add_cart',1,'','2016-11-05 10:18:50','0000-00-00 00:00:00'),(1670,1,0,'332','validate_order',1,'','2016-11-05 10:18:53','0000-00-00 00:00:00'),(1671,1,347,'332','add_orders',1,'','2016-11-05 10:18:54','0000-00-00 00:00:00');

--
-- Table structure for table `ps_ebay_order_order`
--

CREATE TABLE `ps_ebay_order_order` (
  `id_ebay_order_order` int(16) unsigned NOT NULL AUTO_INCREMENT,
  `id_ebay_order` int(16) NOT NULL,
  `id_order` int(16) NOT NULL,
  `id_shop` int(16) NOT NULL,
  `id_ebay_profile` int(11) NOT NULL,
  PRIMARY KEY (`id_ebay_order_order`),
  UNIQUE KEY `id_order` (`id_order`,`id_shop`)
) ENGINE=InnoDB AUTO_INCREMENT=322 DEFAULT CHARSET=utf8;

--
-- Dumping data for table `ps_ebay_order_order`
--

INSERT INTO `ps_ebay_order_order` VALUES (1,1,8,1,1),(2,2,9,1,1),(3,3,10,1,1),(4,0,11,1,1),(5,5,12,1,1),(6,6,13,1,1),(7,7,14,1,1),(8,8,15,1,1),(9,9,16,1,1),(10,10,17,1,1),(11,11,18,1,1),(12,12,19,1,1),(13,13,20,1,1),(14,14,21,1,1),(15,15,22,1,1),(16,16,23,1,1),(17,17,24,1,1),(18,18,25,1,1),(19,19,26,1,1),(20,20,27,1,1),(21,21,28,1,1),(22,22,29,1,1),(23,23,30,1,1),(24,24,31,1,1),(25,25,32,1,1),(26,26,33,1,1),(27,27,34,1,1),(28,28,35,1,1),(29,29,36,1,1),(30,30,37,1,1),(31,31,38,1,1),(32,32,39,1,1),(33,33,40,1,1),(34,34,41,1,1),(35,35,42,1,1),(36,36,43,1,1),(37,37,44,1,1),(38,38,45,1,1),(39,39,46,1,1),(40,40,47,1,1),(41,41,48,1,1),(42,42,49,1,1),(43,43,50,1,1),(44,44,51,1,1),(45,45,52,1,1),(46,46,53,1,1),(47,48,54,1,1),(48,49,55,1,1),(49,50,56,1,1),(50,53,57,1,1),(51,54,58,1,1),(52,56,59,1,1),(53,57,60,1,1),(54,58,61,1,1),(55,59,62,1,1),(56,61,63,1,1),(57,62,64,1,1),(58,64,66,1,1),(59,65,67,1,1),(60,66,68,1,1),(61,67,69,1,1),(62,68,70,1,1),(63,69,71,1,1),(64,70,72,1,1),(65,71,73,1,1),(66,72,74,1,1),(67,73,75,1,1),(68,74,76,1,1),(69,75,77,1,1),(70,76,78,1,1),(71,77,79,1,1),(72,78,80,1,1),(73,79,81,1,1),(74,80,82,1,1),(75,81,83,1,1),(76,82,84,1,1),(77,83,85,1,1),(78,84,86,1,1),(79,85,87,1,1),(80,86,88,1,1),(81,87,89,1,1),(82,88,90,1,1),(83,89,91,1,1),(84,90,92,1,1),(85,91,93,1,1),(86,92,94,1,1),(87,93,95,1,1),(88,94,96,1,1),(89,95,97,1,1),(90,96,98,1,1),(91,98,99,1,1),(92,99,100,1,1),(93,100,101,1,1),(94,101,102,1,1),(95,102,103,1,1),(96,103,104,1,1),(97,104,105,1,1),(98,105,106,1,1),(99,106,107,1,1),(100,107,108,1,1),(101,108,109,1,1),(102,109,110,1,1),(103,110,111,1,1),(104,111,112,1,1),(105,112,113,1,1),(106,113,114,1,1),(107,114,115,1,1),(108,115,116,1,1),(109,116,117,1,1),(110,117,118,1,1),(111,118,119,1,1),(112,119,120,1,1),(113,120,121,1,1),(114,121,122,1,1),(115,122,123,1,1),(116,123,124,1,1),(117,124,125,1,1),(118,125,126,1,1),(119,126,127,1,1),(120,127,129,1,1),(121,128,130,1,1),(122,132,131,1,1),(123,133,132,1,1),(124,134,133,1,1),(125,135,134,1,1),(126,136,135,1,1),(127,138,136,1,1),(128,139,138,1,1),(129,140,139,1,1),(130,141,140,1,1),(131,142,141,1,1),(132,143,142,1,1),(133,144,143,1,1),(134,145,144,1,1),(135,146,145,1,1),(136,147,146,1,1),(137,148,147,1,1),(138,149,148,1,1),(139,150,149,1,1),(140,151,150,1,1),(141,152,151,1,1),(142,153,152,1,1),(143,154,153,1,1),(144,156,154,1,1),(145,157,155,1,1),(146,158,156,1,1),(147,159,157,1,1),(148,160,158,1,1),(149,161,159,1,1),(150,162,160,1,1),(151,163,161,1,1),(152,164,162,1,1),(153,165,163,1,1),(154,166,164,1,1),(155,167,165,1,1),(156,168,166,1,1),(157,169,167,1,1),(158,170,168,1,1),(159,171,169,1,1),(160,172,170,1,1),(161,173,171,1,1),(162,174,172,1,1),(163,175,173,1,1),(164,176,174,1,1),(165,177,175,1,1),(166,178,176,1,1),(167,179,177,1,1),(168,180,178,1,1),(169,181,179,1,1),(170,182,180,1,1),(171,183,181,1,1),(172,184,182,1,1),(173,185,183,1,1),(174,186,184,1,1),(175,187,185,1,1),(176,188,186,1,1),(177,189,187,1,1),(178,190,188,1,1),(179,191,189,1,1),(180,192,190,1,1),(181,193,191,1,1),(182,194,192,1,1),(183,195,193,1,1),(184,196,194,1,1),(185,197,195,1,1),(186,198,196,1,1),(187,199,197,1,1),(188,200,198,1,1),(189,201,199,1,1),(190,202,200,1,1),(191,203,201,1,1),(192,204,202,1,1),(193,205,203,1,1),(194,206,204,1,1),(195,207,205,1,1),(196,208,206,1,1),(197,209,207,1,1),(198,210,208,1,1),(199,211,209,1,1),(200,212,210,1,1),(201,213,211,1,1),(202,214,212,1,1),(203,215,213,1,1),(204,216,214,1,1),(205,217,215,1,1),(206,218,216,1,1),(207,219,217,1,1),(208,220,218,1,1),(209,221,219,1,1),(210,222,220,1,1),(211,223,221,1,1),(212,224,222,1,1),(213,225,223,1,1),(214,226,224,1,1),(215,227,225,1,1),(216,228,226,1,1),(217,229,227,1,1),(218,230,228,1,1),(219,231,229,1,1),(220,232,231,1,1),(221,233,232,1,1),(222,234,233,1,1),(223,235,234,1,1),(224,236,235,1,1),(225,237,236,1,1),(226,238,237,1,1),(227,239,238,1,1),(228,240,239,1,1),(229,241,240,1,1),(230,242,241,1,1),(231,243,242,1,1),(232,244,243,1,1),(233,245,244,1,1),(234,246,245,1,1),(235,247,246,1,1),(236,248,247,1,1),(237,250,248,1,1),(238,251,249,1,1),(239,252,250,1,1),(240,253,251,1,1),(241,254,252,1,1),(242,255,253,1,1),(243,256,254,1,1),(244,257,255,1,1),(245,258,256,1,1),(246,259,257,1,1),(247,260,258,1,1),(248,261,259,1,1),(249,263,260,1,1),(250,264,261,1,1),(251,265,262,1,1),(252,266,263,1,1),(253,267,264,1,1),(254,268,265,1,1),(255,269,266,1,1),(256,270,267,1,1),(257,271,268,1,1),(258,272,269,1,1),(259,273,270,1,1),(260,274,271,1,1),(261,275,272,1,1),(262,276,273,1,1),(263,277,274,1,1),(264,278,275,1,1),(265,279,276,1,1),(266,280,277,1,1),(267,281,278,1,1),(268,282,279,1,1),(269,283,280,1,1),(270,284,281,1,1),(271,285,282,1,1),(272,286,283,1,1),(273,287,284,1,1),(274,288,285,1,1),(275,289,286,1,1),(276,290,287,1,1),(277,291,288,1,1),(278,292,289,1,1),(279,293,290,1,1),(280,294,291,1,1),(281,295,292,1,1),(282,296,293,1,1),(283,297,294,1,1),(284,298,295,1,1),(285,299,296,1,1),(286,300,297,1,1),(287,301,298,1,1),(288,302,299,1,1),(289,304,300,1,1),(290,305,301,1,1),(291,306,302,1,1),(292,307,303,1,1),(293,310,304,1,1),(294,312,305,1,1),(295,313,306,1,1),(296,314,307,1,1),(297,315,308,1,1),(298,316,309,1,1),(299,317,310,1,1),(300,318,311,1,1),(301,319,312,1,1),(302,320,313,1,1),(303,321,314,1,1),(304,322,315,1,1),(305,323,316,1,1),(306,326,317,1,1),(307,327,318,1,1),(308,328,319,1,1),(309,331,320,1,1),(310,335,321,1,1),(311,336,322,1,1),(312,337,323,1,1),(313,338,324,1,1),(314,339,325,1,1),(315,340,326,1,1),(316,341,327,1,1),(317,342,328,1,1),(318,344,329,1,1),(319,345,330,1,1),(320,346,331,1,1),(321,347,332,1,1);

--
-- Table structure for table `ps_ebay_product`
--

CREATE TABLE `ps_ebay_product` (
  `id_ebay_product` int(16) NOT NULL AUTO_INCREMENT,
  `id_ebay_profile` int(11) NOT NULL,
  `id_country` int(16) NOT NULL,
  `id_product` int(16) NOT NULL,
  `id_attribute` int(16) NOT NULL,
  `id_product_ref` varchar(32) NOT NULL,
  `date_add` datetime NOT NULL,
  `date_upd` datetime NOT NULL,
  PRIMARY KEY (`id_ebay_product`),
  UNIQUE KEY `id_product_ref` (`id_product_ref`),
  KEY `id_product` (`id_product`)
) ENGINE=InnoDB AUTO_INCREMENT=326 DEFAULT CHARSET=utf8;

--
-- Dumping data for table `ps_ebay_product`
--

INSERT INTO `ps_ebay_product` VALUES (3,1,8,82,0,'141926093674','2016-03-10 22:11:08','2016-04-04 22:04:41'),(4,1,8,86,0,'141926093815','2016-03-10 22:11:15','2016-04-04 21:34:59'),(5,1,8,89,0,'172129289985','2016-03-10 22:11:21','2016-04-04 22:05:06'),(6,1,8,128,0,'141926094354','2016-03-10 22:11:47','2016-04-04 22:05:56'),(7,1,8,129,0,'172129290303','2016-03-10 22:11:51','2016-04-04 21:35:59'),(8,1,8,139,0,'172129290474','2016-03-10 22:12:06','2016-04-04 22:06:20'),(9,1,8,148,0,'172129290515','2016-03-10 22:12:10','2016-03-12 13:49:26'),(10,1,8,150,0,'172129290571','2016-03-10 22:12:15','2016-03-12 13:49:30'),(15,1,8,116,0,'172131404681','2016-03-12 13:59:35','2016-03-12 13:59:35'),(22,1,8,138,0,'141927816441','2016-03-12 17:06:09','2016-04-04 22:06:17'),(23,1,8,291,0,'141927834972','2016-03-12 17:35:54','2016-03-12 19:30:47'),(24,1,8,132,0,'172141007968','2016-03-20 22:47:20','2016-07-15 11:16:30'),(25,1,8,284,0,'172141008069','2016-03-20 22:47:28','2016-04-04 22:06:25'),(27,1,8,286,0,'172145268995','2016-03-24 13:08:23','2016-03-24 13:08:23'),(28,1,8,287,0,'172145269222','2016-03-24 13:08:30','2016-07-13 20:36:13'),(29,1,8,288,0,'172145269413','2016-03-24 13:08:36','2016-07-13 20:36:17'),(30,1,8,289,0,'172145269639','2016-03-24 13:08:43','2016-07-13 20:36:23'),(32,1,8,321,0,'141943617260','2016-03-29 15:05:26','2016-04-17 16:33:55'),(33,1,8,322,0,'172150602870','2016-03-29 15:05:31','2016-04-17 16:34:00'),(34,1,8,323,0,'172150602987','2016-03-29 15:05:35','2016-04-17 16:34:05'),(35,1,8,332,0,'172154845307','2016-04-02 14:19:33','2016-04-17 16:34:43'),(36,1,8,334,0,'141947353521','2016-04-02 14:19:39','2016-04-17 16:34:53'),(37,1,8,78,0,'172154849099','2016-04-02 14:24:54','2016-04-02 14:24:54'),(38,1,8,109,0,'141947356677','2016-04-02 14:25:13','2016-04-02 14:25:13'),(39,1,8,110,0,'172154849225','2016-04-02 14:25:18','2016-04-02 14:25:18'),(40,1,8,112,0,'141947356748','2016-04-02 14:25:21','2016-04-02 14:25:21'),(41,1,8,115,0,'141947356769','2016-04-02 14:25:25','2016-04-02 14:25:25'),(42,1,8,119,0,'172154849459','2016-04-02 14:25:29','2016-04-04 22:05:37'),(43,1,8,134,0,'172154849743','2016-04-02 14:25:46','2016-04-02 14:25:46'),(44,1,8,293,0,'172154849915','2016-04-02 14:26:03','2016-04-02 14:26:03'),(45,1,8,299,0,'141947357842','2016-04-02 14:26:16','2016-04-04 22:06:46'),(46,1,8,302,0,'141947357886','2016-04-02 14:26:20','2016-04-04 22:06:50'),(47,1,8,304,0,'172154850132','2016-04-02 14:26:25','2016-04-04 22:06:59'),(48,1,8,305,0,'172154850165','2016-04-02 14:26:29','2016-04-04 21:37:26'),(49,1,8,324,0,'172154850319','2016-04-02 14:26:52','2016-04-17 16:34:09'),(50,1,8,326,0,'172154850366','2016-04-02 14:26:57','2016-04-17 16:34:15'),(51,1,8,327,0,'141947358194','2016-04-02 14:27:02','2016-04-17 16:34:19'),(52,1,8,328,0,'141947358229','2016-04-02 14:27:06','2016-04-17 16:34:24'),(53,1,8,329,0,'172154850527','2016-04-02 14:27:11','2016-04-17 16:34:29'),(54,1,8,330,0,'172154850580','2016-04-02 14:27:17','2016-04-17 16:34:33'),(55,1,8,331,0,'141947358360','2016-04-02 14:27:22','2016-04-17 16:34:38'),(56,1,8,333,0,'172154850708','2016-04-02 14:27:31','2016-04-17 16:34:48'),(57,1,8,298,0,'141947361160','2016-04-02 14:32:13','2016-04-04 22:06:42'),(58,1,8,133,0,'172154856589','2016-04-02 14:39:41','2016-04-04 22:06:05'),(59,1,8,75,0,'141949575136','2016-04-04 20:45:03','2016-04-04 22:04:19'),(60,1,8,80,0,'141949575229','2016-04-04 20:45:10','2016-04-04 22:04:31'),(61,1,8,81,0,'172157221349','2016-04-04 20:45:17','2016-04-04 22:04:36'),(62,1,8,83,0,'172157221434','2016-04-04 20:45:24','2016-04-04 22:04:46'),(63,1,8,85,0,'172157221486','2016-04-04 20:45:28','2016-04-04 22:04:50'),(64,1,8,87,0,'141949575648','2016-04-04 20:45:37','2016-04-04 22:04:56'),(65,1,8,88,0,'172157221755','2016-04-04 20:45:41','2016-04-04 22:05:01'),(66,1,8,90,0,'172157221987','2016-04-04 20:45:49','2016-04-04 22:05:10'),(67,1,8,91,0,'141949575984','2016-04-04 20:45:53','2016-04-04 22:05:15'),(68,1,8,92,0,'172157222130','2016-04-04 20:45:56','2016-04-04 22:05:20'),(69,1,8,118,0,'141949576209','2016-04-04 20:46:06','2016-04-04 22:05:32'),(70,1,8,120,0,'141949576404','2016-04-04 20:46:13','2016-04-04 22:05:42'),(71,1,8,121,0,'141949576488','2016-04-04 20:46:17','2016-04-04 22:05:46'),(72,1,8,127,0,'141949576518','2016-04-04 20:46:20','2016-04-04 21:35:50'),(73,1,8,130,0,'172157222778','2016-04-04 20:46:31','2016-04-04 21:36:04'),(74,1,8,131,0,'141949576769','2016-04-04 20:46:35','2016-04-04 21:36:09'),(75,1,8,135,0,'141949576941','2016-04-04 20:46:47','2016-04-04 22:06:09'),(76,1,8,136,0,'141949576982','2016-04-04 20:46:51','2016-04-04 22:06:13'),(77,1,8,292,0,'172157223350','2016-04-04 20:47:06','2016-07-15 11:16:35'),(78,1,8,294,0,'172157223380','2016-04-04 20:47:10','2016-04-04 22:06:29'),(79,1,8,295,0,'172157223414','2016-04-04 20:47:14','2016-04-04 22:06:33'),(80,1,8,296,0,'172157223451','2016-04-04 20:47:18','2016-04-04 22:06:37'),(81,1,8,300,0,'172157223669','2016-04-04 20:47:29','2016-04-04 21:37:09'),(82,1,8,303,0,'172157223925','2016-04-04 20:47:37','2016-04-04 22:06:55'),(83,1,8,306,0,'141949577680','2016-04-04 20:47:49','2016-04-04 21:37:30'),(84,1,8,307,0,'172157224089','2016-04-04 20:47:52','2016-04-04 21:43:56'),(85,1,8,308,0,'141949577768','2016-04-04 20:47:56','2016-04-04 21:37:38'),(86,1,8,309,0,'141949577815','2016-04-04 20:48:00','2016-04-04 21:37:43'),(87,1,8,312,0,'141949577869','2016-04-04 20:48:06','2016-04-04 21:37:53'),(88,1,8,319,0,'141949577963','2016-04-04 20:48:11','2016-04-04 21:37:58'),(90,1,8,320,0,'141949612172','2016-04-04 21:26:33','2016-04-04 21:38:02'),(91,1,8,107,0,'172157289221','2016-04-04 21:35:26','2016-04-04 22:05:24'),(92,1,8,310,0,'141949621369','2016-04-04 21:37:48','2016-04-04 21:43:21'),(93,1,8,325,0,'141949621627','2016-04-04 21:38:07','2016-04-04 21:38:07'),(94,1,8,79,0,'141949645988','2016-04-04 22:04:26','2016-04-04 22:04:26'),(96,1,8,126,0,'141950491546','2016-04-05 19:34:55','2016-04-05 19:34:55'),(97,1,8,141,0,'141956371876','2016-04-11 22:07:12','2016-04-13 21:44:43'),(100,1,8,353,0,'172166641015','2016-04-13 19:42:47','2016-07-13 20:37:49'),(101,1,8,335,0,'141958504083','2016-04-13 20:41:17','2016-05-06 15:07:04'),(102,1,8,336,0,'141958504169','2016-04-13 20:41:22','2016-07-13 20:36:36'),(103,1,8,337,0,'141958504246','2016-04-13 20:41:27','2016-07-13 20:36:41'),(104,1,8,338,0,'141958504328','2016-04-13 20:41:32','2016-07-13 20:36:45'),(105,1,8,339,0,'172166686494','2016-04-13 20:41:37','2016-07-13 20:36:50'),(106,1,8,340,0,'141958504485','2016-04-13 20:41:42','2016-07-13 20:36:54'),(107,1,8,341,0,'172166686689','2016-04-13 20:41:47','2016-07-13 20:36:59'),(108,1,8,342,0,'141958504770','2016-04-13 20:41:51','2016-07-13 20:37:04'),(109,1,8,343,0,'172166686978','2016-04-13 20:41:56','2016-07-13 20:37:08'),(110,1,8,344,0,'172166687044','2016-04-13 20:42:00','2016-07-13 20:37:12'),(111,1,8,347,0,'172166687171','2016-04-13 20:42:09','2016-07-13 20:37:26'),(112,1,8,348,0,'141958505365','2016-04-13 20:42:13','2016-07-13 20:37:30'),(113,1,8,349,0,'172166687292','2016-04-13 20:42:18','2016-07-13 20:37:34'),(114,1,8,350,0,'141958505603','2016-04-13 20:42:23','2016-07-13 20:37:40'),(115,1,8,351,0,'172166687464','2016-04-13 20:42:28','2016-04-16 14:19:15'),(116,1,8,352,0,'172166687524','2016-04-13 20:42:32','2016-07-13 20:37:45'),(117,1,8,364,0,'172168742395','2016-04-15 20:09:16','2016-07-13 20:38:18'),(118,1,8,366,0,'141960624779','2016-04-15 20:09:22','2016-07-13 20:38:24'),(119,1,8,367,0,'172168744004','2016-04-15 20:09:27','2016-07-13 20:38:28'),(120,1,8,368,0,'141960624889','2016-04-15 20:09:31','2016-07-13 20:38:33'),(121,1,8,373,0,'141960624988','2016-04-15 20:09:37','2016-07-13 20:38:55'),(122,1,8,374,0,'141960625064','2016-04-15 20:09:42','2016-04-15 20:09:42'),(123,1,8,377,0,'141961276978','2016-04-16 11:14:55','2016-05-06 15:09:14'),(124,1,8,212,0,'172169560703','2016-04-16 13:55:18','2016-04-16 13:55:18'),(125,1,8,213,0,'172169560729','2016-04-16 13:55:23','2016-04-16 13:55:23'),(126,1,8,214,0,'172169560762','2016-04-16 13:55:28','2016-04-16 13:55:28'),(127,1,8,215,0,'172169560790','2016-04-16 13:55:32','2016-04-16 13:55:32'),(128,1,8,216,0,'172169560818','2016-04-16 13:55:36','2016-04-16 13:55:36'),(129,1,8,217,0,'141961387105','2016-04-16 13:55:41','2016-04-16 13:55:41'),(130,1,8,218,0,'172169560884','2016-04-16 13:55:44','2016-04-16 13:55:44'),(131,1,8,219,0,'141961387189','2016-04-16 13:55:48','2016-04-16 13:55:48'),(132,1,8,220,0,'172169561090','2016-04-16 13:55:52','2016-04-16 13:55:52'),(133,1,8,354,0,'172169583084','2016-04-16 14:19:31','2016-07-13 20:37:54'),(134,1,8,359,0,'172169583128','2016-04-16 14:19:38','2016-07-13 20:38:09'),(135,1,8,361,0,'141962302056','2016-04-17 11:19:56','2016-07-13 20:38:13'),(136,1,8,363,0,'172170555679','2016-04-17 11:26:06','2016-04-17 16:02:45'),(137,1,8,356,0,'172170816132','2016-04-17 16:02:21','2016-07-13 20:37:59'),(138,1,8,357,0,'141962524904','2016-04-17 16:02:25','2016-07-13 20:38:04'),(139,1,8,358,0,'141962524957','2016-04-17 16:02:29','2016-07-22 12:06:13'),(140,1,8,360,0,'141962525003','2016-04-17 16:02:33','2016-05-06 15:08:37'),(141,1,8,362,0,'141962525073','2016-04-17 16:02:41','2016-04-17 16:02:41'),(142,1,8,365,0,'172170816538','2016-04-17 16:02:55','2016-07-14 10:30:26'),(143,1,8,375,0,'141962525329','2016-04-17 16:03:08','2016-07-13 20:39:01'),(144,1,8,1,0,'141962760198','2016-04-17 20:18:15','2016-04-24 11:13:58'),(145,1,8,6,0,'172171104678','2016-04-17 20:18:21','2016-04-24 11:14:02'),(146,1,8,99,0,'172171266228','2016-04-17 22:32:38','2016-04-17 22:45:08'),(147,1,8,376,0,'172171345761','2016-04-17 23:58:58','2016-07-13 20:39:07'),(148,1,8,7,0,'172178501610','2016-04-24 11:14:06','2016-04-24 11:14:06'),(149,1,8,8,0,'172178501634','2016-04-24 11:14:11','2016-04-24 11:14:11'),(150,1,8,18,0,'141969901193','2016-04-24 11:14:20','2016-04-24 11:14:20'),(151,1,8,19,0,'141969901222','2016-04-24 11:14:24','2016-04-24 11:14:24'),(152,1,8,381,0,'141983084608','2016-05-05 19:51:53','2016-07-13 20:39:27'),(153,1,8,345,0,'172196049750','2016-05-06 15:07:45','2016-07-13 20:37:16'),(154,1,8,346,0,'141983998408','2016-05-06 15:07:49','2016-07-13 20:37:21'),(156,1,8,369,0,'141983999300','2016-05-06 15:08:55','2016-07-13 20:38:38'),(157,1,8,370,0,'172196050520','2016-05-06 15:08:59','2016-05-06 15:08:59'),(158,1,8,371,0,'172196050569','2016-05-06 15:09:04','2016-07-13 20:38:42'),(159,1,8,378,0,'172196050863','2016-05-06 15:09:19','2016-07-13 20:39:13'),(160,1,8,382,0,'141983999669','2016-05-06 15:09:25','2016-07-13 20:39:31'),(161,1,8,383,0,'141983999717','2016-05-06 15:09:31','2016-07-13 20:39:35'),(162,1,8,384,0,'172196051071','2016-05-06 15:09:35','2016-07-13 20:39:41'),(163,1,8,385,0,'172196051169','2016-05-06 15:09:40','2016-07-13 20:39:45'),(164,1,8,386,0,'141983999858','2016-05-06 15:09:44','2016-07-13 20:39:49'),(165,1,8,387,0,'141983999910','2016-05-06 15:09:48','2016-07-13 20:39:54'),(166,1,8,388,0,'141983999926','2016-05-06 15:09:52','2016-07-13 20:39:58'),(167,1,8,389,0,'172196051548','2016-05-06 15:09:56','2016-05-06 15:09:56'),(168,1,8,391,0,'141984000014','2016-05-06 15:10:01','2016-07-13 20:40:03'),(169,1,8,392,0,'172196051641','2016-05-06 15:10:06','2016-07-13 20:40:08'),(170,1,8,393,0,'172196051682','2016-05-06 15:10:11','2016-07-13 20:40:14'),(171,1,8,394,0,'141984000170','2016-05-06 15:10:16','2016-07-13 20:40:19'),(172,1,8,395,0,'172196051780','2016-05-06 15:10:22','2016-07-13 20:40:23'),(173,1,8,396,0,'141984000254','2016-05-06 15:10:26','2016-07-13 20:40:27'),(174,1,8,397,0,'172196051873','2016-05-06 15:10:31','2016-07-13 20:40:31'),(175,1,8,398,0,'141984000331','2016-05-06 15:10:35','2016-07-13 20:40:36'),(176,1,8,399,0,'141984000362','2016-05-06 15:10:40','2016-07-13 20:40:40'),(177,1,8,400,0,'172196052032','2016-05-06 15:10:45','2016-05-06 15:10:45'),(178,1,8,401,0,'172196052101','2016-05-06 15:10:53','2016-07-13 20:40:45'),(179,1,8,402,0,'172196052151','2016-05-06 15:10:58','2016-07-13 20:40:50'),(180,1,8,403,0,'141984000561','2016-05-06 15:11:03','2016-07-13 20:40:54'),(181,1,8,404,0,'172196052250','2016-05-06 15:11:07','2016-07-13 20:40:59'),(182,1,8,405,0,'172196052286','2016-05-06 15:11:12','2016-05-08 22:40:20'),(183,1,8,406,0,'141984000681','2016-05-06 15:11:16','2016-07-13 20:41:04'),(184,1,8,407,0,'172196052397','2016-05-06 15:11:21','2016-07-13 20:41:09'),(185,1,8,408,0,'172196052469','2016-05-06 15:11:26','2016-07-13 20:41:13'),(186,1,8,409,0,'141984000928','2016-05-06 15:11:32','2016-07-13 20:41:18'),(187,1,8,410,0,'172196052572','2016-05-06 15:11:37','2016-07-13 20:41:25'),(188,1,8,411,0,'141987503691','2016-05-09 21:09:21','2016-05-09 21:09:21'),(189,1,8,412,0,'172200016009','2016-05-09 21:10:48','2016-07-13 20:41:30'),(190,1,8,413,0,'172200017222','2016-05-09 21:12:05','2016-05-09 21:12:05'),(191,1,8,414,0,'172200019856','2016-05-09 21:14:02','2016-07-13 20:41:35'),(192,1,8,415,0,'172200021055','2016-05-09 21:15:23','2016-07-13 20:41:39'),(194,1,8,417,0,'172200024832','2016-05-09 21:19:31','2016-07-13 20:41:48'),(195,1,8,418,0,'172200026228','2016-05-09 21:20:49','2016-07-13 20:41:52'),(196,1,8,419,0,'172200029349','2016-05-09 21:23:10','2016-07-13 20:41:57'),(197,1,8,420,0,'172200033263','2016-05-09 21:27:02','2016-07-13 20:42:01'),(199,1,8,422,0,'172200035583','2016-05-09 21:30:03','2016-05-09 21:30:03'),(201,1,8,424,0,'172201076714','2016-05-10 15:48:37','2016-07-13 20:42:10'),(202,1,8,425,0,'141988364413','2016-05-10 15:51:21','2016-07-13 20:42:14'),(203,1,8,416,0,'141988553754','2016-05-10 19:38:45','2016-07-13 20:41:43'),(204,1,8,426,0,'172202442104','2016-05-11 11:37:44','2016-07-13 20:42:19'),(205,1,8,428,0,'172202449379','2016-05-11 11:48:12','2016-05-11 11:48:12'),(206,1,8,429,0,'141989233458','2016-05-11 11:50:45','2016-07-13 20:42:28'),(207,1,8,431,0,'172202454495','2016-05-11 11:53:59','2016-07-13 20:42:38'),(208,1,8,432,0,'172204067191','2016-05-12 15:37:03','2016-07-13 20:42:43'),(209,1,8,433,0,'141990513069','2016-05-12 15:39:54','2016-07-13 20:42:47'),(210,1,8,434,0,'172204070573','2016-05-12 15:41:58','2016-07-13 20:42:52'),(211,1,8,435,0,'172204073957','2016-05-12 15:46:20','2016-07-13 20:42:57'),(212,1,8,436,0,'141990523274','2016-05-12 15:51:10','2016-07-13 20:43:01'),(213,1,8,437,0,'172204079041','2016-05-12 15:52:59','2016-07-13 20:43:06'),(214,1,8,438,0,'141990528074','2016-05-12 15:58:10','2016-07-13 20:43:09'),(215,1,8,440,0,'141990530941','2016-05-12 16:01:29','2016-07-13 20:43:19'),(216,1,8,441,0,'141990537195','2016-05-12 16:07:11','2016-07-13 20:43:23'),(217,1,8,442,0,'141990538903','2016-05-12 16:09:53','2016-07-13 20:43:28'),(218,1,8,443,0,'172204125126','2016-05-12 16:44:18','2016-07-13 20:43:33'),(219,1,8,452,0,'141991521429','2016-05-13 13:32:58','2016-07-13 20:44:08'),(220,1,8,421,0,'141993773604','2016-05-15 12:27:45','2016-07-13 20:42:05'),(221,1,8,453,0,'141993921013','2016-05-15 15:59:47','2016-05-15 15:59:47'),(222,1,8,456,0,'172207574802','2016-05-15 16:02:37','2016-07-13 20:44:21'),(224,1,8,311,0,'141994097876','2016-05-15 19:37:50','2016-05-15 19:37:50'),(225,1,8,301,0,'141995812336','2016-05-17 09:33:49','2016-07-14 10:30:20'),(226,1,8,472,0,'172216988665','2016-05-23 18:44:25','2016-05-23 18:47:00'),(227,1,8,473,0,'172216988976','2016-05-23 18:45:06','2016-05-23 18:47:05'),(228,1,8,93,0,'142053502940','2016-07-13 20:35:35','2016-07-14 10:42:29'),(229,1,8,95,0,'142053503014','2016-07-13 20:35:41','2016-07-13 20:35:41'),(230,1,8,113,0,'172272601122','2016-07-13 20:35:47','2016-07-13 20:35:47'),(231,1,8,117,0,'172272601226','2016-07-13 20:35:54','2016-07-13 20:35:54'),(232,1,8,122,0,'142053503308','2016-07-13 20:36:01','2016-07-13 20:36:01'),(233,1,8,285,0,'142053503415','2016-07-13 20:36:06','2016-07-13 20:36:06'),(234,1,8,290,0,'142053503757','2016-07-13 20:36:29','2016-07-13 20:36:29'),(235,1,8,372,0,'142053505776','2016-07-13 20:38:47','2016-07-14 10:41:17'),(236,1,8,379,0,'172272603583','2016-07-13 20:39:18','2016-07-13 20:39:18'),(237,1,8,380,0,'142053506082','2016-07-13 20:39:22','2016-07-13 20:39:22'),(238,1,8,427,0,'172272606595','2016-07-13 20:42:24','2016-07-13 20:42:24'),(239,1,8,430,0,'142053508836','2016-07-13 20:42:34','2016-07-13 20:42:34'),(240,1,8,439,0,'172272607151','2016-07-13 20:43:14','2016-07-13 20:43:14'),(241,1,8,444,0,'172272607624','2016-07-13 20:43:37','2016-07-13 20:43:37'),(242,1,8,445,0,'172272607772','2016-07-13 20:43:42','2016-07-13 20:43:42'),(243,1,8,446,0,'172272607901','2016-07-13 20:43:46','2016-07-13 20:43:46'),(244,1,8,447,0,'142053509489','2016-07-13 20:43:50','2016-07-13 20:43:50'),(245,1,8,449,0,'142053509552','2016-07-13 20:43:55','2016-07-13 20:43:55'),(246,1,8,450,0,'142053509613','2016-07-13 20:43:59','2016-07-13 20:43:59'),(247,1,8,451,0,'172272608333','2016-07-13 20:44:04','2016-07-13 20:44:04'),(248,1,8,454,0,'172272608444','2016-07-13 20:44:13','2016-07-13 20:44:13'),(249,1,8,455,0,'142053509870','2016-07-13 20:44:17','2016-07-13 20:44:17'),(250,1,8,461,0,'172272608581','2016-07-13 20:44:26','2016-07-13 20:44:26'),(251,1,8,475,0,'142053510006','2016-07-13 20:44:30','2016-07-13 20:44:30'),(252,1,8,476,0,'172272608780','2016-07-13 20:44:35','2016-07-13 20:44:35'),(253,1,8,477,0,'172272608849','2016-07-13 20:44:39','2016-07-13 20:44:39'),(254,1,8,478,0,'142053510168','2016-07-13 20:44:43','2016-07-13 20:44:43'),(255,1,8,479,0,'172272608977','2016-07-13 20:44:51','2016-07-13 20:44:51'),(256,1,8,480,0,'172272609044','2016-07-13 20:44:55','2016-07-13 20:44:55'),(257,1,8,481,0,'172272609111','2016-07-13 20:45:00','2016-07-13 20:45:00'),(258,1,8,482,0,'172272609227','2016-07-13 20:45:04','2016-07-13 20:45:04'),(259,1,8,483,0,'172272609330','2016-07-13 20:45:09','2016-07-13 20:45:09'),(260,1,8,484,0,'172272609434','2016-07-13 20:45:13','2016-07-13 20:45:13'),(261,1,8,485,0,'172272609566','2016-07-13 20:45:18','2016-07-13 20:45:18'),(262,1,8,486,0,'172272609670','2016-07-13 20:45:22','2016-07-13 20:45:22'),(263,1,8,487,0,'172272609777','2016-07-13 20:45:27','2016-07-13 20:45:27'),(264,1,8,488,0,'172272609854','2016-07-13 20:45:32','2016-07-13 20:45:32'),(265,1,8,489,0,'142053510701','2016-07-13 20:45:36','2016-07-13 20:45:36'),(266,1,8,490,0,'172272610002','2016-07-13 20:45:40','2016-07-13 20:45:40'),(267,1,8,491,0,'142053510787','2016-07-13 20:45:45','2016-07-13 20:45:45'),(268,1,8,492,0,'142053510840','2016-07-13 20:45:49','2016-07-13 20:45:49'),(269,1,8,493,0,'142053510879','2016-07-13 20:45:54','2016-07-13 20:45:54'),(270,1,8,494,0,'172272610269','2016-07-13 20:45:59','2016-07-13 20:45:59'),(271,1,8,495,0,'172272610352','2016-07-13 20:46:04','2016-07-13 20:46:04'),(272,1,8,496,0,'172272610485','2016-07-13 20:46:08','2016-07-13 20:46:08'),(273,1,8,497,0,'172272610575','2016-07-13 20:46:13','2016-07-13 20:46:13'),(274,1,8,498,0,'172272610638','2016-07-13 20:46:18','2016-07-13 20:46:18'),(275,1,8,499,0,'172272610685','2016-07-13 20:46:22','2016-07-13 20:46:22'),(276,1,8,500,0,'142053511168','2016-07-13 20:46:27','2016-07-13 20:46:27'),(277,1,8,501,0,'142053511214','2016-07-13 20:46:32','2016-07-13 20:46:32'),(278,1,8,503,0,'142053511258','2016-07-13 20:46:37','2016-07-13 20:46:37'),(279,1,8,504,0,'172272611050','2016-07-13 20:46:42','2016-07-13 20:46:42'),(280,1,8,507,0,'142053511464','2016-07-13 20:46:53','2016-07-13 20:46:53'),(281,1,8,508,0,'142053511732','2016-07-13 20:47:00','2016-07-13 20:47:00'),(282,1,8,509,0,'172272612079','2016-07-13 20:47:04','2016-07-13 20:47:04'),(283,1,8,510,0,'172272612203','2016-07-13 20:47:09','2016-07-13 20:47:09'),(284,1,8,511,0,'142053512186','2016-07-13 20:47:14','2016-07-13 20:47:14'),(285,1,8,512,0,'172272612373','2016-07-13 20:47:18','2016-07-13 20:47:18'),(286,1,8,515,0,'172272612488','2016-07-13 20:47:23','2016-07-13 20:47:23'),(287,1,8,514,0,'172273120033','2016-07-14 10:30:41','2016-07-14 10:30:41'),(288,1,8,518,0,'172274094656','2016-07-15 10:51:42','2016-07-15 11:16:44'),(289,1,8,520,0,'142055078205','2016-07-15 11:38:18','2016-07-15 11:39:00'),(290,1,8,521,0,'172280739919','2016-07-22 12:06:30','2016-07-22 12:06:30'),(291,1,8,522,0,'142061983322','2016-07-22 12:06:34','2016-07-22 12:06:34'),(292,1,8,523,0,'172280739982','2016-07-22 12:06:39','2016-07-22 12:06:39'),(293,1,8,524,0,'142061983440','2016-07-22 12:06:42','2016-07-22 22:16:08'),(294,1,8,525,0,'172280740112','2016-07-22 12:06:47','2016-07-22 12:06:47'),(295,1,8,526,0,'142061983536','2016-07-22 12:06:52','2016-07-22 21:03:35'),(296,1,8,527,0,'172280740218','2016-07-22 12:06:57','2016-07-22 21:03:26'),(297,1,8,528,0,'172280740254','2016-07-22 12:07:01','2016-07-22 22:46:54'),(298,1,8,529,0,'142062273549','2016-07-22 18:56:40','2016-07-22 18:56:40'),(299,1,8,530,0,'142062280137','2016-07-22 19:07:27','2016-07-22 19:07:27'),(300,1,8,531,0,'142062286306','2016-07-22 19:15:43','2016-07-22 19:26:09'),(301,1,8,533,0,'172281591218','2016-07-23 09:16:17','2016-07-23 09:16:17'),(302,1,8,534,0,'172281591235','2016-07-23 09:16:21','2016-07-23 09:16:21'),(303,1,8,535,0,'172281591255','2016-07-23 09:16:25','2016-07-23 09:16:25'),(304,1,8,536,0,'172281591283','2016-07-23 09:16:30','2016-07-23 09:16:30'),(305,1,8,537,0,'142062865586','2016-07-23 09:16:33','2016-07-23 09:16:33'),(306,1,8,538,0,'172281591324','2016-07-23 09:16:37','2016-07-23 09:16:37'),(307,1,8,539,0,'172281982813','2016-07-23 20:11:14','2016-07-23 20:11:14'),(308,1,8,540,0,'142063375065','2016-07-23 20:11:18','2016-07-27 11:23:38'),(309,1,8,541,0,'172281982918','2016-07-23 20:11:22','2016-07-23 20:11:22'),(310,1,8,542,0,'142063910327','2016-07-24 11:08:34','2016-07-24 11:10:27'),(311,1,8,543,0,'172283366576','2016-07-25 10:01:44','2016-07-25 10:02:44'),(312,1,8,544,0,'172283370389','2016-07-25 10:07:26','2016-07-25 15:42:41'),(313,1,8,546,0,'142068033385','2016-07-28 09:58:14','2016-07-28 09:58:14'),(314,1,8,547,0,'142068033432','2016-07-28 09:58:20','2016-07-28 09:58:20'),(315,1,8,548,0,'172286723852','2016-07-28 09:58:25','2016-07-28 09:58:25'),(316,1,8,549,0,'142068033508','2016-07-28 09:58:31','2016-07-28 09:58:31'),(317,1,8,550,0,'142068033537','2016-07-28 09:58:36','2016-07-28 09:58:36'),(318,1,8,551,0,'172286723978','2016-07-28 09:58:40','2016-07-28 09:58:40'),(319,1,8,552,0,'172286724029','2016-07-28 09:58:44','2016-07-28 09:58:44'),(320,1,8,553,0,'172286724081','2016-07-28 09:58:48','2016-07-28 09:58:48'),(321,1,8,554,0,'172286724136','2016-07-28 09:58:53','2016-07-28 09:58:53'),(322,1,8,555,0,'142068033672','2016-07-28 09:58:57','2016-07-28 09:58:57'),(323,1,8,556,0,'172286724214','2016-07-28 09:59:01','2016-07-28 09:59:01'),(324,1,8,557,0,'172286752080','2016-07-28 10:41:54','2016-08-19 11:15:27'),(325,1,8,558,0,'172286752110','2016-07-28 10:41:58','2016-11-05 10:18:17');

--
-- Table structure for table `ps_ebay_product_configuration`
--

CREATE TABLE `ps_ebay_product_configuration` (
  `id_ebay_product_configuration` int(11) NOT NULL AUTO_INCREMENT,
  `id_product` int(11) NOT NULL,
  `id_ebay_profile` int(16) NOT NULL,
  `blacklisted` tinyint(1) NOT NULL,
  `extra_images` int(11) NOT NULL,
  PRIMARY KEY (`id_ebay_product_configuration`),
  UNIQUE KEY `id_product` (`id_product`,`id_ebay_profile`)
) ENGINE=InnoDB AUTO_INCREMENT=1925 DEFAULT CHARSET=utf8;

--
-- Dumping data for table `ps_ebay_product_configuration`
--

INSERT INTO `ps_ebay_product_configuration` VALUES (1,86,1,1,0),(2,127,1,1,0),(3,131,1,0,0),(7,132,1,1,0),(8,284,1,0,0),(9,98,1,0,0),(14,82,1,1,0),(15,89,1,1,0),(16,120,1,1,0),(17,121,1,1,0),(18,128,1,1,0),(19,129,1,1,0),(20,130,1,1,0),(21,138,1,1,0),(22,139,1,1,0),(23,126,1,0,0),(24,107,1,0,0),(25,77,1,1,0),(26,78,1,1,0),(27,79,1,0,0),(28,80,1,0,0),(29,81,1,0,0),(30,83,1,0,0),(31,85,1,0,0),(32,87,1,0,0),(33,88,1,0,0),(34,90,1,0,0),(35,91,1,0,0),(36,92,1,0,0),(37,109,1,1,0),(38,110,1,1,0),(39,112,1,1,0),(40,115,1,1,0),(41,118,1,0,0),(42,119,1,0,0),(43,133,1,0,0),(44,134,1,1,0),(45,135,1,0,0),(46,136,1,0,0),(47,265,1,1,0),(48,266,1,1,0),(49,267,1,1,0),(50,268,1,1,0),(51,269,1,1,0),(52,150,1,0,0),(53,148,1,1,0),(54,93,1,1,0),(55,94,1,1,0),(56,95,1,1,0),(57,96,1,1,0),(58,97,1,1,0),(59,108,1,1,0),(60,111,1,1,0),(61,113,1,1,0),(62,114,1,1,0),(63,116,1,0,0),(64,117,1,1,0),(65,122,1,1,0),(66,123,1,1,0),(67,124,1,1,0),(68,125,1,1,0),(69,140,1,1,0),(70,141,1,1,0),(71,142,1,1,0),(72,143,1,1,0),(73,144,1,1,0),(74,145,1,1,0),(75,146,1,1,0),(76,147,1,1,0),(204,291,1,0,0),(227,264,1,1,0),(233,285,1,0,0),(234,286,1,1,0),(235,287,1,0,0),(236,288,1,0,0),(237,289,1,0,0),(238,290,1,0,0),(239,321,1,1,0),(240,322,1,1,0),(241,323,1,1,0),(242,324,1,1,0),(245,292,1,1,0),(246,300,1,1,0),(247,320,1,1,0),(248,325,1,1,0),(250,298,1,0,0),(260,299,1,1,0),(261,302,1,1,0),(262,304,1,1,0),(264,75,1,0,0),(265,76,1,0,0),(266,306,1,0,0),(267,307,1,0,0),(268,308,1,0,0),(269,309,1,0,0),(292,293,1,1,0),(293,294,1,0,0),(294,295,1,0,0),(295,296,1,0,0),(296,297,1,1,0),(297,303,1,0,0),(302,332,1,1,0),(303,333,1,1,0),(304,334,1,1,0),(306,310,1,0,0),(307,326,1,0,0),(308,327,1,0,0),(309,328,1,0,0),(310,329,1,0,0),(311,330,1,0,0),(312,331,1,0,0),(383,312,1,1,0),(384,319,1,1,0),(401,305,1,1,0),(451,270,1,0,0),(452,271,1,0,0),(453,272,1,0,0),(454,273,1,0,0),(455,274,1,0,0),(456,275,1,0,0),(457,276,1,0,0),(458,277,1,0,0),(459,278,1,0,0),(460,279,1,0,0),(461,280,1,0,0),(462,281,1,0,0),(463,282,1,0,0),(466,301,1,0,0),(467,311,1,1,0),(468,38,1,1,0),(469,99,1,0,0),(644,283,1,0,0),(710,365,1,1,0),(734,372,1,1,0),(759,335,1,1,0),(760,336,1,1,0),(761,337,1,0,0),(762,338,1,0,0),(763,339,1,0,0),(764,340,1,1,0),(765,341,1,1,0),(766,347,1,1,0),(767,348,1,1,0),(768,349,1,1,0),(769,350,1,0,0),(770,351,1,1,0),(771,352,1,0,0),(772,353,1,0,0),(785,366,1,0,0),(786,367,1,0,0),(787,369,1,0,0),(788,371,1,0,0),(789,342,1,0,0),(790,343,1,0,0),(791,344,1,0,0),(792,345,1,0,0),(793,346,1,0,0),(915,354,1,1,0),(916,355,1,1,0),(917,360,1,1,0),(918,361,1,1,0),(925,359,1,0,0),(930,370,1,1,0),(949,364,1,0,0),(952,368,1,1,0),(954,373,1,1,0),(955,374,1,1,0),(956,376,1,1,0),(957,212,1,0,0),(958,213,1,0,0),(959,214,1,0,0),(960,215,1,0,0),(961,216,1,0,0),(962,217,1,0,0),(963,218,1,0,0),(964,219,1,0,0),(965,220,1,0,0),(966,221,1,0,0),(967,222,1,0,0),(968,223,1,0,0),(969,224,1,0,0),(970,225,1,0,0),(971,226,1,0,0),(972,227,1,0,0),(973,228,1,0,0),(974,229,1,0,0),(975,230,1,0,0),(976,231,1,0,0),(977,232,1,0,0),(978,233,1,0,0),(979,234,1,0,0),(980,235,1,0,0),(981,236,1,0,0),(982,237,1,0,0),(983,238,1,0,0),(984,239,1,0,0),(985,240,1,0,0),(986,241,1,0,0),(987,242,1,0,0),(988,243,1,0,0),(989,244,1,0,0),(990,245,1,0,0),(1037,377,1,1,0),(1038,378,1,0,0),(1057,362,1,1,0),(1079,363,1,0,0),(1097,356,1,1,0),(1098,357,1,1,0),(1099,358,1,0,0),(1101,375,1,0,0),(1126,381,1,1,0),(1153,384,1,1,0),(1181,382,1,1,0),(1182,383,1,1,0),(1184,385,1,1,0),(1185,386,1,1,0),(1186,387,1,1,0),(1187,388,1,0,0),(1188,389,1,1,0),(1189,391,1,0,0),(1190,392,1,0,0),(1191,393,1,0,0),(1192,394,1,0,0),(1193,395,1,0,0),(1194,396,1,0,0),(1195,397,1,0,0),(1196,398,1,0,0),(1197,399,1,0,0),(1198,400,1,1,0),(1199,401,1,0,0),(1200,402,1,0,0),(1201,403,1,0,0),(1202,404,1,0,0),(1203,405,1,1,0),(1204,406,1,0,0),(1205,407,1,0,0),(1206,408,1,0,0),(1207,409,1,0,0),(1273,410,1,1,0),(1379,472,1,0,0),(1380,473,1,0,0),(1451,411,1,1,0),(1452,412,1,0,0),(1453,413,1,1,0),(1454,414,1,0,0),(1455,415,1,0,0),(1456,416,1,0,0),(1457,417,1,0,0),(1458,418,1,0,0),(1459,419,1,0,0),(1460,420,1,0,0),(1461,421,1,0,0),(1462,422,1,1,0),(1463,423,1,0,0),(1464,424,1,0,0),(1465,425,1,0,0),(1466,426,1,0,0),(1467,428,1,1,0),(1468,429,1,0,0),(1469,431,1,0,0),(1470,432,1,0,0),(1471,452,1,0,0),(1472,453,1,1,0),(1473,456,1,1,0),(1478,476,1,0,0),(1479,477,1,0,0),(1500,500,1,0,0),(1513,503,1,0,0),(1528,504,1,1,0),(1529,515,1,1,0),(1536,510,1,0,0),(1538,478,1,0,0),(1539,479,1,0,0),(1540,480,1,0,0),(1541,481,1,0,0),(1554,430,1,0,0),(1557,427,1,0,0),(1562,475,1,0,0),(1563,485,1,0,0),(1566,482,1,1,0),(1568,483,1,1,0),(1573,435,1,0,0),(1574,457,1,1,0),(1575,458,1,1,0),(1576,433,1,0,0),(1577,434,1,0,0),(1578,436,1,0,0),(1579,459,1,1,0),(1580,460,1,1,0),(1581,505,1,0,0),(1586,461,1,0,0),(1587,462,1,1,0),(1589,465,1,1,0),(1590,466,1,1,0),(1591,494,1,0,0),(1592,495,1,0,0),(1593,496,1,0,0),(1594,497,1,0,0),(1595,498,1,0,0),(1596,499,1,0,0),(1597,511,1,0,0),(1598,437,1,0,0),(1599,438,1,0,0),(1600,439,1,0,0),(1601,440,1,0,0),(1602,441,1,0,0),(1603,442,1,0,0),(1604,443,1,0,0),(1605,463,1,1,0),(1606,464,1,1,0),(1609,467,1,1,0),(1610,468,1,1,0),(1611,486,1,0,0),(1612,487,1,0,0),(1613,488,1,0,0),(1614,489,1,0,0),(1615,490,1,0,0),(1616,469,1,1,0),(1617,470,1,1,0),(1618,471,1,1,0),(1619,491,1,1,0),(1620,492,1,1,0),(1621,493,1,1,0),(1629,507,1,0,0),(1633,379,1,1,0),(1634,454,1,1,0),(1635,455,1,1,0),(1636,506,1,1,0),(1637,509,1,1,0),(1638,508,1,0,0),(1640,447,1,0,0),(1641,448,1,1,0),(1642,450,1,0,0),(1643,451,1,0,0),(1644,501,1,0,0),(1645,445,1,0,0),(1646,446,1,0,0),(1647,449,1,0,0),(1648,484,1,0,0),(1649,380,1,0,0),(1650,444,1,0,0),(1651,502,1,0,0),(1677,512,1,1,0),(1739,514,1,1,0),(1769,516,1,0,0),(1782,518,1,1,0),(1783,520,1,0,0),(1836,526,1,0,0),(1837,527,1,0,0),(1838,528,1,0,0),(1839,521,1,1,0),(1840,522,1,1,0),(1846,523,1,0,0),(1855,524,1,0,0),(1872,525,1,0,0),(1889,537,1,0,0),(1890,538,1,0,0),(1894,533,1,0,0),(1895,534,1,0,0),(1896,535,1,0,0),(1897,536,1,0,0),(1900,540,1,1,0),(1901,541,1,1,0),(1903,539,1,0,0),(1906,546,1,0,0),(1907,547,1,0,0),(1908,548,1,0,0),(1909,549,1,0,0),(1910,550,1,0,0),(1912,551,1,0,0),(1913,552,1,0,0),(1914,553,1,0,0),(1915,554,1,0,0),(1920,542,1,1,0),(1921,543,1,1,0),(1922,544,1,1,0),(1923,557,1,0,0),(1924,558,1,0,0);

--
-- Table structure for table `ps_ebay_product_image`
--

CREATE TABLE `ps_ebay_product_image` (
  `id_ebay_product_image` int(11) NOT NULL AUTO_INCREMENT,
  `ps_image_url` varchar(255) NOT NULL,
  `ebay_image_url` varchar(255) NOT NULL,
  PRIMARY KEY (`id_ebay_product_image`),
  UNIQUE KEY `ps_image_url` (`ps_image_url`)
) ENGINE=InnoDB DEFAULT CHARSET=utf8;

--
-- Dumping data for table `ps_ebay_product_image`
--


--
-- Table structure for table `ps_ebay_product_modified`
--

CREATE TABLE `ps_ebay_product_modified` (
  `id_ebay_product_modified` int(16) unsigned NOT NULL AUTO_INCREMENT,
  `id_ebay_profile` int(16) NOT NULL,
  `id_product` int(16) NOT NULL,
  PRIMARY KEY (`id_ebay_product_modified`)
) ENGINE=InnoDB DEFAULT CHARSET=utf8;

--
-- Dumping data for table `ps_ebay_product_modified`
--


--
-- Table structure for table `ps_ebay_profile`
--

CREATE TABLE `ps_ebay_profile` (
  `id_ebay_profile` int(16) NOT NULL AUTO_INCREMENT,
  `id_lang` int(11) NOT NULL,
  `id_shop` int(11) NOT NULL,
  `ebay_user_identifier` varchar(255) NOT NULL,
  `ebay_site_id` int(11) NOT NULL,
  `id_ebay_returns_policy_configuration` int(10) unsigned NOT NULL,
  PRIMARY KEY (`id_ebay_profile`)
) ENGINE=InnoDB AUTO_INCREMENT=2 DEFAULT CHARSET=utf8;

--
-- Dumping data for table `ps_ebay_profile`
--

INSERT INTO `ps_ebay_profile` VALUES (1,1,1,'desktop-store',101,1);

--
-- Table structure for table `ps_ebay_returns_policy`
--

CREATE TABLE `ps_ebay_returns_policy` (
  `id_return_policy` int(11) NOT NULL AUTO_INCREMENT,
  `value` varchar(256) NOT NULL,
  `description` varchar(256) NOT NULL,
  PRIMARY KEY (`id_return_policy`)
) ENGINE=InnoDB AUTO_INCREMENT=3 DEFAULT CHARSET=utf8;

--
-- Dumping data for table `ps_ebay_returns_policy`
--

INSERT INTO `ps_ebay_returns_policy` VALUES (1,'ReturnsAccepted','Restituzione accettata'),(2,'ReturnsNotAccepted','Restituzione non accettata');

--
-- Table structure for table `ps_ebay_returns_policy_configuration`
--

CREATE TABLE `ps_ebay_returns_policy_configuration` (
  `id_ebay_returns_policy_configuration` int(10) unsigned NOT NULL AUTO_INCREMENT,
  `ebay_returns_within` varchar(255) NOT NULL,
  `ebay_returns_who_pays` varchar(255) NOT NULL,
  `ebay_returns_description` text NOT NULL,
  `ebay_returns_accepted_option` varchar(255) NOT NULL,
  PRIMARY KEY (`id_ebay_returns_policy_configuration`)
) ENGINE=InnoDB AUTO_INCREMENT=2 DEFAULT CHARSET=utf8;

--
-- Dumping data for table `ps_ebay_returns_policy_configuration`
--

INSERT INTO `ps_ebay_returns_policy_configuration` VALUES (1,'Days_14','Buyer','','ReturnsAccepted');

--
-- Table structure for table `ps_ebay_returns_policy_description`
--

CREATE TABLE `ps_ebay_returns_policy_description` (
  `id_return_policy` int(11) NOT NULL AUTO_INCREMENT,
  `value` varchar(256) NOT NULL,
  `description` varchar(256) NOT NULL,
  PRIMARY KEY (`id_return_policy`)
) ENGINE=InnoDB DEFAULT CHARSET=utf8;

--
-- Dumping data for table `ps_ebay_returns_policy_description`
--


--
-- Table structure for table `ps_ebay_shipping`
--

CREATE TABLE `ps_ebay_shipping` (
  `id_ebay_shipping` int(11) NOT NULL AUTO_INCREMENT,
  `id_ebay_profile` int(16) NOT NULL,
  `ebay_carrier` varchar(256) NOT NULL,
  `ps_carrier` int(11) NOT NULL,
  `extra_fee` float(8,2) NOT NULL,
  `international` int(11) NOT NULL,
  `id_zone` int(11) NOT NULL,
  PRIMARY KEY (`id_ebay_shipping`)
) ENGINE=InnoDB AUTO_INCREMENT=78 DEFAULT CHARSET=utf8;

--
-- Dumping data for table `ps_ebay_shipping`
--

INSERT INTO `ps_ebay_shipping` VALUES (75,1,'IT_Posta1',42,1.00,0,1),(76,1,'IT_ExpressCourier',43,1.00,0,1),(77,1,'IT_Pickup',5,0.00,0,1);

--
-- Table structure for table `ps_ebay_shipping_international_zone`
--

CREATE TABLE `ps_ebay_shipping_international_zone` (
  `id_ebay_shipping` int(11) NOT NULL,
  `id_ebay_zone` varchar(256) NOT NULL,
  `id_ebay_profile` int(16) NOT NULL
) ENGINE=InnoDB DEFAULT CHARSET=utf8;

--
-- Dumping data for table `ps_ebay_shipping_international_zone`
--


--
-- Table structure for table `ps_ebay_shipping_location`
--

CREATE TABLE `ps_ebay_shipping_location` (
  `id_ebay_location` int(11) NOT NULL AUTO_INCREMENT,
  `location` varchar(256) NOT NULL,
  `description` varchar(256) NOT NULL,
  PRIMARY KEY (`id_ebay_location`)
) ENGINE=InnoDB AUTO_INCREMENT=20 DEFAULT CHARSET=utf8;

--
-- Dumping data for table `ps_ebay_shipping_location`
--

INSERT INTO `ps_ebay_shipping_location` VALUES (1,'BE','Belgio'),(2,'RU','Federazione Russa'),(3,'CA','Canada'),(4,'EuropeanUnion','Unione europea'),(5,'DE','Germania'),(6,'FR','Francia'),(7,'Europe','Europa'),(8,'GB','Regno Unito'),(9,'Americas','America'),(10,'Asia','Asia'),(11,'AU','Australia'),(12,'CH','Svizzera'),(13,'AT','Austria'),(14,'ES','Spagna'),(15,'Worldwide','Tutto il mondo'),(16,'US','Stati Uniti'),(17,'NL','Paesi Bassi'),(18,'JP','Giappone'),(19,'None','Luogo non specificato');

--
-- Table structure for table `ps_ebay_shipping_service`
--

CREATE TABLE `ps_ebay_shipping_service` (
  `id_shipping_service` int(11) NOT NULL AUTO_INCREMENT,
  `description` varchar(256) NOT NULL,
  `shippingService` varchar(256) NOT NULL,
  `shippingServiceID` varchar(256) NOT NULL,
  `InternationalService` varchar(256) NOT NULL,
  `ServiceType` varchar(256) NOT NULL,
  `ebay_site_id` int(16) NOT NULL,
  PRIMARY KEY (`id_shipping_service`)
) ENGINE=InnoDB AUTO_INCREMENT=46 DEFAULT CHARSET=utf8;

--
-- Dumping data for table `ps_ebay_shipping_service`
--

INSERT INTO `ps_ebay_shipping_service` VALUES (1,'Posta ordinaria','IT_RegularMail','10101','','Flat',101),(2,'Posta Prioritaria Internazionale','IT_PostaPrioritariaInternazionale','60104','true','Flat',101),(3,'Ritiro presso ufficio postale','IT_RitiroPressoUfficioPostale','10122','','Flat',101),(4,'Ritiro presso punto Indabox','IT_RitiroPressoPuntoIndabox','10123','','Flat',101),(5,'Posta1','IT_Posta1','10130','','Flat',101),(6,'Posta4','IT_PriorityMail','10102','','Flat',101),(7,'Posta Raccomandata Internazionale','IT_PostaRaccomandataInternazionale','60106','true','Flat',101),(8,'Posta raccomandata','IT_MailRegisteredLetter','10103','','Flat',101),(9,'Posta Assicurata Internazionale','IT_PostaAssicurataInternazionale','60107','true','Flat',101),(10,'Consegna al piano (vedi descrizione)','IT_ConsegnaAlPiano','10131','','Flat',101),(11,'Posta raccomandata con contrassegno','IT_MailRegisteredLetterWithMark','10104','','Flat',101),(12,'Pacco Ordinario Estero','IT_PaccoOrdinarioEstero','60105','true','Flat',101),(13,'Consegna con installazione (vedi descrizione)','IT_ConsegnaConInstallazione','10132','','Flat',101),(14,'Posta assicurata','IT_InsuredMail','10105','','Flat',101),(15,'Paccocelere Internazionale','IT_PaccocelereInternazionale','60109','true','Flat',101),(16,'Express Mail Service','IT_ExpressMailService','60108','true','Flat',101),(17,'DHL Express International','IT_DhlExpressInternational','60110','true','Flat',101),(18,'Spedizione internazionale economica','IT_OtherInternational','60103','true','Flat',101),(19,'Pacco ordinario','IT_RegularPackage','10107','','Flat',101),(20,'Pieghi di Libri','IT_PieghidiLibri','10124','','Flat',101),(21,'Spedizione internazionale standard','IT_StandardInternational','60101','true','Flat',101),(22,'Altro corriere 3-5 giorni','IT_OtherCourier3To5Days','10116','','Flat',101),(23,'Spedizione internazionale espressa','IT_ExpeditedInternational','60102','true','Flat',101),(24,'Paccocelere 3','IT_QuickPackage3','10109','','Flat',101),(25,'Nexive Economy ','DE_NexiveEconomy','10129','','Flat',101),(26,'Paccocelere Maxi','IT_ExpressPackageMaxi','10111','','Flat',101),(27,'Altro corriere 48ore','IT_ExpressCourier','10110','','Flat',101),(28,'IoInvio','IT_IoInvio','10117','','Flat',101),(29,'TNT-Click','IT_TNTClick','10118','','Flat',101),(30,'Bartolini Priority/Express','IT_BartoliniPriorityExpress','10119','','Flat',101),(31,'DHL Express','IT_DHLExpress','10120','','Flat',101),(32,'Nexive Completo','DE_NexiveCompleto','10128','','Flat',101),(33,'TNT Express','IT_TNT_Express','10121','','Flat',101),(34,'Paccocelere 1 / Posta Celere','IT_QuickMail','10106','','Flat',101),(35,'Altro corriere 24ore','IT_QuickPackage1','10108','','Flat',101),(36,'Nexive Espresso','DE_NexiveEspresso','10127','','Flat',101),(37,'Ritiro in zona','IT_Pickup','10151','','Flat',101),(38,'Spedizione economica dall’estero','IT_EconomyDeliveryFromAbroad','10112','','Flat',101),(39,'Spedizione standard dall’estero','IT_StandardDeliveryFromAbroad','10113','','Flat',101),(40,'Spedizione espressa dall’estero','IT_ExpressDeliveryFromAbroad','10114','','Flat',101),(41,'Spedizione tracciata dall’estero','IT_TrackedDeliveryFromAbroad','10115','','Flat',101),(42,'Spedizione MiniPak dall’estero','IT_MiniPakFromAbroad','10126','','Flat',101),(43,'Spedizione TrakPak dall’estero','IT_TrakPakFromAbroad','10125','','Flat',101),(44,'Servizio di spedizione promozionale','PromotionalShippingMethod','10199','','Flat',101),(45,'Servizio di spedizione promozionale','PromotionalShippingMethod','60199','true','Flat',101);

--
-- Table structure for table `ps_ebay_shipping_zone_excluded`
--

CREATE TABLE `ps_ebay_shipping_zone_excluded` (
  `id_ebay_zone_excluded` int(11) NOT NULL AUTO_INCREMENT,
  `id_ebay_profile` int(16) NOT NULL,
  `region` varchar(255) NOT NULL,
  `location` varchar(255) NOT NULL,
  `description` varchar(255) NOT NULL,
  `excluded` int(11) NOT NULL,
  PRIMARY KEY (`id_ebay_zone_excluded`)
) ENGINE=InnoDB AUTO_INCREMENT=229 DEFAULT CHARSET=utf8;

--
-- Dumping data for table `ps_ebay_shipping_zone_excluded`
--

INSERT INTO `ps_ebay_shipping_zone_excluded` VALUES (1,1,'Worldwide','Africa','Africa',0),(2,1,'Worldwide','Asia','Asia',0),(3,1,'Worldwide','Central America and Caribbean','America centrale e Caraibi',0),(4,1,'Worldwide','Europe','Europa',0),(5,1,'Asia','Middle East','Medio oriente',0),(6,1,'Worldwide','North America','Nord America',0),(7,1,'Worldwide','Oceania','Oceania',0),(8,1,'Asia','Southeast Asia','Asia sud-orientale',0),(9,1,'Worldwide','South America','Sud America',0),(10,1,'Africa','EH','Sahara Occidentale',0),(11,1,'Africa','CF','Repubblica Centrafricana',0),(12,1,'Africa','SH','St. Elena',0),(13,1,'Africa','TZ','Tanzania',0),(14,1,'Africa','UG','Uganda',0),(15,1,'Africa','DJ','Gibuti',0),(16,1,'Africa','SL','Sierra Leone',0),(17,1,'Africa','LS','Lesotho',0),(18,1,'Africa','GH','Ghana',0),(19,1,'Africa','MZ','Mozambico',0),(20,1,'Africa','CG','Congo, Repubblica',0),(21,1,'Africa','CD','Congo, Repubblica Democratica',0),(22,1,'Africa','RW','Ruanda',0),(23,1,'Africa','TD','Ciad',0),(24,1,'Africa','LR','Liberia',0),(25,1,'Africa','RE','Reunion',0),(26,1,'Africa','GN','Guinea',0),(27,1,'Africa','LY','Libya',0),(28,1,'Africa','YT','Mayotte',0),(29,1,'Africa','SC','Seychelles',0),(30,1,'Africa','ET','Etiopia',0),(31,1,'Africa','MW','Malawi',0),(32,1,'Africa','SN','Senegal',0),(33,1,'Africa','KM','Comoros',0),(34,1,'Africa','TN','Tunisia',0),(35,1,'Africa','BW','Botswana',0),(36,1,'Africa','GQ','Guinea Equatoriale',0),(37,1,'Africa','GA','Repubblica di Gabon',0),(38,1,'Africa','NG','Nigeria',0),(39,1,'Africa','MR','Mauritania',0),(40,1,'Africa','GW','Guinea-Bissau',0),(41,1,'Africa','KE','Kenya',0),(42,1,'Africa','SZ','Swaziland',0),(43,1,'Africa','ZA','Sudafrica',0),(44,1,'Africa','DZ','Algeria',0),(45,1,'Africa','MG','Madagascar',0),(46,1,'Africa','CV','Isole di Capo Verde',0),(47,1,'Africa','EG','Egitto',0),(48,1,'Africa','ZW','Zimbabwe',0),(49,1,'Africa','AO','Angola',0),(50,1,'Africa','BI','Burundi',0),(51,1,'Africa','MU','Mauritius',0),(52,1,'Africa','CM','Camerun',0),(53,1,'Africa','TG','Togo',0),(54,1,'Africa','CI','Costa d\'Avorio',0),(55,1,'Africa','ER','Eritrea',0),(56,1,'Africa','ML','Mali',0),(57,1,'Africa','GM','Gambia',0),(58,1,'Africa','NE','Niger',0),(59,1,'Africa','BF','Burkina Faso',0),(60,1,'Africa','MA','Marocco',0),(61,1,'Africa','SO','Somalia',0),(62,1,'Africa','ZM','Zambia',0),(63,1,'Africa','BJ','Benin',0),(64,1,'Africa','NA','Namibia',0),(65,1,'Asia','TJ','Tajikistan',0),(66,1,'Asia','BD','Bangladesh',0),(67,1,'Asia','MV','Maldive',0),(68,1,'Asia','PK','Pakistan',0),(69,1,'Asia','KZ','Kazakistan',0),(70,1,'Asia','BT','Bhutan',0),(71,1,'Asia','KR','Corea del Sud',0),(72,1,'Asia','KG','Kyrgyzstan',0),(73,1,'Asia','LK','Sri Lanka',0),(74,1,'Asia','CN','Cina',0),(75,1,'Asia','JP','Giappone',0),(76,1,'Asia','UZ','Uzbekistan',0),(77,1,'Asia','TM','Turkmenistan',0),(78,1,'Asia','IN','India',0),(79,1,'Asia','NP','Nepal',0),(80,1,'Asia','AM','Armenia',0),(81,1,'Asia','MN','Mongolia',0),(82,1,'Asia','AZ','Repubblica dell\'Azerbaijan',0),(83,1,'Asia','GE','Georgia',0),(84,1,'Asia','AF','Afghanistan',0),(85,1,'Asia','RU','Federazione Russa',0),(86,1,'Central America and Caribbean','PA','Panama',0),(87,1,'Central America and Caribbean','VI','Isole Vergini (U.S.A.)',0),(88,1,'Central America and Caribbean','JM','Giamaica',0),(89,1,'Central America and Caribbean','VG','Isole Vergini Britanniche',0),(90,1,'Central America and Caribbean','GD','Grenada',0),(91,1,'Central America and Caribbean','TT','Trinidad e Tobago',0),(92,1,'Central America and Caribbean','PR','Porto Rico',0),(93,1,'Central America and Caribbean','BS','Bahamas',0),(94,1,'Central America and Caribbean','DM','Dominica',0),(95,1,'Central America and Caribbean','BZ','Belize',0),(96,1,'Central America and Caribbean','HT','Haiti',0),(97,1,'Central America and Caribbean','KN','St. Kitts-Nevis',0),(98,1,'Central America and Caribbean','TC','Isole Turks e Caicos',0),(99,1,'Central America and Caribbean','SV','El Salvador',0),(100,1,'Central America and Caribbean','MS','Montserrat',0),(101,1,'Central America and Caribbean','AG','Antigua e Barbuda',0),(102,1,'Central America and Caribbean','KY','Isole Cayman',0),(103,1,'Central America and Caribbean','AW','Aruba',0),(104,1,'Central America and Caribbean','LC','Santa Lucia',0),(105,1,'Central America and Caribbean','GT','Guatemala',0),(106,1,'Central America and Caribbean','AN','Antille Olandesi',0),(107,1,'Central America and Caribbean','VC','San Vincenzo e Grenadine',0),(108,1,'Central America and Caribbean','DO','Repubblica Dominicana',0),(109,1,'Central America and Caribbean','GP','Guadalupe',0),(110,1,'Central America and Caribbean','MQ','Martinica',0),(111,1,'Central America and Caribbean','CR','Costa Rica',0),(112,1,'Central America and Caribbean','AI','Anguilla',0),(113,1,'Central America and Caribbean','HN','Honduras',0),(114,1,'Central America and Caribbean','NI','Nicaragua',0),(115,1,'Central America and Caribbean','BB','Barbados',0),(116,1,'Europe','PT','Portogallo',0),(117,1,'Europe','MK','Macedonia',0),(118,1,'Europe','RO','Romania',0),(119,1,'Europe','IS','Islanda',0),(120,1,'Europe','DK','Danimarca',0),(121,1,'Europe','NO','Norvegia',0),(122,1,'Europe','DE','Germania',0),(123,1,'Europe','AD','Andorra',0),(124,1,'Europe','FI','Finlandia',0),(125,1,'Europe','HR','Croazia, Repubblica',0),(126,1,'Europe','GI','Gibilterra',0),(127,1,'Europe','ME','Montenegro',0),(128,1,'Europe','IE','Irlanda',0),(129,1,'Europe','MC','Monaco',0),(130,1,'Europe','PL','Polonia',0),(131,1,'Europe','JE','Jersey',0),(132,1,'Europe','BG','Bulgaria',0),(133,1,'Europe','AT','Austria',0),(134,1,'Europe','VA','Città del Vaticano',0),(135,1,'Europe','EE','Estonia',0),(136,1,'Europe','SM','San Marino',0),(137,1,'Europe','ES','Spagna',0),(138,1,'Europe','RS','Serbia',0),(139,1,'Europe','GR','Grecia',0),(140,1,'Europe','FR','Francia',0),(141,1,'Europe','LU','Lussemburgo',0),(142,1,'Europe','HU','Ungheria',0),(143,1,'Europe','GB','Regno Unito',0),(144,1,'Europe','BY','Bielorussia',0),(145,1,'Europe','SJ','Svalbard and Jan Mayen',0),(146,1,'Europe','CH','Svizzera',0),(147,1,'Europe','LI','Liechtenstein',0),(148,1,'Europe','MD','Moldova ',0),(149,1,'Europe','LV','Lettonia',0),(150,1,'Europe','AL','Albania',0),(151,1,'Europe','SE','Svezia',0),(152,1,'Europe','CZ','Repubblica Ceca',0),(153,1,'Europe','LT','Lituania',0),(154,1,'Europe','NL','Paesi Bassi',0),(155,1,'Europe','CY','Cipro',0),(156,1,'Europe','GG','Guernsey',0),(157,1,'Europe','RU','Federazione Russa',0),(158,1,'Europe','MT','Malta',0),(159,1,'Europe','SK','Slovacchia',0),(160,1,'Europe','UA','Ucraina',0),(161,1,'Europe','BE','Belgio',0),(162,1,'Europe','SI','Slovenia',0),(163,1,'Europe','BA','Bosnia e Erzegovina',0),(164,1,'Middle East','TR','Turchia',0),(165,1,'Middle East','BH','Bahrein',0),(166,1,'Middle East','QA','Qatar',0),(167,1,'Middle East','YE','Yemen',0),(168,1,'Middle East','AE','Emirati Arabi Uniti',0),(169,1,'Middle East','IQ','Iraq',0),(170,1,'Middle East','OM','Oman',0),(171,1,'Middle East','KW','Kuwait',0),(172,1,'Middle East','SA','Arabia Saudita',0),(173,1,'Middle East','IL','Israele',0),(174,1,'Middle East','JO','Giordania',0),(175,1,'Middle East','LB','Libano',0),(176,1,'North America','US','Stati Uniti',0),(177,1,'North America','GL','Groenlandia',0),(178,1,'North America','MX','Messico',0),(179,1,'North America','CA','Canada',0),(180,1,'North America','PM','St. Pierre e Miquelon',0),(181,1,'North America','BM','Bermuda',0),(182,1,'Oceania','FM','Micronesia',0),(183,1,'Oceania','WF','Wallis e Futuna',0),(184,1,'Oceania','AU','Australia',0),(185,1,'Oceania','KI','Kiribati',0),(186,1,'Oceania','WS','Samoa Occidentale',0),(187,1,'Oceania','VU','Vanuatu',0),(188,1,'Oceania','AS','Samoa Americane',0),(189,1,'Oceania','NR','Nauru',0),(190,1,'Oceania','NC','Nuova Caledonia',0),(191,1,'Oceania','NU','Niue',0),(192,1,'Oceania','SB','Isole Salomone',0),(193,1,'Oceania','CK','Isole Cook',0),(194,1,'Oceania','NZ','Nuova Zelanda',0),(195,1,'Oceania','TV','Tuvalu',0),(196,1,'Oceania','PF','Polinesia Francese',0),(197,1,'Oceania','GU','Guam',0),(198,1,'Oceania','FJ','Figi',0),(199,1,'Oceania','PG','Papuasia Nuova Guinea',0),(200,1,'Oceania','MH','Isole Marshall',0),(201,1,'Oceania','TO','Tonga',0),(202,1,'Oceania','PW','Palau',0),(203,1,'Southeast Asia','VN','Vietnam',0),(204,1,'Southeast Asia','TW','Taiwan',0),(205,1,'Southeast Asia','HK','Hong Kong',0),(206,1,'Southeast Asia','BN','Brunei Darussalam',0),(207,1,'Southeast Asia','TH','Tailandia',0),(208,1,'Southeast Asia','LA','Laos',0),(209,1,'Southeast Asia','PH','Filippine',0),(210,1,'Southeast Asia','MO','Macao',0),(211,1,'Southeast Asia','SG','Singapore',0),(212,1,'Southeast Asia','MY','Malesia',0),(213,1,'Southeast Asia','ID','Indonesia',0),(214,1,'Southeast Asia','KH','Cambogia',0),(215,1,'South America','PY','Paraguay',0),(216,1,'South America','FK','Isole Falkland (Islas Malvinas)',0),(217,1,'South America','SR','Suriname',0),(218,1,'South America','GY','Guyana',0),(219,1,'South America','GF','Guyana Francese',0),(220,1,'South America','BO','Bolivia',0),(221,1,'South America','AR','Argentina',0),(222,1,'South America','EC','Ecuador',0),(223,1,'South America','CL','Cile',0),(224,1,'South America','PE','Perù',0),(225,1,'South America','UY','Uruguay',0),(226,1,'South America','VE','Venezuela',0),(227,1,'South America','BR','Brasile',0),(228,1,'South America','CO','Colombia',0);

--
-- Table structure for table `ps_ebay_stat`
--

CREATE TABLE `ps_ebay_stat` (
  `id_ebay_stat` int(16) NOT NULL AUTO_INCREMENT,
  `id_ebay_profile` int(16) NOT NULL,
  `version` varchar(10) NOT NULL,
  `data` text,
  `date_add` datetime NOT NULL,
  `tries` tinyint(3) unsigned NOT NULL,
  PRIMARY KEY (`id_ebay_stat`)
) ENGINE=InnoDB DEFAULT CHARSET=utf8;

--
-- Dumping data for table `ps_ebay_stat`
--


--
-- Table structure for table `ps_ebay_store_category`
--

CREATE TABLE `ps_ebay_store_category` (
  `id_ebay_store_category` int(16) NOT NULL AUTO_INCREMENT,
  `id_ebay_profile` int(16) NOT NULL,
  `ebay_category_id` varchar(255) NOT NULL,
  `name` varchar(255) NOT NULL,
  `order` int(16) NOT NULL,
  `ebay_parent_category_id` varchar(255) NOT NULL,
  PRIMARY KEY (`id_ebay_store_category`),
  UNIQUE KEY `id_ebay_profile` (`id_ebay_profile`,`ebay_category_id`)
) ENGINE=InnoDB DEFAULT CHARSET=utf8;

--
-- Dumping data for table `ps_ebay_store_category`
--


--
-- Table structure for table `ps_ebay_store_category_configuration`
--

CREATE TABLE `ps_ebay_store_category_configuration` (
  `id_ebay_store_category_configuration` int(16) NOT NULL AUTO_INCREMENT,
  `id_ebay_profile` int(16) NOT NULL,
  `ebay_category_id` varchar(255) NOT NULL,
  `id_category` int(16) NOT NULL,
  PRIMARY KEY (`id_ebay_store_category_configuration`),
  UNIQUE KEY `id_ebay_profile` (`id_ebay_profile`,`id_category`)
) ENGINE=InnoDB DEFAULT CHARSET=utf8;

--
-- Dumping data for table `ps_ebay_store_category_configuration`
--


--
-- Table structure for table `ps_ebay_sync_history`
--

CREATE TABLE `ps_ebay_sync_history` (
  `id_ebay_sync_history` int(16) NOT NULL AUTO_INCREMENT,
  `is_manual` tinyint(1) NOT NULL,
  `datetime` datetime NOT NULL,
  PRIMARY KEY (`id_ebay_sync_history`)
) ENGINE=InnoDB DEFAULT CHARSET=utf8;

--
-- Dumping data for table `ps_ebay_sync_history`
--


--
-- Table structure for table `ps_ebay_sync_history_product`
--

CREATE TABLE `ps_ebay_sync_history_product` (
  `id_ebay_sync_history_product` int(16) NOT NULL AUTO_INCREMENT,
  `id_ebay_sync_history` int(11) NOT NULL,
  `id_product` int(11) NOT NULL,
  PRIMARY KEY (`id_ebay_sync_history_product`),
  KEY `id_ebay_sync_history` (`id_ebay_sync_history`)
) ENGINE=InnoDB DEFAULT CHARSET=utf8;

--
-- Dumping data for table `ps_ebay_sync_history_product`
--


--
-- Table structure for table `ps_ebay_user_identifier_token`
--

CREATE TABLE `ps_ebay_user_identifier_token` (
  `ebay_user_identifier` varchar(255) NOT NULL,
  `token` text NOT NULL,
  PRIMARY KEY (`ebay_user_identifier`)
) ENGINE=InnoDB DEFAULT CHARSET=utf8;

--
-- Dumping data for table `ps_ebay_user_identifier_token`
--

INSERT INTO `ps_ebay_user_identifier_token` VALUES ('desktop-store','AgAAAA**AQAAAA**aAAAAA**hbfgVg**nY+sHZ2PrBmdj6wVnY+sEZ2PrA2dj6wBmIGpC5KApw2dj6x9nY+seQ**iB8BAA**AAMAAA**W7pPXK9ccWaSHQS3kCvCGTIwgY1nhB9yjtc8Mi7K8vtIgyJM0fDHVsRsY7Xqw4EsJPeOjGucZETgDpLTNZrBbOnVR+Cgp2U1cFgQCO556Wo+Kg0ghvtbti2yvyi+FN6DTddnGN39c7MgH9W/gILWvUZyxusUHoDSd0+Ykj0xuwhgd5Eg7QUk3nQ/aBayce4W2JGDkssm6PDOZqPD3p+6YlRdv4AUsB8y+kAvrN8n2viKYE8qJk9QNF05TrKcC3MDM8Fm6v+C6AN9nT9rIJWEOjxURDsvGtj6KNAE/GjpnyIOv8PaItD0ZsrqMlUpMrwyCWUz0zfKFWcWNZfrus0dXR4D/FVTWyNHwMf19b0H8HeWXsra8LhuGItIqPd+fe1U/2a3ZEjaXYWrinlKUEMhd2M+vrKZCkY6g9WH0YRWsIC8MmnBawau0e1l67L7fVPjWEuRRXvJBlyCFqyeecJoX3JNui+nhE67Q2IkP54vWB0UjuAaqI2bt0oy8MztFNMOKxltixjR5vFOysWrPRSGRfs/K0zd+0DqIDb9GOPKlajeYUdix1S/ZzsbaduRldkDNNmTgHtiT9B2hLVRjmZ0PQ9o5BHYfoAzyrzOKdp1Fb+kV/Yxz/PLPJjRvmtD0kJBPKeYXyRtKbUxoTuqBhdrrDCT4yLe9Va8jD/6j1GLne3RX+On4GhRJRotaUS2OAS9wO4XZZfNhKVN2tuIpmgsmdYMYbXZKiFpWnXYm6DBWR9ivfe0klIYVStYYHH76Hjx');

--
-- Table structure for table `ps_employee`
--

CREATE TABLE `ps_employee` (
  `id_employee` int(10) unsigned NOT NULL AUTO_INCREMENT,
  `id_profile` int(10) unsigned NOT NULL,
  `id_lang` int(10) unsigned NOT NULL DEFAULT '0',
  `lastname` varchar(32) NOT NULL,
  `firstname` varchar(32) NOT NULL,
  `email` varchar(128) NOT NULL,
  `passwd` varchar(32) NOT NULL,
  `last_passwd_gen` timestamp NOT NULL DEFAULT CURRENT_TIMESTAMP,
  `stats_date_from` date DEFAULT NULL,
  `stats_date_to` date DEFAULT NULL,
  `stats_compare_from` date DEFAULT NULL,
  `stats_compare_to` date DEFAULT NULL,
  `stats_compare_option` int(1) unsigned NOT NULL DEFAULT '1',
  `preselect_date_range` varchar(32) DEFAULT NULL,
  `bo_color` varchar(32) DEFAULT NULL,
  `bo_theme` varchar(32) DEFAULT NULL,
  `bo_css` varchar(64) DEFAULT NULL,
  `default_tab` int(10) unsigned NOT NULL DEFAULT '0',
  `bo_width` int(10) unsigned NOT NULL DEFAULT '0',
  `bo_menu` tinyint(1) NOT NULL DEFAULT '1',
  `active` tinyint(1) unsigned NOT NULL DEFAULT '0',
  `optin` tinyint(1) unsigned NOT NULL DEFAULT '1',
  `id_last_order` int(10) unsigned NOT NULL DEFAULT '0',
  `id_last_customer_message` int(10) unsigned NOT NULL DEFAULT '0',
  `id_last_customer` int(10) unsigned NOT NULL DEFAULT '0',
  `last_connection_date` date DEFAULT '0000-00-00',
  PRIMARY KEY (`id_employee`),
  KEY `employee_login` (`email`,`passwd`),
  KEY `id_employee_passwd` (`id_employee`,`passwd`),
  KEY `id_profile` (`id_profile`)
) ENGINE=InnoDB AUTO_INCREMENT=5 DEFAULT CHARSET=utf8;

--
-- Dumping data for table `ps_employee`
--

INSERT INTO `ps_employee` VALUES (1,1,1,'De Divitiis','Onofrio','onofrio@desktopstore.it','572b9d3e09976370fcdf48a42d827238','2016-02-15 03:48:07','2016-08-01','2016-08-28','0000-00-00','0000-00-00',1,'','','default','admin-theme.css',1,0,1,1,1,152,5,161,'2016-08-28'),(2,1,1,'Aliberti','Gerardo','gerardo@desktopstore.it','c6f36672d0398acefb01eace7dc475bc','2016-02-15 03:52:16','2016-07-01','2016-07-28','0000-00-00','0000-00-00',1,'','','default','admin-theme.css',21,0,1,1,1,297,5,302,'2016-09-05'),(3,1,1,'Fiore','Carmine','carmine@desktopstore.it','c6f36672d0398acefb01eace7dc475bc','2016-02-15 03:54:46','2016-07-01','2016-07-01','0000-00-00','0000-00-00',1,'','','default','admin-theme.css',1,0,1,1,1,18,0,14,'2016-07-01'),(4,1,1,'De Simone','Davide','davide@desktopstore.it','d94f99d4480b81e0607858c2f5bad803','2016-02-15 03:55:05','2016-04-02','2016-04-02','0000-00-00','0000-00-00',1,'day','','default','admin-theme.css',1,0,1,1,1,91,2,93,'2016-05-23');

--
-- Table structure for table `ps_employee_shop`
--

CREATE TABLE `ps_employee_shop` (
  `id_employee` int(11) unsigned NOT NULL,
  `id_shop` int(11) unsigned NOT NULL,
  PRIMARY KEY (`id_employee`,`id_shop`),
  KEY `id_shop` (`id_shop`)
) ENGINE=InnoDB DEFAULT CHARSET=utf8;

--
-- Dumping data for table `ps_employee_shop`
--

INSERT INTO `ps_employee_shop` VALUES (1,1),(2,1),(3,1),(4,1);

--
-- Table structure for table `ps_feature`
--

CREATE TABLE `ps_feature` (
  `id_feature` int(10) unsigned NOT NULL AUTO_INCREMENT,
  `position` int(10) unsigned NOT NULL DEFAULT '0',
  PRIMARY KEY (`id_feature`)
) ENGINE=InnoDB AUTO_INCREMENT=8 DEFAULT CHARSET=utf8;

--
-- Dumping data for table `ps_feature`
--

INSERT INTO `ps_feature` VALUES (1,0),(2,1),(3,2),(4,3),(5,4),(6,5),(7,6);

--
-- Table structure for table `ps_feature_lang`
--

CREATE TABLE `ps_feature_lang` (
  `id_feature` int(10) unsigned NOT NULL,
  `id_lang` int(10) unsigned NOT NULL,
  `name` varchar(128) DEFAULT NULL,
  PRIMARY KEY (`id_feature`,`id_lang`),
  KEY `id_lang` (`id_lang`,`name`)
) ENGINE=InnoDB DEFAULT CHARSET=utf8;

--
-- Dumping data for table `ps_feature_lang`
--

INSERT INTO `ps_feature_lang` VALUES (1,1,'Altezza'),(5,1,'Composizioni'),(2,1,'Larghezza'),(6,1,'Modelli'),(4,1,'Peso'),(3,1,'Profondità'),(7,1,'Proprietà');

--
-- Table structure for table `ps_feature_product`
--

CREATE TABLE `ps_feature_product` (
  `id_feature` int(10) unsigned NOT NULL,
  `id_product` int(10) unsigned NOT NULL,
  `id_feature_value` int(10) unsigned NOT NULL,
  PRIMARY KEY (`id_feature`,`id_product`),
  KEY `id_feature_value` (`id_feature_value`),
  KEY `id_product` (`id_product`)
) ENGINE=InnoDB DEFAULT CHARSET=utf8;

--
-- Dumping data for table `ps_feature_product`
--


--
-- Table structure for table `ps_feature_shop`
--

CREATE TABLE `ps_feature_shop` (
  `id_feature` int(11) unsigned NOT NULL,
  `id_shop` int(11) unsigned NOT NULL,
  PRIMARY KEY (`id_feature`,`id_shop`),
  KEY `id_shop` (`id_shop`)
) ENGINE=InnoDB DEFAULT CHARSET=utf8;

--
-- Dumping data for table `ps_feature_shop`
--

INSERT INTO `ps_feature_shop` VALUES (1,1),(2,1),(3,1),(4,1),(5,1),(6,1),(7,1);

--
-- Table structure for table `ps_feature_value`
--

CREATE TABLE `ps_feature_value` (
  `id_feature_value` int(10) unsigned NOT NULL AUTO_INCREMENT,
  `id_feature` int(10) unsigned NOT NULL,
  `custom` tinyint(3) unsigned DEFAULT NULL,
  PRIMARY KEY (`id_feature_value`),
  KEY `feature` (`id_feature`)
) ENGINE=InnoDB AUTO_INCREMENT=34 DEFAULT CHARSET=utf8;

--
-- Dumping data for table `ps_feature_value`
--

INSERT INTO `ps_feature_value` VALUES (1,5,0),(2,5,0),(3,5,0),(4,5,0),(5,5,0),(6,5,0),(7,5,0),(8,5,0),(9,5,0),(10,6,0),(11,6,0),(12,6,0),(13,6,0),(14,6,0),(15,6,0),(16,6,0),(17,7,0),(18,7,0),(19,7,0),(20,7,0),(21,7,0),(22,1,1),(23,2,1),(24,4,1),(25,3,1),(26,1,1),(27,2,1),(28,4,1),(29,3,1),(30,1,1),(31,2,1),(32,4,1),(33,3,1);

--
-- Table structure for table `ps_feature_value_lang`
--

CREATE TABLE `ps_feature_value_lang` (
  `id_feature_value` int(10) unsigned NOT NULL,
  `id_lang` int(10) unsigned NOT NULL,
  `value` varchar(255) DEFAULT NULL,
  PRIMARY KEY (`id_feature_value`,`id_lang`)
) ENGINE=InnoDB DEFAULT CHARSET=utf8;

--
-- Dumping data for table `ps_feature_value_lang`
--

INSERT INTO `ps_feature_value_lang` VALUES (1,1,'Poliestere'),(2,1,'Lana'),(3,1,'Viscosa'),(4,1,'Elastan'),(5,1,'Cotone'),(6,1,'Seta'),(7,1,'Pelle scamosciata'),(8,1,'Paglia'),(9,1,'Pelle'),(10,1,'Classico'),(11,1,'Casual'),(12,1,'Militare'),(13,1,'Femminile'),(14,1,'Rock'),(15,1,'Base'),(16,1,'Elegante'),(17,1,'Manica corta'),(18,1,'Abito colorato'),(19,1,'Abito corto'),(20,1,'Abito midi'),(21,1,'Abito maxi'),(22,1,'2.75 in'),(23,1,'2.06 in'),(24,1,'49.2 g'),(25,1,'0.26 in'),(26,1,'1.07 in'),(27,1,'1.62 in'),(28,1,'15.5 g'),(29,1,'0.41 in (clip included)'),(30,1,'4.33 in'),(31,1,'2.76 in'),(32,1,'120g'),(33,1,'0.31 in');

--
-- Table structure for table `ps_ganalytics`
--

CREATE TABLE `ps_ganalytics` (
  `id_google_analytics` int(11) NOT NULL AUTO_INCREMENT,
  `id_order` int(11) NOT NULL,
  `id_customer` int(10) NOT NULL,
  `id_shop` int(11) NOT NULL,
  `sent` tinyint(1) DEFAULT NULL,
  `date_add` datetime DEFAULT NULL,
  PRIMARY KEY (`id_google_analytics`),
  KEY `id_order` (`id_order`),
  KEY `sent` (`sent`)
) ENGINE=InnoDB AUTO_INCREMENT=12 DEFAULT CHARSET=utf8;

--
-- Dumping data for table `ps_ganalytics`
--

INSERT INTO `ps_ganalytics` VALUES (1,7,0,1,1,'2016-03-12 15:41:54'),(2,8,0,1,1,'2016-04-06 21:51:11'),(3,65,0,1,1,'2016-05-05 18:40:12'),(4,70,0,1,1,'2016-06-03 09:28:02'),(5,109,0,1,1,'2016-06-27 10:29:31'),(6,115,0,1,1,'2016-06-27 10:29:32'),(7,128,0,1,1,'2016-06-25 07:24:57'),(8,130,0,1,1,'2016-07-09 01:35:49'),(9,137,0,1,1,'2016-07-09 00:03:37'),(10,152,0,1,1,'2016-07-20 22:35:10'),(11,230,0,1,1,'2016-08-14 17:44:53');

--
-- Table structure for table `ps_gender`
--

CREATE TABLE `ps_gender` (
  `id_gender` int(11) NOT NULL AUTO_INCREMENT,
  `type` tinyint(1) NOT NULL,
  PRIMARY KEY (`id_gender`)
) ENGINE=InnoDB AUTO_INCREMENT=3 DEFAULT CHARSET=utf8;

--
-- Dumping data for table `ps_gender`
--

INSERT INTO `ps_gender` VALUES (1,0),(2,1);

--
-- Table structure for table `ps_gender_lang`
--

CREATE TABLE `ps_gender_lang` (
  `id_gender` int(10) unsigned NOT NULL,
  `id_lang` int(10) unsigned NOT NULL,
  `name` varchar(20) NOT NULL,
  PRIMARY KEY (`id_gender`,`id_lang`),
  KEY `id_gender` (`id_gender`)
) ENGINE=InnoDB DEFAULT CHARSET=utf8;

--
-- Dumping data for table `ps_gender_lang`
--

INSERT INTO `ps_gender_lang` VALUES (1,1,'Sig.'),(2,1,'Sig.ra');

--
-- Table structure for table `ps_group`
--

CREATE TABLE `ps_group` (
  `id_group` int(10) unsigned NOT NULL AUTO_INCREMENT,
  `reduction` decimal(17,2) NOT NULL DEFAULT '0.00',
  `price_display_method` tinyint(4) NOT NULL DEFAULT '0',
  `show_prices` tinyint(1) unsigned NOT NULL DEFAULT '1',
  `date_add` datetime NOT NULL,
  `date_upd` datetime NOT NULL,
  PRIMARY KEY (`id_group`)
) ENGINE=InnoDB AUTO_INCREMENT=4 DEFAULT CHARSET=utf8;

--
-- Dumping data for table `ps_group`
--

INSERT INTO `ps_group` VALUES (1,0.00,0,1,'2016-02-15 10:48:01','2016-02-15 10:48:01'),(2,0.00,0,0,'2016-02-15 10:48:01','2016-07-27 11:23:19'),(3,0.00,0,1,'2016-02-15 10:48:01','2016-02-15 10:48:01');

--
-- Table structure for table `ps_group_lang`
--

CREATE TABLE `ps_group_lang` (
  `id_group` int(10) unsigned NOT NULL,
  `id_lang` int(10) unsigned NOT NULL,
  `name` varchar(32) NOT NULL,
  PRIMARY KEY (`id_group`,`id_lang`)
) ENGINE=InnoDB DEFAULT CHARSET=utf8;

--
-- Dumping data for table `ps_group_lang`
--

INSERT INTO `ps_group_lang` VALUES (1,1,'Visitatore'),(2,1,'Ospite'),(3,1,'Cliente');

--
-- Table structure for table `ps_group_reduction`
--

CREATE TABLE `ps_group_reduction` (
  `id_group_reduction` mediumint(8) unsigned NOT NULL AUTO_INCREMENT,
  `id_group` int(10) unsigned NOT NULL,
  `id_category` int(10) unsigned NOT NULL,
  `reduction` decimal(4,3) NOT NULL,
  PRIMARY KEY (`id_group_reduction`),
  UNIQUE KEY `id_group` (`id_group`,`id_category`)
) ENGINE=InnoDB DEFAULT CHARSET=utf8;

--
-- Dumping data for table `ps_group_reduction`
--


--
-- Table structure for table `ps_group_shop`
--

CREATE TABLE `ps_group_shop` (
  `id_group` int(11) unsigned NOT NULL,
  `id_shop` int(11) unsigned NOT NULL,
  PRIMARY KEY (`id_group`,`id_shop`),
  KEY `id_shop` (`id_shop`)
) ENGINE=InnoDB DEFAULT CHARSET=utf8;

--
-- Dumping data for table `ps_group_shop`
--

INSERT INTO `ps_group_shop` VALUES (1,1),(2,1),(3,1);

--
-- Table structure for table `ps_gsitemap_sitemap`
--

CREATE TABLE `ps_gsitemap_sitemap` (
  `link` varchar(255) DEFAULT NULL,
  `id_shop` int(11) DEFAULT '0'
) ENGINE=InnoDB DEFAULT CHARSET=utf8;

--
-- Dumping data for table `ps_gsitemap_sitemap`
--

INSERT INTO `ps_gsitemap_sitemap` VALUES ('1_it_0_sitemap.xml',1);

--
-- Table structure for table `ps_guest`
--

CREATE TABLE `ps_guest` (
  `id_guest` int(10) unsigned NOT NULL AUTO_INCREMENT,
  `id_operating_system` int(10) unsigned DEFAULT NULL,
  `id_web_browser` int(10) unsigned DEFAULT NULL,
  `id_customer` int(10) unsigned DEFAULT NULL,
  `javascript` tinyint(1) DEFAULT '0',
  `screen_resolution_x` smallint(5) unsigned DEFAULT NULL,
  `screen_resolution_y` smallint(5) unsigned DEFAULT NULL,
  `screen_color` tinyint(3) unsigned DEFAULT NULL,
  `sun_java` tinyint(1) DEFAULT NULL,
  `adobe_flash` tinyint(1) DEFAULT NULL,
  `adobe_director` tinyint(1) DEFAULT NULL,
  `apple_quicktime` tinyint(1) DEFAULT NULL,
  `real_player` tinyint(1) DEFAULT NULL,
  `windows_media` tinyint(1) DEFAULT NULL,
  `accept_language` varchar(8) DEFAULT NULL,
  `mobile_theme` tinyint(1) NOT NULL DEFAULT '0',
  PRIMARY KEY (`id_guest`),
  KEY `id_customer` (`id_customer`),
  KEY `id_operating_system` (`id_operating_system`),
  KEY `id_web_browser` (`id_web_browser`)
) ENGINE=InnoDB DEFAULT CHARSET=utf8;

--
-- Dumping data for table `ps_guest`
--


--
-- Table structure for table `ps_homeslider`
--

CREATE TABLE `ps_homeslider` (
  `id_homeslider_slides` int(10) unsigned NOT NULL AUTO_INCREMENT,
  `id_shop` int(10) unsigned NOT NULL,
  PRIMARY KEY (`id_homeslider_slides`,`id_shop`)
) ENGINE=InnoDB AUTO_INCREMENT=4 DEFAULT CHARSET=utf8;

--
-- Dumping data for table `ps_homeslider`
--

INSERT INTO `ps_homeslider` VALUES (1,1),(2,1),(3,1);

--
-- Table structure for table `ps_homeslider_slides`
--

CREATE TABLE `ps_homeslider_slides` (
  `id_homeslider_slides` int(10) unsigned NOT NULL AUTO_INCREMENT,
  `position` int(10) unsigned NOT NULL DEFAULT '0',
  `active` tinyint(1) unsigned NOT NULL DEFAULT '0',
  PRIMARY KEY (`id_homeslider_slides`)
) ENGINE=InnoDB AUTO_INCREMENT=4 DEFAULT CHARSET=utf8;

--
-- Dumping data for table `ps_homeslider_slides`
--

INSERT INTO `ps_homeslider_slides` VALUES (1,1,1),(2,2,1),(3,3,1);

--
-- Table structure for table `ps_homeslider_slides_lang`
--

CREATE TABLE `ps_homeslider_slides_lang` (
  `id_homeslider_slides` int(10) unsigned NOT NULL,
  `id_lang` int(10) unsigned NOT NULL,
  `title` varchar(255) NOT NULL,
  `description` text NOT NULL,
  `legend` varchar(255) NOT NULL,
  `url` varchar(255) NOT NULL,
  `image` varchar(255) NOT NULL,
  PRIMARY KEY (`id_homeslider_slides`,`id_lang`)
) ENGINE=InnoDB DEFAULT CHARSET=utf8;

--
-- Dumping data for table `ps_homeslider_slides_lang`
--

INSERT INTO `ps_homeslider_slides_lang` VALUES (1,1,'Sample 1','<h2>EXCEPTEUR<br />OCCAECAT</h2>\n				<p>Lorem ipsum dolor sit amet, consectetur adipiscing elit. Proin tristique in tortor et dignissim. Quisque non tempor leo. Maecenas egestas sem elit</p>\n				<p><button class=\"btn btn-default\" type=\"button\">Shop now !</button></p>','sample-1','http://www.prestashop.com/?utm_source=back-office&utm_medium=v16_homeslider&utm_campaign=back-office-IT&utm_content=download','sample-1.jpg'),(2,1,'Sample 2','<h2>EXCEPTEUR<br />OCCAECAT</h2>\n				<p>Lorem ipsum dolor sit amet, consectetur adipiscing elit. Proin tristique in tortor et dignissim. Quisque non tempor leo. Maecenas egestas sem elit</p>\n				<p><button class=\"btn btn-default\" type=\"button\">Shop now !</button></p>','sample-2','http://www.prestashop.com/?utm_source=back-office&utm_medium=v16_homeslider&utm_campaign=back-office-IT&utm_content=download','sample-2.jpg'),(3,1,'Sample 3','<h2>EXCEPTEUR<br />OCCAECAT</h2>\n				<p>Lorem ipsum dolor sit amet, consectetur adipiscing elit. Proin tristique in tortor et dignissim. Quisque non tempor leo. Maecenas egestas sem elit</p>\n				<p><button class=\"btn btn-default\" type=\"button\">Shop now !</button></p>','sample-3','http://www.prestashop.com/?utm_source=back-office&utm_medium=v16_homeslider&utm_campaign=back-office-IT&utm_content=download','sample-3.jpg');

--
-- Table structure for table `ps_hook`
--

CREATE TABLE `ps_hook` (
  `id_hook` int(10) unsigned NOT NULL AUTO_INCREMENT,
  `name` varchar(64) NOT NULL,
  `title` varchar(64) NOT NULL,
  `description` text,
  `position` tinyint(1) NOT NULL DEFAULT '1',
  `live_edit` tinyint(1) NOT NULL DEFAULT '0',
  PRIMARY KEY (`id_hook`),
  UNIQUE KEY `hook_name` (`name`)
) ENGINE=InnoDB AUTO_INCREMENT=169 DEFAULT CHARSET=utf8;

--
-- Dumping data for table `ps_hook`
--

INSERT INTO `ps_hook` VALUES (1,'displayPayment','Payment','This hook displays new elements on the payment page',1,1),(2,'actionValidateOrder','New orders','',1,0),(3,'displayMaintenance','Maintenance Page','This hook displays new elements on the maintenance page',1,0),(4,'actionPaymentConfirmation','Payment confirmation','This hook displays new elements after the payment is validated',1,0),(5,'displayPaymentReturn','Payment return','',1,0),(6,'actionUpdateQuantity','Quantity update','Quantity is updated only when a customer effectively places their order',1,0),(7,'displayRightColumn','Right column blocks','This hook displays new elements in the right-hand column',1,1),(8,'displayLeftColumn','Left column blocks','This hook displays new elements in the left-hand column',1,1),(9,'displayHome','Homepage content','This hook displays new elements on the homepage',1,1),(10,'Header','Pages html head section','This hook adds additional elements in the head section of your pages (head section of html)',1,0),(11,'actionCartSave','Cart creation and update','This hook is displayed when a product is added to the cart or if the cart\'s content is modified',1,0),(12,'actionAuthentication','Successful customer authentication','This hook is displayed after a customer successfully signs in',1,0),(13,'actionProductAdd','Product creation','This hook is displayed after a product is created',1,0),(14,'actionProductUpdate','Product update','This hook is displayed after a product has been updated',1,0),(15,'displayTop','Top of pages','This hook displays additional elements at the top of your pages',1,0),(16,'displayRightColumnProduct','New elements on the product page (right column)','This hook displays new elements in the right-hand column of the product page',1,0),(17,'actionProductDelete','Product deletion','This hook is called when a product is deleted',1,0),(18,'displayFooterProduct','Product footer','This hook adds new blocks under the product\'s description',1,1),(19,'displayInvoice','Invoice','This hook displays new blocks on the invoice (order)',1,0),(20,'actionOrderStatusUpdate','Order status update - Event','This hook launches modules when the status of an order changes.',1,0),(21,'displayAdminOrder','Display new elements in the Back Office, tab AdminOrder','This hook launches modules when the AdminOrder tab is displayed in the Back Office',1,0),(22,'displayAdminOrderTabOrder','Display new elements in Back Office, AdminOrder, panel Order','This hook launches modules when the AdminOrder tab is displayed in the Back Office and extends / override Order panel tabs',1,0),(23,'displayAdminOrderTabShip','Display new elements in Back Office, AdminOrder, panel Shipping','This hook launches modules when the AdminOrder tab is displayed in the Back Office and extends / override Shipping panel tabs',1,0),(24,'displayAdminOrderContentOrder','Display new elements in Back Office, AdminOrder, panel Order','This hook launches modules when the AdminOrder tab is displayed in the Back Office and extends / override Order panel content',1,0),(25,'displayAdminOrderContentShip','Display new elements in Back Office, AdminOrder, panel Shipping','This hook launches modules when the AdminOrder tab is displayed in the Back Office and extends / override Shipping panel content',1,0),(26,'displayFooter','Footer','This hook displays new blocks in the footer',1,0),(27,'displayPDFInvoice','PDF Invoice','This hook allows you to display additional information on PDF invoices',1,0),(28,'displayInvoiceLegalFreeText','PDF Invoice - Legal Free Text','This hook allows you to modify the legal free text on PDF invoices',1,0),(29,'displayAdminCustomers','Display new elements in the Back Office, tab AdminCustomers','This hook launches modules when the AdminCustomers tab is displayed in the Back Office',1,0),(30,'displayOrderConfirmation','Order confirmation page','This hook is called within an order\'s confirmation page',1,0),(31,'actionCustomerAccountAdd','Successful customer account creation','This hook is called when a new customer creates an account successfully',1,0),(32,'displayCustomerAccount','Customer account displayed in Front Office','This hook displays new elements on the customer account page',1,0),(33,'displayCustomerIdentityForm','Customer identity form displayed in Front Office','This hook displays new elements on the form to update a customer identity',1,0),(34,'actionOrderSlipAdd','Order slip creation','This hook is called when a new credit slip is added regarding client order',1,0),(35,'displayProductTab','Tabs on product page','This hook is called on the product page\'s tab',1,0),(36,'displayProductTabContent','Tabs content on the product page','This hook is called on the product page\'s tab',1,0),(37,'displayShoppingCartFooter','Shopping cart footer','This hook displays some specific information on the shopping cart\'s page',1,0),(38,'displayCustomerAccountForm','Customer account creation form','This hook displays some information on the form to create a customer account',1,0),(39,'displayAdminStatsModules','Stats - Modules','',1,0),(40,'displayAdminStatsGraphEngine','Graph engines','',1,0),(41,'actionOrderReturn','Returned product','This hook is displayed when a customer returns a product ',1,0),(42,'displayProductButtons','Product page actions','This hook adds new action buttons on the product page',1,0),(43,'displayBackOfficeHome','Administration panel homepage','This hook is displayed on the admin panel\'s homepage',1,0),(44,'displayAdminStatsGridEngine','Grid engines','',1,0),(45,'actionWatermark','Watermark','',1,0),(46,'actionProductCancel','Product cancelled','This hook is called when you cancel a product in an order',1,0),(47,'displayLeftColumnProduct','New elements on the product page (left column)','This hook displays new elements in the left-hand column of the product page',1,0),(48,'actionProductOutOfStock','Out-of-stock product','This hook displays new action buttons if a product is out of stock',1,0),(49,'actionProductAttributeUpdate','Product attribute update','This hook is displayed when a product\'s attribute is updated',1,0),(50,'displayCarrierList','Extra carrier (module mode)','',1,0),(51,'displayShoppingCart','Shopping cart - Additional button','This hook displays new action buttons within the shopping cart',1,0),(52,'actionSearch','Search','',1,0),(53,'displayBeforePayment','Redirect during the order process','This hook redirects the user to the module instead of displaying payment modules',1,0),(54,'actionCarrierUpdate','Carrier Update','This hook is called when a carrier is updated',1,0),(55,'actionOrderStatusPostUpdate','Post update of order status','',1,0),(56,'displayCustomerAccountFormTop','Block above the form for create an account','This hook is displayed above the customer\'s account creation form',1,0),(57,'displayBackOfficeHeader','Administration panel header','This hook is displayed in the header of the admin panel',1,0),(58,'displayBackOfficeTop','Administration panel hover the tabs','This hook is displayed on the roll hover of the tabs within the admin panel',1,0),(59,'displayBackOfficeFooter','Administration panel footer','This hook is displayed within the admin panel\'s footer',1,0),(60,'actionProductAttributeDelete','Product attribute deletion','This hook is displayed when a product\'s attribute is deleted',1,0),(61,'actionCarrierProcess','Carrier process','',1,0),(62,'actionOrderDetail','Order detail','This hook is used to set the follow-up in Smarty when an order\'s detail is called',1,0),(63,'displayBeforeCarrier','Before carriers list','This hook is displayed before the carrier list in Front Office',1,0),(64,'displayOrderDetail','Order detail','This hook is displayed within the order\'s details in Front Office',1,0),(65,'actionPaymentCCAdd','Payment CC added','',1,0),(66,'displayProductComparison','Extra product comparison','',1,0),(67,'actionCategoryAdd','Category creation','This hook is displayed when a category is created',1,0),(68,'actionCategoryUpdate','Category modification','This hook is displayed when a category is modified',1,0),(69,'actionCategoryDelete','Category deletion','This hook is displayed when a category is deleted',1,0),(70,'actionBeforeAuthentication','Before authentication','This hook is displayed before the customer\'s authentication',1,0),(71,'displayPaymentTop','Top of payment page','This hook is displayed at the top of the payment page',1,0),(72,'actionHtaccessCreate','After htaccess creation','This hook is displayed after the htaccess creation',1,0),(73,'actionAdminMetaSave','After saving the configuration in AdminMeta','This hook is displayed after saving the configuration in AdminMeta',1,0),(74,'displayAttributeGroupForm','Add fields to the form \'attribute group\'','This hook adds fields to the form \'attribute group\'',1,0),(75,'actionAttributeGroupSave','Saving an attribute group','This hook is called while saving an attributes group',1,0),(76,'actionAttributeGroupDelete','Deleting attribute group','This hook is called while deleting an attributes  group',1,0),(77,'displayFeatureForm','Add fields to the form \'feature\'','This hook adds fields to the form \'feature\'',1,0),(78,'actionFeatureSave','Saving attributes\' features','This hook is called while saving an attributes features',1,0),(79,'actionFeatureDelete','Deleting attributes\' features','This hook is called while deleting an attributes features',1,0),(80,'actionProductSave','Saving products','This hook is called while saving products',1,0),(81,'actionProductListOverride','Assign a products list to a category','This hook assigns a products list to a category',1,0),(82,'displayAttributeGroupPostProcess','On post-process in admin attribute group','This hook is called on post-process in admin attribute group',1,0),(83,'displayFeaturePostProcess','On post-process in admin feature','This hook is called on post-process in admin feature',1,0),(84,'displayFeatureValueForm','Add fields to the form \'feature value\'','This hook adds fields to the form \'feature value\'',1,0),(85,'displayFeatureValuePostProcess','On post-process in admin feature value','This hook is called on post-process in admin feature value',1,0),(86,'actionFeatureValueDelete','Deleting attributes\' features\' values','This hook is called while deleting an attributes features value',1,0),(87,'actionFeatureValueSave','Saving an attributes features value','This hook is called while saving an attributes features value',1,0),(88,'displayAttributeForm','Add fields to the form \'attribute value\'','This hook adds fields to the form \'attribute value\'',1,0),(89,'actionAttributePostProcess','On post-process in admin feature value','This hook is called on post-process in admin feature value',1,0),(90,'actionAttributeDelete','Deleting an attributes features value','This hook is called while deleting an attributes features value',1,0),(91,'actionAttributeSave','Saving an attributes features value','This hook is called while saving an attributes features value',1,0),(92,'actionTaxManager','Tax Manager Factory','',1,0),(93,'displayMyAccountBlock','My account block','This hook displays extra information within the \'my account\' block\"',1,0),(94,'actionModuleInstallBefore','actionModuleInstallBefore','',1,0),(95,'actionModuleInstallAfter','actionModuleInstallAfter','',1,0),(96,'displayHomeTab','Home Page Tabs','This hook displays new elements on the homepage tabs',1,1),(97,'displayHomeTabContent','Home Page Tabs Content','This hook displays new elements on the homepage tabs content',1,1),(98,'displayTopColumn','Top column blocks','This hook displays new elements in the top of columns',1,1),(99,'displayBackOfficeCategory','Display new elements in the Back Office, tab AdminCategories','This hook launches modules when the AdminCategories tab is displayed in the Back Office',1,0),(100,'displayProductListFunctionalButtons','Display new elements in the Front Office, products list','This hook launches modules when the products list is displayed in the Front Office',1,0),(101,'displayNav','Navigation','',1,1),(102,'displayOverrideTemplate','Change the default template of current controller','',1,0),(103,'actionAdminLoginControllerSetMedia','Set media on admin login page header','This hook is called after adding media to admin login page header',1,0),(104,'actionOrderEdited','Order edited','This hook is called when an order is edited.',1,0),(105,'actionEmailAddBeforeContent','Add extra content before mail content','This hook is called just before fetching mail template',1,0),(106,'actionEmailAddAfterContent','Add extra content after mail content','This hook is called just after fetching mail template',1,0),(107,'actionObjectProductUpdateAfter','actionObjectProductUpdateAfter','',0,0),(108,'actionObjectProductDeleteAfter','actionObjectProductDeleteAfter','',0,0),(109,'displayCompareExtraInformation','displayCompareExtraInformation','',1,1),(110,'displaySocialSharing','displaySocialSharing','',1,1),(111,'displayBanner','displayBanner','',1,1),(112,'actionObjectLanguageAddAfter','actionObjectLanguageAddAfter','',0,0),(113,'displayPaymentEU','displayPaymentEU','',1,1),(114,'actionCartListOverride','actionCartListOverride','',0,0),(115,'actionAdminMetaControllerUpdate_optionsBefore','actionAdminMetaControllerUpdate_optionsBefore','',0,0),(116,'actionAdminLanguagesControllerStatusBefore','actionAdminLanguagesControllerStatusBefore','',0,0),(117,'actionObjectCmsUpdateAfter','actionObjectCmsUpdateAfter','',0,0),(118,'actionObjectCmsDeleteAfter','actionObjectCmsDeleteAfter','',0,0),(119,'actionShopDataDuplication','actionShopDataDuplication','',0,0),(120,'actionAdminStoresControllerUpdate_optionsAfter','actionAdminStoresControllerUpdate_optionsAfter','',0,0),(121,'actionObjectManufacturerDeleteAfter','actionObjectManufacturerDeleteAfter','',0,0),(122,'actionObjectManufacturerAddAfter','actionObjectManufacturerAddAfter','',0,0),(123,'actionObjectManufacturerUpdateAfter','actionObjectManufacturerUpdateAfter','',0,0),(125,'actionModuleRegisterHookAfter','actionModuleRegisterHookAfter','',0,0),(126,'actionModuleUnRegisterHookAfter','actionModuleUnRegisterHookAfter','',0,0),(127,'displayMyAccountBlockfooter','My account block','Display extra informations inside the \"my account\" block',1,0),(128,'displayMobileTopSiteMap','displayMobileTopSiteMap','',1,1),(129,'displaySearch','displaySearch','',1,1),(130,'actionObjectSupplierDeleteAfter','actionObjectSupplierDeleteAfter','',0,0),(131,'actionObjectSupplierAddAfter','actionObjectSupplierAddAfter','',0,0),(132,'actionObjectSupplierUpdateAfter','actionObjectSupplierUpdateAfter','',0,0),(133,'actionObjectCategoryUpdateAfter','actionObjectCategoryUpdateAfter','',0,0),(134,'actionObjectCategoryDeleteAfter','actionObjectCategoryDeleteAfter','',0,0),(135,'actionObjectCategoryAddAfter','actionObjectCategoryAddAfter','',0,0),(136,'actionObjectCmsAddAfter','actionObjectCmsAddAfter','',0,0),(137,'actionObjectProductAddAfter','actionObjectProductAddAfter','',0,0),(138,'dashboardZoneOne','dashboardZoneOne','',0,0),(139,'dashboardData','dashboardData','',0,0),(140,'actionObjectOrderAddAfter','actionObjectOrderAddAfter','',0,0),(141,'actionObjectCustomerAddAfter','actionObjectCustomerAddAfter','',0,0),(142,'actionObjectCustomerMessageAddAfter','actionObjectCustomerMessageAddAfter','',0,0),(143,'actionObjectCustomerThreadAddAfter','actionObjectCustomerThreadAddAfter','',0,0),(144,'actionObjectOrderReturnAddAfter','actionObjectOrderReturnAddAfter','',0,0),(145,'actionAdminControllerSetMedia','actionAdminControllerSetMedia','',0,0),(146,'dashboardZoneTwo','dashboardZoneTwo','',0,0),(147,'displayProductListReviews','displayProductListReviews','',1,1),(148,'actionAdminMetaControllerUpdate_optionsAfter','actionAdminMetaControllerUpdate_optionsAfter','',0,0),(149,'actionAdminPerformanceControllerSaveAfter','actionAdminPerformanceControllerSaveAfter','',0,0),(150,'actionObjectCarrierAddAfter','actionObjectCarrierAddAfter','',0,0),(151,'actionObjectContactAddAfter','actionObjectContactAddAfter','',0,0),(152,'actionAdminThemesControllerUpdate_optionsAfter','actionAdminThemesControllerUpdate_optionsAfter','',0,0),(153,'actionObjectShopUpdateAfter','actionObjectShopUpdateAfter','',0,0),(154,'actionAdminPreferencesControllerUpdate_optionsAfter','actionAdminPreferencesControllerUpdate_optionsAfter','',0,0),(155,'actionObjectShopAddAfter','actionObjectShopAddAfter','',0,0),(156,'actionObjectShopGroupAddAfter','actionObjectShopGroupAddAfter','',0,0),(157,'actionObjectCartAddAfter','actionObjectCartAddAfter','',0,0),(158,'actionObjectEmployeeAddAfter','actionObjectEmployeeAddAfter','',0,0),(159,'actionObjectImageAddAfter','actionObjectImageAddAfter','',0,0),(160,'actionObjectCartRuleAddAfter','actionObjectCartRuleAddAfter','',0,0),(161,'actionAdminStoresControllerSaveAfter','actionAdminStoresControllerSaveAfter','',0,0),(162,'actionAdminWebserviceControllerSaveAfter','actionAdminWebserviceControllerSaveAfter','',0,0),(163,'gSitemapAppendUrls','GSitemap Append URLs','This hook allows a module to add URLs to a generated sitemap',1,0),(164,'actionPSCleanerGetModulesTables','actionPSCleanerGetModulesTables','',0,0),(165,'displayMobileHeader','displayMobileHeader','',1,1),(166,'displayMobileShoppingCartTop','displayMobileShoppingCartTop','',1,1),(167,'displayMobileAddToCartTop','displayMobileAddToCartTop','',1,1),(168,'actionProductCoverage','actionProductCoverage','',0,0);

--
-- Table structure for table `ps_hook_alias`
--

CREATE TABLE `ps_hook_alias` (
  `id_hook_alias` int(10) unsigned NOT NULL AUTO_INCREMENT,
  `alias` varchar(64) NOT NULL,
  `name` varchar(64) NOT NULL,
  PRIMARY KEY (`id_hook_alias`),
  UNIQUE KEY `alias` (`alias`)
) ENGINE=InnoDB AUTO_INCREMENT=87 DEFAULT CHARSET=utf8;

--
-- Dumping data for table `ps_hook_alias`
--

INSERT INTO `ps_hook_alias` VALUES (1,'payment','displayPayment'),(2,'newOrder','actionValidateOrder'),(3,'paymentConfirm','actionPaymentConfirmation'),(4,'paymentReturn','displayPaymentReturn'),(5,'updateQuantity','actionUpdateQuantity'),(6,'rightColumn','displayRightColumn'),(7,'leftColumn','displayLeftColumn'),(8,'home','displayHome'),(9,'displayHeader','Header'),(10,'cart','actionCartSave'),(11,'authentication','actionAuthentication'),(12,'addproduct','actionProductAdd'),(13,'updateproduct','actionProductUpdate'),(14,'top','displayTop'),(15,'extraRight','displayRightColumnProduct'),(16,'deleteproduct','actionProductDelete'),(17,'productfooter','displayFooterProduct'),(18,'invoice','displayInvoice'),(19,'updateOrderStatus','actionOrderStatusUpdate'),(20,'adminOrder','displayAdminOrder'),(21,'footer','displayFooter'),(22,'PDFInvoice','displayPDFInvoice'),(23,'adminCustomers','displayAdminCustomers'),(24,'orderConfirmation','displayOrderConfirmation'),(25,'createAccount','actionCustomerAccountAdd'),(26,'customerAccount','displayCustomerAccount'),(27,'orderSlip','actionOrderSlipAdd'),(28,'productTab','displayProductTab'),(29,'productTabContent','displayProductTabContent'),(30,'shoppingCart','displayShoppingCartFooter'),(31,'createAccountForm','displayCustomerAccountForm'),(32,'AdminStatsModules','displayAdminStatsModules'),(33,'GraphEngine','displayAdminStatsGraphEngine'),(34,'orderReturn','actionOrderReturn'),(35,'productActions','displayProductButtons'),(36,'backOfficeHome','displayBackOfficeHome'),(37,'GridEngine','displayAdminStatsGridEngine'),(38,'watermark','actionWatermark'),(39,'cancelProduct','actionProductCancel'),(40,'extraLeft','displayLeftColumnProduct'),(41,'productOutOfStock','actionProductOutOfStock'),(42,'updateProductAttribute','actionProductAttributeUpdate'),(43,'extraCarrier','displayCarrierList'),(44,'shoppingCartExtra','displayShoppingCart'),(45,'search','actionSearch'),(46,'backBeforePayment','displayBeforePayment'),(47,'updateCarrier','actionCarrierUpdate'),(48,'postUpdateOrderStatus','actionOrderStatusPostUpdate'),(49,'createAccountTop','displayCustomerAccountFormTop'),(50,'backOfficeHeader','displayBackOfficeHeader'),(51,'backOfficeTop','displayBackOfficeTop'),(52,'backOfficeFooter','displayBackOfficeFooter'),(53,'deleteProductAttribute','actionProductAttributeDelete'),(54,'processCarrier','actionCarrierProcess'),(55,'orderDetail','actionOrderDetail'),(56,'beforeCarrier','displayBeforeCarrier'),(57,'orderDetailDisplayed','displayOrderDetail'),(58,'paymentCCAdded','actionPaymentCCAdd'),(59,'extraProductComparison','displayProductComparison'),(60,'categoryAddition','actionCategoryAdd'),(61,'categoryUpdate','actionCategoryUpdate'),(62,'categoryDeletion','actionCategoryDelete'),(63,'beforeAuthentication','actionBeforeAuthentication'),(64,'paymentTop','displayPaymentTop'),(65,'afterCreateHtaccess','actionHtaccessCreate'),(66,'afterSaveAdminMeta','actionAdminMetaSave'),(67,'attributeGroupForm','displayAttributeGroupForm'),(68,'afterSaveAttributeGroup','actionAttributeGroupSave'),(69,'afterDeleteAttributeGroup','actionAttributeGroupDelete'),(70,'featureForm','displayFeatureForm'),(71,'afterSaveFeature','actionFeatureSave'),(72,'afterDeleteFeature','actionFeatureDelete'),(73,'afterSaveProduct','actionProductSave'),(74,'productListAssign','actionProductListOverride'),(75,'postProcessAttributeGroup','displayAttributeGroupPostProcess'),(76,'postProcessFeature','displayFeaturePostProcess'),(77,'featureValueForm','displayFeatureValueForm'),(78,'postProcessFeatureValue','displayFeatureValuePostProcess'),(79,'afterDeleteFeatureValue','actionFeatureValueDelete'),(80,'afterSaveFeatureValue','actionFeatureValueSave'),(81,'attributeForm','displayAttributeForm'),(82,'postProcessAttribute','actionAttributePostProcess'),(83,'afterDeleteAttribute','actionAttributeDelete'),(84,'afterSaveAttribute','actionAttributeSave'),(85,'taxManager','actionTaxManager'),(86,'myAccountBlock','displayMyAccountBlock');

--
-- Table structure for table `ps_hook_module`
--

CREATE TABLE `ps_hook_module` (
  `id_module` int(10) unsigned NOT NULL,
  `id_shop` int(11) unsigned NOT NULL DEFAULT '1',
  `id_hook` int(10) unsigned NOT NULL,
  `position` tinyint(2) unsigned NOT NULL,
  PRIMARY KEY (`id_module`,`id_hook`,`id_shop`),
  KEY `id_hook` (`id_hook`),
  KEY `id_module` (`id_module`),
  KEY `position` (`id_shop`,`position`)
) ENGINE=InnoDB DEFAULT CHARSET=utf8;

--
-- Dumping data for table `ps_hook_module`
--

INSERT INTO `ps_hook_module` VALUES (1,1,10,1),(1,1,107,1),(1,1,108,1),(1,1,109,1),(2,1,111,1),(2,1,112,1),(3,1,1,1),(3,1,5,1),(3,1,113,1),(5,1,114,1),(7,1,8,1),(7,1,99,1),(7,1,115,1),(7,1,116,1),(11,1,67,1),(11,1,68,1),(11,1,69,1),(11,1,74,1),(11,1,75,1),(11,1,76,1),(11,1,77,1),(11,1,78,1),(11,1,79,1),(11,1,80,1),(11,1,81,1),(11,1,82,1),(11,1,83,1),(11,1,84,1),(11,1,85,1),(11,1,86,1),(11,1,87,1),(11,1,88,1),(11,1,89,1),(11,1,90,1),(11,1,91,1),(12,1,117,1),(12,1,118,1),(12,1,119,1),(12,1,120,1),(16,1,121,1),(16,1,122,1),(16,1,123,1),(17,1,125,1),(18,1,126,1),(19,1,13,1),(19,1,14,1),(19,1,17,1),(20,1,31,1),(22,1,128,1),(25,1,130,1),(25,1,131,1),(25,1,132,1),(31,1,138,1),(31,1,139,1),(31,1,140,1),(31,1,141,1),(31,1,142,1),(31,1,143,1),(31,1,144,1),(31,1,145,1),(32,1,146,1),(35,1,40,1),(36,1,44,1),(37,1,98,1),(40,1,39,1),(50,1,12,1),(50,1,26,1),(63,1,9,1),(63,1,57,1),(64,1,2,1),(64,1,20,1),(64,1,95,1),(64,1,148,1),(64,1,149,1),(64,1,150,1),(64,1,151,1),(64,1,152,1),(64,1,153,1),(64,1,154,1),(64,1,155,1),(64,1,156,1),(64,1,157,1),(64,1,158,1),(64,1,159,1),(64,1,160,1),(64,1,161,1),(64,1,162,1),(65,1,11,1),(65,1,15,1),(65,1,29,1),(65,1,32,1),(65,1,42,1),(65,1,93,1),(65,1,100,1),(66,1,35,1),(66,1,36,1),(66,1,66,1),(66,1,147,1),(67,1,47,1),(71,1,9,1),(75,1,37,1),(76,1,101,1),(78,1,6,1),(78,1,54,1),(78,1,58,1),(81,1,21,1),(81,1,30,1),(81,1,46,1),(82,1,51,1),(82,1,53,1),(82,1,164,1),(82,1,165,1),(82,1,166,1),(82,1,167,1),(83,1,41,1),(83,1,48,1),(83,1,49,1),(83,1,60,1),(83,1,104,1),(83,1,168,1),(84,1,45,1),(1,1,47,2),(2,1,10,2),(4,1,55,2),(5,1,10,2),(7,1,67,2),(7,1,69,2),(9,1,9,2),(11,1,8,2),(14,1,101,2),(15,1,26,2),(18,1,125,2),(23,1,13,2),(23,1,14,2),(23,1,17,2),(27,1,133,2),(27,1,134,2),(27,1,135,2),(30,1,1,2),(30,1,5,2),(30,1,113,2),(32,1,139,2),(32,1,145,2),(33,1,146,2),(39,1,42,2),(41,1,39,2),(50,1,31,2),(60,1,52,2),(63,1,98,2),(63,1,112,2),(64,1,57,2),(64,1,120,2),(64,1,136,2),(64,1,137,2),(64,1,141,2),(64,1,143,2),(66,1,15,2),(70,1,9,2),(70,1,68,2),(74,1,98,2),(77,1,18,2),(78,1,2,2),(78,1,20,2),(81,1,11,2),(82,1,21,2),(82,1,46,2),(83,1,6,2),(83,1,32,2),(83,1,93,2),(6,1,10,3),(10,1,15,3),(13,1,9,3),(20,1,26,3),(25,1,8,3),(27,1,107,3),(27,1,108,3),(27,1,117,3),(27,1,118,3),(27,1,121,3),(27,1,122,3),(27,1,123,3),(27,1,130,3),(27,1,131,3),(27,1,132,3),(27,1,136,3),(27,1,137,3),(33,1,139,3),(33,1,145,3),(34,1,146,3),(37,1,119,3),(38,1,13,3),(38,1,14,3),(38,1,17,3),(42,1,39,3),(64,1,140,3),(66,1,47,3),(68,1,57,3),(68,1,125,3),(68,1,126,3),(71,1,68,3),(75,1,18,3),(75,1,55,3),(82,1,1,3),(82,1,5,3),(82,1,113,3),(83,1,2,3),(6,1,26,4),(8,1,10,4),(27,1,68,4),(29,1,8,4),(34,1,139,4),(35,1,145,4),(40,1,15,4),(43,1,39,4),(77,1,13,4),(77,1,14,4),(77,1,17,4),(81,1,9,4),(81,1,18,4),(81,1,57,4),(4,1,13,5),(4,1,14,5),(4,1,17,5),(7,1,68,5),(10,1,10,5),(12,1,26,5),(19,1,8,5),(41,1,15,5),(44,1,39,5),(82,1,18,5),(82,1,57,5),(8,1,15,6),(12,1,10,6),(17,1,8,6),(45,1,39,6),(63,1,26,6),(70,1,13,6),(70,1,14,6),(70,1,17,6),(15,1,10,7),(27,1,15,7),(27,1,119,7),(46,1,39,7),(63,1,8,7),(71,1,13,7),(71,1,14,7),(71,1,17,7),(81,1,26,7),(4,1,8,8),(9,1,10,8),(16,1,10,8),(22,1,15,8),(47,1,39,8),(74,1,119,8),(78,1,13,8),(78,1,14,8),(78,1,17,8),(5,1,15,9),(17,1,10,9),(48,1,39,9),(83,1,17,9),(18,1,10,10),(49,1,39,10),(19,1,10,11),(51,1,39,11),(14,1,10,12),(20,1,10,12),(52,1,39,12),(21,1,10,13),(53,1,39,13),(23,1,10,14),(54,1,39,14),(24,1,10,15),(55,1,39,15),(25,1,10,16),(56,1,39,16),(26,1,10,17),(57,1,39,17),(28,1,10,18),(58,1,39,18),(38,1,10,19),(59,1,39,19),(60,1,39,20),(65,1,10,20),(61,1,39,21),(66,1,10,21),(62,1,39,22),(67,1,10,22),(77,1,10,23),(29,1,10,24),(4,1,10,25),(11,1,10,26),(76,1,10,27),(37,1,10,28),(70,1,10,28),(71,1,10,29),(39,1,10,30),(75,1,10,30),(22,1,10,31),(63,1,10,31),(27,1,10,32),(74,1,10,33),(7,1,10,34),(78,1,10,35),(81,1,10,36),(82,1,10,37),(83,1,10,38);

--
-- Table structure for table `ps_hook_module_exceptions`
--

CREATE TABLE `ps_hook_module_exceptions` (
  `id_hook_module_exceptions` int(10) unsigned NOT NULL AUTO_INCREMENT,
  `id_shop` int(11) unsigned NOT NULL DEFAULT '1',
  `id_module` int(10) unsigned NOT NULL,
  `id_hook` int(10) unsigned NOT NULL,
  `file_name` varchar(255) DEFAULT NULL,
  PRIMARY KEY (`id_hook_module_exceptions`),
  KEY `id_module` (`id_module`),
  KEY `id_hook` (`id_hook`)
) ENGINE=InnoDB AUTO_INCREMENT=469 DEFAULT CHARSET=utf8;

--
-- Dumping data for table `ps_hook_module_exceptions`
--

INSERT INTO `ps_hook_module_exceptions` VALUES (1,1,4,8,'category'),(2,1,16,8,'category'),(3,1,17,8,'category'),(4,1,21,8,'category'),(5,1,25,8,'category'),(8,1,11,8,'cms'),(9,1,11,8,'address'),(10,1,11,8,'orderopc'),(11,1,11,8,'index'),(12,1,11,8,'addresses'),(13,1,11,8,'cms'),(14,1,11,8,'sitemap'),(15,1,11,8,'identity'),(16,1,11,8,'contact'),(17,1,11,8,'auth'),(18,1,11,8,'stores'),(19,1,11,8,'index'),(20,1,11,8,'orderslip'),(21,1,11,8,'discount'),(22,1,11,8,'password'),(23,1,11,8,'orderopc'),(24,1,11,8,'identity'),(25,1,11,8,'contact'),(26,1,11,8,'order'),(27,1,11,8,'index'),(28,1,11,8,'contact'),(29,1,11,8,'address'),(30,1,11,8,'order'),(31,1,11,8,'pagenotfound'),(32,1,11,8,'auth'),(33,1,11,8,'cart'),(34,1,11,8,'auth'),(35,1,11,8,'index'),(36,1,11,8,'identity'),(37,1,11,8,'cart'),(38,1,11,8,'orderfollow'),(39,1,11,8,'stores'),(40,1,11,8,'orderfollow'),(41,1,11,8,'stores'),(42,1,11,8,'identity'),(43,1,11,8,'orderopc'),(44,1,11,8,'orderslip'),(45,1,11,8,'auth'),(46,1,11,8,'orderslip'),(47,1,11,8,'password'),(48,1,11,8,'cart'),(49,1,11,8,'index'),(50,1,11,8,'order'),(51,1,11,8,'password'),(52,1,11,8,'identity'),(53,1,11,8,'orderslip'),(54,1,11,8,'myaccount'),(55,1,11,8,'identity'),(56,1,11,8,'order'),(57,1,11,8,'contact'),(58,1,11,8,'order'),(59,1,11,8,'discount'),(60,1,11,8,'sitemap'),(61,1,11,8,'orderslip'),(62,1,11,8,'address'),(63,1,11,8,'auth'),(64,1,11,8,'addresses'),(65,1,11,8,'discount'),(66,1,11,8,'addresses'),(67,1,11,8,'address'),(68,1,11,8,'cart'),(69,1,11,8,'sitemap'),(70,1,11,8,'auth'),(71,1,11,8,'o'),(72,1,11,8,'order'),(73,1,11,8,'orderslip'),(74,1,11,8,'cart'),(75,1,11,8,'identity'),(76,1,11,8,'addresses'),(77,1,11,8,'password'),(78,1,11,8,'index'),(79,1,11,8,'orderopc'),(80,1,11,8,'stores'),(81,1,11,8,'password'),(82,1,11,8,'auth'),(83,1,11,8,'password'),(84,1,11,8,'cms'),(85,1,11,8,'address'),(86,1,11,8,'aut'),(87,1,11,8,'cms'),(88,1,11,8,'product'),(89,1,11,8,'password'),(90,1,11,8,'stores'),(91,1,11,8,'orderopc'),(92,1,11,8,'myaccount'),(93,1,11,8,'addresses'),(94,1,11,8,'cart'),(95,1,11,8,'stores'),(96,1,11,8,'pr'),(97,1,11,8,'product'),(98,1,11,8,'index'),(99,1,11,8,'stores'),(100,1,11,8,'identity'),(101,1,11,8,'orderopc'),(102,1,11,8,'auth'),(103,1,11,8,'auth'),(104,1,11,8,'auth'),(105,1,11,8,'cms'),(106,1,11,8,'contact'),(107,1,11,8,'order'),(108,1,11,8,'stores'),(109,1,11,8,'identity'),(110,1,11,8,'cart'),(111,1,11,8,'cart'),(112,1,11,8,'order'),(113,1,11,8,'my'),(114,1,11,8,'address'),(115,1,11,8,'orderfollow'),(116,1,11,8,'pageno'),(117,1,11,8,'addresses'),(118,1,11,8,'addresses'),(119,1,11,8,'orderopc'),(120,1,11,8,'cart'),(121,1,11,8,'or'),(122,1,11,8,'addresses'),(123,1,11,8,'sitemap'),(124,1,11,8,'orderfollow'),(125,1,11,8,'identity'),(126,1,11,8,'orderfollow'),(127,1,11,8,'contact'),(128,1,11,8,'a'),(129,1,19,8,'sitemap'),(130,1,19,8,'discount'),(131,1,19,8,'identity'),(132,1,19,8,'password'),(133,1,19,8,'cart'),(134,1,19,8,'discount'),(135,1,19,8,'product'),(136,1,19,8,'index'),(137,1,19,8,'auth'),(138,1,19,8,'discount'),(139,1,19,8,'identity'),(140,1,19,8,'index'),(141,1,19,8,'order'),(142,1,19,8,'orderopc'),(143,1,19,8,'orderslip'),(144,1,19,8,'index'),(145,1,19,8,'pagenotfound'),(146,1,19,8,'address'),(147,1,19,8,'index'),(148,1,19,8,'discount'),(149,1,19,8,'cms'),(150,1,19,8,'addresses'),(151,1,19,8,'index'),(152,1,19,8,'product'),(153,1,19,8,'discount'),(154,1,19,8,'orderslip'),(155,1,19,8,'myaccount'),(156,1,19,8,'contact'),(157,1,19,8,'index'),(158,1,19,8,'cart'),(159,1,19,8,'cart'),(160,1,19,8,'order'),(161,1,19,8,'orderslip'),(162,1,19,8,'product'),(163,1,19,8,'sitemap'),(164,1,19,8,'identity'),(165,1,19,8,'identity'),(166,1,19,8,'orderfollow'),(167,1,19,8,'sitemap'),(168,1,19,8,'order'),(169,1,19,8,'orderslip'),(170,1,19,8,'product'),(171,1,19,8,'addresses'),(172,1,19,8,'index'),(173,1,19,8,'address'),(174,1,19,8,'stores'),(175,1,19,8,'index'),(176,1,19,8,'address'),(177,1,19,8,'cms'),(178,1,19,8,'contact'),(179,1,19,8,'password'),(180,1,19,8,'password'),(181,1,19,8,'sitemap'),(182,1,19,8,'orderopc'),(183,1,19,8,'sitemap'),(184,1,19,8,'order'),(185,1,19,8,'cart'),(186,1,19,8,'password'),(187,1,19,8,'contact'),(188,1,19,8,'contact'),(189,1,19,8,'order'),(190,1,19,8,'cms'),(191,1,19,8,'orderslip'),(192,1,19,8,'contact'),(193,1,19,8,'index'),(194,1,19,8,'pagenotfound'),(195,1,19,8,'cms'),(196,1,19,8,'cms'),(197,1,19,8,'product'),(198,1,19,8,'order'),(199,1,19,8,'stores'),(200,1,19,8,'contact'),(201,1,19,8,'order'),(202,1,19,8,'orderslip'),(203,1,19,8,'discount'),(204,1,19,8,'product'),(205,1,19,8,'index'),(206,1,19,8,'myaccount'),(207,1,19,8,'orderopc'),(208,1,19,8,'address'),(209,1,19,8,'password'),(210,1,19,8,'cms'),(211,1,19,8,'orderfollow'),(212,1,19,8,'address'),(213,1,19,8,'orderfollow'),(214,1,19,8,'address'),(215,1,19,8,'orderslip'),(216,1,19,8,'pagenotfound'),(217,1,19,8,'orderopc'),(218,1,19,8,'orderslip'),(219,1,19,8,'order'),(220,1,19,8,'discount'),(221,1,19,8,'password'),(222,1,19,8,'cart'),(223,1,19,8,'identity'),(224,1,19,8,'contact'),(225,1,19,8,'stores'),(226,1,19,8,'orderfollow'),(227,1,19,8,'orderopc'),(228,1,19,8,'discount'),(229,1,19,8,'addresses'),(230,1,19,8,'password'),(231,1,19,8,'orderopc'),(232,1,19,8,'discount'),(233,1,19,8,'orderfollow'),(234,1,19,8,'orderopc'),(235,1,19,8,'addresses'),(236,1,19,8,'cms'),(237,1,19,8,'identity'),(238,1,19,8,'stores'),(239,1,19,8,'address'),(240,1,19,8,'cms'),(241,1,19,8,'pagenotfound'),(242,1,25,8,'addresses'),(243,1,25,8,'category'),(244,1,25,8,'addresses'),(245,1,25,8,'password'),(246,1,25,8,'discount'),(247,1,25,8,'orderopc'),(248,1,25,8,'pagenotfound'),(249,1,25,8,'stores'),(250,1,25,8,'product'),(251,1,25,8,'auth'),(252,1,25,8,'category'),(253,1,25,8,'category'),(254,1,25,8,'address'),(255,1,25,8,'auth'),(256,1,25,8,'order'),(257,1,25,8,'discount'),(258,1,25,8,'sitemap'),(259,1,25,8,'sitemap'),(260,1,25,8,'orderopc'),(261,1,25,8,'addresses'),(262,1,25,8,'stores'),(263,1,25,8,'stores'),(264,1,25,8,'cms'),(265,1,25,8,'address'),(266,1,25,8,'discount'),(267,1,25,8,'category'),(268,1,25,8,'discount'),(269,1,25,8,'pagenotfound'),(270,1,25,8,'orderslip'),(271,1,25,8,'category'),(272,1,25,8,'index'),(273,1,25,8,'stores'),(274,1,25,8,'myaccount'),(275,1,25,8,'product'),(276,1,25,8,'address'),(277,1,25,8,'orderopc'),(278,1,25,8,'orderslip'),(279,1,25,8,'pagenotfound'),(280,1,25,8,'orderopc'),(281,1,25,8,'order'),(282,1,25,8,'order'),(283,1,25,8,'stores'),(284,1,25,8,'pagenotfound'),(285,1,25,8,'category'),(286,1,25,8,'cms'),(287,1,25,8,'category'),(288,1,25,8,'stores'),(289,1,25,8,'discount'),(290,1,25,8,'category'),(291,1,25,8,'auth'),(292,1,25,8,'identity'),(293,1,25,8,'co'),(294,1,25,8,'ordersli'),(295,1,25,8,'order'),(296,1,25,8,'stores'),(297,1,25,8,'order'),(298,1,25,8,'category'),(299,1,25,8,'contact'),(300,1,25,8,'contact'),(301,1,25,8,'cart'),(302,1,25,8,'index'),(303,1,25,8,'pagenotfound'),(304,1,25,8,'pagenotfound'),(305,1,25,8,'category'),(306,1,25,8,'stores'),(307,1,25,8,'category'),(308,1,25,8,'identity'),(309,1,25,8,'category'),(310,1,25,8,'identity'),(311,1,25,8,'cart'),(312,1,25,8,'stores'),(313,1,25,8,'c'),(314,1,25,8,'category'),(315,1,25,8,'category'),(316,1,25,8,'discount'),(317,1,25,8,'ident'),(318,1,25,8,'order'),(319,1,25,8,'category'),(320,1,25,8,'orderopc'),(321,1,25,8,'pagenotfound'),(322,1,25,8,'product'),(323,1,25,8,'contact'),(324,1,25,8,'orderslip'),(325,1,25,8,'orderfollow'),(326,1,25,8,'identity'),(327,1,25,8,'orderopc'),(328,1,25,8,'pagenotfound'),(329,1,25,8,'order'),(330,1,25,8,'auth'),(331,1,25,8,'contact'),(332,1,25,8,'category'),(333,1,25,8,'cms'),(334,1,25,8,'address'),(335,1,25,8,'myaccount'),(336,1,25,8,'contact'),(337,1,25,8,'auth'),(338,1,25,8,'cart'),(339,1,25,8,'category'),(340,1,25,8,'discount'),(341,1,25,8,'category'),(342,1,25,8,'category'),(343,1,25,8,'password'),(344,1,25,8,'password'),(345,1,25,8,'addresses'),(346,1,25,8,'category'),(347,1,25,8,'category'),(348,1,25,8,'product'),(349,1,25,8,'pagenotfound'),(350,1,25,8,'order'),(351,1,25,8,'address'),(352,1,25,8,'cat'),(353,1,29,8,'sitemap'),(354,1,29,8,'cart'),(355,1,29,8,'myaccount'),(356,1,29,8,'orderfollow'),(357,1,29,8,'password'),(358,1,29,8,'addresses'),(359,1,29,8,'pagenotfound'),(360,1,29,8,'cms'),(361,1,29,8,'sitemap'),(362,1,29,8,'orderslip'),(363,1,29,8,'stores'),(364,1,29,8,'order'),(365,1,29,8,'order'),(366,1,29,8,'myaccount'),(367,1,29,8,'orderfollow'),(368,1,29,8,'address'),(369,1,29,8,'product'),(370,1,29,8,'cart'),(371,1,29,8,'identity'),(372,1,29,8,'cms'),(373,1,29,8,'address'),(374,1,29,8,'addresses'),(375,1,29,8,'cms'),(376,1,29,8,'auth'),(377,1,29,8,'pagenotfound'),(378,1,29,8,'discount'),(379,1,29,8,'orderslip'),(380,1,29,8,'stores'),(381,1,29,8,'pagenotfound'),(382,1,29,8,'orderopc'),(383,1,29,8,'product'),(384,1,29,8,'order'),(385,1,29,8,'sitemap'),(386,1,29,8,'address'),(387,1,29,8,'index'),(388,1,29,8,'addresses'),(389,1,29,8,'discount'),(390,1,29,8,'addresses'),(391,1,29,8,'order'),(392,1,29,8,'contact'),(393,1,29,8,'myaccount'),(394,1,29,8,'orderfollow'),(395,1,29,8,'addresses'),(396,1,29,8,'stores'),(397,1,29,8,'stores'),(398,1,29,8,'product'),(399,1,29,8,'cms'),(400,1,29,8,'cms'),(401,1,29,8,'discount'),(402,1,29,8,'cms'),(403,1,29,8,'orderslip'),(404,1,29,8,'index'),(405,1,29,8,'myaccount'),(406,1,29,8,'orderopc'),(407,1,29,8,'myaccount'),(408,1,29,8,'index'),(409,1,29,8,'identity'),(410,1,29,8,'orderslip'),(411,1,29,8,'cms'),(412,1,29,8,'password'),(413,1,29,8,'orderfollow'),(414,1,29,8,'myaccount'),(415,1,29,8,'orderfollow'),(416,1,29,8,'orderopc'),(417,1,29,8,'sitemap'),(418,1,29,8,'password'),(419,1,29,8,'discount'),(420,1,29,8,'order'),(421,1,29,8,'auth'),(422,1,29,8,'pagenotfound'),(423,1,29,8,'discount'),(424,1,29,8,'cart'),(425,1,29,8,'pagenotfound'),(426,1,29,8,'addresses'),(427,1,29,8,'order'),(428,1,29,8,'cms'),(429,1,29,8,'stores'),(430,1,29,8,'auth'),(431,1,29,8,'myaccount'),(432,1,29,8,'identity'),(433,1,29,8,'myaccount'),(434,1,29,8,'si'),(435,1,29,8,'address'),(436,1,29,8,'contact'),(437,1,29,8,'auth'),(438,1,29,8,'discount'),(439,1,29,8,'password'),(440,1,29,8,'address'),(441,1,29,8,'password'),(442,1,29,8,'contact'),(443,1,29,8,'ad'),(444,1,29,8,'cart'),(445,1,29,8,'contact'),(446,1,29,8,'orderopc'),(447,1,29,8,'contact'),(448,1,29,8,'auth'),(449,1,29,8,'cms'),(450,1,29,8,'index'),(451,1,29,8,'contact'),(452,1,29,8,'addresses'),(453,1,29,8,'addresses'),(454,1,29,8,'stores'),(455,1,29,8,'cart'),(456,1,29,8,'password'),(457,1,29,8,'order'),(458,1,29,8,'identity'),(459,1,29,8,'contact'),(460,1,29,8,'auth'),(461,1,29,8,'index'),(462,1,29,8,'addresses'),(463,1,29,8,'product'),(464,1,29,8,'cms'),(465,1,29,8,'stores'),(466,1,29,8,'cms'),(467,1,29,8,'cms'),(468,1,29,8,'cont');

--
-- Table structure for table `ps_image`
--

CREATE TABLE `ps_image` (
  `id_image` int(10) unsigned NOT NULL AUTO_INCREMENT,
  `id_product` int(10) unsigned NOT NULL,
  `position` smallint(2) unsigned NOT NULL DEFAULT '0',
  `cover` tinyint(1) unsigned DEFAULT NULL,
  PRIMARY KEY (`id_image`),
  UNIQUE KEY `id_product_cover` (`id_product`,`cover`),
  UNIQUE KEY `idx_product_image` (`id_image`,`id_product`,`cover`),
  KEY `image_product` (`id_product`)
) ENGINE=InnoDB AUTO_INCREMENT=784 DEFAULT CHARSET=utf8;

--
-- Dumping data for table `ps_image`
--

INSERT INTO `ps_image` VALUES (2,1,1,1),(3,3,1,1),(5,5,1,1),(6,6,1,1),(7,7,1,1),(8,8,1,1),(9,9,1,1),(10,10,1,1),(11,12,1,1),(12,13,1,1),(13,14,1,1),(15,17,1,1),(16,18,1,1),(17,19,1,1),(18,20,1,1),(19,21,1,1),(20,22,1,1),(22,24,1,1),(23,25,1,1),(24,26,1,1),(25,27,1,1),(26,28,1,1),(27,29,1,1),(28,30,1,1),(29,31,1,1),(30,32,1,1),(31,33,1,1),(32,34,1,1),(33,35,1,1),(34,36,1,1),(35,37,1,1),(36,38,1,1),(37,40,1,1),(38,41,1,1),(39,42,1,1),(40,43,1,1),(41,45,1,1),(42,46,1,1),(43,47,1,1),(44,48,1,1),(45,49,1,1),(46,50,1,1),(47,51,1,1),(48,23,1,1),(49,4,1,1),(50,52,1,1),(52,53,1,1),(53,54,1,1),(54,55,1,1),(55,56,1,1),(56,58,1,1),(57,59,1,1),(58,60,1,1),(59,61,1,1),(60,63,1,1),(61,64,1,1),(62,65,1,1),(63,66,1,1),(64,67,1,1),(65,68,1,1),(66,69,1,1),(67,70,1,1),(68,71,1,1),(69,73,1,1),(70,72,1,1),(71,74,1,1),(72,75,1,1),(73,75,2,NULL),(74,76,1,1),(75,76,2,NULL),(76,76,3,NULL),(77,77,2,1),(78,77,3,NULL),(79,77,1,NULL),(80,78,1,1),(81,78,2,NULL),(82,79,2,1),(83,79,1,NULL),(84,80,1,1),(85,80,2,NULL),(86,81,1,1),(87,81,2,NULL),(88,82,1,1),(89,82,2,NULL),(90,82,3,NULL),(93,83,1,1),(94,83,2,NULL),(95,83,3,NULL),(96,2,1,1),(97,44,1,1),(98,85,2,1),(99,85,1,NULL),(100,85,3,NULL),(101,86,2,1),(102,86,3,NULL),(103,86,1,NULL),(104,87,1,1),(105,87,2,NULL),(108,88,1,1),(109,88,2,NULL),(113,89,1,1),(114,89,2,NULL),(117,90,2,1),(118,90,1,NULL),(119,91,2,NULL),(120,91,1,1),(121,91,3,NULL),(122,92,1,1),(125,93,1,1),(126,94,1,1),(127,95,1,1),(128,97,1,1),(129,96,1,1),(130,98,1,1),(131,15,1,1),(132,99,1,1),(133,100,1,1),(134,101,1,1),(135,102,1,1),(136,103,1,1),(137,104,1,1),(138,105,1,1),(139,106,1,1),(140,107,1,1),(141,108,1,1),(142,109,1,1),(143,109,2,NULL),(144,110,2,NULL),(145,110,1,1),(146,111,1,1),(147,112,1,1),(148,112,2,NULL),(149,113,1,1),(150,114,1,1),(153,115,1,NULL),(154,115,2,1),(157,118,1,NULL),(158,118,2,NULL),(159,118,3,1),(160,119,1,NULL),(161,119,2,1),(165,122,1,1),(166,123,1,1),(167,124,1,1),(168,125,1,1),(169,126,1,1),(170,127,1,1),(171,128,1,1),(173,129,1,1),(175,130,1,1),(177,131,1,1),(179,133,1,1),(181,134,1,1),(183,135,1,1),(186,138,1,1),(188,139,1,1),(189,140,1,1),(191,142,1,1),(192,143,1,1),(193,144,1,1),(194,145,1,1),(196,147,1,1),(198,146,1,1),(202,151,1,1),(204,152,1,1),(205,153,1,1),(206,154,1,1),(207,155,1,1),(208,156,1,1),(209,157,1,1),(210,158,1,1),(211,159,1,1),(212,160,1,1),(213,161,1,1),(216,164,1,1),(217,165,1,1),(218,166,1,1),(219,167,1,1),(222,212,1,1),(223,213,1,1),(224,214,1,1),(225,215,1,1),(226,216,1,1),(227,217,1,1),(228,218,1,1),(229,219,1,1),(230,220,1,1),(231,221,1,1),(232,222,1,1),(233,223,1,1),(234,224,1,1),(235,225,1,1),(236,226,1,1),(237,227,1,1),(238,228,1,1),(239,229,1,1),(240,230,1,1),(241,231,1,1),(242,232,1,1),(243,233,1,1),(244,234,1,1),(245,235,1,1),(246,236,1,1),(247,237,1,1),(248,237,2,NULL),(249,238,1,1),(250,239,1,1),(251,240,1,1),(252,241,1,1),(253,242,1,1),(254,243,1,1),(255,244,1,1),(256,245,1,1),(257,258,1,1),(258,259,1,1),(259,260,1,1),(260,261,1,1),(261,262,1,1),(262,263,1,1),(263,136,1,1),(264,264,1,1),(267,267,1,1),(268,268,1,1),(270,270,1,1),(271,271,1,1),(272,272,1,1),(273,273,1,1),(274,274,1,1),(275,275,1,1),(276,276,1,1),(277,277,1,1),(278,278,1,1),(279,279,1,1),(280,280,1,1),(281,281,1,1),(282,282,1,1),(287,283,1,1),(291,148,1,1),(292,150,1,1),(295,132,1,1),(296,132,2,NULL),(297,132,3,NULL),(298,120,1,1),(299,120,2,NULL),(300,120,3,NULL),(302,121,1,1),(303,121,2,NULL),(304,121,3,NULL),(305,284,1,1),(306,284,2,NULL),(307,284,3,NULL),(308,117,1,1),(310,285,2,NULL),(312,286,2,NULL),(314,287,2,NULL),(316,288,2,NULL),(322,291,1,1),(323,286,1,1),(324,285,1,1),(325,287,1,1),(326,288,1,1),(327,289,1,1),(328,290,1,1),(329,320,1,1),(330,320,2,NULL),(331,319,1,1),(332,319,2,NULL),(333,321,1,1),(334,322,1,1),(335,323,1,1),(336,312,1,1),(337,311,1,1),(339,305,1,1),(342,303,1,1),(343,303,2,NULL),(344,301,1,1),(345,302,1,1),(346,302,3,NULL),(347,302,2,NULL),(348,297,1,1),(349,297,2,NULL),(350,297,3,NULL),(351,300,1,1),(352,300,2,NULL),(353,294,1,1),(354,294,2,NULL),(355,294,3,NULL),(357,295,1,1),(358,295,2,NULL),(359,295,3,NULL),(360,325,1,1),(361,296,2,1),(362,296,3,NULL),(363,296,1,NULL),(364,298,1,1),(365,293,3,NULL),(366,293,1,1),(367,293,2,NULL),(369,292,1,NULL),(370,292,2,NULL),(371,299,1,1),(372,299,2,NULL),(373,304,1,1),(374,304,2,NULL),(375,306,1,1),(376,308,1,1),(377,309,1,1),(379,326,1,1),(380,326,2,NULL),(382,327,1,NULL),(383,327,2,1),(384,328,1,NULL),(385,328,2,1),(386,329,1,1),(388,329,2,NULL),(391,330,1,NULL),(392,330,2,NULL),(393,330,3,1),(394,331,1,NULL),(395,331,2,NULL),(397,331,3,1),(398,332,1,1),(400,333,1,1),(402,324,1,1),(403,334,1,1),(404,310,1,1),(405,307,1,1),(406,369,2,1),(407,369,1,NULL),(408,367,2,1),(409,367,1,NULL),(410,366,1,1),(411,366,2,NULL),(414,365,1,NULL),(415,364,2,1),(416,364,1,NULL),(417,363,2,1),(418,363,1,NULL),(419,363,3,NULL),(420,371,1,1),(421,371,2,NULL),(422,370,1,1),(423,335,1,1),(424,335,2,NULL),(425,336,1,1),(426,336,2,NULL),(427,337,1,1),(428,338,2,1),(429,338,1,NULL),(431,339,1,NULL),(432,340,2,1),(433,340,1,NULL),(434,341,1,1),(435,341,2,NULL),(436,342,2,1),(437,342,1,NULL),(438,343,2,1),(439,343,1,NULL),(440,344,2,1),(441,344,1,NULL),(442,345,2,1),(443,345,1,NULL),(444,346,1,1),(445,346,2,NULL),(446,347,1,1),(447,348,3,NULL),(448,348,2,NULL),(449,348,1,1),(450,349,1,NULL),(451,349,2,1),(452,349,3,NULL),(453,350,1,1),(455,352,1,1),(456,352,2,NULL),(457,353,1,1),(458,353,2,NULL),(459,354,2,NULL),(460,354,1,1),(461,356,1,1),(462,356,2,NULL),(463,356,3,NULL),(464,357,1,1),(465,357,2,NULL),(466,357,3,NULL),(467,358,1,1),(468,358,2,NULL),(469,358,3,NULL),(471,372,1,1),(472,339,2,1),(473,141,1,1),(474,355,1,1),(475,359,1,1),(476,360,1,1),(477,361,1,1),(478,362,1,1),(479,373,1,1),(480,374,1,1),(481,368,1,1),(482,375,1,1),(483,376,1,1),(484,380,2,NULL),(485,380,1,1),(486,379,1,1),(487,378,1,NULL),(488,378,2,1),(489,377,1,1),(490,381,1,1),(491,382,1,NULL),(492,382,2,1),(493,383,1,NULL),(494,383,2,1),(495,384,1,NULL),(496,384,2,1),(497,385,1,1),(498,385,2,NULL),(499,386,1,1),(500,386,2,NULL),(501,387,1,1),(502,387,2,NULL),(503,388,1,1),(504,388,2,NULL),(508,391,1,1),(509,391,2,NULL),(510,392,1,NULL),(511,392,2,1),(512,393,1,NULL),(513,393,2,1),(514,394,1,1),(515,395,1,1),(516,396,1,1),(517,397,1,NULL),(518,397,2,1),(519,398,1,1),(520,398,2,NULL),(521,399,1,1),(522,399,2,NULL),(523,400,1,1),(524,401,1,1),(525,402,1,1),(526,402,2,NULL),(527,402,3,NULL),(528,403,1,1),(529,404,1,1),(530,405,1,1),(531,406,1,1),(532,407,1,1),(533,408,1,1),(534,408,2,NULL),(535,409,1,NULL),(536,409,2,1),(539,410,1,1),(540,411,1,1),(541,412,1,1),(542,413,1,1),(543,414,1,1),(544,415,1,1),(545,415,2,NULL),(546,416,1,1),(547,417,1,NULL),(548,417,2,1),(549,418,1,NULL),(550,418,2,1),(551,419,1,NULL),(552,419,2,1),(553,420,1,1),(554,421,1,1),(555,422,1,1),(556,423,1,1),(557,423,2,NULL),(558,424,1,1),(559,424,2,NULL),(560,425,1,1),(561,425,2,NULL),(562,426,1,NULL),(563,426,2,1),(564,427,1,NULL),(565,427,2,1),(566,428,1,1),(568,431,1,1),(569,432,1,1),(570,433,1,1),(571,434,1,1),(572,434,2,NULL),(573,435,1,1),(574,436,1,1),(575,437,1,1),(576,438,1,1),(577,438,2,NULL),(578,439,1,1),(579,440,1,1),(580,441,1,1),(581,442,1,1),(582,443,1,1),(583,444,1,1),(584,445,1,1),(585,446,1,1),(586,447,1,1),(587,447,2,NULL),(588,447,3,NULL),(589,448,1,NULL),(590,448,2,1),(591,448,3,NULL),(592,449,1,1),(593,449,2,NULL),(594,450,1,1),(595,451,1,1),(596,452,1,1),(597,453,1,1),(598,456,1,1),(599,456,2,NULL),(600,457,1,1),(601,458,1,1),(602,469,1,1),(603,470,1,1),(605,471,1,1),(606,468,1,1),(607,459,1,1),(608,460,1,1),(609,467,1,1),(610,466,1,1),(611,465,1,1),(612,463,1,1),(613,464,1,1),(614,461,1,1),(615,462,1,1),(616,455,1,1),(617,454,1,1),(618,472,1,1),(619,473,1,1),(620,430,1,1),(621,351,1,1),(622,474,1,1),(623,475,1,1),(624,476,1,1),(625,477,1,NULL),(626,477,2,1),(627,478,1,1),(629,479,1,1),(630,479,2,NULL),(633,480,1,1),(634,480,2,NULL),(637,481,1,NULL),(638,481,2,1),(641,482,1,1),(642,482,2,NULL),(643,483,1,1),(644,483,2,NULL),(645,484,1,1),(646,485,1,1),(647,485,2,NULL),(648,486,1,1),(649,486,2,NULL),(650,487,1,1),(651,488,1,1),(652,488,2,NULL),(653,489,1,NULL),(654,489,2,1),(655,490,1,1),(656,490,2,NULL),(657,491,1,NULL),(658,491,2,1),(659,492,1,1),(660,493,1,1),(661,494,1,1),(662,494,2,NULL),(663,495,1,1),(664,496,1,1),(665,497,1,NULL),(666,497,2,1),(667,498,1,1),(668,499,1,1),(669,504,1,1),(671,512,1,1),(674,500,1,NULL),(675,500,2,1),(676,501,1,1),(677,502,1,NULL),(678,502,2,1),(679,503,1,1),(680,510,1,1),(681,510,2,NULL),(682,505,1,1),(683,511,1,1),(686,509,1,NULL),(687,509,2,1),(688,506,1,NULL),(689,506,2,1),(690,514,1,NULL),(691,514,2,1),(692,507,1,1),(693,508,1,NULL),(694,508,2,1),(695,515,3,NULL),(696,515,2,NULL),(697,515,1,1),(698,365,2,1),(699,116,1,1),(701,517,1,1),(703,518,1,1),(705,519,1,1),(707,520,1,1),(708,521,1,1),(709,521,2,NULL),(710,522,1,1),(711,523,1,1),(712,524,1,NULL),(713,524,2,1),(714,525,1,1),(715,526,1,1),(716,526,2,NULL),(717,527,1,1),(718,528,1,1),(719,529,1,1),(720,530,1,1),(723,531,1,NULL),(724,531,2,1),(725,292,3,1),(726,532,1,1),(728,533,1,1),(729,534,1,1),(730,535,1,1),(731,536,1,1),(732,536,2,NULL),(733,537,1,1),(734,538,1,1),(735,538,2,NULL),(736,539,1,1),(737,539,2,NULL),(738,540,1,NULL),(739,540,2,1),(742,541,1,NULL),(743,541,2,1),(746,542,1,1),(747,542,2,NULL),(750,543,1,1),(751,543,2,NULL),(754,544,1,1),(755,544,2,NULL),(756,545,1,1),(757,546,1,1),(758,546,2,NULL),(761,547,1,1),(763,548,1,1),(765,549,1,1),(767,550,1,1),(768,551,1,NULL),(769,551,2,1),(772,552,1,1),(774,553,1,1),(776,554,1,1),(777,555,1,1),(779,556,1,1),(780,557,1,1),(782,558,1,1),(783,560,1,1);

--
-- Table structure for table `ps_image_lang`
--

CREATE TABLE `ps_image_lang` (
  `id_image` int(10) unsigned NOT NULL,
  `id_lang` int(10) unsigned NOT NULL,
  `legend` varchar(128) DEFAULT NULL,
  PRIMARY KEY (`id_image`,`id_lang`),
  KEY `id_image` (`id_image`)
) ENGINE=InnoDB DEFAULT CHARSET=utf8;

--
-- Dumping data for table `ps_image_lang`
--

INSERT INTO `ps_image_lang` VALUES (2,1,'MULTIPACK COMPATIBILE BROTHER LC125/127'),(3,1,'Cartuccia ORIGINALE CLI-551BK'),(5,1,'Cartuccia ORIGINALE HP CN046AE N.951XL CIANO'),(6,1,'CARTUCCIA COMPATIBILE BROTHER LC-1240 MG'),(7,1,'CARTUCCIA COMPATIBILE BROTHER LC-1000 CY'),(8,1,'CARTUCCIA COMPATIBILE BROTHER LC-125XL CYAN'),(9,1,'Cartuccia ORIGINALE PGI-550 NERA'),(10,1,'Cartuccia ORIGINALE PG37 Black'),(11,1,'Cartuccia ORIGINALE CLI-526C CIANO'),(12,1,'Cartuccia ORIGINALE PGI-35'),(13,1,'Cartuccia ORIGINALE HP CD974AE N.920XL GIALLO'),(15,1,'CARTUCCIA COMPATIBILE BROTHER LC-900 BLACK'),(16,1,'CARTUCCIA COMPATIBILE BROTHER LC-123 BLACK'),(17,1,'CARTUCCIA COMPATIBILE BROTHER LC-123 YELLOW'),(18,1,'Cartuccia ORIGINALE CL-51 Colore'),(19,1,'CARTUCCIA COMPATIBILE BROTHER LC-985 YE'),(20,1,'Cartuccia ORIGINALE PG-50 BK'),(22,1,'Cartuccia ORIGINALE HP CN047AE N.951XL MAGENTA'),(23,1,'Cartuccia COMPATIBILE BROTHER LC-980/1100/LC61 YE'),(24,1,'MULTIPACK COMPATIBILE BROTHER LC1000 4BK+2XCOL'),(25,1,'CARTUCCIA COMPATIBILE BROTHER LC-900 YELLOW'),(26,1,'Cartuccia ORIGINALE PG-510 Black'),(27,1,'CARTUCCIA COMPATIBILE BROTHER LC-1240/1280 BK'),(28,1,'Cartuccia ORIGINALE CANON CLI-36 COLORE'),(29,1,'Cartuccia ORIGINALE CLI-551Y'),(30,1,'Cartuccia ORIGINALE HP CD972AE N.920XL CIANO'),(31,1,'Cartuccia ORIGINALE HP C6657A N.57 COLORE'),(32,1,'CARTUCCIA COMPATIBILE BROTHER LC-1240 YE'),(33,1,'CARTUCCIA COMPATIBILE BROTHER LC-1000 MG'),(34,1,'CARTUCCIA COMPATIBILE BROTHER LC-125XL MAGENTA'),(35,1,'Cartuccia ORIGINALE CANON CL-541 COLORE'),(36,1,'Cartuccia ORIGINALE CL38 Colore'),(37,1,'Cartuccia ORIGINALE CLI-526M MAGENTA'),(38,1,'Cartuccia ORIGINALE HP CC653A N.901 NERO'),(39,1,'Cartuccia ORIGINALE HP CN049AE N.950 NERO'),(40,1,'Cartuccia ORIGINALE HP C8728A N.28 COLORE'),(41,1,'Cartuccia COMPATIBILE BROTHER LC-900 CYAN'),(42,1,'CARTUCCIA COMPATIBILE BROTHER LC-123 CYAN'),(43,1,'MULTIPACK COMPATIBILE BROTHER LC123'),(44,1,'Cartuccia ORIGINALE PG-512 Black'),(45,1,'CARTUCCIA COMPATIBILE BROTHER LC-980/1100/LC61 BK'),(46,1,'Cartuccia ORIGINALE PGI-5BK'),(47,1,'Cartuccia ORIGINALE HP CH561EE N.301 NERO'),(48,1,'Cartuccia ORIGINALE HP CH562EE N.301 COLORE'),(49,1,'Cartuccia ORIGINALE HP CD971AE N.920 NERA'),(50,1,'Cartuccia ORIGINALE HP CN048AE N.951XL GIALLO'),(52,1,'Cartuccia COMPATIBILE BROTHER LC-1240 CY'),(53,1,'CARTUCCIA COMPATIBILE BROTHER LC-1000 BK'),(54,1,'CARTUCCIA COMPATIBILE BROTHER LC-127XL BLACK'),(55,1,'Canon ORIGINALE CL-511 Colore'),(56,1,'Cartuccia ORIGINALE CLI-526BK Black'),(57,1,'Cartuccia ORIGINALE CLI-551GY'),(58,1,'Cartuccia ORIGINALE HP CD973AE N.920XL MAGENTA'),(59,1,'Cartuccia ORIGINALE HP C6656A N.56 NERA'),(60,1,'CARTUCCIA COMPATIBILE BROTHER LC-1000 YE'),(61,1,'CARTUCCIA COMPATIBILE BROTHER LC-125XL YELLOW'),(62,1,'Cartuccia ORIGINALE  CL-541XL Colore'),(63,1,'CARTUCCIA COMPATIBILE BROTHER LC-123 MAGENTA'),(64,1,'Cartuccia ORIGINALE CANON PG-545 Black'),(65,1,'CARTUCCIA COMPATIBILE BROTHER LC-985 MG'),(66,1,'Cartuccia ORIGINALE CLI-526Y YELLOW'),(67,1,'Cartuccia ORIGINALE HP CC656A N.901 COLORE'),(68,1,'CARTUCCIA COMPATIBILE BROTHER LC-980/1100/LC61 MG'),(69,1,'CARTUCCIA COMPATIBILE BROTHER LC-900 MAGENTA'),(70,1,'MULTIPACK COMPATIBILE BROTHER LC1100 4BK+2XCOL'),(71,1,'Cartuccia ORIGINALE HP CN045AE N.950XL NERO'),(72,1,'Marsboy MINI SUPPORTO MAGNETICO FLESSIBILE ROTATIVO'),(73,1,'Marsboy MINI SUPPORTO MAGNETICO FLESSIBILE ROTATIVO'),(74,1,'SUPPORTO PORTATILE per tablet e cellulare'),(75,1,'SUPPORTO PORTATILE per tablet e cellulare'),(76,1,'SUPPORTO PORTATILE per tablet e cellulare'),(77,1,'INVERTER AUTO da 12V a 230V'),(78,1,'INVERTER AUTO da 12V a 230V'),(79,1,'INVERTER AUTO da 12V a 230V'),(80,1,'Altoparlante Bluetooth AS200'),(81,1,'Altoparlante Bluetooth AS200'),(82,1,'CARICABATTERIE da auto Foxnovo (2 x 2,4A)'),(83,1,'CARICABATTERIE da auto Foxnovo (2 x 2,4A)'),(84,1,'Adattatore per presa accendisigari da Auto'),(85,1,'Adattatore per presa accendisigari da Auto'),(86,1,'Fascia Braccio Sport Antiscivolo'),(87,1,'Fascia Braccio Sport Antiscivolo'),(88,1,'Mouse Gaming DBPOWER DB72'),(89,1,'Mouse Gaming DBPOWER DB72'),(90,1,'Mouse Gaming DBPOWER DB72'),(93,1,'Fascia da Braccio Sportiva Universale AUKEY '),(94,1,'Fascia da Braccio Sportiva Universale AUKEY '),(95,1,'Fascia da Braccio Sportiva Universale AUKEY '),(96,1,'Cartuccia ORIGINALE CANON CL-513 Colore'),(97,1,'CARTUCCIA COMPATIBILE BROTHER LC-1280 YE'),(98,1,'Supporto Cellulare Auto Universale'),(99,1,'Supporto Cellulare Auto Universale'),(100,1,'Supporto Cellulare Auto Universale'),(101,1,'Supporto di raffreddamento AVANTEK'),(102,1,'Supporto di raffreddamento AVANTEK'),(103,1,'Supporto di raffreddamento AVANTEK'),(104,1,'Fascia da Braccia Sport per HTC One M9'),(105,1,'Fascia da Braccia Sport per HTC One M9'),(108,1,'Fascia da Braccia Sport per HTC One M9'),(109,1,'Fascia da Braccia Sport per HTC One M9'),(113,1,'Mouse Gaming DBPOWER DB72'),(114,1,'Mouse Gaming DBPOWER DB72'),(117,1,'Penna Touch Executive con Penna a Sfera 2 IN 1'),(118,1,'Penna Touch Executive con Penna a Sfera 2 IN 1'),(119,1,'Selfie Stick Bluetooth'),(120,1,'Selfie Stick Bluetooth'),(121,1,'Selfie Stick Bluetooth'),(122,1,'Stand Pieghevole in Alluminio per Tablet e Smartphone'),(125,1,'Ricambio Touch Screen BIANCO per Samusung Galaxy Tab 3 Lite 7.0 / T110'),(126,1,'Touch Screen bianco per Samusung Galaxy Tab 4 10.1 T530 T531 T535'),(127,1,'Touch Screen nero per Samusung Galaxy Tab 3 Lite 7.0 / T110'),(128,1,'Touch Screen bianco per Samusung Galaxy Tab PRO 10.1 SM-T520'),(129,1,'Touch Screen nero per Samusung Galaxy Tab 4 10.1 T530 T531 T535'),(130,1,'Touch Screen nero per Samusung Galaxy Tab PRO 10.1 SM-T520'),(131,1,'Cartuccia ORIGINALE HP C8727A N.27 NERA'),(132,1,'Cartuccia COMPATIBILE BROTHER LC-985 BK'),(133,1,'Cartuccia COMPATIBILE BROTHER LC-985 CY'),(134,1,'MULTIPACK COMPATIBILE BROTHER LC-985'),(135,1,'Cartuccia COMPATIBILE BROTHER LC-980/1100/LC61 CY'),(136,1,'Cartuccia ORIGINALE CANON PG-40 NERA'),(137,1,'Cartuccia ORIGINALE CANON CL-41 COLORE'),(138,1,'MULTIPACK ORIGINALE CANON PGI-510/511'),(139,1,'MULTIPACK ORIGINALE CANON PG-540/CL-541'),(140,1,'Adattatore USB Wireless AUKEY'),(141,1,'Touch screen NERO Samsung Galaxy Tab 3 10.1 P5200 / P5210'),(142,1,'Altoparlante Bluetooth AUKEY'),(143,1,'Altoparlante Bluetooth AUKEY'),(144,1,'Altoparlante Bluetooth Igadgitz IGA-370'),(145,1,'Altoparlante Bluetooth Igadgitz IGA-370'),(146,1,'Touch screen bianco Samsung Galaxy Tab 3 10.1 P5200 / P5210'),(147,1,'Altoparlante Bluetooth Igadgitz IGA-210'),(148,1,'Altoparlante Bluetooth Igadgitz IGA-210'),(149,1,'Touch screen Bianco per Samsung Galaxy Tab 3 7.0 / T211'),(150,1,'Touch screen NERO per Samsung Galaxy Tab 3 7.0 / T211'),(153,1,'Altoparlante Bluetooth DBPOWER BA-500'),(154,1,'Altoparlante Bluetooth DBPOWER BA-500'),(157,1,'Supporto Cellulare Auto IBRA'),(158,1,'Supporto Cellulare Auto IBRA'),(159,1,'Supporto Cellulare Auto IBRA'),(160,1,'Supporto Cellulare Auto Universale IBRA'),(161,1,'Supporto Cellulare Auto Universale IBRA'),(165,1,'Touch screen BIANCO  Samsung Galaxy Tab 2 7.0 / P3110'),(166,1,'Touch screen NERO  Samsung Galaxy Tab 2 7.0 / P3110'),(167,1,'Touch screen BIANCO per Samsung Galaxy Tab S 10.5 / T800 / T805'),(168,1,'Touch screen NERO per Samsung Galaxy Tab S 10.5 / T800 / T805'),(169,1,'Lettore Smart Card'),(170,1,'CONVERTITORE da USB a RJ45 (ETHERNET)'),(171,1,'Mouse Gaming G3'),(173,1,'Mouse Gaming G3'),(175,1,'Mouse Wireless Nero/Verde'),(177,1,'Caddy per secondo Hard Disk'),(179,1,'Smart Watch BIANCO U80 BIANCO'),(181,1,'Smart Watch NERO U80'),(183,1,'Supporto Cellulare Auto MAGNETICO Universale Magnete Universale Bocchette Aria'),(186,1,'COMBO GAMING Tastiera+Mouse Wireless AULA Series 104'),(188,1,'Mouse GAMING Wireless WEYES'),(189,1,'Touch screen NERO per Samsung Galaxy TAB 3 SM-T311 8\"'),(191,1,'Touch Screen per iPad Mini BIANCO'),(192,1,'Touch screen BIANCO per Apple ipad 3'),(193,1,'Touch Screen NERO per Apple ipad 2'),(194,1,'Touch Screen BIANCO per Apple ipad 2'),(196,1,'Touch Screen BIANCO per Samsung Galaxy Tab 4 7\" SM-T230'),(198,1,'Touch Screen NERO per Samsung Galaxy Tab 4 7\" SM-T230'),(202,1,'Cartuccia ORIGINALE HP C9351AE N.21 NERA'),(204,1,'Cartuccia ORIGINALE HP C9352AE N.22 COLORE'),(205,1,'Toner COMPATIBILE SAMSUNG 2010/1610'),(206,1,'Toner COMPATIBILE SAMSUNG D1082/1640'),(207,1,'Toner COMPATIBILE SAMSUNG CLP-300 CY'),(208,1,'Toner COMPATIBILE SAMSUNG CLP-300 MG'),(209,1,'Toner COMPATIBILE SAMSUNG CLP-300 YE'),(210,1,'Toner COMPATIBILE SAMSUNG CLP-300 BK'),(211,1,'Toner COMPATIBILE SAMSUNG D1092'),(212,1,'Toner COMPATIBILE  SAMSUNG D1042S'),(213,1,'Toner COMPATIBILE  SAMSUNG D1052L'),(216,1,'Toner COMPATIBILE  SAMSUNG K4092 BK'),(217,1,'Toner COMPATIBILE  SAMSUNG C4092 CY'),(218,1,'Toner COMPATIBILE  SAMSUNG M4092 MG'),(219,1,'Toner COMPATIBILE  SAMSUNG Y4092 YE'),(222,1,'Cartuccia COMPATIBILE EPSON T1281 BK'),(223,1,'Cartuccia COMPATIBILE EPSON T1282 CY'),(224,1,'Cartuccia COMPATIBILE EPSON T1283 MG'),(225,1,'Cartuccia COMPATIBILE EPSON T1284 YE'),(226,1,'Cartuccia COMPATIBILE EPSON T1291 BK'),(227,1,'Cartuccia COMPATIBILE EPSON T1292 CY'),(228,1,'Cartuccia COMPATIBILE EPSON T1293 MG'),(229,1,'Cartuccia COMPATIBILE EPSON T1294 YE'),(230,1,'Cartuccia COMPATIBILE EPSON T1811 BK'),(231,1,'Cartuccia COMPATIBILE EPSON T1812 CY'),(232,1,'Cartuccia COMPATIBILE EPSON T1813 MG'),(233,1,'Cartuccia COMPATIBILE EPSON T1814 YE'),(234,1,'Cartuccia COMPATIBILE EPSON T0801 BK'),(235,1,'Cartuccia COMPATIBILE EPSON T0802 CY'),(236,1,'Cartuccia COMPATIBILE EPSON T0803 MG'),(237,1,'Cartuccia COMPATIBILE EPSON T0804 YE'),(238,1,'Cartuccia COMPATIBILE EPSON T0805L CY'),(239,1,'Cartuccia COMPATIBILE EPSON T0806L MG'),(240,1,'Cartuccia COMPATIBILE EPSON T01631 BK'),(241,1,'Cartuccia COMPATIBILE EPSON T01632 CY'),(242,1,'Cartuccia COMPATIBILE EPSON T01633 MG'),(243,1,'Cartuccia COMPATIBILE EPSON T01634 YE'),(244,1,'Cartuccia COMPATIBILE EPSON T7011 BK'),(245,1,'Cartuccia COMPATIBILE EPSON T7012 CY'),(246,1,'Cartuccia COMPATIBILE EPSON T7013 MG'),(247,1,'Cartuccia COMPATIBILE EPSON T7014 YE'),(248,1,'Cartuccia COMPATIBILE EPSON T7014 YE'),(249,1,'Cartuccia COMPATIBILE EPSON T711 BK'),(250,1,'Cartuccia COMPATIBILE EPSON T712 CY'),(251,1,'Cartuccia COMPATIBILE EPSON T713 MG'),(252,1,'Cartuccia COMPATIBILE EPSON T714 YE'),(253,1,'Cartuccia COMPATIBILE EPSON T0611 BK'),(254,1,'Cartuccia COMPATIBILE EPSON T0612 CY'),(255,1,'Cartuccia COMPATIBILE EPSON T0613MG'),(256,1,'Cartuccia COMPATIBILE EPSON T0614 YE'),(257,1,'MULTIPACK COMPATIBILE EPSON T71X'),(258,1,'MULTIPACK COMPATIBILE EPSON T128X'),(259,1,'MULTIPACK COMPATIBILE EPSON 611'),(260,1,'MULTIPACK COMPATIBILE EPSON T129X'),(261,1,'MULTIPACK COMPATIBILE EPSON T163X'),(262,1,'MULTIPACK COMPATIBILE EPSON T181X'),(263,1,'Foderino per smartphone BICICLETTA'),(264,1,'Flat carica microfono per Samsung i9195 Galaxy S4 Mini connettore ricarica USB'),(267,1,'camera frontale + SENSORE PROSSIMITà per samsung galaxy S3 MINI'),(268,1,'MODULO ANTENNA BUZZER CASSA Suoneria Audio per Samsung Galaxy Note N7000 Vivavoce'),(270,1,'HARD DISK HDD HD INTERNO 1000 GB SATA 2,5\" SEAGATE  1TB 1000GB ST1000LM024'),(271,1,'HARD DISK HDD HD INTERNO SATA 2,5\" WESTERN DIGITAL 320GB WD3200LPVX'),(272,1,'HARD DISK HDD HD INTERNO SATA 2,5\" WESTERN DIGITAL 500GB WD5000LPVX'),(273,1,'HARD DISK HDD HD INTERNO SATA 2,5\" WESTERN DIGITAL 1000GB 1TB WD10JPVX'),(274,1,'HARD DISK HDD HD INTERNO 2000 GB SATA 3,5\" SEAGATE  2TB 2000GB ST2000DM001'),(275,1,'HARD DISK HDD HD INTERNO 1000 GB SATA3 3,5\" SEAGATE  1TB 1000GB ST1000DM003'),(276,1,'HARD DISK HDD HD INTERNO 3000 GB SATA3 3,5\" SEAGATE  3TB 3000GB ST3000DM001'),(277,1,'HARD DISK HDD HD INTERNO 4000 GB SATA3 3,5\" SEAGATE  4TB 4000GB ST4000DM000'),(278,1,'HARD DISK HDD HD INTERNO 500 GB SATA3 3,5\" TOSHIBA 500GB DT01ACA050'),(279,1,'HARD DISK HDD HD INTERNO 1000 GB SATA3 3,5\" TOSHIBA  1TB 1000GB DT01ACA100'),(280,1,'HARD DISK HDD HD INTERNO SATA 3,5\" WESTERN DIGITAL 2000GB 2TB WD20EZRX'),(281,1,'HARD DISK HDD HD INTERNO SATA3 3,5\" WESTERN DIGITAL 2000GB 2TB RED WD20EFRX'),(282,1,'HARD DISK HDD HD INTERNO SATA3 3,5\" WESTERN DIGITAL GREEN 3000GB 3TB WD30EZRX'),(287,1,'STAMPANTE LASER MONOCROMATICA BROTHER HL-1110'),(291,1,'Telecamera AHD 9804'),(292,1,'Dvr AHD-9004Z'),(295,1,'Lettore FLOPPY USB'),(296,1,'Lettore FLOPPY USB'),(297,1,'Lettore FLOPPY USB'),(298,1,'Mouse BIANCO Wireless'),(299,1,'Mouse BIANCO Wireless'),(300,1,'Mouse BIANCO Wireless'),(302,1,'Mouse ultrasottile Laser Ottico 2.4GHz Wireless con ricevitore nano Nero'),(303,1,'Mouse ultrasottile Laser Ottico 2.4GHz Wireless con ricevitore nano Nero'),(304,1,'Mouse ultrasottile Laser Ottico 2.4GHz Wireless con ricevitore nano Nero'),(305,1,'PCIe Card 4x USB 3.0 4 PORTE ESTERNE Pannello Frontale Pci Express'),(306,1,'PCIe Card 4x USB 3.0 4 PORTE ESTERNE Pannello Frontale Pci Express'),(307,1,'PCIe Card 4x USB 3.0 4 PORTE ESTERNE Pannello Frontale Pci Express'),(308,1,'VETRO TOUCH SCREEN per SAMSUNG GALAXY TAB 4 LITE SM-T116 NERO BLACK WIFI 3G T116 116'),(310,1,'Touch Screen Vetro Nokia Lumia 520 Vetrino per Display Touchscreen'),(312,1,'Touch Screen Vetro Nero Nokia Lumia 920 Vetrino per Display Touchscreen'),(314,1,'Touch Screen Vetro Nero Nokia Lumia 1520 Vetrino per Display Touchscreen'),(316,1,'Touch Screen Vetro Nero con Frame Nokia Lumia 820 Vetrino per Display Touchscreen'),(322,1,'TELECAMERA WIFI IP CAM WIRELESS CAMERA INFRAROSSI PER ESTERNO 24 LED DA ESTERNO INFRARED'),(323,1,'Touch Screen Vetro Nero Nokia Lumia 920 Vetrino per Display Touchscreen'),(324,1,'Touch Screen Vetro Nokia Lumia 520 Vetrino per Display Touchscreen'),(325,1,'Touch Screen Vetro Nero Nokia Lumia 1520 Vetrino per Display Touchscreen'),(326,1,'Touch Screen Vetro Nero con Frame Nokia Lumia 820 Vetrino per Display Touchscreen'),(327,1,'Touch Screen Vetro Bianco Huawey y530 Vetrino per Display Touchscreen'),(328,1,'Touch Screen Vetro Nero Huawey y530 Vetrino per Display Touchscreen'),(329,1,'CAVO ALIMENTAZIONE Adattatore da MOLEX (IDE-PARALLEL-PATA) a 2 x SATA(SERIAL ATA)'),(330,1,'CAVO ALIMENTAZIONE Adattatore da MOLEX (IDE-PARALLEL-PATA) a 2 x SATA(SERIAL ATA)'),(331,1,'6 Slot All in 1 Internal Desktop Memory SD MMC  Flash Card Reader and USB Port Lettore Memorie'),(332,1,'6 Slot All in 1 Internal Desktop Memory SD MMC  Flash Card Reader and USB Port Lettore Memorie'),(333,1,'PC COMPLETO DESKTOP ASSEMBLATO INTEL QUADCORE HD 500GB 4GB RAM Q1900M HDMI DVD'),(334,1,'PC COMPLETO DESKTOP ASSEMBLATO AMD FX-8350 8CORE/8GB RAM/HD 1TB/USB3.0'),(335,1,'PC COMPLETO DESKTOP ASSEMBLATO AMD 6CORE FX6300 3.50GHZ/8GB RAM/1TB HD/DVD-RW'),(336,1,'ADATTATORE Y HDMI SPLITTER 2 PORTE 0.3M SDOPPIATORE DORATO'),(337,1,'Alimentatore carica batterie per nintendo DSI 3 DS N3DS Dsi XL'),(339,1,'MOUSE GAMER AULA SERIES 800 1200 1600 2000 DPI HIGH SPEED 7D GAMING  LED'),(342,1,'Zsun Wi-fi Lettore Di Schede Memoria Estendibile Wireless Trasferimento dati'),(343,1,'Zsun Wi-fi Lettore Di Schede Memoria Estendibile Wireless Trasferimento dati'),(344,1,'STAFFA CADDY PER HD HARD DISK PER PLAYSTATION PS3 PLAY STATION 3'),(345,1,'AULA SERIES TASTIERA GAMING LED MULTIMEDIALE BACKLIGHT BLU GAMER USB'),(346,1,'AULA SERIES TASTIERA GAMING LED MULTIMEDIALE BACKLIGHT BLU GAMER USB'),(347,1,'AULA SERIES TASTIERA GAMING LED MULTIMEDIALE BACKLIGHT BLU GAMER USB'),(348,1,'Micro camera usb per android smartphone pc endoscopio samsung cellulare led'),(349,1,'Micro camera usb per android smartphone pc endoscopio samsung cellulare led'),(350,1,'Micro camera usb per android smartphone pc endoscopio samsung cellulare led'),(351,1,'SPLITTER VGA 2 PORTE PER PC MONITOR SWITCH BOX SDOPPIATORE'),(352,1,'SPLITTER VGA 2 PORTE PER PC MONITOR SWITCH BOX SDOPPIATORE'),(353,1,'Supporto Telefono Cellulare Smartphone universale da auto aggancio al volante nero'),(354,1,'Supporto Telefono Cellulare Smartphone universale da auto aggancio al volante nero'),(355,1,'Supporto Telefono Cellulare Smartphone universale da auto aggancio al volante nero'),(357,1,'Supporto Telefono Cellulare Smartphone universale da auto aggancio al volante rosso'),(358,1,'Supporto Telefono Cellulare Smartphone universale da auto aggancio al volante rosso'),(359,1,'Supporto Telefono Cellulare Smartphone universale da auto aggancio al volante rosso'),(360,1,'Quadricottero Drone UFO RTF Toy W/ LED luci'),(361,1,'Lente d\'ingrandimento schermo SCREEN 3D HD Movie per Cellulare Smartphone Film'),(362,1,'Lente d\'ingrandimento schermo SCREEN 3D HD Movie per Cellulare Smartphone Film'),(363,1,'Lente d\'ingrandimento schermo SCREEN 3D HD Movie per Cellulare Smartphone Film'),(364,1,'PCI-E Express Adattatore A 4 Porte USB 3.0 HUB Interno Espansione Scheda Nuovo'),(365,1,'Multipresa Usb A CORRENTE 8 pote Superfast switch con schermo 2A'),(366,1,'Multipresa Usb A CORRENTE 8 pote Superfast switch con schermo 2A'),(367,1,'Multipresa Usb A CORRENTE 8 pote Superfast switch con schermo 2A'),(369,1,'Adattatore 2.5 \"a 3,5 pollici STAFFA SSD HDD NOTEBOOK MONTAGGIO vassoio caddy Bay'),(370,1,'Adattatore 2.5 \"a 3,5 pollici STAFFA SSD HDD NOTEBOOK MONTAGGIO vassoio caddy Bay'),(371,1,'2.4GHz Wireless Optical Mouse Wifi Wireless'),(372,1,'2.4GHz Wireless Optical Mouse Wifi Wireless'),(373,1,'AULA SERIES TASTIERA GAMING BLUE LED MULTIMEDIALE SEI TASTI GAMER USB'),(374,1,'AULA SERIES TASTIERA GAMING BLUE LED MULTIMEDIALE SEI TASTI GAMER USB'),(375,1,'Pellicola vetro temperato proteggi schermo infrangibile apple iphone 6 6s'),(376,1,'Pellicola Curva per Samsung Galaxy S6 Edge+ Plus Copertura Bordi Display'),(377,1,'Pellicola vetro temperato proteggi schermo infrangibile Samsung S6'),(379,1,'NOTEBOOK PORTATILE EX2519-C9X5 CPU N3050 4GB 500HD HARD DISK W10'),(380,1,'NOTEBOOK PORTATILE EX2519-C9X5 CPU N3050 4GB 500HD HARD DISK W10'),(382,1,'NOTEBOOK PORTATILE EX2519-C9X5 CPU N3050 4GB 500HD HARD DISK W10'),(383,1,'NOTEBOOK PORTATILE EX2519-C9X5 CPU N3050 4GB 500HD HARD DISK W10'),(384,1,'NOTEBOOK PORTATILE EX2519-C9X5 CPU N3050 4GB 500HD HARD DISK W10'),(385,1,'NOTEBOOK PORTATILE EX2519-C9X5 CPU N3050 4GB 500HD HARD DISK W10'),(386,1,'NOTEBOOK ACER PORTATILE EX2519-C2K0 N3050 4GB 500HD LINUX'),(388,1,'NOTEBOOK ACER PORTATILE EX2519-C2K0 N3050 4GB 500HD LINUX'),(391,1,'NOTEBOOK PORTATILE ASUS X540LA-XX002D CPU I3 4005 4GB 500GB LINUX'),(392,1,'NOTEBOOK PORTATILE ASUS X540LA-XX002D CPU I3 4005 4GB 500GB LINUX'),(393,1,'NOTEBOOK PORTATILE ASUS X540LA-XX002D CPU I3 4005 4GB 500GB LINUX'),(394,1,'NOTEBOOK PORTATILE ASUS X540LA-XX002D CPU I3 4005 4GB 500GB SSD 240GB  LINUX'),(395,1,'NOTEBOOK PORTATILE ASUS X540LA-XX002D CPU I3 4005 4GB 500GB SSD 240GB  LINUX'),(397,1,'NOTEBOOK PORTATILE ASUS X540LA-XX002D CPU I3 4005 4GB 500GB SSD 240GB  LINUX'),(398,1,'PC DESKTOP INTEL i5 RAM 8GB HD1TB DVD FISSO COMPLETO ASSEMBLATO'),(400,1,'PC DESKTOP INTEL i5 RAM 8GB HD 1TB SSD 240GB DVD FISSO COMPLETO ASSEMBLATO'),(402,1,'PC COMPLETO DESKTOP ASSEMBLATO 6th Gen Core INTEL G4400  HD 500GB 4GB RAM'),(403,1,'MINI PC DESKTOP FANLESS MINI ITX QUAD CORE SSD 240GB 8GB RAM FISSO ASSEMBLATO'),(404,1,'DUPLICATORE SPLITTER RJ45 SDOPPIATORE RJ-45 CAVO di RETE Ethernet INTERNET LAN'),(405,1,'Pellicola vetro temperato proteggi schermo infrangibile apple iphone 5 5s 5c'),(406,1,'CONNETTORE RICARICA MICRO USB PORTA DATI CARICA PER SAMSUNG GALAXY S3 I9300'),(407,1,'CONNETTORE RICARICA MICRO USB PORTA DATI CARICA PER SAMSUNG GALAXY S3 I9300'),(408,1,'FLAT FOTOCAMERA POSTERIORE RETRO CAMERA BACK PER SAMSUNG S5 G900F'),(409,1,'FLAT FOTOCAMERA POSTERIORE RETRO CAMERA BACK PER SAMSUNG S5 G900F'),(410,1,'Lente Vetro Vetrino Camera Fotocamera Posteriore Samsung Galaxy S5 SV G900'),(411,1,'Lente Vetro Vetrino Camera Fotocamera Posteriore Samsung Galaxy S5 SV G900'),(414,1,'USB LED LAMPADA FLESSIBILE LAMPADINE LUCE PER LAPTOP COMPUTER NOTEBOOCK PC'),(415,1,'SCHERMO VETRO TOUCH SCREEN SAMSUNG GALAXY GRAND NEO I9060 NERO'),(416,1,'SCHERMO VETRO TOUCH SCREEN SAMSUNG GALAXY GRAND NEO I9060 NERO'),(417,1,'Mouse Wireless Ergonomico Verticale Polso USB Con Fili'),(418,1,'Mouse Wireless Ergonomico Verticale Polso USB Con Fili'),(419,1,'Mouse Wireless Ergonomico Verticale Polso USB Con Fili'),(420,1,'Cavo flex flat sensore prossimità fotocamera frontale per iphone 5'),(421,1,'Cavo flex flat sensore prossimità fotocamera frontale per iphone 5'),(422,1,'CONNETTORE DI RICARICA JACK CARICA MICRO USB PLUG DOCK PER NOKIA LUMIA 820'),(423,1,'FLAT DOCK FLEX CONNETTORE CARICA DI RICARICA MICRO USB SAMSUNG GALAXY S6 G920F'),(424,1,'FLAT DOCK FLEX CONNETTORE CARICA DI RICARICA MICRO USB SAMSUNG GALAXY S6 G920F'),(425,1,'FLAT DOCK FLEX CONNETTORE CARICA DI RICARICA MICRO USB SAMSUNG GALAXY S6 EDGE G925F'),(426,1,'FLAT DOCK FLEX CONNETTORE CARICA DI RICARICA MICRO USB SAMSUNG GALAXY S6 EDGE G925F'),(427,1,'FLAT DOCK FLEX CONNETTORE CARICA DI RICARICA MICRO USB SAMSUNG GALAXY S5 SV G900F'),(428,1,'FLAT DOCK FLEX CONNETTORE CARICA DI RICARICA MICRO USB SAMSUNG GALAXY S5 MINI SV G800F'),(429,1,'FLAT DOCK FLEX CONNETTORE CARICA DI RICARICA MICRO USB SAMSUNG GALAXY S5 MINI SV G800F'),(431,1,'FLAT DOCK FLEX CONNETTORE CARICA DI RICARICA MICRO USB SAMSUNG GALAXY S4 SIV I600'),(432,1,'FLAT DOCK FLEX CONNETTORE CARICA DI RICARICA MICRO USB SAMSUNG GALAXY NOTE 4 N910F'),(433,1,'FLAT DOCK FLEX CONNETTORE CARICA DI RICARICA MICRO USB SAMSUNG GALAXY NOTE 4 N910F'),(434,1,'FLAT DOCK FLEX CONNETTORE CARICA DI RICARICA MICRO USB SAMSUNG GALAXY NOTE 3 N9005'),(435,1,'FLAT DOCK FLEX CONNETTORE CARICA DI RICARICA MICRO USB SAMSUNG GALAXY NOTE 3 N9005'),(436,1,'FLAT DOCK FLEX JACK AUDIO CARICA DI RICARICA MICROFONO IPHONE 6 BIANCO'),(437,1,'FLAT DOCK FLEX JACK AUDIO CARICA DI RICARICA MICROFONO IPHONE 6 BIANCO'),(438,1,'FLAT DOCK FLEX JACK AUDIO CARICA DI RICARICA MICROFONO IPHONE 6 GRIGIO'),(439,1,'FLAT DOCK FLEX JACK AUDIO CARICA DI RICARICA MICROFONO IPHONE 6 GRIGIO'),(440,1,'FLAT DOCK FLEX JACK AUDIO CARICA DI RICARICA MICROFONO IPHONE 5S NERO'),(441,1,'FLAT DOCK FLEX JACK AUDIO CARICA DI RICARICA MICROFONO IPHONE 5S NERO'),(442,1,'FLAT DOCK FLEX JACK AUDIO CARICA DI RICARICA MICROFONO IPHONE 5 NERO'),(443,1,'FLAT DOCK FLEX JACK AUDIO CARICA DI RICARICA MICROFONO IPHONE 5 NERO'),(444,1,'FLAT DOCK FLEX JACK AUDIO CARICA DI RICARICA MICROFONO IPHONE 5 BIANCO'),(445,1,'FLAT DOCK FLEX JACK AUDIO CARICA DI RICARICA MICROFONO IPHONE 5 BIANCO'),(446,1,'Lente Vetro Vetrino Camera Fotocamera Posteriore Samsung Galaxy S6 G920F Gold Oro'),(447,1,'Lente Vetro Vetrino Camera Fotocamera Posteriore Samsung Galaxy S6 G920F Bianco'),(448,1,'Lente Vetro Vetrino Camera Fotocamera Posteriore Samsung Galaxy S6 G920F Bianco'),(449,1,'Lente Vetro Vetrino Camera Fotocamera Posteriore Samsung Galaxy S6 G920F Bianco'),(450,1,'Lente Vetro Vetrino Camera Fotocamera Posteriore Samsung Galaxy S6 G920F Blu'),(451,1,'Lente Vetro Vetrino Camera Fotocamera Posteriore Samsung Galaxy S6 G920F Blu'),(452,1,'Lente Vetro Vetrino Camera Fotocamera Posteriore Samsung Galaxy S6 G920F Blu'),(453,1,'Flex flat lettore scheda sim card e micro sd slot per samsung galaxy sIV s4 i9500 i9505'),(455,1,'FLAT DOCK FLEX CONNETTORE CARICA DI RICARICA MICRO USB SAMSUNG GALAXY I8262 CORE'),(456,1,'FLAT DOCK FLEX CONNETTORE CARICA DI RICARICA MICRO USB SAMSUNG GALAXY I8262 CORE'),(457,1,'ALTOPARLANTE BUZZER SPEAKER SUONERIA VIVAVOCE PER SAMSUNG GALAXY S4 I9500 I9505'),(458,1,'ALTOPARLANTE BUZZER SPEAKER SUONERIA VIVAVOCE PER SAMSUNG GALAXY S4 I9500 I9505'),(459,1,'CASSA SUONERIA SAMSUNG S6 EDGE G925F VIVAVOCE BUZZER ALTOPARLANTE'),(460,1,'CASSA SUONERIA SAMSUNG S6 EDGE G925F VIVAVOCE BUZZER ALTOPARLANTE'),(461,1,'FLAT DOCK FLEX CONNETTORE CARICA DI RICARICA HTC ONE M8'),(462,1,'FLAT DOCK FLEX CONNETTORE CARICA DI RICARICA HTC ONE M8'),(463,1,'FLAT DOCK FLEX CONNETTORE CARICA DI RICARICA HTC ONE M8'),(464,1,'FLAT DOCK FLEX CONNETTORE CARICA DI RICARICA HTC ONE M9'),(465,1,'FLAT DOCK FLEX CONNETTORE CARICA DI RICARICA HTC ONE M9'),(466,1,'FLAT DOCK FLEX CONNETTORE CARICA DI RICARICA HTC ONE M9'),(467,1,'FLAT HTC ONE M9 MICRO SD MEMORY CARD READER  TASTO POWER VOLUME BUTTON FLEX'),(468,1,'FLAT HTC ONE M9 MICRO SD MEMORY CARD READER  TASTO POWER VOLUME BUTTON FLEX'),(469,1,'FLAT HTC ONE M9 MICRO SD MEMORY CARD READER  TASTO POWER VOLUME BUTTON FLEX'),(471,1,'Touch screen BIANCO per Samsung Galaxy Tab 3 Lite / T113'),(472,1,'FLAT DOCK FLEX CONNETTORE CARICA DI RICARICA MICRO USB SAMSUNG GALAXY S4 SIV I600'),(473,1,'Touch screen BIANCO per Samsung Galaxy TAB 3 SM-T311 8\"Touch screen vetro Vetrino BIANCO per Samsung Galaxy TAB 3 SM-T311 8\" T31'),(474,1,'VETRO SCHERMO TOUCH SCREEN SAMSUNG GALAXY SM-J5 SM-J500 BIANCO WHITE'),(475,1,'FLAT TASTO ACCENSIONE MUTE VOLUME PER IPHONE 5 ON OFF POWER'),(476,1,'Vetro Posteriore Samsung Galaxy S6 G920f back glass cover Blue'),(477,1,'Vetro Posteriore Samsung Galaxy S6 G920f back glass cover Gold'),(478,1,'Vetro Posteriore Samsung Galaxy S6 G920f back glass cover White'),(479,1,'Lente Vetro Vetrino Camera Fotocamera Posteriore Samsung S6 Edge oro g925 gold'),(480,1,'Lente Vetro Vetrino Camera Fotocamera Posteriore Samsung S6 Edge blu g925 blue'),(481,1,'VETRO SCHERMO TOUCH SCREEN SAMSUNG GALAXY SM-J1 SM-J100 BIANCO WHITE'),(482,1,'BACK cover copri batteria SCOCCA WHITE posteriore per LG G2 D802 D801 D803 BIANCO'),(483,1,'biadesivo adesivo fissaggio vetro posteriore back per Samsung Galaxy S6 g920F'),(484,1,'Flat flex Altoparlante speaker LG G4 VS986'),(485,1,'Flat flex Altoparlante speaker LG G4 VS986'),(486,1,'CONNETTORE DOCK RICARICA Micro USB PORTA DATI CARICA BLACKBERRY 8800'),(487,1,'CONNETTORE DOCK RICARICA Micro USB PORTA DATI CARICA x nokia lumia n925 n 925'),(488,1,'CONNETTORE DOCK RICARICA Micro USB PORTA DATI CARICA x nokia lumia n925 n 925'),(489,1,'Connettore Di Ricarica carica micro USB per Nokia n603 n610 n710 n800 n9'),(490,1,'TOUCH SCREEN VETRO per SAMSUNG GALAXY TAB 3 LITE SM - T111 7\" BIANCO'),(491,1,'FLAT FLEX FOTOCAMERA FRONTALE ANTERIORE CAM SAMSUNG GALAXY S6 G920F 920'),(492,1,'FLAT FLEX FOTOCAMERA FRONTALE ANTERIORE CAM SAMSUNG GALAXY S6 G920F 920'),(493,1,'Carrello porta SIM per Samsung G920 Galaxy S6 GREY GRIGIO carrellino vano nano lettore'),(494,1,'Carrello porta SIM per Samsung G920 Galaxy S6 GREY GRIGIO carrellino vano nano lettore'),(495,1,'CASSA SUONERIA SAMSUNG S6 G920F 920 VIVAVOCE BUZZER ALTOPARLANTE'),(496,1,'CASSA SUONERIA SAMSUNG S6 G920F 920 VIVAVOCE BUZZER ALTOPARLANTE'),(497,1,'MOTORINO VIBRAZIONE PER SAMSUNG S6 G920F G920'),(498,1,'MOTORINO VIBRAZIONE PER SAMSUNG S6 G920F G920'),(499,1,'Carrello porta SIM per Samsung G920 Galaxy S6 gold oro carrellino vano nano lettore'),(500,1,'Carrello porta SIM per Samsung G920 Galaxy S6 gold oro carrellino vano nano lettore'),(501,1,'Carrello porta SIM per Samsung G920 Galaxy S6 bianco white carrellino vano nano lettore'),(502,1,'Carrello porta SIM per Samsung G920 Galaxy S6 bianco white carrellino vano nano lettore'),(503,1,'Tappo Porta caricatore Copri USB Flap Cover antipolvere per Samsung Galaxy S5 i9600 g900'),(504,1,'Tappo Porta caricatore Copri USB Flap Cover antipolvere per Samsung Galaxy S5 i9600 g900'),(508,1,'FLAT CAMERA FRONTALE ANTERIORE FOTOCAMERA PER SAMSUNG GALAXY S5 I9600 G900F 900'),(509,1,'FLAT CAMERA FRONTALE ANTERIORE FOTOCAMERA PER SAMSUNG GALAXY S5 I9600 G900F 900'),(510,1,'BUZZER SUONERIA ALTOPARLANTE VIVAVOCE SPEAKER PER SAMSUNG GALAXY S5 G900F I9600'),(511,1,'BUZZER SUONERIA ALTOPARLANTE VIVAVOCE SPEAKER PER SAMSUNG GALAXY S5 G900F I9600'),(512,1,'FLAT CONNETTORE JACK CUFFIA AURICOLARE 3,5MM PER SAMSUNG GALAXY S5 I9600 G900F'),(513,1,'FLAT CONNETTORE JACK CUFFIA AURICOLARE 3,5MM PER SAMSUNG GALAXY S5 I9600 G900F'),(514,1,'FLAT FLEX TASTO REGOLAZIONE TASTI VOLUME PER SAMSUNG GALAXY S5 G900F G900'),(515,1,'WIFI GPS ANTENNA segnale fili cavo flessibile SAMSUNG Galaxy S5 i9600 G900'),(516,1,'Flat Lettore Scheda Slot Sim Card Reader Samsung Galaxy S5 DUOS G900FD'),(517,1,'FLAT flex modulo motorino mute vibrazione silenzioso per Samsung Galaxy S5 G900F'),(518,1,'FLAT flex modulo motorino mute vibrazione silenzioso per Samsung Galaxy S5 G900F'),(519,1,'Flat Lettore Scheda Slot Sim Card Reader Samsung Galaxy S5 G900 I9600'),(520,1,'Flat Lettore Scheda Slot Sim Card Reader Samsung Galaxy S5 G900 I9600'),(521,1,'FLAT CAMERA FRONTALE ANTERIORE FOTOCAMERA PER SAMSUNG GALAXY S4 I9500 SIV'),(522,1,'FLAT CAMERA FRONTALE ANTERIORE FOTOCAMERA PER SAMSUNG GALAXY S4 I9500 SIV'),(523,1,'LENTE VETRO VETRINO FOTOCAMERA POSTERIORE SAMSUNG GALAXY S4 I9505 I9500'),(524,1,'FLAT FLEX CONNETTORE JACK CUFFIA AUDIO PER SAMSUNG GALAXY S4 I9500 I9505'),(525,1,'MIDDLE FRAME TELAIO CORNICE CENTRALE RETRO PER SAMSUNG GALAXY S4 SIV i9505 I9500'),(526,1,'MIDDLE FRAME TELAIO CORNICE CENTRALE RETRO PER SAMSUNG GALAXY S4 SIV i9505 I9500'),(527,1,'MIDDLE FRAME TELAIO CORNICE CENTRALE RETRO PER SAMSUNG GALAXY S4 SIV i9505 I9500'),(528,1,'MOTORE MOTORINO VIBRAZIONE VIBRACALL FLAT FLEX SAMSUNG GALAXY S4 i9500 i9505 LTE'),(529,1,'MODULO CAVO ANTENNA WIFI RICAMBIO GPS PER SAMSUNG GALAXY S4 I9500 I9505 FLEX'),(530,1,'LENTE VETRO VETRINO FOTOCAMERA POSTERIORE SAMSUNG GALAXY SIII s3 i9300'),(531,1,'FOTOCAMERA FRONTALE ANTERIORE SENSORE DI PROSSIMITA\' CAMERA SAMSUNG S3 I9300'),(532,1,'LETTORE SIM CARD E MICRO SD PER SAMSUNG GALAXY S3 I9300'),(533,1,'CASSA SUONERIA SAMSUNG i9300 GALAXY S3 VIVAVOCE BUZZER ALTOPARLANTE BLACK NERO'),(534,1,'CASSA SUONERIA SAMSUNG i9300 GALAXY S3 VIVAVOCE BUZZER ALTOPARLANTE BLACK NERO'),(535,1,'FOTOCAMERA POSTERIORE per SAMSUNG GALAXY s3 i9300 i9305 FLAT FLEX BACK CAMERA'),(536,1,'FOTOCAMERA POSTERIORE per SAMSUNG GALAXY s3 i9300 i9305 FLAT FLEX BACK CAMERA'),(539,1,'biadesivo adesivo fissaggio vetro posteriore back per Samsung Galaxy S6 Edge g925'),(540,1,'Cavo Flat Flex Connettore Antenna Segnale 3G SAMSUNG GALAXY S3 I9300'),(541,1,'FLAT SPEAKER ALTOPARLANTE TASTI VOLUME LATERALI PER SAMSUNG GALAXY S3 i9300'),(542,1,'Motorino Motore Vibro MUTE MUTO VIBRAZIONE Samsung GT-I9300 Galaxy S3 III I9300'),(543,1,'CASSA SUONERIA SAMSUNG i9300 GALAXY S3 VIVAVOCE BUZZER ALTOPARLANTE BIANCO WHITE'),(544,1,'CORNICE CENTRALE per Samsung i9300 S3 middle FRAME POSTERIORE cover BIANCA'),(545,1,'CORNICE CENTRALE per Samsung i9300 S3 middle FRAME POSTERIORE cover BIANCA'),(546,1,'TOUCH SCREEN VETRO SAMSUNG GALAXY GRAND NEO i9060 BIANCO WHITE'),(547,1,'FLAT CONNETTORE DI CARICA USB MICROFONO PER SAMSUNG 2016 A3 A300F A300 F'),(548,1,'FLAT CONNETTORE DI CARICA USB MICROFONO PER SAMSUNG 2016 A3 A300F A300 F'),(549,1,'Vassoio alloggio Micro Sd VANO SIM porta nano Sim per Samsung Galaxy A3 A5 A7 NERO'),(550,1,'Vassoio alloggio Micro Sd VANO SIM porta nano Sim per Samsung Galaxy A3 A5 A7 NERO'),(551,1,'FLAT FLEX CAVO TASTO ACCENSIONE POWER ON/OFF BUTTON PER SAMSUNG GALAXY A3 A300F'),(552,1,'FLAT FLEX CAVO TASTO ACCENSIONE POWER ON/OFF BUTTON PER SAMSUNG GALAXY A3 A300F'),(553,1,'VETRO VETRINO LENTE BACK CAMERA FOTOCAMERA SAMSUNG A3 A300 A300F BLACK NERO'),(554,1,'VETRO VETRINO LENTE BACK CAMERA FOTOCAMERA SAMSUNG A3 A300 A300F WHITE BIANCO'),(555,1,'VETRO VETRINO LENTE BACK CAMERA FOTOCAMERA SAMSUNG A5 A500 A500F WHITE BIANCO'),(556,1,'FLAT CONNETTORE DI CARICA USB MICROFONO PER SAMSUNG A5 A500F A500 F 2016'),(557,1,'FLAT CONNETTORE DI CARICA USB MICROFONO PER SAMSUNG A5 A500F A500 F 2016'),(558,1,'FLAT FLEX CAVO TASTO ACCENSIONE POWER ON/OFF BUTTON PER SAMSUNG A5 A500F A500'),(559,1,'FLAT FLEX CAVO TASTO ACCENSIONE POWER ON/OFF BUTTON PER SAMSUNG A5 A500F A500'),(560,1,'VETRO VETRINO LENTE BACK CAMERA FOTOCAMERA SAMSUNG A5 A500 A500F BLACK NERA'),(561,1,'VETRO VETRINO LENTE BACK CAMERA FOTOCAMERA SAMSUNG A5 A500 A500F BLACK NERA'),(562,1,'VETRO VETRINO LENTE BACK CAMERA FOTOCAMERA SAMSUNG A7 A700 A700F WHITE BIANCO'),(563,1,'VETRO VETRINO LENTE BACK CAMERA FOTOCAMERA SAMSUNG A7 A700 A700F WHITE BIANCO'),(564,1,'VETRO VETRINO LENTE BACK CAMERA FOTOCAMERA SAMSUNG A7 A700 A700F BLACK NERA'),(565,1,'VETRO VETRINO LENTE BACK CAMERA FOTOCAMERA SAMSUNG A7 A700 A700F BLACK NERA'),(566,1,'Vassoio alloggio VANO SD MICRO SD per Samsung A3 A5 A7 BIANCO'),(568,1,'Vassoio alloggio VANO SIM porta nano Sim per Samsung A3 A5 A7 NERO'),(569,1,'LETTORE SIM CARD PER SAMSUNG S I9000 I9008 N7000 I9220 S5570 I8700 ACE C3750 S3650'),(570,1,'Flat FLEX per Iphone 4S ricambio Antenna linea Wi-Fi e segnale 3G con Connettore'),(571,1,'IPHONE 4S ANTENNA WIFI GPS  BUZZER SUONERIA SPEAKER'),(572,1,'IPHONE 4S ANTENNA WIFI GPS  BUZZER SUONERIA SPEAKER'),(573,1,'MOTORINO VIBRAZIONE MOTOR VIBRATOR PER IPHONE 4'),(574,1,'CONNETTORE CARICA DOCK MICROFONO RICARICA FLAT PER APPLE IPHONE 4S'),(575,1,'FLEX FLAT FOTOCAMERA ANTERIORE FRONTALE SENSORE DI PROSSIMITA\' APPLE IPHONE 5C'),(576,1,'FLAT ACCENSIONE TASTO POWER SWITCH ON OFF TASTI VOLUME PER APPLE IPHONE 5C'),(577,1,'FLAT ACCENSIONE TASTO POWER SWITCH ON OFF TASTI VOLUME PER APPLE IPHONE 5C'),(578,1,'FLAT CONNETTORE CARICA DOCK RICARICA JACK AUDIO MICROFONO APPLE IPHONE 5C'),(579,1,'Vassoio alloggio VANO SIM BLUE porta nano Sim per Iphone 5C'),(580,1,'FLAT FLEX FOTOCAMERA POSTERIORE RETRO CAMERA PER IPHONE 5C'),(581,1,'BUZZER SPEAKER PER IPHONE 5C CASSA ALTOPARLANTE VIVAVOCE RICAMBIO'),(582,1,'ANTENNA WIFI IPHONE 5C APPLE GPS WIFI FLEX CABLE'),(583,1,'altoparlante suoneria per LG VS986 G4 nero cassa speaker vivavoce buzzer'),(584,1,'altoparlante suoneria per LG D855 G3 cassa buzzer speaker chiamata vivavoce'),(585,1,'FOTOCAMERA POSTERIORE RETRO CAMERA BACK PER LG G3 D850'),(586,1,'FLAT CONNETTORE dock carica ricarica per LG G2 vs980 micro USB microfono'),(587,1,'FLAT CONNETTORE dock carica ricarica per LG G2 vs980 micro USB microfono'),(588,1,'FLAT CONNETTORE dock carica ricarica per LG G2 vs980 micro USB microfono'),(589,1,'FLAT FLEX CONNETTORE PLUG IN CARICA DATI PER LG OPTIMUS G2 D800 microfono'),(590,1,'FLAT FLEX CONNETTORE PLUG IN CARICA DATI PER LG OPTIMUS G2 D800 microfono'),(591,1,'FLAT FLEX CONNETTORE PLUG IN CARICA DATI PER LG OPTIMUS G2 D800 microfono'),(592,1,'Telaio Posteriore CHASSY LG G3 Telecamera Posteriore Bianco D855'),(593,1,'Telaio Posteriore CHASSY LG G3 Telecamera Posteriore Bianco D855'),(594,1,'flat camera posteriore per LG D802 G2 flex back fotocamera principale retro'),(595,1,'Flex FOTOCAMERA FRONTALE Fronte per LG D802 D800 Optimus G2 Camera'),(596,1,'TOUCH SCREEN PER SAMSUNG SM-G350 G3500 GALAXY CORE PLUS VETRINO VETRO NERO'),(597,1,'FLAT CONNETTORE DI CARICA USB MICROFONO PER SAMSUNG GALAXY NOTE N7000 i9220'),(598,1,'VETRINO FRAME FOTOCAMERA BIANCA PER SAMSUNG GALAXY NOTE 3 N9005'),(599,1,'VETRINO FRAME FOTOCAMERA BIANCA PER SAMSUNG GALAXY NOTE 3 N9005'),(600,1,'IPHONE 4 TOUCH SCREEN LCD ORIGINALE RETINA FRAME PER VETRO DISPLAY SCHERMO BIANCO'),(601,1,'IPHONE 4 TOUCH SCREEN LCD ORIGINALE RETINA FRAME PER VETRO DISPLAY SCHERMO NERO'),(602,1,'IPHONE 6 PLUS TOUCH SCREEN LCD ORIGINALE RETINA FRAME PER VETRO DISPLAY SCHERMO BIANCO'),(603,1,'IPHONE 6S TOUCH SCREEN LCD ORIGINALE RETINA FRAME PER VETRO DISPLAY SCHERMO BIANCO'),(605,1,'IPHONE 6S TOUCH SCREEN LCD ORIGINALE RETINA FRAME PER VETRO DISPLAY SCHERMO NERO'),(606,1,'IPHONE 6 TOUCH SCREEN LCD ORIGINALE RETINA FRAME PER VETRO DISPLAY SCHERMO NERO'),(607,1,'IPHONE 4S TOUCH SCREEN LCD ORIGINALE RETINA FRAME PER VETRO DISPLAY SCHERMO BIANCO'),(608,1,'IPHONE 4S TOUCH SCREEN LCD ORIGINALE RETINA FRAME PER VETRO DISPLAY SCHERMO NERO'),(609,1,'IPHONE 6 TOUCH SCREEN LCD ORIGINALE RETINA FRAME PER VETRO DISPLAY SCHERMO BIANCO'),(610,1,'IPHONE 5S TOUCH SCREEN LCD ORIGINALE RETINA FRAME PER VETRO DISPLAY SCHERMO BIANCO'),(611,1,'IPHONE 5S TOUCH SCREEN LCD ORIGINALE RETINA FRAME PER VETRO DISPLAY SCHERMO NERO'),(612,1,'IPHONE 5C TOUCH SCREEN LCD ORIGINALE RETINA FRAME PER VETRO DISPLAY SCHERMO NERO'),(613,1,'IPHONE 5C TOUCH SCREEN LCD ORIGINALE RETINA FRAME PER VETRO DISPLAY SCHERMO BIANCO'),(614,1,'IPHONE 5 TOUCH SCREEN LCD ORIGINALE RETINA FRAME PER VETRO DISPLAY SCHERMO NERO'),(615,1,'IPHONE 5 TOUCH SCREEN LCD ORIGINALE RETINA FRAME PER VETRO DISPLAY SCHERMO BIANCO'),(616,1,'scocca posteriore per Huawei Ascend P7 back cover copri batteria BIANCO bulk'),(617,1,'HUAWEI Ascend p8 LITE BACK COPRIBATTERIA GUSCIO COVER DI VETRO QUADRO NERO BLACK'),(618,1,'MINI PC DESKTOP QUAD CORE / 8GB / SSD / FANLESS - ULTRA SILENT'),(619,1,'MINI PC DESKTOP QUAD CORE / 8GB / SSD / FANLESS - ULTRA SILENT'),(620,1,'Vassoio alloggio VANO SD MICRO SD per Samsung A3 A5 A7 NERO'),(621,1,'SAMSUNG GALAXY NOTE 10.1 N8000 FLAT FLEX LETTORE SIM CARD SCHEDA'),(622,1,'PELLICOLA VETRO TEMPERATO PROTEGGI SCHERMO INFRANGIBILE SONY M4 AQUA'),(623,1,'LETTORE SIM CARD E MICRO SD PER SAMSUNG GALAXY NOTE 2 N7100 READER MEMORY'),(624,1,'i9000 GALAXY S Lettore Memory SCHEDA SIM MICRO SD Card FLAT FLEX SAMSUNG'),(625,1,'FLAT CONNETTORE DI CARICA USB MICROFONO PER SAMSUNG GALAXY S2 I9100 SII'),(626,1,'FLAT CONNETTORE DI CARICA USB MICROFONO PER SAMSUNG GALAXY S2 I9100 SII'),(627,1,'Samsung Galaxy S4 MINI i9195 i9190 Flex Jack 3,5 Cuffia Cuffie Audio Flat Flet'),(629,1,'FLAT FLEX FOTOCAMERA POSTERIORE REAR CAMERA SAMSUNG GALAXY S4 MINI I9190 I9195'),(630,1,'FLAT FLEX FOTOCAMERA POSTERIORE REAR CAMERA SAMSUNG GALAXY S4 MINI I9190 I9195'),(633,1,'Cassa Suoneria Samsung GALAXY S4 MINI i9195 i9190 Vivavoce Buzzer Altoparlante'),(634,1,'Cassa Suoneria Samsung GALAXY S4 MINI i9195 i9190 Vivavoce Buzzer Altoparlante'),(637,1,'FLAT LETTORE SCHEDA SIM MICRO SD MEMORY CARD per SAMSUNG i9190 i9195 GALAXY S4 mini'),(638,1,'FLAT LETTORE SCHEDA SIM MICRO SD MEMORY CARD per SAMSUNG i9190 i9195 GALAXY S4 mini'),(641,1,'VETRINO FRAME FOTOCAMERA BIANCO PER SAMSUNG NOTE 3 N9005'),(642,1,'VETRINO FRAME FOTOCAMERA BIANCO PER SAMSUNG NOTE 3 N9005'),(643,1,'VETRINO LENTE FRAME BIANCO FOTOCAMERA N910F PER SAMSUNG NOTE 4'),(644,1,'VETRINO LENTE FRAME BIANCO FOTOCAMERA N910F PER SAMSUNG NOTE 4'),(645,1,'LENTE FOTOCAMERA TASTO POWER E VOLUME LG G3 D855 NERO VETRINO CAMERA'),(646,1,'LENTE vetro vetrino FOTOCAMERA SAMSUNG GALAXY NOTE 2 N7100'),(647,1,'LENTE vetro vetrino FOTOCAMERA SAMSUNG GALAXY NOTE 2 N7100'),(648,1,'SPEAKER BUZZER CASSA ALTOPARLANTE VIVAVOCE SUONERIA IPHONE 6'),(649,1,'SPEAKER BUZZER CASSA ALTOPARLANTE VIVAVOCE SUONERIA IPHONE 6'),(650,1,'CASSA AUDIO SPEAKER ALTOPARLANTE CASSA ASCOLTO AURICOLARE PER iPhone 6'),(651,1,'TASTO HOME IPHONE 6 e 6 PLUS FLEX ASSEMBLATO NERO  bottone pulsante'),(652,1,'TASTO HOME IPHONE 6 e 6 PLUS FLEX ASSEMBLATO NERO  bottone pulsante'),(653,1,'Flex flat cable Modulo Fotocamera Camera Posteriore per Apple iPhone 6'),(654,1,'Flex flat cable Modulo Fotocamera Camera Posteriore per Apple iPhone 6'),(655,1,'FLAT FLEX ANTENNA SEGNALE WIRELESS WIFI WI FI PER IPHONE 6'),(656,1,'FLAT FLEX ANTENNA SEGNALE WIRELESS WIFI WI FI PER IPHONE 6'),(657,1,'RICAMBIO VANO SIM PORTA SIM TRAY PER IPHONE 6S CARRELLO SIM GOLD ORO'),(658,1,'RICAMBIO VANO SIM PORTA SIM TRAY PER IPHONE 6S CARRELLO SIM GOLD ORO'),(659,1,'SET 20 IN 1 STAFFE PLACCHE METALLICHE PER IPHONE 6S SCHEDA MADRE DISPLAY COVER'),(660,1,'CASSA AUDIO SPEAKER ALTOPARLANTE CASSA ASCOLTO AURICOLARE PER IPHONE 6S'),(661,1,'Flex flat IPHONE 5s Volume ON OFF Accensione TASTI LATERALI TASTO POWER MUTE'),(662,1,'Flex flat IPHONE 5s Volume ON OFF Accensione TASTI LATERALI TASTO POWER MUTE'),(663,1,'FLAT FLEX FOTOCAMERA POSTERIORE RETRO CAMERA PER IPHONE 5S'),(664,1,'SET KIT 21 IN 1 STAFFE PLACCHE METALLICHE PER IPHONE 5S SCHEDA MADRE DISPLAY'),(665,1,'MOTORINO VIBRAZIONE VIBRATORE PER IPHONE 5S VIBRATION NUOVO'),(666,1,'MOTORINO VIBRAZIONE VIBRATORE PER IPHONE 5S VIBRATION NUOVO'),(667,1,'FLAT FLEX MODULO RICAMBIO CAVO ANTENNA WIFI WI-FI ORIGINALE PER APPLE IPHONE 5S'),(668,1,'TASTO CENTRALE HOME BUTTON COMPLETO FLAT FLEX PER IPHONE 5S NERO'),(669,1,'FLAT FLEX CAVO SPEAKER ALTOPARLANTE SENSORE SAMSUNG GALAXY S6 G920F G920'),(671,1,'touch 5100 bianco'),(674,1,'ALTOPARLANTE S4'),(675,1,'ALTOPARLANTE S4'),(676,1,'FLAT FLEX SENSORE prossimità PER LG G2 D800 D801 D802 D803 D805 ASCOLTO'),(677,1,'FLAT FLEX TASTO POWER ACCENSIONE ON OFF TASTI VOLUME\' LG G4'),(678,1,'FLAT FLEX TASTO POWER ACCENSIONE ON OFF TASTI VOLUME\' LG G4'),(679,1,'Samsung GALAXY S5 G900F Ricambio Middle Frame Telaio Cornice silver'),(680,1,'CONNETTORE RICARICA  JACK MICRO USB GALAXY S3 MINI i8190 SAMSUNG'),(681,1,'CONNETTORE RICARICA  JACK MICRO USB GALAXY S3 MINI i8190 SAMSUNG'),(682,1,'Flat tasto accensione power Apple iPhone 4s sensore prossimità on off'),(683,1,'Set da 4 Lente Camera Anello Flash Jack e Dock iPhone 5S Gold'),(686,1,'CONNETTORE DOCK RICARICA Micro USB PORTA DATI CARICA X HUAWEI ASCEND G620 C8816'),(687,1,'CONNETTORE DOCK RICARICA Micro USB PORTA DATI CARICA X HUAWEI ASCEND G620 C8816'),(688,1,'CONNETTORE RICARICA Micro USB per HUAWEI ASCEND G510 G520 G525 G630 CARICA'),(689,1,'CONNETTORE RICARICA Micro USB per HUAWEI ASCEND G510 G520 G525 G630 CARICA'),(690,1,'USB LED LAMPADA FLESSIBILE LAMPADINE LUCE PER LAPTOP COMPUTER NOTEBOOCK PC'),(691,1,'USB LED LAMPADA FLESSIBILE LAMPADINE LUCE PER LAPTOP COMPUTER NOTEBOOCK PC'),(692,1,'Connettore di carica ricarica Nokia N603 N610 N710 N800 N9 500'),(693,1,'connettore LG Optimus L5 / E610 / Optimus L7 / P705 / P700 / L3 / E400'),(694,1,'connettore LG Optimus L5 / E610 / Optimus L7 / P705 / P700 / L3 / E400'),(695,1,'Lente Vetro Vetrino Camera Fotocamera Posteriore Samsung Galaxy S6 G920F Bianco'),(696,1,'Lente Vetro Vetrino Camera Fotocamera Posteriore Samsung Galaxy S6 G920F Bianco'),(697,1,'Lente Vetro Vetrino Camera Fotocamera Posteriore Samsung Galaxy S6 G920F Bianco'),(698,1,'USB LED LAMPADA FLESSIBILE LAMPADINE LUCE PER LAPTOP COMPUTER NOTEBOOCK PC'),(699,1,'VETRO TOUCH SCREEN per SAMSUNG GALAXY TAB 4 LITE SM-T116 BIANCO WHITE WIFI 3G T116 116'),(701,1,'Supporto Cellulare Auto MAGNETICO Universale Magnete Universale Bocchette Aria'),(703,1,'COPRISELLA COPRI SELLA GEL BICI IMBOTTITA GEL BICICLETTA PROTEZIONE MORBIDA'),(705,1,'Mouse 2.4GHz 1000-1600 DPI 6D Gaming Mouse USB LED Light Gamer'),(707,1,'COPRISELLA COPRI SELLA GEL BICI IMBOTTITA GEL BICICLETTA PROTEZIONE MORBIDA'),(708,1,'LENTE FOTOCAMERA POSTERIORE RICAMBIO Per Samsung Galaxy S7 EDGE g930 con flash'),(709,1,'LENTE FOTOCAMERA POSTERIORE RICAMBIO Per Samsung Galaxy S7 EDGE g930 con flash'),(710,1,'Biadesivo Adesivo Samsung Galaxy S7 G930 Frontale Display LCD'),(711,1,'BIADESIVO ADESIVO BATTERIA IPHONE 6S BIADESIVO SCOCCA FRAME STICKER'),(712,1,'FLAT FLEX MODULO VANO LETTORE SIM SCHEDA PER HTC ONE M9'),(713,1,'FLAT FLEX MODULO VANO LETTORE SIM SCHEDA PER HTC ONE M9'),(714,1,'FLAT TASTO ACCENSIONE ON OFF POWER BUTTON SAMSUNG GALAXY S6 G920'),(715,1,'FLAT Flex Tasto ON OFF Power GALAXY NOTE 4 N910F Accensione VIBRAZIONE Samsung'),(716,1,'FLAT Flex Tasto ON OFF Power GALAXY NOTE 4 N910F Accensione VIBRAZIONE Samsung'),(717,1,'FOTOCAMERA CAMERA FRONTALE sensore prossimità SAMSUNG GALAXY NOTE 4 N910F'),(718,1,'Suoneria Cassa Altoparlante Viavavoce Buzzer Samsung Galaxy Note 4 N910F'),(719,1,'FLAT Jack 3.5 Cuffia Cuffie Audio Auricolari per Samsung GALAXY NOTE IV 4 N910F'),(720,1,'Flat Lettore sim vano e micro sd samsung galaxy note 4 N910F NOTE IV'),(723,1,'VETRINO LENTE FRAME NERO FOTOCAMERA N910F PER SAMSUNG NOTE 4'),(724,1,'VETRINO LENTE FRAME NERO FOTOCAMERA N910F PER SAMSUNG NOTE 4'),(725,1,'Adattatore 2.5 \"a 3,5 pollici STAFFA SSD HDD NOTEBOOK MONTAGGIO vassoio caddy Bay'),(726,1,'FLAT POWER ON OFF ACCENSIONE TASTO PULSANTE SAMSUNG GALAXY S5'),(728,1,'FOTOCAMERA CAMERA FRONTALE sensore prossimità SAMSUNG GALAXY NOTE 3 N9005'),(729,1,'FOTOCAMERA POSTERIORE BACK CAMERA N9000 PER SAMSUNG NOTE 3 N9005'),(730,1,'BUZZER ALTOPARLANTE SUONERIA CASSA PER SAMSUNG GALAXY NOTE 3 N3 N9000 N9005'),(731,1,'FLAT CAVO ANTENNA SEGNALE PER SAMSUNG GALAXY NOTE 3 N9000 N9005'),(732,1,'FLAT CAVO ANTENNA SEGNALE PER SAMSUNG GALAXY NOTE 3 N9000 N9005'),(733,1,'ANTENNA CAVO  WIFI SAMSUNG GALAXY S6 EDGE G925 G925F SEGNALE WIRELESS'),(734,1,'FLAT FOTOCAMERA FRONTALE ANTERIORE CAMERA PER SAMSUNG S6 EDGE G925F'),(735,1,'FLAT FOTOCAMERA FRONTALE ANTERIORE CAMERA PER SAMSUNG S6 EDGE G925F'),(736,1,'Speaker altoparlante suoneria vivavoce buzzer PER SAMSUNG GALAXY J1 SM-J100 J100'),(737,1,'Speaker altoparlante suoneria vivavoce buzzer PER SAMSUNG GALAXY J1 SM-J100 J100'),(738,1,'Flat sensore prossimità Samsung SM G930F Samsung Galaxy S7 G930'),(739,1,'Flat sensore prossimità Samsung SM G930F Samsung Galaxy S7 G930'),(742,1,'flat camera anteriore Samsung G930F G935 Galaxy S7 fotocamera frontale s7 edge'),(743,1,'flat camera anteriore Samsung G930F G935 Galaxy S7 fotocamera frontale s7 edge'),(746,1,'Flat altoparlante superiore per Samsung G930F Galaxy S7 flex cassa speaker'),(747,1,'Flat altoparlante superiore per Samsung G930F Galaxy S7 flex cassa speaker'),(750,1,'Flat jack audio Samsung G930 Galaxy S7 flex auricolari cuffie 3.5 mm'),(751,1,'Flat jack audio Samsung G930 Galaxy S7 flex auricolari cuffie 3.5 mm'),(754,1,'LENTE FOTOCAMERA POSTERIORE RICAMBIO Per Samsung Galaxy S7 g930'),(755,1,'LENTE FOTOCAMERA POSTERIORE RICAMBIO Per Samsung Galaxy S7 g930'),(756,1,'BOX ESTERNO USB 2,5\" PER MASTERIZZATORI DVD-RW LETTORI DVD SATA'),(757,1,'ALTOPARLANTE NERO BUZZER VIVAVOCE SUONERIA SAMSUNG GALAXY NOTE 2 N7100'),(758,1,'ALTOPARLANTE NERO BUZZER VIVAVOCE SUONERIA SAMSUNG GALAXY NOTE 2 N7100'),(761,1,'Flat Fotocamera anteriore frontale sensore prossimità Samsung Note 2 N7100'),(763,1,'Flat Fotocamera anteriore frontale sensore prossimità Samsung Note 2 N7100'),(765,1,'FLAT Tasto Power ON OFF POWER GALAXY NOTE 2 II N7100 Per Samsung Accensione'),(767,1,'MOTORINO VIBRAZIONE FLAT PER SAMSUNG GALAXY NOTE 2 II N7100'),(768,1,'FLAT FOTOCAMERA FRONTALE ANTERIORE sensore prossimità SAMSUNG GALAXY S2 I9100'),(769,1,'FLAT FOTOCAMERA FRONTALE ANTERIORE sensore prossimità SAMSUNG GALAXY S2 I9100'),(772,1,'SPEAKER FLAT ALTOPARLANTE VIBRAZIONE MICROFONO PER SAMSUNG GALAXY S2 I9100'),(774,1,'SPEAKER FLAT ALTOPARLANTE VIBRAZIONE ORIGINALE PER SAMSUNG GALAXY S2 I9100'),(776,1,'CASSA AUDIO PER SAMSUNG GALAXY S2 i9100 RICAMBIO SUONERIA VIVAVOCE BUZZER'),(777,1,'LENTE FOTOCAMERA FRAME TASTO POWER E VOLUME LG G3 D855 BIANCO VETRINO CAMERA'),(779,1,'LENTE FOTOCAMERA FRAME TASTO POWER E VOLUME LG G3 D855 GOLD VETRINO CAMERA'),(780,1,'biadesivo adesivo fissaggio vetro posteriore back per Samsung Galaxy S7 g930F'),(782,1,'biadesivo adesivo fissaggio vetro posteriore back per Samsung Galaxy S7 edge g935F'),(783,1,'Vetro Posteriore Samsung Galaxy S6 G920f back glass cover Gold');

--
-- Table structure for table `ps_image_shop`
--

CREATE TABLE `ps_image_shop` (
  `id_product` int(10) unsigned NOT NULL,
  `id_image` int(11) unsigned NOT NULL,
  `id_shop` int(11) unsigned NOT NULL,
  `cover` tinyint(1) unsigned DEFAULT NULL,
  PRIMARY KEY (`id_image`,`id_shop`),
  UNIQUE KEY `id_product` (`id_product`,`id_shop`,`cover`),
  KEY `id_shop` (`id_shop`)
) ENGINE=InnoDB DEFAULT CHARSET=utf8;

--
-- Dumping data for table `ps_image_shop`
--

INSERT INTO `ps_image_shop` VALUES (1,2,1,1),(2,96,1,1),(3,3,1,1),(4,49,1,1),(5,5,1,1),(6,6,1,1),(7,7,1,1),(8,8,1,1),(9,9,1,1),(10,10,1,1),(12,11,1,1),(13,12,1,1),(14,13,1,1),(15,131,1,1),(17,15,1,1),(18,16,1,1),(19,17,1,1),(20,18,1,1),(21,19,1,1),(22,20,1,1),(23,48,1,1),(24,22,1,1),(25,23,1,1),(26,24,1,1),(27,25,1,1),(28,26,1,1),(29,27,1,1),(30,28,1,1),(31,29,1,1),(32,30,1,1),(33,31,1,1),(34,32,1,1),(35,33,1,1),(36,34,1,1),(37,35,1,1),(38,36,1,1),(40,37,1,1),(41,38,1,1),(42,39,1,1),(43,40,1,1),(44,97,1,1),(45,41,1,1),(46,42,1,1),(47,43,1,1),(48,44,1,1),(49,45,1,1),(50,46,1,1),(51,47,1,1),(52,50,1,1),(53,52,1,1),(54,53,1,1),(55,54,1,1),(56,55,1,1),(58,56,1,1),(59,57,1,1),(60,58,1,1),(61,59,1,1),(63,60,1,1),(64,61,1,1),(65,62,1,1),(66,63,1,1),(67,64,1,1),(68,65,1,1),(69,66,1,1),(70,67,1,1),(71,68,1,1),(72,70,1,1),(73,69,1,1),(74,71,1,1),(75,73,1,NULL),(75,72,1,1),(76,75,1,NULL),(76,76,1,NULL),(76,74,1,1),(77,78,1,NULL),(77,79,1,NULL),(77,77,1,1),(78,81,1,NULL),(78,80,1,1),(79,83,1,NULL),(79,82,1,1),(80,85,1,NULL),(80,84,1,1),(81,87,1,NULL),(81,86,1,1),(82,89,1,NULL),(82,90,1,NULL),(82,88,1,1),(83,94,1,NULL),(83,95,1,NULL),(83,93,1,1),(85,99,1,NULL),(85,100,1,NULL),(85,98,1,1),(86,102,1,NULL),(86,103,1,NULL),(86,101,1,1),(87,105,1,NULL),(87,104,1,1),(88,109,1,NULL),(88,108,1,1),(89,114,1,NULL),(89,113,1,1),(90,118,1,NULL),(90,117,1,1),(91,119,1,NULL),(91,121,1,NULL),(91,120,1,1),(92,122,1,1),(93,125,1,1),(94,126,1,1),(95,127,1,1),(96,129,1,1),(97,128,1,1),(98,130,1,1),(99,132,1,1),(100,133,1,1),(101,134,1,1),(102,135,1,1),(103,136,1,1),(104,137,1,1),(105,138,1,1),(106,139,1,1),(107,140,1,1),(108,141,1,1),(109,143,1,NULL),(109,142,1,1),(110,144,1,NULL),(110,145,1,1),(111,146,1,1),(112,148,1,NULL),(112,147,1,1),(113,149,1,1),(114,150,1,1),(115,153,1,NULL),(115,154,1,1),(116,699,1,1),(117,308,1,1),(118,157,1,NULL),(118,158,1,NULL),(118,159,1,1),(119,160,1,NULL),(119,161,1,1),(120,299,1,NULL),(120,300,1,NULL),(120,298,1,1),(121,303,1,NULL),(121,304,1,NULL),(121,302,1,1),(122,165,1,1),(123,166,1,1),(124,167,1,1),(125,168,1,1),(126,169,1,1),(127,170,1,1),(128,171,1,1),(129,173,1,1),(130,175,1,1),(131,177,1,1),(132,296,1,NULL),(132,297,1,NULL),(132,295,1,1),(133,179,1,1),(134,181,1,1),(135,183,1,1),(136,263,1,1),(138,186,1,1),(139,188,1,1),(140,189,1,1),(141,473,1,1),(142,191,1,1),(143,192,1,1),(144,193,1,1),(145,194,1,1),(146,198,1,1),(147,196,1,1),(148,291,1,1),(150,292,1,1),(151,202,1,1),(152,204,1,1),(153,205,1,1),(154,206,1,1),(155,207,1,1),(156,208,1,1),(157,209,1,1),(158,210,1,1),(159,211,1,1),(160,212,1,1),(161,213,1,1),(164,216,1,1),(165,217,1,1),(166,218,1,1),(167,219,1,1),(212,222,1,1),(213,223,1,1),(214,224,1,1),(215,225,1,1),(216,226,1,1),(217,227,1,1),(218,228,1,1),(219,229,1,1),(220,230,1,1),(221,231,1,1),(222,232,1,1),(223,233,1,1),(224,234,1,1),(225,235,1,1),(226,236,1,1),(227,237,1,1),(228,238,1,1),(229,239,1,1),(230,240,1,1),(231,241,1,1),(232,242,1,1),(233,243,1,1),(234,244,1,1),(235,245,1,1),(236,246,1,1),(237,248,1,NULL),(237,247,1,1),(238,249,1,1),(239,250,1,1),(240,251,1,1),(241,252,1,1),(242,253,1,1),(243,254,1,1),(244,255,1,1),(245,256,1,1),(258,257,1,1),(259,258,1,1),(260,259,1,1),(261,260,1,1),(262,261,1,1),(263,262,1,1),(264,264,1,1),(267,267,1,1),(268,268,1,1),(270,270,1,1),(271,271,1,1),(272,272,1,1),(273,273,1,1),(274,274,1,1),(275,275,1,1),(276,276,1,1),(277,277,1,1),(278,278,1,1),(279,279,1,1),(280,280,1,1),(281,281,1,1),(282,282,1,1),(283,287,1,1),(284,306,1,NULL),(284,307,1,NULL),(284,305,1,1),(285,310,1,NULL),(285,324,1,1),(286,312,1,NULL),(286,323,1,1),(287,314,1,NULL),(287,325,1,1),(288,316,1,NULL),(288,326,1,1),(289,327,1,1),(290,328,1,1),(291,322,1,1),(292,369,1,NULL),(292,370,1,NULL),(292,725,1,1),(293,365,1,NULL),(293,367,1,NULL),(293,366,1,1),(294,354,1,NULL),(294,355,1,NULL),(294,353,1,1),(295,358,1,NULL),(295,359,1,NULL),(295,357,1,1),(296,362,1,NULL),(296,363,1,NULL),(296,361,1,1),(297,349,1,NULL),(297,350,1,NULL),(297,348,1,1),(298,364,1,1),(299,372,1,NULL),(299,371,1,1),(300,352,1,NULL),(300,351,1,1),(301,344,1,1),(302,346,1,NULL),(302,347,1,NULL),(302,345,1,1),(303,343,1,NULL),(303,342,1,1),(304,374,1,NULL),(304,373,1,1),(305,339,1,1),(306,375,1,1),(307,405,1,1),(308,376,1,1),(309,377,1,1),(310,404,1,1),(311,337,1,1),(312,336,1,1),(319,332,1,NULL),(319,331,1,1),(320,330,1,NULL),(320,329,1,1),(321,333,1,1),(322,334,1,1),(323,335,1,1),(324,402,1,1),(325,360,1,1),(326,380,1,NULL),(326,379,1,1),(327,382,1,NULL),(327,383,1,1),(328,384,1,NULL),(328,385,1,1),(329,388,1,NULL),(329,386,1,1),(330,391,1,NULL),(330,392,1,NULL),(330,393,1,1),(331,394,1,NULL),(331,395,1,NULL),(331,397,1,1),(332,398,1,1),(333,400,1,1),(334,403,1,1),(335,424,1,NULL),(335,423,1,1),(336,426,1,NULL),(336,425,1,1),(337,427,1,1),(338,429,1,NULL),(338,428,1,1),(339,431,1,NULL),(339,472,1,1),(340,433,1,NULL),(340,432,1,1),(341,435,1,NULL),(341,434,1,1),(342,437,1,NULL),(342,436,1,1),(343,439,1,NULL),(343,438,1,1),(344,441,1,NULL),(344,440,1,1),(345,443,1,NULL),(345,442,1,1),(346,445,1,NULL),(346,444,1,1),(347,446,1,1),(348,447,1,NULL),(348,448,1,NULL),(348,449,1,1),(349,450,1,NULL),(349,452,1,NULL),(349,451,1,1),(350,453,1,1),(351,621,1,1),(352,456,1,NULL),(352,455,1,1),(353,458,1,NULL),(353,457,1,1),(354,459,1,NULL),(354,460,1,1),(355,474,1,1),(356,462,1,NULL),(356,463,1,NULL),(356,461,1,1),(357,465,1,NULL),(357,466,1,NULL),(357,464,1,1),(358,468,1,NULL),(358,469,1,NULL),(358,467,1,1),(359,475,1,1),(360,476,1,1),(361,477,1,1),(362,478,1,1),(363,418,1,NULL),(363,419,1,NULL),(363,417,1,1),(364,416,1,NULL),(364,415,1,1),(365,414,1,NULL),(365,698,1,1),(366,411,1,NULL),(366,410,1,1),(367,409,1,NULL),(367,408,1,1),(368,481,1,1),(369,407,1,NULL),(369,406,1,1),(370,422,1,1),(371,421,1,NULL),(371,420,1,1),(372,471,1,1),(373,479,1,1),(374,480,1,1),(375,482,1,1),(376,483,1,1),(377,489,1,1),(378,487,1,NULL),(378,488,1,1),(379,486,1,1),(380,484,1,NULL),(380,485,1,1),(381,490,1,1),(382,491,1,NULL),(382,492,1,1),(383,493,1,NULL),(383,494,1,1),(384,495,1,NULL),(384,496,1,1),(385,498,1,NULL),(385,497,1,1),(386,500,1,NULL),(386,499,1,1),(387,502,1,NULL),(387,501,1,1),(388,504,1,NULL),(388,503,1,1),(391,509,1,NULL),(391,508,1,1),(392,510,1,NULL),(392,511,1,1),(393,512,1,NULL),(393,513,1,1),(394,514,1,1),(395,515,1,1),(396,516,1,1),(397,517,1,NULL),(397,518,1,1),(398,520,1,NULL),(398,519,1,1),(399,522,1,NULL),(399,521,1,1),(400,523,1,1),(401,524,1,1),(402,526,1,NULL),(402,527,1,NULL),(402,525,1,1),(403,528,1,1),(404,529,1,1),(405,530,1,1),(406,531,1,1),(407,532,1,1),(408,534,1,NULL),(408,533,1,1),(409,535,1,NULL),(409,536,1,1),(410,539,1,1),(411,540,1,1),(412,541,1,1),(413,542,1,1),(414,543,1,1),(415,545,1,NULL),(415,544,1,1),(416,546,1,1),(417,547,1,NULL),(417,548,1,1),(418,549,1,NULL),(418,550,1,1),(419,551,1,NULL),(419,552,1,1),(420,553,1,1),(421,554,1,1),(422,555,1,1),(423,557,1,NULL),(423,556,1,1),(424,559,1,NULL),(424,558,1,1),(425,561,1,NULL),(425,560,1,1),(426,562,1,NULL),(426,563,1,1),(427,564,1,NULL),(427,565,1,1),(428,566,1,1),(430,620,1,1),(431,568,1,1),(432,569,1,1),(433,570,1,1),(434,572,1,NULL),(434,571,1,1),(435,573,1,1),(436,574,1,1),(437,575,1,1),(438,577,1,NULL),(438,576,1,1),(439,578,1,1),(440,579,1,1),(441,580,1,1),(442,581,1,1),(443,582,1,1),(444,583,1,1),(445,584,1,1),(446,585,1,1),(447,587,1,NULL),(447,588,1,NULL),(447,586,1,1),(448,589,1,NULL),(448,591,1,NULL),(448,590,1,1),(449,593,1,NULL),(449,592,1,1),(450,594,1,1),(451,595,1,1),(452,596,1,1),(453,597,1,1),(454,617,1,1),(455,616,1,1),(456,599,1,NULL),(456,598,1,1),(457,600,1,1),(458,601,1,1),(459,607,1,1),(460,608,1,1),(461,614,1,1),(462,615,1,1),(463,612,1,1),(464,613,1,1),(465,611,1,1),(466,610,1,1),(467,609,1,1),(468,606,1,1),(469,602,1,1),(470,603,1,1),(471,605,1,1),(472,618,1,1),(473,619,1,1),(474,622,1,1),(475,623,1,1),(476,624,1,1),(477,625,1,NULL),(477,626,1,1),(478,627,1,1),(479,630,1,NULL),(479,629,1,1),(480,634,1,NULL),(480,633,1,1),(481,637,1,NULL),(481,638,1,1),(482,642,1,NULL),(482,641,1,1),(483,644,1,NULL),(483,643,1,1),(484,645,1,1),(485,647,1,NULL),(485,646,1,1),(486,649,1,NULL),(486,648,1,1),(487,650,1,1),(488,652,1,NULL),(488,651,1,1),(489,653,1,NULL),(489,654,1,1),(490,656,1,NULL),(490,655,1,1),(491,657,1,NULL),(491,658,1,1),(492,659,1,1),(493,660,1,1),(494,662,1,NULL),(494,661,1,1),(495,663,1,1),(496,664,1,1),(497,665,1,NULL),(497,666,1,1),(498,667,1,1),(499,668,1,1),(500,674,1,NULL),(500,675,1,1),(501,676,1,1),(502,677,1,NULL),(502,678,1,1),(503,679,1,1),(504,669,1,1),(505,682,1,1),(506,688,1,NULL),(506,689,1,1),(507,692,1,1),(508,693,1,NULL),(508,694,1,1),(509,686,1,NULL),(509,687,1,1),(510,681,1,NULL),(510,680,1,1),(511,683,1,1),(512,671,1,1),(514,690,1,NULL),(514,691,1,1),(515,695,1,NULL),(515,696,1,NULL),(515,697,1,1),(517,701,1,1),(518,703,1,1),(519,705,1,1),(520,707,1,1),(521,709,1,NULL),(521,708,1,1),(522,710,1,1),(523,711,1,1),(524,712,1,NULL),(524,713,1,1),(525,714,1,1),(526,716,1,NULL),(526,715,1,1),(527,717,1,1),(528,718,1,1),(529,719,1,1),(530,720,1,1),(531,723,1,NULL),(531,724,1,1),(532,726,1,1),(533,728,1,1),(534,729,1,1),(535,730,1,1),(536,732,1,NULL),(536,731,1,1),(537,733,1,1),(538,735,1,NULL),(538,734,1,1),(539,737,1,NULL),(539,736,1,1),(540,738,1,NULL),(540,739,1,1),(541,742,1,NULL),(541,743,1,1),(542,747,1,NULL),(542,746,1,1),(543,751,1,NULL),(543,750,1,1),(544,755,1,NULL),(544,754,1,1),(545,756,1,1),(546,758,1,NULL),(546,757,1,1),(547,761,1,1),(548,763,1,1),(549,765,1,1),(550,767,1,1),(551,768,1,NULL),(551,769,1,1),(552,772,1,1),(553,774,1,1),(554,776,1,1),(555,777,1,1),(556,779,1,1),(557,780,1,1),(558,782,1,1),(560,783,1,1);

--
-- Table structure for table `ps_image_type`
--

CREATE TABLE `ps_image_type` (
  `id_image_type` int(10) unsigned NOT NULL AUTO_INCREMENT,
  `name` varchar(64) NOT NULL,
  `width` int(10) unsigned NOT NULL,
  `height` int(10) unsigned NOT NULL,
  `products` tinyint(1) NOT NULL DEFAULT '1',
  `categories` tinyint(1) NOT NULL DEFAULT '1',
  `manufacturers` tinyint(1) NOT NULL DEFAULT '1',
  `suppliers` tinyint(1) NOT NULL DEFAULT '1',
  `scenes` tinyint(1) NOT NULL DEFAULT '1',
  `stores` tinyint(1) NOT NULL DEFAULT '1',
  PRIMARY KEY (`id_image_type`),
  KEY `image_type_name` (`name`)
) ENGINE=InnoDB AUTO_INCREMENT=19 DEFAULT CHARSET=utf8;

--
-- Dumping data for table `ps_image_type`
--

INSERT INTO `ps_image_type` VALUES (10,'cart_default',80,80,1,0,0,0,0,1),(11,'small_default',45,45,1,0,1,1,0,1),(12,'medium_default',125,125,1,1,1,1,0,1),(13,'home_default',150,150,1,0,0,0,0,1),(14,'large_default',458,458,1,0,1,1,0,1),(15,'thickbox_default',800,800,1,0,0,0,0,1),(16,'category_default',550,124,0,1,0,0,0,1),(17,'scene_default',870,270,0,0,0,0,1,1),(18,'m_scene_default',161,58,0,0,0,0,1,1);

--
-- Table structure for table `ps_import_match`
--

CREATE TABLE `ps_import_match` (
  `id_import_match` int(10) NOT NULL AUTO_INCREMENT,
  `name` varchar(32) NOT NULL,
  `match` text NOT NULL,
  `skip` int(2) NOT NULL,
  PRIMARY KEY (`id_import_match`)
) ENGINE=InnoDB DEFAULT CHARSET=utf8;

--
-- Dumping data for table `ps_import_match`
--


--
-- Table structure for table `ps_info`
--

CREATE TABLE `ps_info` (
  `id_info` int(10) unsigned NOT NULL AUTO_INCREMENT,
  `id_shop` int(10) unsigned DEFAULT NULL,
  PRIMARY KEY (`id_info`)
) ENGINE=InnoDB AUTO_INCREMENT=3 DEFAULT CHARSET=utf8;

--
-- Dumping data for table `ps_info`
--

INSERT INTO `ps_info` VALUES (1,1),(2,1);

--
-- Table structure for table `ps_info_lang`
--

CREATE TABLE `ps_info_lang` (
  `id_info` int(10) unsigned NOT NULL,
  `id_lang` int(10) unsigned NOT NULL,
  `text` text NOT NULL,
  PRIMARY KEY (`id_info`,`id_lang`)
) ENGINE=InnoDB DEFAULT CHARSET=utf8;

--
-- Dumping data for table `ps_info_lang`
--

INSERT INTO `ps_info_lang` VALUES (1,1,'<ul>\n<li><em class=\"icon-truck\" id=\"icon-truck\"></em>\n<div class=\"type-text\">\n<h3>Lorem Ipsum</h3>\n<p>Lorem ipsum dolor sit amet conse ctetur voluptate velit esse cillum dolore eu</p>\n</div>\n</li>\n<li><em class=\"icon-phone\" id=\"icon-phone\"></em>\n<div class=\"type-text\">\n<h3>Dolor Sit Amet</h3>\n<p>Lorem ipsum dolor sit amet conse ctetur voluptate velit esse cillum dolore eu</p>\n</div>\n</li>\n<li><em class=\"icon-credit-card\" id=\"icon-credit-card\"></em>\n<div class=\"type-text\">\n<h3>Ctetur Voluptate</h3>\n<p>Lorem ipsum dolor sit amet conse ctetur voluptate velit esse cillum dolore eu</p>\n</div>\n</li>\n</ul>'),(2,1,'<h3>Custom Block</h3>\n<p><strong class=\"dark\">Lorem ipsum dolor sit amet conse ctetu</strong></p>\n<p>Sit amet conse ctetur adipisicing elit, sed do eiusmod tempor incididunt ut labore et dolore magna aliqua. Ut enim ad minim veniam, quis nostrud exercitation ullamco laboris nisi ut aliquip ex ea commodo consequat. Duis aute irure dolor in reprehenderit.</p>');

--
-- Table structure for table `ps_lang`
--

CREATE TABLE `ps_lang` (
  `id_lang` int(10) unsigned NOT NULL AUTO_INCREMENT,
  `name` varchar(32) NOT NULL,
  `active` tinyint(3) unsigned NOT NULL DEFAULT '0',
  `iso_code` char(2) NOT NULL,
  `language_code` char(5) NOT NULL,
  `date_format_lite` char(32) NOT NULL DEFAULT 'Y-m-d',
  `date_format_full` char(32) NOT NULL DEFAULT 'Y-m-d H:i:s',
  `is_rtl` tinyint(1) NOT NULL DEFAULT '0',
  PRIMARY KEY (`id_lang`),
  KEY `lang_iso_code` (`iso_code`)
) ENGINE=InnoDB AUTO_INCREMENT=2 DEFAULT CHARSET=utf8;

--
-- Dumping data for table `ps_lang`
--

INSERT INTO `ps_lang` VALUES (1,'Italiano (Italian)',1,'it','it-it','d/m/Y','d/m/Y H:i:s',0);

--
-- Table structure for table `ps_lang_shop`
--

CREATE TABLE `ps_lang_shop` (
  `id_lang` int(11) unsigned NOT NULL,
  `id_shop` int(11) unsigned NOT NULL,
  PRIMARY KEY (`id_lang`,`id_shop`),
  KEY `id_shop` (`id_shop`)
) ENGINE=InnoDB DEFAULT CHARSET=utf8;

--
-- Dumping data for table `ps_lang_shop`
--

INSERT INTO `ps_lang_shop` VALUES (1,1);

--
-- Table structure for table `ps_layered_category`
--

CREATE TABLE `ps_layered_category` (
  `id_layered_category` int(10) unsigned NOT NULL AUTO_INCREMENT,
  `id_shop` int(11) unsigned NOT NULL,
  `id_category` int(10) unsigned NOT NULL,
  `id_value` int(10) unsigned DEFAULT '0',
  `type` enum('category','id_feature','id_attribute_group','quantity','condition','manufacturer','weight','price') NOT NULL,
  `position` int(10) unsigned NOT NULL,
  `filter_type` int(10) unsigned NOT NULL DEFAULT '0',
  `filter_show_limit` int(10) unsigned NOT NULL DEFAULT '0',
  PRIMARY KEY (`id_layered_category`),
  KEY `id_category` (`id_category`,`type`)
) ENGINE=InnoDB AUTO_INCREMENT=89 DEFAULT CHARSET=latin1;

--
-- Dumping data for table `ps_layered_category`
--

INSERT INTO `ps_layered_category` VALUES (1,1,2,NULL,'category',1,0,0),(2,1,2,1,'id_attribute_group',2,0,0),(3,1,2,3,'id_attribute_group',3,0,0),(4,1,2,5,'id_feature',4,0,0),(5,1,2,6,'id_feature',5,0,0),(6,1,2,7,'id_feature',6,0,0),(7,1,2,NULL,'quantity',7,0,0),(8,1,2,NULL,'manufacturer',8,0,0),(9,1,2,NULL,'condition',9,0,0),(10,1,2,NULL,'weight',10,0,0),(11,1,2,NULL,'price',11,0,0),(12,1,3,NULL,'category',1,0,0),(13,1,3,1,'id_attribute_group',2,0,0),(14,1,3,3,'id_attribute_group',3,0,0),(15,1,3,5,'id_feature',4,0,0),(16,1,3,6,'id_feature',5,0,0),(17,1,3,7,'id_feature',6,0,0),(18,1,3,NULL,'quantity',7,0,0),(19,1,3,NULL,'manufacturer',8,0,0),(20,1,3,NULL,'condition',9,0,0),(21,1,3,NULL,'weight',10,0,0),(22,1,3,NULL,'price',11,0,0),(23,1,4,NULL,'category',1,0,0),(24,1,4,1,'id_attribute_group',2,0,0),(25,1,4,3,'id_attribute_group',3,0,0),(26,1,4,5,'id_feature',4,0,0),(27,1,4,6,'id_feature',5,0,0),(28,1,4,7,'id_feature',6,0,0),(29,1,4,NULL,'quantity',7,0,0),(30,1,4,NULL,'manufacturer',8,0,0),(31,1,4,NULL,'condition',9,0,0),(32,1,4,NULL,'weight',10,0,0),(33,1,4,NULL,'price',11,0,0),(34,1,7,NULL,'category',1,0,0),(35,1,7,1,'id_attribute_group',2,0,0),(36,1,7,3,'id_attribute_group',3,0,0),(37,1,7,5,'id_feature',4,0,0),(38,1,7,6,'id_feature',5,0,0),(39,1,7,7,'id_feature',6,0,0),(40,1,7,NULL,'quantity',7,0,0),(41,1,7,NULL,'manufacturer',8,0,0),(42,1,7,NULL,'condition',9,0,0),(43,1,7,NULL,'weight',10,0,0),(44,1,7,NULL,'price',11,0,0),(45,1,8,NULL,'category',1,0,0),(46,1,8,1,'id_attribute_group',2,0,0),(47,1,8,3,'id_attribute_group',3,0,0),(48,1,8,5,'id_feature',4,0,0),(49,1,8,6,'id_feature',5,0,0),(50,1,8,7,'id_feature',6,0,0),(51,1,8,NULL,'quantity',7,0,0),(52,1,8,NULL,'manufacturer',8,0,0),(53,1,8,NULL,'condition',9,0,0),(54,1,8,NULL,'weight',10,0,0),(55,1,8,NULL,'price',11,0,0),(56,1,9,NULL,'category',1,0,0),(57,1,9,1,'id_attribute_group',2,0,0),(58,1,9,3,'id_attribute_group',3,0,0),(59,1,9,5,'id_feature',4,0,0),(60,1,9,6,'id_feature',5,0,0),(61,1,9,7,'id_feature',6,0,0),(62,1,9,NULL,'quantity',7,0,0),(63,1,9,NULL,'manufacturer',8,0,0),(64,1,9,NULL,'condition',9,0,0),(65,1,9,NULL,'weight',10,0,0),(66,1,9,NULL,'price',11,0,0),(67,1,10,NULL,'category',1,0,0),(68,1,10,1,'id_attribute_group',2,0,0),(69,1,10,3,'id_attribute_group',3,0,0),(70,1,10,5,'id_feature',4,0,0),(71,1,10,6,'id_feature',5,0,0),(72,1,10,7,'id_feature',6,0,0),(73,1,10,NULL,'quantity',7,0,0),(74,1,10,NULL,'manufacturer',8,0,0),(75,1,10,NULL,'condition',9,0,0),(76,1,10,NULL,'weight',10,0,0),(77,1,10,NULL,'price',11,0,0),(78,1,11,NULL,'category',1,0,0),(79,1,11,1,'id_attribute_group',2,0,0),(80,1,11,3,'id_attribute_group',3,0,0),(81,1,11,5,'id_feature',4,0,0),(82,1,11,6,'id_feature',5,0,0),(83,1,11,7,'id_feature',6,0,0),(84,1,11,NULL,'quantity',7,0,0),(85,1,11,NULL,'manufacturer',8,0,0),(86,1,11,NULL,'condition',9,0,0),(87,1,11,NULL,'weight',10,0,0),(88,1,11,NULL,'price',11,0,0);

--
-- Table structure for table `ps_layered_filter`
--

CREATE TABLE `ps_layered_filter` (
  `id_layered_filter` int(10) unsigned NOT NULL AUTO_INCREMENT,
  `name` varchar(64) NOT NULL,
  `filters` text,
  `n_categories` int(10) unsigned NOT NULL,
  `date_add` datetime NOT NULL,
  PRIMARY KEY (`id_layered_filter`)
) ENGINE=InnoDB AUTO_INCREMENT=2 DEFAULT CHARSET=utf8;

--
-- Dumping data for table `ps_layered_filter`
--

INSERT INTO `ps_layered_filter` VALUES (1,'Il mio template 2016-02-15','a:13:{s:10:\"categories\";a:8:{i:0;i:2;i:2;i:3;i:3;i:4;i:4;i:7;i:5;i:8;i:6;i:9;i:7;i:10;i:8;i:11;}s:9:\"shop_list\";a:1:{i:1;i:1;}s:31:\"layered_selection_subcategories\";a:2:{s:11:\"filter_type\";i:0;s:17:\"filter_show_limit\";i:0;}s:22:\"layered_selection_ag_1\";a:2:{s:11:\"filter_type\";i:0;s:17:\"filter_show_limit\";i:0;}s:22:\"layered_selection_ag_3\";a:2:{s:11:\"filter_type\";i:0;s:17:\"filter_show_limit\";i:0;}s:24:\"layered_selection_feat_5\";a:2:{s:11:\"filter_type\";i:0;s:17:\"filter_show_limit\";i:0;}s:24:\"layered_selection_feat_6\";a:2:{s:11:\"filter_type\";i:0;s:17:\"filter_show_limit\";i:0;}s:24:\"layered_selection_feat_7\";a:2:{s:11:\"filter_type\";i:0;s:17:\"filter_show_limit\";i:0;}s:23:\"layered_selection_stock\";a:2:{s:11:\"filter_type\";i:0;s:17:\"filter_show_limit\";i:0;}s:30:\"layered_selection_manufacturer\";a:2:{s:11:\"filter_type\";i:0;s:17:\"filter_show_limit\";i:0;}s:27:\"layered_selection_condition\";a:2:{s:11:\"filter_type\";i:0;s:17:\"filter_show_limit\";i:0;}s:31:\"layered_selection_weight_slider\";a:2:{s:11:\"filter_type\";i:0;s:17:\"filter_show_limit\";i:0;}s:30:\"layered_selection_price_slider\";a:2:{s:11:\"filter_type\";i:0;s:17:\"filter_show_limit\";i:0;}}',9,'2016-02-15 10:48:16');

--
-- Table structure for table `ps_layered_filter_shop`
--

CREATE TABLE `ps_layered_filter_shop` (
  `id_layered_filter` int(10) unsigned NOT NULL,
  `id_shop` int(11) unsigned NOT NULL,
  PRIMARY KEY (`id_layered_filter`,`id_shop`),
  KEY `id_shop` (`id_shop`)
) ENGINE=InnoDB DEFAULT CHARSET=utf8;

--
-- Dumping data for table `ps_layered_filter_shop`
--

INSERT INTO `ps_layered_filter_shop` VALUES (1,1);

--
-- Table structure for table `ps_layered_friendly_url`
--

CREATE TABLE `ps_layered_friendly_url` (
  `id_layered_friendly_url` int(11) NOT NULL AUTO_INCREMENT,
  `url_key` varchar(32) NOT NULL,
  `data` varchar(200) NOT NULL,
  `id_lang` int(11) NOT NULL,
  PRIMARY KEY (`id_layered_friendly_url`),
  KEY `id_lang` (`id_lang`),
  KEY `url_key` (`url_key`(5))
) ENGINE=InnoDB AUTO_INCREMENT=56 DEFAULT CHARSET=utf8;

--
-- Dumping data for table `ps_layered_friendly_url`
--

INSERT INTO `ps_layered_friendly_url` VALUES (1,'9bc35dcf0ccd5738a9ae91dd6fca64f5','a:1:{s:8:\"category\";a:1:{i:1;s:1:\"1\";}}',1),(2,'97d85fb79f84f3477734bb83e66c1449','a:1:{s:8:\"category\";a:1:{i:2;s:1:\"2\";}}',1),(3,'ade523b670fd2d9d3866d200c3a1b23f','a:1:{s:8:\"category\";a:1:{i:3;s:1:\"3\";}}',1),(4,'419246acebe9630a6dff915253c8e33a','a:1:{s:8:\"category\";a:1:{i:4;s:1:\"4\";}}',1),(5,'681021985d807b2018ebc972d2317229','a:1:{s:8:\"category\";a:1:{i:8;s:1:\"8\";}}',1),(6,'6352fef8243c8d52949b2b9da6cd7cf4','a:1:{s:8:\"category\";a:1:{i:5;s:1:\"5\";}}',1),(7,'dc8fa6fcccd4203648656dc6efa0b4f3','a:1:{s:8:\"category\";a:1:{i:7;s:1:\"7\";}}',1),(8,'6dacb999cb3bcb994ce728d50dbc3bd6','a:1:{s:8:\"category\";a:1:{i:9;s:1:\"9\";}}',1),(9,'32768b11c476da95852bc8237a707459','a:1:{s:8:\"category\";a:1:{i:10;s:2:\"10\";}}',1),(10,'77c1b8d2b487a9b0f35a02cd66cb53c4','a:1:{s:8:\"category\";a:1:{i:11;s:2:\"11\";}}',1),(11,'662a7627ae56cf30b867b67220e1dbbb','a:1:{s:10:\"id_feature\";a:1:{i:1;s:3:\"5_1\";}}',1),(12,'6df7579c3942e4ff1065011927dd9d5c','a:1:{s:10:\"id_feature\";a:1:{i:2;s:3:\"5_2\";}}',1),(13,'390d6ecebc24887f632b44e4197b817f','a:1:{s:10:\"id_feature\";a:1:{i:3;s:3:\"5_3\";}}',1),(14,'699ff97143ef67bc0ed9a47fb1360298','a:1:{s:10:\"id_feature\";a:1:{i:4;s:3:\"5_4\";}}',1),(15,'a62b89820a2b12788e44a78ce7c3f6e7','a:1:{s:10:\"id_feature\";a:1:{i:5;s:3:\"5_5\";}}',1),(16,'d53aedd0fefa1b9c57410c46d3ab7d31','a:1:{s:10:\"id_feature\";a:1:{i:6;s:3:\"5_6\";}}',1),(17,'22b4783b6adaf35f734e4f49fee709fb','a:1:{s:10:\"id_feature\";a:1:{i:7;s:3:\"5_7\";}}',1),(18,'801195d307f0e1a21e6970b5f4b3feef','a:1:{s:10:\"id_feature\";a:1:{i:8;s:3:\"5_8\";}}',1),(19,'5f6f66ea50c041f44844048bb8daa95d','a:1:{s:10:\"id_feature\";a:1:{i:9;s:3:\"5_9\";}}',1),(20,'35c0a4004d39541bfef2c0e08107b942','a:1:{s:10:\"id_feature\";a:1:{i:10;s:4:\"6_10\";}}',1),(21,'91f552a8c005b73e492fc937d027bbb5','a:1:{s:10:\"id_feature\";a:1:{i:11;s:4:\"6_11\";}}',1),(22,'563864c651ec59a42aa010ccc20d54c0','a:1:{s:10:\"id_feature\";a:1:{i:12;s:4:\"6_12\";}}',1),(23,'2d9d59af780e983c2d02c85cb3caa568','a:1:{s:10:\"id_feature\";a:1:{i:13;s:4:\"6_13\";}}',1),(24,'3161e77f01c57753475a90a10e21638f','a:1:{s:10:\"id_feature\";a:1:{i:14;s:4:\"6_14\";}}',1),(25,'c7a08bef94619e3d08b2d30ba11a6546','a:1:{s:10:\"id_feature\";a:1:{i:15;s:4:\"6_15\";}}',1),(26,'e462c43c8d4f50a70ae892623326180f','a:1:{s:10:\"id_feature\";a:1:{i:16;s:4:\"6_16\";}}',1),(27,'3bcad838de12dc0f674fd3cb42e4d657','a:1:{s:10:\"id_feature\";a:1:{i:17;s:4:\"7_17\";}}',1),(28,'13de7b9838dac51d26d5f8614d60ee70','a:1:{s:10:\"id_feature\";a:1:{i:18;s:4:\"7_18\";}}',1),(29,'210492e3a72bd8b4a2bc94a73dd76d26','a:1:{s:10:\"id_feature\";a:1:{i:19;s:4:\"7_19\";}}',1),(30,'b37350ebcf8fb83c0c938c673ff2f265','a:1:{s:10:\"id_feature\";a:1:{i:20;s:4:\"7_20\";}}',1),(31,'2ea4d0b8f815447e670a93afec3a54a6','a:1:{s:10:\"id_feature\";a:1:{i:21;s:4:\"7_21\";}}',1),(32,'97d9dd08827238b39342d37e16ee7fc3','a:1:{s:18:\"id_attribute_group\";a:1:{i:1;s:3:\"1_1\";}}',1),(33,'2f3d5048a6335cac20241e0f8cb5294e','a:1:{s:18:\"id_attribute_group\";a:1:{i:2;s:3:\"1_2\";}}',1),(34,'19819345209f29bb2865355fa2cdb800','a:1:{s:18:\"id_attribute_group\";a:1:{i:3;s:3:\"1_3\";}}',1),(35,'a74d6b0f9d5be1f5670a4ed2874ad7b7','a:1:{s:18:\"id_attribute_group\";a:1:{i:4;s:3:\"1_4\";}}',1),(36,'ed89a87e3258520ca3bd78ea4cf68883','a:1:{s:18:\"id_attribute_group\";a:1:{i:5;s:3:\"3_5\";}}',1),(37,'d5de95ddbfa255dd6fdf3f77a49c465e','a:1:{s:18:\"id_attribute_group\";a:1:{i:6;s:3:\"3_6\";}}',1),(38,'f036e061c6e0e9cd6b3c463f72f524a5','a:1:{s:18:\"id_attribute_group\";a:1:{i:7;s:3:\"3_7\";}}',1),(39,'c99f87bbfcb03d37fb7b80f387752ec5','a:1:{s:18:\"id_attribute_group\";a:1:{i:8;s:3:\"3_8\";}}',1),(40,'5bc0c3fffe7a070fcbc51d0f9537202c','a:1:{s:18:\"id_attribute_group\";a:1:{i:9;s:3:\"3_9\";}}',1),(41,'8175ec4a94acbe1eadc81ce5dc0c6170','a:1:{s:18:\"id_attribute_group\";a:1:{i:10;s:4:\"3_10\";}}',1),(42,'d7fdefe740b91cc0ed7eb97a810a67a8','a:1:{s:18:\"id_attribute_group\";a:1:{i:11;s:4:\"3_11\";}}',1),(43,'c02af4e946c05d0db5b6d3f1ae957287','a:1:{s:18:\"id_attribute_group\";a:1:{i:12;s:4:\"3_12\";}}',1),(44,'d6757523023318511a4c83a923166e5e','a:1:{s:18:\"id_attribute_group\";a:1:{i:13;s:4:\"3_13\";}}',1),(45,'52f0013bf4b73d2787cf874d2d65e163','a:1:{s:18:\"id_attribute_group\";a:1:{i:14;s:4:\"3_14\";}}',1),(46,'6dd5d6e16acddb5ab2d612ad65603344','a:1:{s:18:\"id_attribute_group\";a:1:{i:15;s:4:\"3_15\";}}',1),(47,'3f9b3cfe2fafed694f60b18a0169e6ac','a:1:{s:18:\"id_attribute_group\";a:1:{i:16;s:4:\"3_16\";}}',1),(48,'5b08207269468dd2cae46d93eea536dd','a:1:{s:18:\"id_attribute_group\";a:1:{i:17;s:4:\"3_17\";}}',1),(49,'b7ca381eeae1441140d52502461c6a2c','a:1:{s:18:\"id_attribute_group\";a:1:{i:24;s:4:\"3_24\";}}',1),(50,'e145f54b80ffd4a0b53ff0a2866ac5d5','a:1:{s:8:\"quantity\";a:1:{i:0;i:0;}}',1),(51,'9b1e1fb176c8af406051619e75908da1','a:1:{s:8:\"quantity\";a:1:{i:0;i:1;}}',1),(52,'0ca34991dd85fc29fb5d1053ee2e1fcc','a:1:{s:9:\"condition\";a:1:{s:3:\"new\";s:3:\"new\";}}',1),(53,'38370e03baee834d2d53395525a4ac56','a:1:{s:9:\"condition\";a:1:{s:4:\"used\";s:4:\"used\";}}',1),(54,'352bd2ca0fd5068c12fd6ca458ed2698','a:1:{s:9:\"condition\";a:1:{s:11:\"refurbished\";s:11:\"refurbished\";}}',1),(55,'327f7ccb21128a9f861a8e40477d4b15','a:1:{s:12:\"manufacturer\";a:1:{i:1;s:1:\"1\";}}',1);

--
-- Table structure for table `ps_layered_indexable_attribute_group`
--

CREATE TABLE `ps_layered_indexable_attribute_group` (
  `id_attribute_group` int(11) NOT NULL,
  `indexable` tinyint(1) NOT NULL DEFAULT '0',
  PRIMARY KEY (`id_attribute_group`)
) ENGINE=InnoDB DEFAULT CHARSET=utf8;

--
-- Dumping data for table `ps_layered_indexable_attribute_group`
--

INSERT INTO `ps_layered_indexable_attribute_group` VALUES (1,1),(2,1),(3,1);

--
-- Table structure for table `ps_layered_indexable_attribute_group_lang_value`
--

CREATE TABLE `ps_layered_indexable_attribute_group_lang_value` (
  `id_attribute_group` int(11) NOT NULL,
  `id_lang` int(11) NOT NULL,
  `url_name` varchar(128) DEFAULT NULL,
  `meta_title` varchar(128) DEFAULT NULL,
  PRIMARY KEY (`id_attribute_group`,`id_lang`)
) ENGINE=InnoDB DEFAULT CHARSET=utf8;

--
-- Dumping data for table `ps_layered_indexable_attribute_group_lang_value`
--


--
-- Table structure for table `ps_layered_indexable_attribute_lang_value`
--

CREATE TABLE `ps_layered_indexable_attribute_lang_value` (
  `id_attribute` int(11) NOT NULL,
  `id_lang` int(11) NOT NULL,
  `url_name` varchar(128) DEFAULT NULL,
  `meta_title` varchar(128) DEFAULT NULL,
  PRIMARY KEY (`id_attribute`,`id_lang`)
) ENGINE=InnoDB DEFAULT CHARSET=utf8;

--
-- Dumping data for table `ps_layered_indexable_attribute_lang_value`
--


--
-- Table structure for table `ps_layered_indexable_feature`
--

CREATE TABLE `ps_layered_indexable_feature` (
  `id_feature` int(11) NOT NULL,
  `indexable` tinyint(1) NOT NULL DEFAULT '0',
  PRIMARY KEY (`id_feature`)
) ENGINE=InnoDB DEFAULT CHARSET=utf8;

--
-- Dumping data for table `ps_layered_indexable_feature`
--

INSERT INTO `ps_layered_indexable_feature` VALUES (1,1),(2,1),(3,1),(4,1),(5,1),(6,1),(7,1);

--
-- Table structure for table `ps_layered_indexable_feature_lang_value`
--

CREATE TABLE `ps_layered_indexable_feature_lang_value` (
  `id_feature` int(11) NOT NULL,
  `id_lang` int(11) NOT NULL,
  `url_name` varchar(128) NOT NULL,
  `meta_title` varchar(128) DEFAULT NULL,
  PRIMARY KEY (`id_feature`,`id_lang`)
) ENGINE=InnoDB DEFAULT CHARSET=utf8;

--
-- Dumping data for table `ps_layered_indexable_feature_lang_value`
--


--
-- Table structure for table `ps_layered_indexable_feature_value_lang_value`
--

CREATE TABLE `ps_layered_indexable_feature_value_lang_value` (
  `id_feature_value` int(11) NOT NULL,
  `id_lang` int(11) NOT NULL,
  `url_name` varchar(128) DEFAULT NULL,
  `meta_title` varchar(128) DEFAULT NULL,
  PRIMARY KEY (`id_feature_value`,`id_lang`)
) ENGINE=InnoDB DEFAULT CHARSET=utf8;

--
-- Dumping data for table `ps_layered_indexable_feature_value_lang_value`
--


--
-- Table structure for table `ps_layered_price_index`
--

CREATE TABLE `ps_layered_price_index` (
  `id_product` int(11) NOT NULL,
  `id_currency` int(11) NOT NULL,
  `id_shop` int(11) NOT NULL,
  `price_min` int(11) NOT NULL,
  `price_max` int(11) NOT NULL,
  PRIMARY KEY (`id_product`,`id_currency`,`id_shop`),
  KEY `id_currency` (`id_currency`),
  KEY `price_min` (`price_min`),
  KEY `price_max` (`price_max`)
) ENGINE=InnoDB DEFAULT CHARSET=utf8;

--
-- Dumping data for table `ps_layered_price_index`
--

INSERT INTO `ps_layered_price_index` VALUES (1,1,1,9,11),(2,1,1,19,23),(3,1,1,9,11),(4,1,1,12,15),(5,1,1,18,23),(6,1,1,0,1),(7,1,1,0,1),(8,1,1,1,1),(9,1,1,10,13),(10,1,1,10,13),(11,1,1,0,0),(12,1,1,10,13),(13,1,1,7,10),(14,1,1,10,12),(15,1,1,17,22),(16,1,1,0,0),(17,1,1,0,1),(18,1,1,1,1),(19,1,1,1,1),(20,1,1,22,28),(21,1,1,0,1),(22,1,1,20,25),(23,1,1,12,15),(24,1,1,18,22),(25,1,1,0,1),(26,1,1,6,8),(27,1,1,0,1),(28,1,1,11,15),(29,1,1,0,1),(30,1,1,11,14),(31,1,1,9,11),(32,1,1,10,12),(33,1,1,26,32),(34,1,1,0,1),(35,1,1,0,1),(36,1,1,1,1),(37,1,1,14,18),(38,1,1,14,18),(39,1,1,0,0),(40,1,1,10,13),(41,1,1,12,16),(42,1,1,16,20),(43,1,1,22,28),(44,1,1,0,0),(45,1,1,0,0),(46,1,1,1,1),(47,1,1,9,11),(48,1,1,11,14),(49,1,1,0,1),(50,1,1,0,0),(51,1,1,0,0),(52,1,1,0,0),(53,1,1,0,1),(54,1,1,0,1),(55,1,1,0,0),(56,1,1,0,0),(57,1,1,0,0),(58,1,1,0,0),(59,1,1,0,0),(60,1,1,0,0),(61,1,1,0,0),(62,1,1,0,0),(63,1,1,0,0),(64,1,1,1,1),(65,1,1,0,0),(66,1,1,1,1),(67,1,1,0,0),(68,1,1,0,1),(69,1,1,10,13),(70,1,1,0,0),(71,1,1,0,1),(72,1,1,0,0),(73,1,1,0,1),(74,1,1,0,0),(75,1,1,6,8),(76,1,1,5,7),(77,1,1,19,24),(78,1,1,23,29),(79,1,1,3,4),(80,1,1,15,19),(81,1,1,4,6),(82,1,1,8,10),(83,1,1,3,4),(84,1,1,0,0),(85,1,1,7,9),(86,1,1,21,26),(87,1,1,5,7),(88,1,1,5,7),(89,1,1,17,21),(90,1,1,6,8),(91,1,1,6,8),(92,1,1,5,7),(93,1,1,11,14),(94,1,1,19,24),(95,1,1,10,13),(96,1,1,19,24),(97,1,1,24,30),(98,1,1,24,30),(99,1,1,0,1),(100,1,1,0,1),(101,1,1,6,8),(102,1,1,0,0),(103,1,1,0,0),(104,1,1,0,0),(105,1,1,0,0),(106,1,1,0,0),(107,1,1,12,15),(108,1,1,16,20),(109,1,1,15,19),(110,1,1,20,25),(111,1,1,16,20),(112,1,1,17,21),(113,1,1,11,14),(114,1,1,13,16),(115,1,1,11,14),(116,1,1,12,16),(117,1,1,13,16),(118,1,1,4,5),(119,1,1,13,16),(120,1,1,4,5),(121,1,1,4,5),(122,1,1,10,13),(123,1,1,14,18),(124,1,1,21,26),(125,1,1,21,26),(126,1,1,6,8),(127,1,1,4,5),(128,1,1,9,11),(129,1,1,13,17),(130,1,1,4,5),(131,1,1,10,13),(132,1,1,9,11),(133,1,1,20,25),(134,1,1,20,25),(135,1,1,4,5),(136,1,1,9,12),(137,1,1,0,0),(138,1,1,38,47),(139,1,1,13,17),(140,1,1,0,0),(141,1,1,11,15),(142,1,1,0,0),(143,1,1,0,0),(144,1,1,0,0),(145,1,1,0,0),(146,1,1,0,0),(147,1,1,0,0),(148,1,1,24,30),(149,1,1,24,30),(150,1,1,47,58),(151,1,1,0,0),(152,1,1,0,0),(153,1,1,0,0),(154,1,1,0,0),(155,1,1,0,0),(156,1,1,0,0),(157,1,1,0,0),(158,1,1,0,0),(159,1,1,0,0),(160,1,1,0,0),(161,1,1,0,0),(162,1,1,0,0),(163,1,1,0,0),(164,1,1,0,0),(165,1,1,0,0),(166,1,1,0,0),(167,1,1,0,0),(168,1,1,0,0),(169,1,1,0,0),(170,1,1,0,0),(171,1,1,0,0),(172,1,1,0,0),(173,1,1,0,0),(174,1,1,0,0),(175,1,1,0,0),(176,1,1,0,0),(177,1,1,0,0),(178,1,1,0,0),(179,1,1,0,0),(180,1,1,0,0),(181,1,1,0,0),(182,1,1,0,0),(183,1,1,0,0),(184,1,1,0,0),(185,1,1,0,0),(186,1,1,0,0),(187,1,1,0,0),(188,1,1,0,0),(189,1,1,0,0),(190,1,1,0,0),(191,1,1,0,0),(192,1,1,0,0),(193,1,1,0,0),(194,1,1,0,0),(195,1,1,0,0),(196,1,1,0,0),(197,1,1,0,0),(198,1,1,0,0),(199,1,1,0,0),(200,1,1,0,0),(201,1,1,0,0),(202,1,1,0,0),(203,1,1,0,0),(204,1,1,0,0),(205,1,1,0,0),(206,1,1,0,0),(207,1,1,0,0),(208,1,1,0,0),(209,1,1,0,0),(210,1,1,0,0),(211,1,1,0,0),(212,1,1,0,1),(213,1,1,0,1),(214,1,1,0,1),(215,1,1,0,1),(216,1,1,0,1),(217,1,1,0,1),(218,1,1,0,1),(219,1,1,0,1),(220,1,1,0,1),(221,1,1,0,1),(222,1,1,0,1),(223,1,1,0,1),(224,1,1,0,1),(225,1,1,0,1),(226,1,1,0,1),(227,1,1,0,1),(228,1,1,0,1),(229,1,1,0,1),(230,1,1,0,1),(231,1,1,0,1),(232,1,1,0,1),(233,1,1,0,1),(234,1,1,1,2),(235,1,1,1,2),(236,1,1,1,2),(237,1,1,1,2),(238,1,1,0,1),(239,1,1,0,1),(240,1,1,0,1),(241,1,1,0,1),(242,1,1,0,1),(243,1,1,0,1),(244,1,1,0,1),(245,1,1,0,1),(246,1,1,0,0),(247,1,1,0,0),(248,1,1,0,0),(249,1,1,0,0),(250,1,1,0,0),(251,1,1,0,0),(252,1,1,0,0),(253,1,1,0,0),(254,1,1,0,0),(255,1,1,0,0),(256,1,1,0,0),(257,1,1,0,0),(258,1,1,6,8),(259,1,1,7,10),(260,1,1,6,8),(261,1,1,7,10),(262,1,1,7,9),(263,1,1,7,9),(264,1,1,0,0),(265,1,1,0,0),(266,1,1,0,0),(267,1,1,0,0),(268,1,1,0,0),(269,1,1,0,0),(270,1,1,45,56),(271,1,1,33,41),(272,1,1,40,49),(273,1,1,54,67),(274,1,1,59,73),(275,1,1,43,53),(276,1,1,77,95),(277,1,1,111,136),(278,1,1,37,46),(279,1,1,43,53),(280,1,1,71,87),(281,1,1,75,92),(282,1,1,77,94),(283,1,1,48,59),(284,1,1,14,18),(285,1,1,5,7),(286,1,1,9,12),(287,1,1,13,16),(288,1,1,10,13),(289,1,1,9,11),(290,1,1,9,11),(291,1,1,40,49),(292,1,1,1,2),(293,1,1,20,25),(294,1,1,2,3),(295,1,1,2,3),(296,1,1,5,7),(297,1,1,15,19),(298,1,1,12,15),(299,1,1,5,7),(300,1,1,5,7),(301,1,1,4,5),(302,1,1,21,26),(303,1,1,16,21),(304,1,1,21,26),(305,1,1,16,20),(306,1,1,1,2),(307,1,1,1,2),(308,1,1,3,4),(309,1,1,2,3),(310,1,1,0,1),(311,1,1,2,4),(312,1,1,4,6),(313,1,1,6,8),(314,1,1,9,12),(315,1,1,12,15),(316,1,1,10,13),(317,1,1,9,11),(318,1,1,9,11),(319,1,1,4,5),(320,1,1,0,1),(321,1,1,187,229),(322,1,1,327,399),(323,1,1,278,340),(324,1,1,217,265),(325,1,1,22,28),(326,1,1,256,313),(327,1,1,327,399),(328,1,1,351,429),(329,1,1,233,285),(330,1,1,301,368),(331,1,1,384,469),(332,1,1,425,519),(333,1,1,507,619),(334,1,1,187,229),(335,1,1,5,7),(336,1,1,9,11),(337,1,1,5,7),(338,1,1,4,5),(339,1,1,4,5),(340,1,1,6,8),(341,1,1,6,8),(342,1,1,6,8),(343,1,1,6,8),(344,1,1,3,4),(345,1,1,3,4),(346,1,1,3,4),(347,1,1,2,3),(348,1,1,2,3),(349,1,1,2,3),(350,1,1,3,4),(351,1,1,4,6),(352,1,1,5,6),(353,1,1,3,4),(354,1,1,2,4),(355,1,1,9,12),(356,1,1,7,9),(357,1,1,13,16),(358,1,1,13,16),(359,1,1,2,3),(360,1,1,5,7),(361,1,1,5,7),(362,1,1,5,7),(363,1,1,9,12),(364,1,1,7,9),(365,1,1,1,2),(366,1,1,1,1),(367,1,1,4,6),(368,1,1,6,8),(369,1,1,1,2),(370,1,1,1,2),(371,1,1,2,3),(372,1,1,13,17),(373,1,1,2,3),(374,1,1,2,3),(375,1,1,13,16),(376,1,1,1,2),(377,1,1,1,2),(378,1,1,1,2),(379,1,1,1,2),(380,1,1,2,3),(381,1,1,12,15),(382,1,1,4,6),(383,1,1,2,2),(384,1,1,2,3),(385,1,1,2,3),(386,1,1,2,2),(387,1,1,2,2),(388,1,1,1,1),(389,1,1,1,1),(390,1,1,6,7),(391,1,1,2,3),(392,1,1,1,2),(393,1,1,2,3),(394,1,1,2,3),(395,1,1,2,3),(396,1,1,3,4),(397,1,1,2,3),(398,1,1,4,5),(399,1,1,2,3),(400,1,1,1,1),(401,1,1,2,3),(402,1,1,4,5),(403,1,1,2,3),(404,1,1,1,1),(405,1,1,0,1),(406,1,1,2,3),(407,1,1,2,3),(408,1,1,2,4),(409,1,1,4,5),(410,1,1,1,2),(411,1,1,0,1),(412,1,1,1,2),(413,1,1,1,2),(414,1,1,2,4),(415,1,1,2,3),(416,1,1,7,9),(417,1,1,7,9),(418,1,1,4,5),(419,1,1,3,4),(420,1,1,2,3),(421,1,1,2,3),(422,1,1,2,3),(423,1,1,7,9),(424,1,1,3,4),(425,1,1,2,3),(426,1,1,2,3),(427,1,1,2,3),(428,1,1,3,4),(429,1,1,4,5),(430,1,1,3,4),(431,1,1,4,5),(432,1,1,1,2),(433,1,1,1,2),(434,1,1,2,3),(435,1,1,1,2),(436,1,1,3,4),(437,1,1,3,4),(438,1,1,3,4),(439,1,1,3,4),(440,1,1,1,1),(441,1,1,4,6),(442,1,1,3,4),(443,1,1,2,3),(444,1,1,10,13),(445,1,1,6,8),(446,1,1,9,11),(447,1,1,10,13),(448,1,1,9,12),(449,1,1,12,15),(450,1,1,7,9),(451,1,1,7,9),(452,1,1,8,10),(453,1,1,4,5),(454,1,1,6,8),(455,1,1,6,8),(456,1,1,2,2),(457,1,1,18,23),(458,1,1,18,23),(459,1,1,18,23),(460,1,1,18,23),(461,1,1,34,42),(462,1,1,34,42),(463,1,1,34,42),(464,1,1,34,42),(465,1,1,34,42),(466,1,1,34,42),(467,1,1,64,79),(468,1,1,64,79),(469,1,1,102,125),(470,1,1,143,175),(471,1,1,143,175),(472,1,1,221,270),(473,1,1,196,240),(474,1,1,0,0),(475,1,1,2,3),(476,1,1,3,4),(477,1,1,3,5),(478,1,1,2,3),(479,1,1,4,6),(480,1,1,2,3),(481,1,1,1,2),(482,1,1,2,2),(483,1,1,2,3),(484,1,1,5,7),(485,1,1,1,2),(486,1,1,2,3),(487,1,1,2,2),(488,1,1,3,5),(489,1,1,4,6),(490,1,1,1,2),(491,1,1,1,2),(492,1,1,11,14),(493,1,1,2,3),(494,1,1,3,4),(495,1,1,5,7),(496,1,1,8,10),(497,1,1,1,2),(498,1,1,1,2),(499,1,1,2,3),(500,1,1,1,2),(501,1,1,5,6),(502,1,1,15,18),(503,1,1,7,9),(504,1,1,3,4),(505,1,1,0,0),(506,1,1,0,1),(507,1,1,1,1),(508,1,1,1,1),(509,1,1,0,1),(510,1,1,0,1),(511,1,1,2,3),(512,1,1,12,15),(513,1,1,1,2),(514,1,1,1,2),(515,1,1,5,7),(516,1,1,0,0),(517,1,1,3,4),(518,1,1,4,6),(519,1,1,10,13),(520,1,1,4,6),(521,1,1,4,5),(522,1,1,2,3),(523,1,1,0,1),(524,1,1,8,10),(525,1,1,2,2),(526,1,1,3,4),(527,1,1,3,5),(528,1,1,3,5),(529,1,1,4,6),(530,1,1,4,6),(531,1,1,2,3),(532,1,1,1,2),(533,1,1,4,5),(534,1,1,6,8),(535,1,1,3,5),(536,1,1,1,1),(537,1,1,2,2),(538,1,1,4,5),(539,1,1,3,4),(540,1,1,10,13),(541,1,1,3,5),(542,1,1,4,5),(543,1,1,5,7),(544,1,1,3,4),(545,1,1,8,10),(546,1,1,3,5),(547,1,1,2,3),(548,1,1,2,3),(549,1,1,2,3),(550,1,1,1,1),(551,1,1,2,3),(552,1,1,2,2),(553,1,1,3,5),(554,1,1,2,3),(555,1,1,5,7),(556,1,1,5,7),(557,1,1,2,3),(558,1,1,2,3),(559,1,1,14,18),(560,1,1,13,17);

--
