(5734,145711,48628,101,5,NULL,'CCD da interno a colori'),(5735,48629,48628,101,5,NULL,'CMOS da esterno bianco e nero'),(5736,145713,48628,101,5,NULL,'CMOS da esterno a colori'),(5737,14957,48628,101,5,NULL,'CMOS da interno bianco e nero'),(5738,145712,48628,101,5,NULL,'CMOS da interno a colori'),(5739,48630,48638,101,4,NULL,'Telecamere TVCC wireless'),(5740,145714,48630,101,5,NULL,'CCD da esterno bianco e nero'),(5741,145715,48630,101,5,NULL,'CCD da esterno a colori'),(5742,145716,48630,101,5,NULL,'CCD da interno bianco e nero'),(5743,145717,48630,101,5,NULL,'CCD da interno a colori'),(5744,48632,48630,101,5,NULL,'CMOS da esterno bianco e nero'),(5745,145719,48630,101,5,NULL,'CMOS da esterno a colori'),(5746,48631,48630,101,5,NULL,'CMOS da interno bianco e nero'),(5747,145718,48630,101,5,NULL,'CMOS da interno a colori'),(5748,75395,48638,101,4,NULL,'Telecamere TVCC finte'),(5749,145724,48638,101,4,NULL,'Telecamere TVCC nascoste'),(5750,145725,48638,101,4,NULL,'Telecamere su moduli PCB'),(5751,145726,48638,101,4,NULL,'Kit completi videosorveglianza'),(5752,48636,145726,101,5,NULL,'Kit completi cablati'),(5753,145739,145726,101,5,NULL,'Kit completi wireless'),(5754,145740,48633,101,3,NULL,'Accessori da videosorveglianza'),(5755,145741,145740,101,4,NULL,'Alimentazione e batterie'),(5756,145742,145740,101,4,NULL,'Cavi, connettori e adattatori'),(5757,145743,145740,101,4,NULL,'Ciclici, quad e multiplexer'),(5758,145744,145740,101,4,NULL,'Custodie, staffe e brandeggi'),(5759,145745,145740,101,4,NULL,'Illuminatori'),(5760,48635,145740,101,4,NULL,'Monitor'),(5761,145746,145740,101,4,NULL,'Motorizzazioni'),(5762,145747,145740,101,4,NULL,'Obiettivi'),(5763,145748,145740,101,4,NULL,'Ricevitori per TVCC wireless'),(5764,145749,145740,101,4,NULL,'Software videosorveglianza'),(5765,145750,145740,101,4,NULL,'Videoregistratori DVR e schede'),(5766,145751,145750,101,5,NULL,'Registratori DVR stand alone'),(5767,145752,145750,101,5,NULL,'Registratori DVR basati su PC'),(5768,88755,145750,101,5,NULL,'Schede acquisizione immagini'),(5769,48644,293,101,2,NULL,'Manuali e guide'),(5770,175740,293,101,2,NULL,'Vintage TV, audio e video'),(5771,43804,175740,101,3,NULL,'Componenti'),(5772,39996,175740,101,3,NULL,'Documentazione'),(5773,50595,175740,101,3,NULL,'Radio'),(5774,116868,175740,101,3,NULL,'Registratori cassette e bobine'),(5775,64627,175740,101,3,NULL,'Valvole'),(5776,15088,175740,101,3,NULL,'Videoregistratori'),(5777,3284,175740,101,3,NULL,'Altro vintage TV/audio/video'),(5778,51004,293,101,2,NULL,'Grandi lotti e stock'),(5779,175837,293,101,2,NULL,'Altro TV, audio e video'),(5780,131090,131090,101,1,NULL,'Veicoli: ricambi e accessori'),(5781,9884,131090,101,2,NULL,'Auto: ricambi'),(5782,33549,9884,101,3,NULL,'Aspirazione e iniezione'),(5783,61259,33549,101,4,NULL,'Cavi acceleratore'),(5784,63708,33549,101,4,NULL,'Carburatori'),(5785,36474,33549,101,4,NULL,'Collettori di aspirazione'),(5786,33554,33549,101,4,NULL,'Componenti iniezione'),(5787,33558,33549,101,4,NULL,'Corpi farfallati'),(5788,63713,33549,101,4,NULL,'Filtri carburante'),(5789,57371,33549,101,4,NULL,'Filtri dell\'aria'),(5790,61258,33549,101,4,NULL,'Iniettori'),(5791,33555,33549,101,4,NULL,'Pompe carburante'),(5792,173948,33549,101,4,NULL,'Rubinetti carburante'),(5793,61260,33549,101,4,NULL,'Scatole dell\'aria'),(5794,173865,33549,101,4,NULL,'Sensori di pressione'),(5795,33556,33549,101,4,NULL,'Serbatoi'),(5796,173864,33549,101,4,NULL,'Sistemi di aspirazione'),(5797,173949,33549,101,4,NULL,'Sonde livello carburante'),(5798,33552,33549,101,4,NULL,'Starter'),(5799,173950,33549,101,4,NULL,'Tubi e condotti'),(5800,42604,33549,101,4,NULL,'Altro aspirazione e iniezione'),(5801,61687,9884,101,3,NULL,'Avviamento'),(5802,33690,61687,101,4,NULL,'Distributori'),(5803,61861,61687,101,4,NULL,'Blocchetti di avviamento'),(5804,174071,61687,101,4,NULL,'Bobine d\'accensione'),(5805,174072,61687,101,4,NULL,'Candele'),(5806,174070,61687,101,4,NULL,'Candelette per diesel'),(5807,33692,61687,101,4,NULL,'Cavi candele'),(5808,33691,61687,101,4,NULL,'Kit accensione elettronica'),(5809,61730,61687,101,4,NULL,'Altro accensione'),(5810,14768,9884,101,3,NULL,'Carrozzeria esterna'),(5811,174055,14768,101,4,NULL,'Alettoni'),(5812,38754,14768,101,4,NULL,'Antenne'),(5813,119729,14768,101,4,NULL,'Bull bar'),(5814,174046,14768,101,4,NULL,'Cofani'),(5815,180352,14768,101,4,NULL,'Coperture cassone'),(5816,174058,14768,101,4,NULL,'Corpi laterali carrozzeria'),(5817,174056,14768,101,4,NULL,'Deflettori aria'),(5818,174051,14768,101,4,NULL,'Griglie e prese d\'aria'),(5819,179851,14768,101,4,NULL,'Maniglie esterne'),(5820,174052,14768,101,4,NULL,'Paraschizzi e paraspruzzi'),(5821,174048,14768,101,4,NULL,'Paratie cofano'),(5822,174049,14768,101,4,NULL,'Paraurti'),(5823,174054,14768,101,4,NULL,'Pedane sottoporta'),(5824,174047,14768,101,4,NULL,'Portelloni bagagliaio'),(5825,174050,14768,101,4,NULL,'Portiere laterali'),(5826,65056,14768,101,4,NULL,'Serrature per portiere'),(5827,36682,14768,101,4,NULL,'Specchietti esterni'),(5828,64901,14768,101,4,NULL,'Stemmi, loghi e targhette'),(5829,43119,14768,101,4,NULL,'Tappi serbatoio'),(5830,52638,14768,101,4,NULL,'Targhe e portatarga'),(5831,174053,14768,101,4,NULL,'Tetti, tettucci e capote'),(5832,174057,14768,101,4,NULL,'Vetri e parabrezza'),(5833,14769,14768,101,4,NULL,'Altro carrozzeria'),(5834,61862,9884,101,3,NULL,'Condizionatori e riscaldamento'),(5835,33545,61862,101,4,NULL,'Comandi condizionatore'),(5836,33546,61862,101,4,NULL,'Bocchette e ventole'),(5837,33543,61862,101,4,NULL,'Compressori e frizioni'),(5838,33544,61862,101,4,NULL,'Tubi e condotti'),(5839,61864,61862,101,4,NULL,'Condensatori'),(5840,33548,61862,101,4,NULL,'Impianti di riscaldamento'),(5841,61117,61862,101,4,NULL,'Filtri antipolline'),(5842,173863,61862,101,4,NULL,'Sensori di temperatura esterna'),(5843,61865,61862,101,4,NULL,'Altro condizionatori'),(5844,33605,9884,101,3,NULL,'Controllo gas di scarico'),(5845,174028,33605,101,4,NULL,'Filtri antiparticolati'),(5846,33610,33605,101,4,NULL,'Pompe aria e gas'),(5847,63276,33605,101,4,NULL,'Sonde lambda'),(5848,33606,33605,101,4,NULL,'Valvole di bypass'),(5849,33607,33605,101,4,NULL,'Valvole EGR'),(5850,46097,33605,101,4,NULL,'Altro controllo gas di scarico'),(5851,33559,9884,101,3,NULL,'Freni'),(5852,174019,33559,101,4,NULL,'Cavi del freno'),(5853,63720,33559,101,4,NULL,'Cilindretti del freno'),(5854,63718,33559,101,4,NULL,'Cilindri maestri del freno'),(5855,174018,33559,101,4,NULL,'Componenti ABS'),(5856,57364,33559,101,4,NULL,'Freni a disco'),(5857,33565,33559,101,4,NULL,'Freni a tamburo'),(5858,61739,33559,101,4,NULL,'Ganasce freno'),(5859,173511,33559,101,4,NULL,'Kit freni'),(5860,57357,33559,101,4,NULL,'Pastiglie freno'),(5861,63717,33559,101,4,NULL,'Pinze freno'),(5862,174020,33559,101,4,NULL,'Sensori di usura'),(5863,174021,33559,101,4,NULL,'Servofreni'),(5864,63279,33559,101,4,NULL,'Tubi del freno'),(5865,63282,33559,101,4,NULL,'Altro freni'),(5866,38726,9884,101,3,NULL,'Impianto elettrico'),(5867,61513,38726,101,4,NULL,'Alternatori'),(5868,61504,38726,101,4,NULL,'Batterie per automobili'),(5869,174022,38726,101,4,NULL,'Cablaggi'),(5870,174027,38726,101,4,NULL,'Cavi elettrici'),(5871,61525,38726,101,4,NULL,'Centraline'),(5872,38728,38726,101,4,NULL,'Centraline cruise control'),(5873,174024,38726,101,4,NULL,'Clacson'),(5874,174023,38726,101,4,NULL,'Fusibili e scatole fusibili'),(5875,174025,38726,101,4,NULL,'Motorini avviamento'),(5876,174026,38726,101,4,NULL,'Pulsanti e interruttori'),(5877,61521,38726,101,4,NULL,'Regolatori di tensione'),(5878,61522,38726,101,4,NULL,'Relè'),(5879,15329,38726,101,4,NULL,'Altro impianto elettrico'),(5880,180497,9884,101,3,NULL,'Indicatori e strumentazione'),(5881,33675,180497,101,4,NULL,'Strumentazioni complete'),(5882,33678,180497,101,4,NULL,'Tachimetri'),(5883,33679,180497,101,4,NULL,'Contachilometri'),(5884,33674,180497,101,4,NULL,'Indicatori di carburante'),(5885,174068,180497,101,4,NULL,'Indicatori di temperatura'),(5886,33676,180497,101,4,NULL,'Indicatori di pressione olio'),(5887,33681,180497,101,4,NULL,'Indicatori di tensione'),(5888,33680,180497,101,4,NULL,'Indicatori di pressione'),(5889,38660,180497,101,4,NULL,'Manometri per turbo'),(5890,33673,180497,101,4,NULL,'Orologi'),(5891,43951,180497,101,4,NULL,'Quadranti'),(5892,174066,180497,101,4,NULL,'Retroilluminazione'),(5893,174069,180497,101,4,NULL,'Altro strumentazione'),(5894,23022,9884,101,3,NULL,'Interni auto'),(5895,174073,23022,101,4,NULL,'Airbag e sensori'),(5896,46102,23022,101,4,NULL,'Alette parasole'),(5897,174086,23022,101,4,NULL,'Alloggi e griglie per casse'),(5898,33706,23022,101,4,NULL,'Alzavetri manuali ed elettrici'),(5899,174081,23022,101,4,NULL,'Braccioli e poggiatesta'),(5900,72229,23022,101,4,NULL,'Cinture di sicurezza'),(5901,174084,23022,101,4,NULL,'Copribagagli'),(5902,174074,23022,101,4,NULL,'Cruscotti e console'),(5903,174079,23022,101,4,NULL,'Cuffie cambio e freno a mano'),(5904,174076,23022,101,4,NULL,'Inserti portiere'),(5905,174077,23022,101,4,NULL,'Leve del cambio'),(5906,174078,23022,101,4,NULL,'Leve freno a mano'),(5907,174082,23022,101,4,NULL,'Luci interne'),(5908,53965,23022,101,4,NULL,'Maniglie interne'),(5909,174083,23022,101,4,NULL,'Manopole e pulsanti'),(5910,108815,23022,101,4,NULL,'Mascherine autoradio'),(5911,33700,23022,101,4,NULL,'Pedali e pedane'),(5912,63691,23022,101,4,NULL,'Portabicchieri'),(5913,174075,23022,101,4,NULL,'Sedili'),(5914,174085,23022,101,4,NULL,'Sensori per la pioggia'),(5915,33699,23022,101,4,NULL,'Specchietti interni'),(5916,36678,23022,101,4,NULL,'Tappetini'),(5917,174080,23022,101,4,NULL,'Tettucci'),(5918,33698,23022,101,4,NULL,'Vani portaoggetti'),(5919,53934,23022,101,4,NULL,'Volanti'),(5920,9887,23022,101,4,NULL,'Altro interni auto'),(5921,174087,9884,101,3,NULL,'Kit di manutenzione auto'),(5922,174059,9884,101,3,NULL,'Luci e frecce'),(5923,174062,174059,101,4,NULL,'Catarifrangenti'),(5924,44240,174059,101,4,NULL,'Fari anteriori'),(5925,65226,174059,101,4,NULL,'Fari fendinebbia'),(5926,44223,174059,101,4,NULL,'Frecce'),(5927,174060,174059,101,4,NULL,'Lampadine e LED'),(5928,174061,174059,101,4,NULL,'Lenti'),(5929,174064,174059,101,4,NULL,'Luci laterali'),(5930,44262,174059,101,4,NULL,'Luci posteriori'),(5931,174063,174059,101,4,NULL,'Luci retromarcia'),(5932,65129,174059,101,4,NULL,'Luci targa'),(5933,174065,174059,101,4,NULL,'Altro luci e frecce'),(5934,61300,9884,101,3,NULL,'Motori'),(5935,63719,61300,101,4,NULL,'Alberi a camme'),(5936,33616,61300,101,4,NULL,'Alberi a gomiti'),(5937,33624,61300,101,4,NULL,'Bilancieri'),(5938,174035,61300,101,4,NULL,'Blocchi motore'),(5939,180355,61300,101,4,NULL,'Catene'),(5940,180353,61300,101,4,NULL,'Cinghie'),(5941,174040,61300,101,4,NULL,'Cinghie e tendicinghia'),(5942,33627,61300,101,4,NULL,'Coperture bilancieri'),(5943,174039,61300,101,4,NULL,'Coppe dell\'olio'),(5944,174033,61300,101,4,NULL,'Cuscinetti motore'),(5945,61302,61300,101,4,NULL,'Fasce elastiche pistone'),(5946,174038,61300,101,4,NULL,'Filtri dell\'olio'),(5947,174037,61300,101,4,NULL,'Guarnizioni motore'),(5948,180356,61300,101,4,NULL,'Kit catene e pignoni'),(5949,180354,61300,101,4,NULL,'Kit cinghie e tendicinghia'),(5950,33615,61300,101,4,NULL,'Motori completi'),(5951,180357,61300,101,4,NULL,'Pignoni'),(5952,61301,61300,101,4,NULL,'Pistoni e bielle'),(5953,33626,61300,101,4,NULL,'Pompe del vuoto'),(5954,6778,61300,101,4,NULL,'Pompe dell\'olio'),(5955,61371,61300,101,4,NULL,'Prigionieri del cilindro'),(5956,61338,61300,101,4,NULL,'Punterie'),(5957,50454,61300,101,4,NULL,'Sostegni motore'),(5958,33622,61300,101,4,NULL,'Tappi serbatoio olio'),(5959,61363,61300,101,4,NULL,'Teste del cilindro'),(5960,174036,61300,101,4,NULL,'Valvole aspirazione/iniezione'),(5961,61304,61300,101,4,NULL,'Altro motore'),(5962,33599,9884,101,3,NULL,'Raffreddamento motore'),(5963,174032,33599,101,4,NULL,'Radiatori acqua'),(5964,46095,33599,101,4,NULL,'Radiatori olio'),(5965,174031,33599,101,4,NULL,'Componenti per radiatori'),(5966,174030,33599,101,4,NULL,'Taniche acqua'),(5967,63712,33599,101,4,NULL,'Pompe dell\'acqua'),(5968,61208,33599,101,4,NULL,'Tubi di raffreddamento'),(5969,174029,33599,101,4,NULL,'Ventole di raffreddamento'),(5970,61191,33599,101,4,NULL,'Scambiatori di calore'),(5971,63711,33599,101,4,NULL,'Termostati'),(5972,61230,33599,101,4,NULL,'Altro raffreddamento motore'),(5973,61409,9884,101,3,NULL,'Sistema di scarico'),(5974,61410,61409,101,4,NULL,'Collettori di scarico'),(5975,33629,61409,101,4,NULL,'Convertitori catalitici'),(5976,174041,61409,101,4,NULL,'Flange e morsetti'),(5977,174042,61409,101,4,NULL,'Guarnizioni'),(5978,174044,61409,101,4,NULL,'Protezione e rivestimento tubi'),(5979,61485,61409,101,4,NULL,'Silenziatori'),(5980,61455,61409,101,4,NULL,'Sistemi completi di scarico'),(5981,174045,61409,101,4,NULL,'Terminali di scarico/marmitte'),(5982,61433,61409,101,4,NULL,'Tubi di scarico'),(5983,61493,61409,101,4,NULL,'Altro sistema di scarico'),(5984,33579,9884,101,3,NULL,'Sospensioni e sterzo'),(5985,174092,33579,101,4,NULL,'Ammortizzatori'),(5986,33584,33579,101,4,NULL,'Balestre'),(5987,33592,33579,101,4,NULL,'Barre antirollio'),(5988,33591,33579,101,4,NULL,'Barre duomi'),(5989,33587,33579,101,4,NULL,'Bracci dello sterzo'),(5990,33583,33579,101,4,NULL,'Bracci sospensione'),(5991,174089,33579,101,4,NULL,'Cuscinetti e boccole'),(5992,33582,33579,101,4,NULL,'Molle'),(5993,174093,33579,101,4,NULL,'Piantoni dello sterzo'),(5994,33588,33579,101,4,NULL,'Pompe servosterzo'),(5995,33589,33579,101,4,NULL,'Scatole dello sterzo'),(5996,33580,33579,101,4,NULL,'Snodi sferici'),(5997,174088,33579,101,4,NULL,'Sospensioni ad aria'),(5998,174091,33579,101,4,NULL,'Sospensioni autolivellanti'),(5999,174090,33579,101,4,NULL,'Sospensioni complete'),(6000,174094,33579,101,4,NULL,'Sottotelai'),(6001,174095,33579,101,4,NULL,'Tiranti sterzo'),(6002,42609,33579,101,4,NULL,'Altro sospensioni e sterzo'),(6003,174111,9884,101,3,NULL,'Tergicristalli e pulizia vetro'),(6004,174114,174111,101,4,NULL,'Lame tergicristallo'),(6005,61941,174111,101,4,NULL,'Motorini tergicristallo'),(6006,174112,174111,101,4,NULL,'Pompe dell\'acqua'),(6007,174113,174111,101,4,NULL,'Telai sorreggi lame'),(6008,174115,174111,101,4,NULL,'Ugelli'),(6009,180351,174111,101,4,NULL,'Altro pulizia vetro'),(6010,33726,9884,101,3,NULL,'Trasmissione e frizione'),(6011,174102,33726,101,4,NULL,'Alberi motore'),(6012,174099,33726,101,4,NULL,'Altri ricambi frizione'),(6013,174104,33726,101,4,NULL,'Aste del cambio'),(6014,180133,33726,101,4,NULL,'Carter frizione'),(6015,61265,33726,101,4,NULL,'Cavi frizione'),(6016,174098,33726,101,4,NULL,'Cilindretti frizione'),(6017,174101,33726,101,4,NULL,'Cilindri maestro frizione'),(6018,174097,33726,101,4,NULL,'Cuscinetti'),(6019,33731,33726,101,4,NULL,'Differenziali'),(6020,61264,33726,101,4,NULL,'Dischi frizione'),(6021,33729,33726,101,4,NULL,'Giunti omocinetici'),(6022,174100,33726,101,4,NULL,'Kit frizioni complete'),(6023,174105,33726,101,4,NULL,'Scatole del cambio'),(6024,174096,33726,101,4,NULL,'Semiasse e ricambi'),(6025,174106,33726,101,4,NULL,'Sensori'),(6026,174103,33726,101,4,NULL,'Volano'),(6027,46104,33726,101,4,NULL,'Altro trasmissione e frizione'),(6028,174107,9884,101,3,NULL,'Turbo'),(6029,174109,174107,101,4,NULL,'Compressori volumetrici'),(6030,174108,174107,101,4,NULL,'Intercooler'),(6031,63707,174107,101,4,NULL,'Turbine'),(6032,174110,174107,101,4,NULL,'Altro turbo e compressori'),(6033,9886,9884,101,3,NULL,'Altro ricambi auto'),(6034,107059,131090,101,2,NULL,'Auto: tuning ed elaborazione'),(6035,133201,107059,101,3,NULL,'Aspirazione e prese d\'aria'),(6036,133204,133201,101,4,NULL,'Collettori di aspirazione'),(6037,133202,133201,101,4,NULL,'Compressori'),(6038,180471,133201,101,4,NULL,'Contenitori aria'),(6039,180466,133201,101,4,NULL,'Controllo turbo'),(6040,44187,133201,101,4,NULL,'Filtri aria'),(6041,180465,133201,101,4,NULL,'Intercooler'),(6042,180470,133201,101,4,NULL,'Kit di aspirazione'),(6043,133203,133201,101,4,NULL,'Nitro'),(6044,180468,133201,101,4,NULL,'Protezione termica'),(6045,133206,133201,101,4,NULL,'Sistemi di aspirazione'),(6046,180469,133201,101,4,NULL,'Tubi, condotti e raccordi'),(6047,175569,133201,101,4,NULL,'Turbocompressori'),(6048,180467,133201,101,4,NULL,'Valvole pop-off'),(6049,133207,133201,101,4,NULL,'Altro aspirazione'),(6050,133192,107059,101,3,NULL,'Avviamento'),(6051,180422,133192,101,4,NULL,'Blocchetti di avviamento'),(6052,180419,133192,101,4,NULL,'Bobine d\'accensione'),(6053,180423,133192,101,4,NULL,'Candele'),(6054,180418,133192,101,4,NULL,'Candelette per diesel'),(6055,180421,133192,101,4,NULL,'Cavi di avviamento'),(6056,180417,133192,101,4,NULL,'Distributori'),(6057,180420,133192,101,4,NULL,'Set di avviamento'),(6058,180424,133192,101,4,NULL,'Altro avviamento'),(6059,107060,107059,101,3,NULL,'Esterni auto'),(6060,36676,107060,101,4,NULL,'Antenne'),(6061,180369,107060,101,4,NULL,'Calotte specchietti'),(6062,180358,107060,101,4,NULL,'Cofani'),(6063,52637,107060,101,4,NULL,'Cofani: decorazioni/protezioni'),(6064,180367,107060,101,4,NULL,'Deflettori aria'),(6065,72232,107060,101,4,NULL,'Finestrini opachi e in tinta'),(6066,43118,107060,101,4,NULL,'Griglie d\'aerazione sportive'),(6067,72207,107060,101,4,NULL,'Kit carrozzeria sportiva'),(6068,180360,107060,101,4,NULL,'Maniglie e serrature'),(6069,72208,107060,101,4,NULL,'Minigonne'),(6070,72239,107060,101,4,NULL,'Palpebre e carenature fari'),(6071,72206,107060,101,4,NULL,'Paraurti sportivi'),(6072,180359,107060,101,4,NULL,'Paraurti: protezioni'),(6073,180366,107060,101,4,NULL,'Passaruota'),(6074,180364,107060,101,4,NULL,'Pellicole oscuranti'),(6075,180363,107060,101,4,NULL,'Portatarga'),(6076,138858,107060,101,4,NULL,'Porte'),(6077,180362,107060,101,4,NULL,'Profili e modanature'),(6078,180368,107060,101,4,NULL,'Spazzole tergicristallo'),(6079,72209,107060,101,4,NULL,'Spoiler e alettoni'),(6080,72211,107060,101,4,NULL,'Stemmi'),(6081,180361,107060,101,4,NULL,'Tappi serbatoio'),(6082,180365,107060,101,4,NULL,'Vinile adesivo'),(6083,43117,107060,101,4,NULL,'Altro esterni auto'),(6084,180370,107059,101,3,NULL,'Freni'),(6085,180374,180370,101,4,NULL,'Condotti e raccordi'),(6086,180372,180370,101,4,NULL,'Copripinze freno'),(6087,175548,180370,101,4,NULL,'Freni a disco'),(6088,180371,180370,101,4,NULL,'Kit freno'),(6089,175549,180370,101,4,NULL,'Pastiglie freno'),(6090,175547,180370,101,4,NULL,'Pinze freno'),(6091,175546,180370,101,4,NULL,'Pompa freno'),(6092,175552,180370,101,4,NULL,'Tubi del freno'),(6093,180373,180370,101,4,NULL,'Vernice per pinze freni'),(6094,180375,180370,101,4,NULL,'Altro freni'),(6095,133191,107059,101,3,NULL,'Impianto elettrico'),(6096,180408,133191,101,4,NULL,'Alternatori'),(6097,180410,133191,101,4,NULL,'Batterie'),(6098,180409,133191,101,4,NULL,'Batterie: switch e isolanti'),(6099,180415,133191,101,4,NULL,'Cavi'),(6100,180411,133191,101,4,NULL,'Fusibili'),(6101,180413,133191,101,4,NULL,'Interruttori e relay'),(6102,180412,133191,101,4,NULL,'Motorini avviamento'),(6103,180414,133191,101,4,NULL,'Terminali e connettori'),(6104,180416,133191,101,4,NULL,'Altro impianto elettrico'),(6105,133208,107059,101,3,NULL,'Interni auto'),(6106,72226,133208,101,4,NULL,'Alloggi freno a mano'),(6107,72952,133208,101,4,NULL,'Alzavetri'),(6108,180475,133208,101,4,NULL,'Braccioli'),(6109,180479,133208,101,4,NULL,'Clacson'),(6110,180482,133208,101,4,NULL,'Coperture volante'),(6111,180476,133208,101,4,NULL,'Plance e cruscotti'),(6112,133210,133208,101,4,NULL,'Plance e cruscotti: indicatori'),(6113,180474,133208,101,4,NULL,'Plance e cruscotti: supporti'),(6114,180477,133208,101,4,NULL,'Cuffie del cambio'),(6115,180478,133208,101,4,NULL,'Cuffie del freno a mano'),(6116,72228,133208,101,4,NULL,'Imbracature da corsa'),(6117,72221,133208,101,4,NULL,'Inserti portiere'),(6118,72218,133208,101,4,NULL,'Interruttori personalizzati'),(6119,40195,133208,101,4,NULL,'Kit volanti e piantoni'),(6120,72951,133208,101,4,NULL,'Leve freno a mano'),(6121,180480,133208,101,4,NULL,'Luci'),(6122,72220,133208,101,4,NULL,'Maniglie e serrature'),(6123,40197,133208,101,4,NULL,'Pedali e pedane'),(6124,72223,133208,101,4,NULL,'Pomelli del cambio'),(6125,133209,133208,101,4,NULL,'Sedili'),(6126,180472,133208,101,4,NULL,'Sedili: coprisedili'),(6127,180473,133208,101,4,NULL,'Sedili: telai e sottotelai'),(6128,180481,133208,101,4,NULL,'Specchietti retrovisori'),(6129,107064,133208,101,4,NULL,'Altro interni auto'),(6130,180425,107059,101,3,NULL,'Luci'),(6131,180432,180425,101,4,NULL,'Antinebbia'),(6132,57308,180425,101,4,NULL,'Fanali'),(6133,180426,180425,101,4,NULL,'Fari occhi di angelo'),(6134,180429,180425,101,4,NULL,'Indicatori, frecce'),(6135,174116,180425,101,4,NULL,'Kit fari allo xeno'),(6136,65216,180425,101,4,NULL,'Lampadine e lenti sportive'),(6137,180430,180425,101,4,NULL,'Lenti e tinte'),(6138,180427,180425,101,4,NULL,'Luci dei freni'),(6139,180428,180425,101,4,NULL,'Luci diurne'),(6140,72236,180425,101,4,NULL,'Luci interne'),(6141,57316,180425,101,4,NULL,'Luci laterali'),(6142,57322,180425,101,4,NULL,'Luci posteriori'),(6143,48445,180425,101,4,NULL,'Luci sotto auto'),(6144,180433,180425,101,4,NULL,'Luci strobo'),(6145,180431,180425,101,4,NULL,'Luci targa'),(6146,28646,180425,101,4,NULL,'Altro luci'),(6147,171112,107059,101,3,NULL,'Motore, tuning e chip'),(6148,175558,171112,101,4,NULL,'Alberi a camme'),(6149,175560,171112,101,4,NULL,'Alberi a gomiti'),(6150,180445,171112,101,4,NULL,'Ammortizzatori cofano'),(6151,175559,171112,101,4,NULL,'Bielle'),(6152,180449,171112,101,4,NULL,'Centraline ECU'),(6153,133193,171112,101,4,NULL,'Chip'),(6154,180447,171112,101,4,NULL,'Cinghie di distribuzione'),(6155,180454,171112,101,4,NULL,'Coppa dell\'olio'),(6156,180444,171112,101,4,NULL,'Cuscinetti motore'),(6157,180452,171112,101,4,NULL,'Filtri dell\'olio'),(6158,175564,171112,101,4,NULL,'Guarnizioni motore'),(6159,180456,171112,101,4,NULL,'Ingranaggi e pulegge'),(6160,180455,171112,101,4,NULL,'Limitatori di giri'),(6161,171113,171112,101,4,NULL,'Motori completi'),(6162,175565,171112,101,4,NULL,'Pistoni, anelli e fasce'),(6163,180453,171112,101,4,NULL,'Pompe dell\'olio'),(6164,180448,171112,101,4,NULL,'Prigionieri del cilindro'),(6165,133194,171112,101,4,NULL,'Set di cavi'),(6166,173651,171112,101,4,NULL,'Software tuning'),(6167,180443,171112,101,4,NULL,'Sostegni motore'),(6168,180450,171112,101,4,NULL,'Tanica recupero olio'),(6169,180451,171112,101,4,NULL,'Tappi serbatoio olio'),(6170,175561,171112,101,4,NULL,'Teste del cilindro'),(6171,180446,171112,101,4,NULL,'Tubi e kit'),(6172,175567,171112,101,4,NULL,'Valvole, molle e kit'),(6173,107063,171112,101,4,NULL,'Altro motore, tuning e chip'),(6174,180376,107059,101,3,NULL,'Raffreddamento'),(6175,180384,180376,101,4,NULL,'Pompe dell\'acqua'),(6176,180383,180376,101,4,NULL,'Radiatori acqua'),(6177,180381,180376,101,4,NULL,'Radiatori olio'),(6178,180382,180376,101,4,NULL,'Radiatori: tappi e colli'),(6179,180379,180376,101,4,NULL,'Serbatoi'),(6180,180377,180376,101,4,NULL,'Termostati e controlli'),(6181,180380,180376,101,4,NULL,'Tubi di raffreddamento'),(6182,180378,180376,101,4,NULL,'Ventole'),(6183,180385,180376,101,4,NULL,'Altro raffredamento'),(6184,173653,107059,101,3,NULL,'Scarico'),(6185,180441,173653,101,4,NULL,'Collettori'),(6186,180434,173653,101,4,NULL,'Convertitori catalitici'),(6187,180440,173653,101,4,NULL,'Guarnizioni'),(6188,180438,173653,101,4,NULL,'Marmitte'),(6189,180435,173653,101,4,NULL,'Morsetti, flange e ganci'),(6190,180437,173653,101,4,NULL,'Protezione/rivestimento tubi'),(6191,180442,173653,101,4,NULL,'Silenziatori'),(6192,180436,173653,101,4,NULL,'Sitemi di scarico completi'),(6193,57344,173653,101,4,NULL,'Terminali di scarico'),(6194,180439,173653,101,4,NULL,'Tubi di scarico'),(6195,173667,173653,101,4,NULL,'Altro scarico'),(6196,133196,107059,101,3,NULL,'Sistema di iniezione'),(6197,133205,133196,101,4,NULL,'Carburatori'),(6198,180460,133196,101,4,NULL,'Common rail'),(6199,133198,133196,101,4,NULL,'Controllo pressione carburante'),(6200,180463,133196,101,4,NULL,'Corpi farfallati'),(6201,180457,133196,101,4,NULL,'Filtri carburante'),(6202,180458,133196,101,4,NULL,'Iniettori'),(6203,175568,133196,101,4,NULL,'Pila a combustibile'),(6204,180459,133196,101,4,NULL,'Pompe carburante'),(6205,180462,133196,101,4,NULL,'Rubinetti carburante'),(6206,180461,133196,101,4,NULL,'Serbatoi'),(6207,180464,133196,101,4,NULL,'Serbatoi di accumulo swirl pot'),(6208,133199,133196,101,4,NULL,'Tubi, condotti e raccordi'),(6209,133200,133196,101,4,NULL,'Altro sistema di iniezione'),(6210,180386,107059,101,3,NULL,'Sospensioni'),(6211,70139,180386,101,4,NULL,'Ammortizzatori'),(6212,180393,180386,101,4,NULL,'Balestre'),(6213,180397,180386,101,4,NULL,'Barre antirollio'),(6214,70174,180386,101,4,NULL,'Barre duomi'),(6215,180392,180386,101,4,NULL,'Braccio sospensione'),(6216,175545,180386,101,4,NULL,'Coilover'),(6217,180389,180386,101,4,NULL,'Cuscinetti motore'),(6218,180394,180386,101,4,NULL,'Kit di rialzo'),(6219,180396,180386,101,4,NULL,'Kit di sospensione'),(6220,44143,180386,101,4,NULL,'Molle assetto e kit'),(6221,180391,180386,101,4,NULL,'Piastre camber'),(6222,180395,180386,101,4,NULL,'Servosterzo'),(6223,180390,180386,101,4,NULL,'SilentBlock'),(6224,180388,180386,101,4,NULL,'Snodi sferici'),(6225,180387,180386,101,4,NULL,'Sospensioni ad aria e acqua'),(6226,180398,180386,101,4,NULL,'Tiranti sterzo'),(6227,180399,180386,101,4,NULL,'Altro sospensioni'),(6228,133187,107059,101,3,NULL,'Trasmissione'),(6229,180407,133187,101,4,NULL,'Alberi motore'),(6230,175556,133187,101,4,NULL,'Cambi corti'),(6231,180403,133187,101,4,NULL,'Cavi frizione'),(6232,180402,133187,101,4,NULL,'Cuscinetti motore'),(6233,180406,133187,101,4,NULL,'Differenziali'),(6234,180405,133187,101,4,NULL,'Dischi frizione'),(6235,180404,133187,101,4,NULL,'Frizione: cilindri'),(6236,175554,133187,101,4,NULL,'Frizione: kit'),(6237,180400,133187,101,4,NULL,'Scatole del cambio'),(6238,180401,133187,101,4,NULL,'Semiasse e ricambi'),(6239,175553,133187,101,4,NULL,'Volano'),(6240,133190,133187,101,4,NULL,'Altro trasmissione'),(6241,175607,107059,101,3,NULL,'Go-kart: ricambi'),(6242,180492,175607,101,4,NULL,'Avviamento'),(6243,180483,175607,101,4,NULL,'Batterie'),(6244,180485,175607,101,4,NULL,'Carrozzeria e telaio'),(6245,180487,175607,101,4,NULL,'Catene, pignoni e frizioni'),(6246,180484,175607,101,4,NULL,'Cuscinetti'),(6247,180486,175607,101,4,NULL,'Freni'),(6248,180489,175607,101,4,NULL,'Motori'),(6249,180488,175607,101,4,NULL,'Raffreddamento'),(6250,180495,175607,101,4,NULL,'Ruote e pneumatici'),(6251,180490,175607,101,4,NULL,'Scarichi'),(6252,180493,175607,101,4,NULL,'Sedili e accessori'),(6253,180491,175607,101,4,NULL,'Sistema di carburante'),(6254,180494,175607,101,4,NULL,'Sistemi di sterzo'),(6255,180496,175607,101,4,NULL,'Altro go-kart'),(6256,173668,107059,101,3,NULL,'Atrezzatura da competizione'),(6257,107066,107059,101,3,NULL,'Altro tuning auto'),(6258,14770,131090,101,2,NULL,'Auto: cerchi e pneumatici'),(6259,179679,14770,101,3,NULL,'Cerchi'),(6260,23025,14770,101,3,NULL,'Copricerchi e borchie'),(6261,179680,14770,101,3,NULL,'Pneumatici'),(6262,179681,14770,101,3,NULL,'Ruote complete'),(6263,180122,14770,101,3,NULL,'Anelli decorativi mozzo'),(6264,40278,14770,101,3,NULL,'Catene neve'),(6265,122154,14770,101,3,NULL,'Distanziali per ruote'),(6266,52639,14770,101,3,NULL,'Valvole e coprivalvole'),(6267,72257,14770,101,3,NULL,'Bulloni per ruote'),(6268,180123,14770,101,3,NULL,'Anelli protezione cerchi'),(6269,179683,14770,101,3,NULL,'Copribulloni per ruote'),(6270,173704,14770,101,3,NULL,'Custodie ruota di scorta'),(6271,179682,14770,101,3,NULL,'Misuratori di pressione'),(6272,179684,14770,101,3,NULL,'Altro pneumatici e cerchi'),(6273,82099,131090,101,2,NULL,'Auto: accessori'),(6274,173706,82099,101,3,NULL,'Interni'),(6275,180117,173706,101,4,NULL,'Cestini spazzatura'),(6276,180115,173706,101,4,NULL,'Coperture sedili e cuscini'),(6277,180120,173706,101,4,NULL,'Coperture volante'),(6278,108784,173706,101,4,NULL,'Divisori per animali'),(6279,133262,173706,101,4,NULL,'Federe per portabagagli'),(6280,72231,173706,101,4,NULL,'Porta bollo e assicurazione'),(6281,180150,173706,101,4,NULL,'Portabicchieri'),(6282,173708,173706,101,4,NULL,'Portadocumenti e organizzatori'),(6283,180118,173706,101,4,NULL,'Riscaldatori da parcheggio'),(6284,180119,173706,101,4,NULL,'Seggiolini per bimbi'),(6285,180116,173706,101,4,NULL,'Tappetini'),(6286,173709,173706,101,4,NULL,'Tendine parasole'),(6287,180121,173706,101,4,NULL,'Termometri abitacolo'),(6288,173710,173706,101,4,NULL,'Altro accessori per interni'),(6289,179448,82099,101,3,NULL,'Pulizia e manutenzione auto'),(6290,179457,179448,101,4,NULL,'Aspirapolveri per auto'),(6291,179460,179448,101,4,NULL,'Cere e lucidanti'),(6292,179450,179448,101,4,NULL,'Detergenti per autolavaggio'),(6293,179453,179448,101,4,NULL,'Detergenti per interni'),(6294,179459,179448,101,4,NULL,'Erogatori acqua e spazzole'),(6295,179458,179448,101,4,NULL,'Kit lucidatura e pulizia'),(6296,179456,179448,101,4,NULL,'Lavavetri'),(6297,179455,179448,101,4,NULL,'Lucidatrici'),(6298,99044,179448,101,4,NULL,'Pellicole protettive'),(6299,108782,179448,101,4,NULL,'Profumi auto'),(6300,179461,179448,101,4,NULL,'Pulizia e lucidatura ruote'),(6301,179451,179448,101,4,NULL,'Pulizia vetro e idrorepellenti'),(6302,179452,179448,101,4,NULL,'Rimozione neve e ghiaccio'),(6303,179449,179448,101,4,NULL,'Spray pulizia esterna auto'),(6304,179454,179448,101,4,NULL,'Spugne e guanti per lavaggio'),(6305,180134,179448,101,4,NULL,'Utensili ritocco carrozzeria'),(6306,179462,179448,101,4,NULL,'Altro pulizia e manutenzione'),(6307,72202,82099,101,3,NULL,'Teli per copertura auto'),(6308,118769,82099,101,3,NULL,'Cric'),(6309,180136,82099,101,3,NULL,'Sicurezza ed emergenza'),(6310,33722,180136,101,4,NULL,'Estintori'),(6311,117278,180136,101,4,NULL,'Etilometri'),(6312,99404,180136,101,4,NULL,'Giubbini catarifrangenti'),(6313,121983,180136,101,4,NULL,'Kit pronto soccorso'),(6314,180138,180136,101,4,NULL,'Kit utensili d\'emergenza'),(6315,121985,180136,101,4,NULL,'Lampeggianti di emergenza'),(6316,180137,180136,101,4,NULL,'Martelli di emergenza'),(6317,180139,180136,101,4,NULL,'Regolatori e coperture cinture'),(6318,121986,180136,101,4,NULL,'Triangoli'),(6319,180140,180136,101,4,NULL,'Altro sicurezza auto'),(6320,180141,82099,101,3,NULL,'Antifurto e protezione auto'),(6321,75329,180141,101,4,NULL,'Allarmi antifurto'),(6322,173711,180141,101,4,NULL,'Bloccapedali e bloccavolante'),(6323,173712,180141,101,4,NULL,'Immobilizer'),(6324,53908,180141,101,4,NULL,'Telecomandi auto'),(6325,173713,180141,101,4,NULL,'Tracciamento satellitare auto'),(6326,180142,180141,101,4,NULL,'Altro antifurto e protezione'),(6327,173703,82099,101,3,NULL,'Caricatori per batterie auto'),(6328,121981,82099,101,3,NULL,'Accessori da viaggio'),(6329,121984,121981,101,4,NULL,'Bauli per tetti auto'),(6330,173831,121981,101,4,NULL,'Cavi e corde per bagagli'),(6331,180151,121981,101,4,NULL,'Cuscini per il collo'),(6332,180153,121981,101,4,NULL,'Frigoriferi da viaggio'),(6333,180154,121981,101,4,NULL,'Pale da neve'),(6334,180152,121981,101,4,NULL,'Pompe e compressori'),(6335,173830,121981,101,4,NULL,'Portabici'),(6336,33651,121981,101,4,NULL,'Portapacchi'),(6337,79067,121981,101,4,NULL,'Portasci'),(6338,173832,121981,101,4,NULL,'Specchietti aggiuntivi'),(6339,61962,121981,101,4,NULL,'Taniche benzina'),(6340,9885,121981,101,4,NULL,'Altro accessori da viaggio'),(6341,180143,82099,101,3,NULL,'Rimorchi e traino'),(6342,180148,180143,101,4,NULL,'Accessori per barre rigide'),(6343,33653,180143,101,4,NULL,'Barre traino classiche'),(6344,180145,180143,101,4,NULL,'Barre traino telescopiche'),(6345,180146,180143,101,4,NULL,'Catene di sicurezza'),(6346,61960,180143,101,4,NULL,'Funi per traino'),(6347,38789,180143,101,4,NULL,'Luci e cablaggio'),(6348,180147,180143,101,4,NULL,'Ricambi e accessori rimorchi'),(6349,121982,180143,101,4,NULL,'Rimorchi'),(6350,173508,180143,101,4,NULL,'Set di fissaggio'),(6351,180144,180143,101,4,NULL,'Sfere del gancio'),(6352,38790,180143,101,4,NULL,'Altro rimorchi auto'),(6353,108781,82099,101,3,NULL,'Cartelli per neopatentati'),(6354,180149,82099,101,3,NULL,'Altro accessori auto'),(6355,18323,131090,101,2,NULL,'Auto d\'epoca: ricambi'),(6356,147464,18323,101,3,NULL,'Alfa Romeo'),(6357,147465,147464,101,4,NULL,'Accessori'),(6358,147466,147464,101,4,NULL,'Carrozzeria'),(6359,147467,147464,101,4,NULL,'Fanali e fari anteriori'),(6360,147468,147464,101,4,NULL,'Fanali e fari posteriori'),(6361,147469,147464,101,4,NULL,'Frecce'),(6362,149395,147464,101,4,NULL,'Freni e telaio'),(6363,147470,147464,101,4,NULL,'Impianto elettrico'),(6364,147471,147464,101,4,NULL,'Interni'),(6365,149396,147464,101,4,NULL,'Motore'),(6366,105379,147464,101,4,NULL,'Altro'),(6367,134544,18323,101,3,NULL,'Autobianchi'),(6368,117870,18323,101,3,NULL,'Fiat'),(6369,126566,117870,101,4,NULL,'Carrozzeria'),(6370,31352,117870,101,4,NULL,'Fanali e fari anteriori'),(6371,134539,117870,101,4,NULL,'Fanali e fari posteriori'),(6372,134540,117870,101,4,NULL,'Frecce'),(6373,126567,117870,101,4,NULL,'Freni e telaio'),(6374,134538,117870,101,4,NULL,'Guarnizioni'),(6375,126568,117870,101,4,NULL,'Impianto elettrico'),(6376,126569,117870,101,4,NULL,'Interni'),(6377,18328,117870,101,4,NULL,'Motore'),(6378,134541,117870,101,4,NULL,'Pneumatici, cerchi e ruote'),(6379,134542,117870,101,4,NULL,'Radiatori e ventole'),(6380,134543,117870,101,4,NULL,'Trasmissioni e frizioni'),(6381,126570,117870,101,4,NULL,'Accessori'),(6382,117871,117870,101,4,NULL,'Altro'),(6383,126571,18323,101,3,NULL,'Lancia'),(6384,105378,18323,101,3,NULL,'Altre marche italiane'),(6385,27377,18323,101,3,NULL,'Marche americane'),(6386,149582,18323,101,3,NULL,'Marche francesi'),(6387,146920,149582,101,4,NULL,'Citroën'),(6388,122162,149582,101,4,NULL,'Renault'),(6389,105377,149582,101,4,NULL,'Altre marche francesi'),(6390,43122,18323,101,3,NULL,'Marche inglesi'),(6391,149581,18323,101,3,NULL,'Marche tedesche'),(6392,146918,149581,101,4,NULL,'Porsche'),(6393,146919,149581,101,4,NULL,'Volkswagen'),(6394,105380,149581,101,4,NULL,'Altre marche tedesche'),(6395,117872,18323,101,3,NULL,'Altro'),(6396,36085,131090,101,2,NULL,'Auto: manuali e istruzioni'),(6397,126720,36085,101,3,NULL,'Auto'),(6398,126721,126720,101,4,NULL,'Alfa Romeo'),(6399,126722,126720,101,4,NULL,'Audi'),(6400,126723,126720,101,4,NULL,'BMW'),(6401,126724,126720,101,4,NULL,'Ferrari e Maserati'),(6402,9908,126720,101,4,NULL,'Fiat'),(6403,126725,126720,101,4,NULL,'Ford'),(6404,126726,126720,101,4,NULL,'Lancia'),(6405,126727,126720,101,4,NULL,'Mercedes'),(6406,126728,126720,101,4,NULL,'Volkswagen'),(6407,126729,126720,101,4,NULL,'Altre marche italiane'),(6408,126730,126720,101,4,NULL,'Altre marche tedesche'),(6409,126731,126720,101,4,NULL,'Marche americane'),(6410,126732,126720,101,4,NULL,'Marche francesi'),(6411,126733,126720,101,4,NULL,'Marche giapponesi'),(6412,126734,126720,101,4,NULL,'Marche inglesi'),(6413,126735,126720,101,4,NULL,'Altro'),(6414,126752,36085,101,3,NULL,'Auto d\'epoca'),(6415,126753,126752,101,4,NULL,'Marche italiane'),(6416,126754,126752,101,4,NULL,'Marche americane'),(6417,126755,126752,101,4,NULL,'Marche francesi'),(6418,126756,126752,101,4,NULL,'Marche inglesi'),(6419,126757,126752,101,4,NULL,'Marche tedesche'),(6420,126758,126752,101,4,NULL,'Altro'),(6421,151584,36085,101,3,NULL,'Schede e prove auto'),(6422,151585,36085,101,3,NULL,'Altro'),(6423,10063,131090,101,2,NULL,'Moto: ricambi'),(6424,35574,10063,101,3,NULL,'Aspirazione e iniezione'),(6425,177771,35574,101,4,NULL,'Filtri aria'),(6426,177775,35574,101,4,NULL,'Convogliatori aria'),(6427,177772,35574,101,4,NULL,'Tubi per l\'aria'),(6428,177774,35574,101,4,NULL,'Carenature per filtri aria'),(6429,179749,35574,101,4,NULL,'Serbatoi'),(6430,177777,35574,101,4,NULL,'Tappi serbatoio'),(6431,177781,35574,101,4,NULL,'Rubinetti serbatoio'),(6432,177773,35574,101,4,NULL,'Carburatori e ricambi'),(6433,177779,35574,101,4,NULL,'Iniettori'),(6434,177780,35574,101,4,NULL,'Pompe carburante'),(6435,177778,35574,101,4,NULL,'Filtri carburante'),(6436,177782,35574,101,4,NULL,'Tubi per carburante'),(6437,177776,35574,101,4,NULL,'Guarnizioni'),(6438,180160,35574,101,4,NULL,'Cavi cruise control'),(6439,177783,35574,101,4,NULL,'Altro aspirazione e iniezione'),(6440,179742,10063,101,3,NULL,'Carrozzeria e telaio'),(6441,35560,179742,101,4,NULL,'Carene, code e puntali'),(6442,179745,179742,101,4,NULL,'Telai'),(6443,179743,179742,101,4,NULL,'Cavalletti laterali'),(6444,179746,179742,101,4,NULL,'Parafanghi'),(6445,179744,179742,101,4,NULL,'Parabrezza'),(6446,179747,179742,101,4,NULL,'Portatarga'),(6447,179748,179742,101,4,NULL,'Altro carrozzeria e telaio'),(6448,178994,10063,101,3,NULL,'Freni'),(6449,177922,178994,101,4,NULL,'Freni a disco'),(6450,177923,178994,101,4,NULL,'Freni a tamburo'),(6451,177925,178994,101,4,NULL,'Pastiglie freno'),(6452,177926,178994,101,4,NULL,'Ganasce freno'),(6453,177921,178994,101,4,NULL,'Cilindri del freno'),(6454,177920,178994,101,4,NULL,'Cavi del freno'),(6455,177924,178994,101,4,NULL,'Tubi del freno'),(6456,177927,178994,101,4,NULL,'Pinze freno e ricambi'),(6457,178995,178994,101,4,NULL,'Kit freni completi'),(6458,177919,178994,101,4,NULL,'Componenti ABS'),(6459,177928,178994,101,4,NULL,'Altro freni'),(6460,35577,10063,101,3,NULL,'Trasmissione e frizione'),(6461,177944,35577,101,4,NULL,'Frizioni e ricambi'),(6462,49831,35577,101,4,NULL,'Catene e pignoni'),(6463,177935,35577,101,4,NULL,'Paracatene'),(6464,177936,35577,101,4,NULL,'Cavi frizione'),(6465,177948,35577,101,4,NULL,'Carter frizione'),(6466,177937,35577,101,4,NULL,'Cilindri maestro frizione'),(6467,177938,35577,101,4,NULL,'Cilindri secondari frizione'),(6468,177939,35577,101,4,NULL,'Dischi frizione'),(6469,177940,35577,101,4,NULL,'Kit frizioni complete'),(6470,177934,35577,101,4,NULL,'Cuscinetti'),(6471,178997,35577,101,4,NULL,'Altre parti frizione'),(6472,177942,35577,101,4,NULL,'Alberi di trasmissione'),(6473,177945,35577,101,4,NULL,'Pulegge e tendicinghie'),(6474,177947,35577,101,4,NULL,'Altro trasmissione e frizione'),(6475,35571,10063,101,3,NULL,'Impianto elettrico/accensione'),(6476,177929,35571,101,4,NULL,'Alternatori'),(6477,49782,35571,101,4,NULL,'Batterie'),(6478,177952,35571,101,4,NULL,'Bobine d\'accensione'),(6479,177958,35571,101,4,NULL,'Candele'),(6480,177953,35571,101,4,NULL,'Cavi candele'),(6481,177960,35571,101,4,NULL,'Commutatori'),(6482,177933,35571,101,4,NULL,'Centraline ECU e CDI'),(6483,177951,35571,101,4,NULL,'Clacson'),(6484,177930,35571,101,4,NULL,'Condensatori'),(6485,177949,35571,101,4,NULL,'Distributori accensione'),(6486,177950,35571,101,4,NULL,'Dinamo e ricambi'),(6487,177932,35571,101,4,NULL,'Fili e cavi elettrici'),(6488,177931,35571,101,4,NULL,'Fusibili e scatole fusibili'),(6489,177954,35571,101,4,NULL,'Magneti'),(6490,177959,35571,101,4,NULL,'Motorini e relè d\'avviamento'),(6491,177955,35571,101,4,NULL,'Regolatori di tensione'),(6492,177956,35571,101,4,NULL,'Relè'),(6493,177957,35571,101,4,NULL,'Sensori'),(6494,177961,35571,101,4,NULL,'Altro impianto elettrico'),(6495,177962,10063,101,3,NULL,'Raffreddamento motore'),(6496,177983,177962,101,4,NULL,'Radiatori acqua'),(6497,177981,177962,101,4,NULL,'Radiatori olio'),(6498,177984,177962,101,4,NULL,'Coperture per radiatori'),(6499,177963,177962,101,4,NULL,'Ventole e ricambi'),(6500,177982,177962,101,4,NULL,'Tubi raffreddamento'),(6501,177986,177962,101,4,NULL,'Pompe dell\'acqua'),(6502,177985,177962,101,4,NULL,'Termostati'),(6503,177987,177962,101,4,NULL,'Altro raffreddamento motore'),(6504,171107,10063,101,3,NULL,'Motore e ricambi'),(6505,171108,171107,101,4,NULL,'Motori completi'),(6506,177970,171107,101,4,NULL,'Testate e copritestate'),(6507,177966,171107,101,4,NULL,'Alberi a camme'),(6508,177967,171107,101,4,NULL,'Alberi motore e bielle'),(6509,177976,171107,101,4,NULL,'Pistoni e kit pistoni'),(6510,177968,171107,101,4,NULL,'Cilindri'),(6511,177969,171107,101,4,NULL,'Prigionieri del cilindro'),(6512,177977,171107,101,4,NULL,'Organi di distribuzione'),(6513,177979,171107,101,4,NULL,'Valvole'),(6514,177943,171107,101,4,NULL,'Volano e ricambi'),(6515,177975,171107,101,4,NULL,'Coppe dell\'olio'),(6516,177974,171107,101,4,NULL,'Pompe dell\'olio'),(6517,177973,171107,101,4,NULL,'Filtri dell\'olio'),(6518,177964,171107,101,4,NULL,'Cuscinetti'),(6519,177965,171107,101,4,NULL,'Cinghie e catene'),(6520,177971,171107,101,4,NULL,'Guarnizioni motore'),(6521,177978,171107,101,4,NULL,'Cavi acceleratore/carburatore'),(6522,177972,171107,101,4,NULL,'Pedali messa in moto'),(6523,180159,171107,101,4,NULL,'Big bore'),(6524,177980,171107,101,4,NULL,'Altro motore e ricambi'),(6525,35573,10063,101,3,NULL,'Sistema di scarico'),(6526,177996,35573,101,4,NULL,'Scarichi completi'),(6527,178000,35573,101,4,NULL,'Terminali di scarico'),(6528,177997,35573,101,4,NULL,'Collettori'),(6529,177999,35573,101,4,NULL,'Tubi'),(6530,177995,35573,101,4,NULL,'Morsetti, flange e ganci'),(6531,177993,35573,101,4,NULL,'Guarnizioni'),(6532,177994,35573,101,4,NULL,'Paracalore'),(6533,177998,35573,101,4,NULL,'Sonde lambda e sensori'),(6534,178001,35573,101,4,NULL,'Altro sistemi di scarico'),(6535,179752,10063,101,3,NULL,'Pedane e poggiapiedi'),(6536,177988,179752,101,4,NULL,'Bloccaruote'),(6537,177989,179752,101,4,NULL,'Pedane'),(6538,177990,179752,101,4,NULL,'Poggiapiedi'),(6539,177991,179752,101,4,NULL,'Rearset e pedane arretrate'),(6540,177992,179752,101,4,NULL,'Altro pedane e poggiapiedi'),(6541,178998,10063,101,3,NULL,'Manubri, manopole e leve'),(6542,178003,178998,101,4,NULL,'Leve del freno'),(6543,178004,178998,101,4,NULL,'Leve della frizione'),(6544,178005,178998,101,4,NULL,'Leve del cambio'),(6545,178006,178998,101,4,NULL,'Manopole'),(6546,178007,178998,101,4,NULL,'Manubri'),(6547,178008,178998,101,4,NULL,'Rialzi per manubri'),(6548,178002,178998,101,4,NULL,'Contrappesi e bilanciatori'),(6549,178009,178998,101,4,NULL,'Altro manubri, manopole e leve'),(6550,50461,10063,101,3,NULL,'Strumentazione e indicatori'),(6551,178015,50461,101,4,NULL,'Tachimetri'),(6552,178016,50461,101,4,NULL,'Contagiri'),(6553,178014,50461,101,4,NULL,'Contachilometri'),(6554,178013,50461,101,4,NULL,'Indicatori del carburante'),(6555,178017,50461,101,4,NULL,'Indicatori di temperatura'),(6556,178010,50461,101,4,NULL,'Orologi'),(6557,178012,50461,101,4,NULL,'Quadri strumenti'),(6558,178011,50461,101,4,NULL,'Cavi strumentazione'),(6559,178018,50461,101,4,NULL,'Altro strumentazione'),(6560,179751,10063,101,3,NULL,'Luci e frecce'),(6561,178019,179751,101,4,NULL,'Lampade e LED'),(6562,178020,179751,101,4,NULL,'Display'),(6563,178021,179751,101,4,NULL,'Fari fendinebbia'),(6564,178022,179751,101,4,NULL,'Fari anteriori'),(6565,178026,179751,101,4,NULL,'Fanali posteriori'),(6566,178023,179751,101,4,NULL,'Frecce'),(6567,178024,179751,101,4,NULL,'Lenti per fari'),(6568,178025,179751,101,4,NULL,'Luci targa'),(6569,178027,179751,101,4,NULL,'Altro luci e frecce'),(6570,49899,10063,101,3,NULL,'Specchietti retrovisori'),(6571,178030,10063,101,3,NULL,'Selle e schienali'),(6572,179750,178030,101,4,NULL,'Selle e copriselle'),(6573,178031,178030,101,4,NULL,'Schienali'),(6574,178032,178030,101,4,NULL,'Carenature per selle'),(6575,178033,178030,101,4,NULL,'Altro selle'),(6576,178034,10063,101,3,NULL,'Kit di manutenzione'),(6577,178996,10063,101,3,NULL,'Sospensioni'),(6578,178042,178996,101,4,NULL,'Ammortizzatori'),(6579,178038,178996,101,4,NULL,'Forcelle complete'),(6580,178040,178996,101,4,NULL,'Canotti e sostegni forcelle'),(6581,178036,178996,101,4,NULL,'Snodi a sfera'),(6582,178041,178996,101,4,NULL,'Piastre per forcelle'),(6583,178037,178996,101,4,NULL,'Cuscinetti e boccole'),(6584,178039,178996,101,4,NULL,'Guarnizioni per forcelle'),(6585,179741,178996,101,4,NULL,'Altro sospensioni'),(6586,179753,10063,101,3,NULL,'Altro ricambi moto'),(6587,122292,131090,101,2,NULL,'Scooter: ricambi'),(6588,126673,122292,101,3,NULL,'Carene, selle e parafanghi'),(6589,147512,122292,101,3,NULL,'Ciclistica e telaio'),(6590,145761,147512,101,4,NULL,'Ammortizzatori'),(6591,147513,147512,101,4,NULL,'Cavalletti'),(6592,147514,147512,101,4,NULL,'Forcelle, piastre e molle'),(6593,147515,147512,101,4,NULL,'Freni e parti'),(6594,147516,147512,101,4,NULL,'Manopole e manubri'),(6595,147517,147512,101,4,NULL,'Specchietti'),(6596,147518,147512,101,4,NULL,'Telaio'),(6597,65389,147512,101,4,NULL,'Altro'),(6598,35605,122292,101,3,NULL,'Motore e trasmissione'),(6599,105588,35605,101,4,NULL,'Carburatori e filtri'),(6600,126677,35605,101,4,NULL,'Carter'),(6601,105589,35605,101,4,NULL,'Cilindri, pistoni e bielle'),(6602,126678,35605,101,4,NULL,'Corone, catene e pignoni'),(6603,126679,35605,101,4,NULL,'Frizioni'),(6604,126680,35605,101,4,NULL,'Sistema raffreddamento, filtri'),(6605,126681,35605,101,4,NULL,'Teste, valvole e alberi'),(6606,10064,35605,101,4,NULL,'Altro'),(6607,105582,122292,101,3,NULL,'Impianto elettrico,fari,frecce'),(6608,35617,105582,101,4,NULL,'Centraline, batterie e candele'),(6609,35621,105582,101,4,NULL,'Componenti, lampade e fari'),(6610,105583,105582,101,4,NULL,'Altro'),(6611,65367,122292,101,3,NULL,'Scarichi e marmitte'),(6612,9946,122292,101,3,NULL,'Altro'),(6613,35578,131090,101,2,NULL,'Moto: pneumatici e cerchi'),(6614,88533,35578,101,3,NULL,'Ruote complete'),(6615,147699,35578,101,3,NULL,'Cerchi'),(6616,124313,35578,101,3,NULL,'Pneumatici'),(6617,178028,35578,101,3,NULL,'Adesivi per cerchi'),(6618,178029,35578,101,3,NULL,'Coprivalvole'),(6619,21669,35578,101,3,NULL,'Altro pneumatici e cerchi'),(6620,25622,131090,101,2,NULL,'Moto: accessori'),(6621,122234,25622,101,3,NULL,'Decorazioni e decalcomanie'),(6622,62250,25622,101,3,NULL,'Caricabatterie per moto'),(6623,179735,25622,101,3,NULL,'Pulizia e protezione'),(6624,179737,179735,101,4,NULL,'Kit pulizia'),(6625,179736,179735,101,4,NULL,'Spugne, spazzole e panni'),(6626,179738,179735,101,4,NULL,'Detergenti e lucidi'),(6627,179739,179735,101,4,NULL,'Paraserbatoi'),(6628,179740,179735,101,4,NULL,'Altro pulizia e protezione'),(6629,25642,25622,101,3,NULL,'Coprimoto e teloni'),(6630,179730,25622,101,3,NULL,'Coprigambe moto'),(6631,179731,25622,101,3,NULL,'Sollevatori e cavalletti'),(6632,179733,179731,101,4,NULL,'Sollevatori e pedane'),(6633,179732,179731,101,4,NULL,'Cavalletti alzaruota'),(6634,179734,179731,101,4,NULL,'Altro pedane e cavalletti'),(6635,179715,25622,101,3,NULL,'Trasporto bagagli'),(6636,179719,179715,101,4,NULL,'Bauletti'),(6637,179718,179715,101,4,NULL,'Zaini per moto'),(6638,179720,179715,101,4,NULL,'Borse laterali'),(6639,179716,179715,101,4,NULL,'Portapacchi e ragni elastici'),(6640,179717,179715,101,4,NULL,'Borse sella e serbatoio'),(6641,179721,179715,101,4,NULL,'Altro bagagli per moto'),(6642,122235,25622,101,3,NULL,'Interfoni e radio'),(6643,179729,25622,101,3,NULL,'Porta assicurazione'),(6644,179723,25622,101,3,NULL,'Antifurti e catene'),(6645,179724,179723,101,4,NULL,'Allarmi antifurto'),(6646,179726,179723,101,4,NULL,'Catene, cavi e lucchetti a U'),(6647,179725,179723,101,4,NULL,'Ancoraggi terra e muro'),(6648,179727,179723,101,4,NULL,'Bloccadischi'),(6649,179728,179723,101,4,NULL,'Altro antifurti e catene'),(6650,179722,25622,101,3,NULL,'Rimorchi, rampe e ganci'),(6651,25645,25622,101,3,NULL,'Altro accessori moto'),(6652,96382,131090,101,2,NULL,'Moto: tuning ed elaborazione'),(6653,21670,131090,101,2,NULL,'Moto: manuali e istruzioni'),(6654,126736,21670,101,3,NULL,'Moto e scooter'),(6655,126737,126736,101,4,NULL,'Aprilia'),(6656,126738,126736,101,4,NULL,'BMW'),(6657,126739,126736,101,4,NULL,'Ducati'),(6658,126740,126736,101,4,NULL,'Harley-Davidson'),(6659,126741,126736,101,4,NULL,'Honda'),(6660,126742,126736,101,4,NULL,'Piaggio'),(6661,126743,126736,101,4,NULL,'Suzuki'),(6662,34240,126736,101,4,NULL,'Vespa'),(6663,126744,126736,101,4,NULL,'Yamaha'),(6664,126745,126736,101,4,NULL,'Altre marche italiane'),(6665,126747,126736,101,4,NULL,'Kawasaki'),(6666,126750,126736,101,4,NULL,'Altro'),(6667,126759,21670,101,3,NULL,'Moto d\'epoca'),(6668,126760,126759,101,4,NULL,'Marche italiane'),(6669,126761,126759,101,4,NULL,'Marche americane'),(6670,126762,126759,101,4,NULL,'Marche giapponesi'),(6671,126763,126759,101,4,NULL,'Marche tedesche'),(6672,126764,126759,101,4,NULL,'Marche inglesi'),(6673,126765,126759,101,4,NULL,'Altro'),(6674,138251,21670,101,3,NULL,'Schede e prove moto'),(6675,18368,21670,101,3,NULL,'Altro'),(6676,177074,131090,101,2,1,'Vestiario, caschi e protezioni'),(6677,177075,177074,101,3,NULL,'Caschi e accessori per il capo'),(6678,177076,177075,101,4,NULL,'Caschi'),(6679,177077,177075,101,4,NULL,'Occhiali da moto'),(6680,177078,177075,101,4,NULL,'Visiere'),(6681,177079,177075,101,4,NULL,'Inserti e pellicole visiere'),(6682,177080,177075,101,4,NULL,'Bandane, sottocaschi e foulard'),(6683,177081,177075,101,4,NULL,'Tappi per le orecchie'),(6684,177082,177075,101,4,NULL,'Manutenzione e pulizia casco'),(6685,177083,177075,101,4,NULL,'Custodie per caschi e occhiali'),(6686,177084,177075,101,4,NULL,'Ricambi e accessori per caschi'),(6687,177085,177075,101,4,NULL,'Altro caschi e accessori'),(6688,177099,177074,101,3,NULL,'Abbigliamento per moto'),(6689,177107,177099,101,4,NULL,'Abbigliamento pioggia'),(6690,177101,177099,101,4,NULL,'Pettorine e protezioni'),(6691,177104,177099,101,4,NULL,'Giacche'),(6692,177110,177099,101,4,NULL,'Gilet e smanicati'),(6693,177109,177099,101,4,NULL,'Pantaloni'),(6694,177106,177099,101,4,NULL,'Tute in pelle e altri tessuti'),(6695,177103,177099,101,4,NULL,'Guanti'),(6696,177100,177099,101,4,NULL,'Intimo e maglie tecniche'),(6697,177108,177099,101,4,NULL,'Calze'),(6698,177102,177099,101,4,NULL,'Stivali'),(6699,177105,177099,101,4,NULL,'Kit e completi'),(6700,50427,177099,101,4,NULL,'Spille e toppe'),(6701,177111,177099,101,4,NULL,'Altro abbigliamento per moto'),(6702,177112,177074,101,3,NULL,'Abbigliamento da fuoristrada'),(6703,177113,177112,101,4,NULL,'Pettorine e protezioni'),(6704,177115,177112,101,4,NULL,'Stivali'),(6705,177114,177112,101,4,NULL,'Ricambi per stivali'),(6706,177116,177112,101,4,NULL,'Guanti'),(6707,177117,177112,101,4,NULL,'Giacche'),(6708,177118,177112,101,4,NULL,'Casacche'),(6709,177120,177112,101,4,NULL,'Pantaloni'),(6710,177121,177112,101,4,NULL,'Calze'),(6711,177119,177112,101,4,NULL,'Kit e completi'),(6712,177122,177112,101,4,NULL,'Altro vestiario fuoristrada'),(6713,177086,177074,101,3,NULL,'Abbigliamento per auto e kart'),(6714,177088,177086,101,4,NULL,'Guanti'),(6715,177091,177086,101,4,NULL,'Intimo tecnico'),(6716,177089,177086,101,4,NULL,'Protezioni'),(6717,177087,177086,101,4,NULL,'Stivali'),(6718,177090,177086,101,4,NULL,'Tute da corsa'),(6719,177092,177086,101,4,NULL,'Altro abbigliamento auto/kart'),(6720,177093,177074,101,3,NULL,'Abbigliamento da meccanico'),(6721,177095,177093,101,4,NULL,'Guanti'),(6722,177097,177093,101,4,NULL,'Protezioni'),(6723,177094,177093,101,4,NULL,'Stivali e calzature'),(6724,177096,177093,101,4,NULL,'Tute e completi'),(6725,177098,177093,101,4,NULL,'Altro abbigliamento meccanico'),(6726,177123,177074,101,3,NULL,'Altro vestiario e protezioni'),(6727,180124,131090,101,2,NULL,'Garage: utensili e prodotti'),(6728,43986,180124,101,3,NULL,'Compressori aria'),(6729,179474,180124,101,3,NULL,'Diagnostica per veicoli'),(6730,179483,179474,101,4,NULL,'Amperometri e analizzatori'),(6731,179479,179474,101,4,NULL,'Analizzatori gas di scarico'),(6732,180038,179474,101,4,NULL,'Connettori/adattatori per test'),(6733,179475,179474,101,4,NULL,'Diagnostica per airbag'),(6734,179476,179474,101,4,NULL,'Lettori di codici'),(6735,179478,179474,101,4,NULL,'Pinze e sonde per test'),(6736,179485,179474,101,4,NULL,'Pistole stroboscopiche'),(6737,179484,179474,101,4,NULL,'Software per diagnostica'),(6738,179482,179474,101,4,NULL,'Telecamere di ispezione'),(6739,179477,179474,101,4,NULL,'Test aspirazione/compressione'),(6740,179481,179474,101,4,NULL,'Tester per avviamento'),(6741,179480,179474,101,4,NULL,'Tester per controllo pressione'),(6742,179486,179474,101,4,NULL,'Altro diagnostica per veicoli'),(6743,63694,180124,101,3,NULL,'Equipaggiamenti per officine'),(6744,63698,63694,101,4,NULL,'Cabine di verniciatura'),(6745,179506,63694,101,4,NULL,'Carrelli per sollevamento'),(6746,179511,63694,101,4,NULL,'Cavalletti'),(6747,63701,63694,101,4,NULL,'Forniture per officine'),(6748,179517,63701,101,5,NULL,'Canovacci'),(6749,179518,63701,101,5,NULL,'Carta abrasiva'),(6750,82548,63701,101,5,NULL,'Colle'),(6751,82547,63701,101,5,NULL,'Detergenti per mani'),(6752,179516,63701,101,5,NULL,'Stucchi per carrozzerie'),(6753,180039,63701,101,5,NULL,'Teli protezione carrozzeria'),(6754,179519,63701,101,5,NULL,'Altro forniture per officine'),(6755,179505,63694,101,4,NULL,'Paranchi a leva'),(6756,179510,63694,101,4,NULL,'Pistole grasso e lubrificanti'),(6757,136312,63694,101,4,NULL,'Presse'),(6758,179508,63694,101,4,NULL,'Pompe aspiraliquidi'),(6759,179661,63694,101,4,NULL,'Rampe'),(6760,179509,63694,101,4,NULL,'Recuperatori per olio esausto'),(6761,179513,63694,101,4,NULL,'Sabbiatrici'),(6762,83632,63694,101,4,NULL,'Saldatrici portatili'),(6763,179512,63694,101,4,NULL,'Sdraio/seggiole sottomacchina'),(6764,63699,63694,101,4,NULL,'Smontagomme ed equilibratrici'),(6765,63696,63694,101,4,NULL,'Sollevatori'),(6766,179507,63694,101,4,NULL,'Sostegni e sollevamento motori'),(6767,179515,63694,101,4,NULL,'Strumenti allineamento ruote'),(6768,179514,63694,101,4,NULL,'Tendimolle per ammortizzatori'),(6769,63695,63694,101,4,NULL,'Torni per freni'),(6770,179504,63694,101,4,NULL,'Utensili per freni'),(6771,63700,63694,101,4,NULL,'Altro equipaggiamenti officine'),(6772,179463,180124,101,3,NULL,'Kit riparazione'),(6773,83629,179463,101,4,NULL,'Kit per cambio olio'),(6774,179464,179463,101,4,NULL,'Riparazione ammaccature'),(6775,83623,179463,101,4,NULL,'Riparazione chassis e telaio'),(6776,83624,179463,101,4,NULL,'Riparazione filettatura viti'),(6777,83622,179463,101,4,NULL,'Riparazione freni'),(6778,83626,179463,101,4,NULL,'Riparazione frizione'),(6779,179466,179463,101,4,NULL,'Riparazione gomme'),(6780,179465,179463,101,4,NULL,'Riparazione graffi'),(6781,83628,179463,101,4,NULL,'Riparazione motore'),(6782,179467,179463,101,4,NULL,'Riparazione parabrezza'),(6783,83621,179463,101,4,NULL,'Riparazione sistema di scarico'),(6784,83620,179463,101,4,NULL,'Riparazione trasmissione'),(6785,179468,179463,101,4,NULL,'Altro kit riparazione'),(6786,108798,180124,101,3,NULL,'Manutenzione aria condizionata'),(6787,179443,180124,101,3,NULL,'Organizzazione attrezzi'),(6788,179444,179443,101,4,NULL,'Carrelli e cassette utensili'),(6789,179446,179443,101,4,NULL,'Organizzatori per attrezzi'),(6790,179447,179443,101,4,NULL,'Altro organizzazione attrezzi'),(6791,179469,180124,101,3,NULL,'Tester/caricatori per batterie'),(6792,179471,179469,101,4,NULL,'Caricabatterie e avviatori'),(6793,179472,179469,101,4,NULL,'Cavi d\'avviamento'),(6794,179470,179469,101,4,NULL,'Tester per batterie'),(6795,179473,179469,101,4,NULL,'Altro test/caricatori batterie'),(6796,43985,180124,101,3,NULL,'Utensili ad aria compressa'),(6797,179417,43985,101,4,NULL,'Avvitatori a cricchetto'),(6798,179419,43985,101,4,NULL,'Avvitatori ad aria compressa'),(6799,179418,43985,101,4,NULL,'Levigatrici pneumatiche'),(6800,179415,43985,101,4,NULL,'Punzonatrici e profilatrici'),(6801,43987,43985,101,4,NULL,'Pistole a spruzzo'),(6802,179420,43985,101,4,NULL,'Ricambi per utensili ad aria'),(6803,179416,43985,101,4,NULL,'Smerigliatrici pneumatiche'),(6804,179414,43985,101,4,NULL,'Trapani pneumatici'),(6805,34999,43985,101,4,NULL,'Altro utensili aria compressa'),(6806,43990,180124,101,3,NULL,'Utensili manuali'),(6807,179527,43990,101,4,NULL,'Bussole: singole e set'),(6808,179525,43990,101,4,NULL,'Cacciaviti'),(6809,82537,43990,101,4,NULL,'Cartellatrici'),(6810,179523,43990,101,4,NULL,'Chiavi a bussola'),(6811,43994,43990,101,4,NULL,'Chiavi inglesi'),(6812,179522,43990,101,4,NULL,'Estrattori'),(6813,43995,43990,101,4,NULL,'Kit utensili a mano'),(6814,179528,43990,101,4,NULL,'Madreviti'),(6815,179526,43990,101,4,NULL,'Martelli scorrevoli'),(6816,179662,43990,101,4,NULL,'Morsetti'),(6817,179663,43990,101,4,NULL,'Pinze'),(6818,179529,43990,101,4,NULL,'Ricambi per utensili a mano'),(6819,179524,43990,101,4,NULL,'Rivettatrici'),(6820,179521,43990,101,4,NULL,'Strumenti da taglio'),(6821,43991,43990,101,4,NULL,'Strumenti misuraz./precisione'),(6822,179520,43990,101,4,NULL,'Utensili batti e piegalamiera'),(6823,35625,43990,101,4,NULL,'Altro utensili a mano'),(6824,35000,180124,101,3,NULL,'Utensili elettrici'),(6825,179421,180124,101,3,NULL,'Verniciatura veicoli'),(6826,179422,179421,101,4,NULL,'Nastri adesivi verniciatura'),(6827,179423,179421,101,4,NULL,'Additivi'),(6828,179425,179423,101,5,NULL,'Catalizzatori vernice'),(6829,179426,179423,101,5,NULL,'Diluenti e lacche'),(6830,179424,179423,101,5,NULL,'Vernici perlate e metal flake'),(6831,179427,179423,101,5,NULL,'Altro additivi per vernice'),(6832,179429,179421,101,4,NULL,'Attrezzi per verniciatura'),(6833,179430,179421,101,4,NULL,'Fondi e primer per carrozzeria'),(6834,179428,179421,101,4,NULL,'Kit verniciatura auto'),(6835,179432,179421,101,4,NULL,'Vernici monostrato'),(6836,179431,179421,101,4,NULL,'Vernici multistrato'),(6837,180040,179421,101,4,NULL,'Vernici trasparenti'),(6838,179433,179421,101,4,NULL,'Vernici speciali per veicoli'),(6839,179434,179433,101,5,NULL,'Vernici cangianti'),(6840,179435,179433,101,5,NULL,'Vernici termoresistenti'),(6841,179437,179433,101,5,NULL,'Prodotti antiruggine'),(6842,179439,179433,101,5,NULL,'Altro vernici speciali'),(6843,179440,179421,101,4,NULL,'Vernici spray e a pennarello'),(6844,179441,179421,101,4,NULL,'Altro verniciatura veicoli'),(6845,180125,180124,101,3,NULL,'Altro garage'),(6846,179487,131090,101,2,NULL,'Oli, fluidi e lubrificanti'),(6847,179498,179487,101,3,NULL,'Additivi/sigillanti radiatore'),(6848,180156,179487,101,3,NULL,'Antighiaccio e decongelanti'),(6849,179491,179487,101,3,NULL,'Detergenti per motore'),(6850,179489,179487,101,3,NULL,'Fluidi antigelo'),(6851,179499,179487,101,3,NULL,'Fluidi avviamento rapido'),(6852,179488,179487,101,3,NULL,'Fluidi per aria condizionata'),(6853,179490,179487,101,3,NULL,'Fluidi per freni'),(6854,174128,179487,101,3,NULL,'Fluidi per frizioni'),(6855,179497,179487,101,3,NULL,'Fluidi per servosterzo'),(6856,179502,179487,101,3,NULL,'Fluidi per tergicristalli'),(6857,179501,179487,101,3,NULL,'Fluidi per trasmissione'),(6858,174135,179487,101,3,NULL,'Fluidi sospensioni'),(6859,179495,179487,101,3,NULL,'Grasso e lubrificanti'),(6860,174133,179487,101,3,NULL,'Lubrificanti spray'),(6861,179496,179487,101,3,NULL,'Oli motore'),(6862,179494,179487,101,3,NULL,'Oli per cambio e differenziale'),(6863,179500,179487,101,3,NULL,'Sigillanti pneumatici'),(6864,179492,179487,101,3,NULL,'Trattamento carburante'),(6865,179493,179487,101,3,NULL,'Trattamento guarnizioni'),(6866,179503,179487,101,3,NULL,'Altro oli e fluidi'),(6867,3270,131090,101,2,NULL,'GPS, audio ed elettronica auto'),(6868,139835,3270,101,3,NULL,'GPS e navigatori satellitari'),(6869,38776,139835,101,4,NULL,'Navigatori fissi'),(6870,156955,139835,101,4,NULL,'Navigatori portatili'),(6871,139837,139835,101,4,NULL,'Software GPS'),(6872,139836,139835,101,4,NULL,'Accessori GPS'),(6873,60999,139835,101,4,NULL,'Supporti navigatori'),(6874,139838,139835,101,4,NULL,'Altro GPS'),(6875,174119,3270,101,3,NULL,'Autoradio e frontalini'),(6876,21647,3270,101,3,NULL,'Amplificatori'),(6877,179671,3270,101,3,NULL,'Altoparlanti'),(6878,138854,3270,101,3,NULL,'Componenti altoparlanti'),(6879,138855,138854,101,4,NULL,'Moquette acustiche'),(6880,138856,138854,101,4,NULL,'Materiali fonoassorbenti'),(6881,138857,138854,101,4,NULL,'Griglie altoparlanti'),(6882,179669,138854,101,4,NULL,'Casse'),(6883,38770,138854,101,4,NULL,'Alloggi altoparlanti'),(6884,57290,138854,101,4,NULL,'Anelli adattatori'),(6885,179670,138854,101,4,NULL,'Altro componenti altoparlanti'),(6886,38771,3270,101,3,NULL,'Subwoofer'),(6887,14273,3270,101,3,NULL,'Filtri crossover'),(6888,14268,3270,101,3,NULL,'Sistemi completi audio'),(6889,39746,3270,101,3,NULL,'Caricatori CD e DVD'),(6890,122188,3270,101,3,NULL,'Lettori DVD'),(6891,179678,3270,101,3,NULL,'Trasmettitori FM'),(6892,38775,3270,101,3,NULL,'Schermi e monitor'),(6893,174118,3270,101,3,NULL,'Cavi AUX e di interfaccia'),(6894,96371,3270,101,3,NULL,'Mascherine autoradio'),(6895,61012,3270,101,3,NULL,'Telecomandi auto'),(6896,174122,3270,101,3,NULL,'Comandi volante'),(6897,38759,3270,101,3,NULL,'Kit wireless telefono'),(6898,174120,3270,101,3,NULL,'Cuffie per auto'),(6899,61523,3270,101,3,NULL,'Kit sensori di parcheggio'),(6900,174593,3270,101,3,NULL,'Telecamere posteriori e kit'),(6901,174121,3270,101,3,NULL,'Telecamere auto DVR'),(6902,14935,3270,101,3,NULL,'Rilevatori autovelox'),(6903,179672,3270,101,3,NULL,'Cavi, adattatori e antenne'),(6904,179676,179672,101,4,NULL,'Connettori e terminali'),(6905,179675,179672,101,4,NULL,'Cavi e prese'),(6906,179673,179672,101,4,NULL,'Adattatori'),(6907,179677,179672,101,4,NULL,'Altro cavi e terminali'),(6908,169391,3270,101,3,NULL,'Invertitori e inverter'),(6909,1498,3270,101,3,NULL,'Altro elettronica auto'),(6910,32098,131090,101,2,NULL,'Moto d\'epoca: ricambi'),(6911,126572,32098,101,3,NULL,'Benelli'),(6912,126573,32098,101,3,NULL,'Ducati'),(6913,147472,32098,101,3,NULL,'Gilera'),(6914,126574,32098,101,3,NULL,'Lambretta'),(6915,147473,32098,101,3,NULL,'Morini'),(6916,126575,32098,101,3,NULL,'Moto Guzzi'),(6917,126576,32098,101,3,NULL,'Piaggio'),(6918,138530,32098,101,3,NULL,'Vespa'),(6919,138531,138530,101,4,NULL,'Carene, selle e parafanghi'),(6920,138532,138530,101,4,NULL,'Ciclistica e telaio'),(6921,138533,138530,101,4,NULL,'Gomme, cerchi e ruote'),(6922,138534,138530,101,4,NULL,'Impianto elettrico,fari,frecce'),(6923,138535,138530,101,4,NULL,'Marmitte e terminali'),(6924,138536,138530,101,4,NULL,'Motore e trasmissione'),(6925,138537,138530,101,4,NULL,'Accessori'),(6926,94139,138530,101,4,NULL,'Altro'),(6927,105381,32098,101,3,NULL,'Altre marche italiane'),(6928,105383,32098,101,3,NULL,'Marche giapponesi'),(6929,32102,32098,101,3,NULL,'Altro'),(6930,122304,131090,101,2,NULL,'Motocross e trial: ricambi'),(6931,36628,131090,101,2,NULL,'Quad e ATV: ricambi'),(6932,147506,131090,101,2,NULL,'Mini moto: ricambi'),(6933,147507,147506,101,3,NULL,'Carene, selle e parafanghi'),(6934,147508,147506,101,3,NULL,'Ciclistica e telaio'),(6935,147510,147506,101,3,NULL,'Impianto elettrico'),(6936,147511,147506,101,3,NULL,'Motore e trasmissione'),(6937,149593,147506,101,3,NULL,'Scarichi e marmitte'),(6938,118771,147506,101,3,NULL,'Accessori'),(6939,151599,147506,101,3,NULL,'Altro'),(6940,9905,131090,101,2,NULL,'Merchandising'),(6941,147530,9905,101,3,NULL,'Adesivi e poster'),(6942,147531,9905,101,3,NULL,'Film e DVD'),(6943,147532,9905,101,3,NULL,'Giochi e modellini'),(6944,126783,9905,101,3,NULL,'Pubblicità e immagini'),(6945,9907,126783,101,4,NULL,'Auto'),(6946,126784,126783,101,4,NULL,'Moto e scooter'),(6947,126785,126783,101,4,NULL,'Auto e moto d\'epoca'),(6948,126791,126783,101,4,NULL,'Altro'),(6949,72192,9905,101,3,NULL,'Portachiavi'),(6950,14028,9905,101,3,NULL,'Abbigliamento'),(6951,9912,9905,101,3,NULL,'Altro'),(6952,36627,131090,101,2,NULL,'Ricambi per altri veicoli'),(6953,30895,131090,101,2,NULL,'Altro ricambi e accessori'),(6954,1249,1249,101,1,NULL,'Videogiochi e console'),(6955,54968,1249,101,2,NULL,'Accessori'),(6956,171813,54968,101,3,1,'Batterie'),(6957,171858,54968,101,3,1,'Caricatori e dock'),(6958,171814,54968,101,3,1,'Cavi e adattatori'),(6959,117042,54968,101,3,1,'Controller'),(6960,171668,54968,101,3,1,'Cover e adesivi'),(6961,171821,54968,101,3,1,'Cuffie'),(6962,171831,54968,101,3,1,'Custodie e borse'),(6963,171898,54968,101,3,1,'Dispositivi di raffreddamento'),(6964,171820,54968,101,3,1,'Hard disk'),(6965,171826,54968,101,3,1,'Kit di accessori'),(6966,171839,54968,101,3,1,'Penne'),(6967,171837,54968,101,3,1,'Proteggi schermo'),(6968,117045,54968,101,3,1,'Schede di memoria'),(6969,117044,54968,101,3,1,'Sensori movimento e telecamere'),(6970,172510,54968,101,3,1,'Tastiere e tastierini'),(6971,49230,54968,101,3,NULL,'Altri accessori'),(6972,156597,1249,101,2,NULL,'Carte prepagate'),(6973,139971,1249,101,2,NULL,'Console'),(6974,139973,1249,101,2,NULL,'Giochi'),(6975,3944,1249,101,2,NULL,'Giochi a gettoni'),(6976,171918,3944,101,3,NULL,'Giochi arcade'),(6977,171921,171918,101,4,NULL,'Giochi e cartucce'),(6978,171922,171918,101,4,NULL,'Macchine arcade'),(6979,3945,171918,101,4,NULL,'Altri giochi arcade'),(6980,3947,3944,101,3,NULL,'Flipper'),(6981,112664,3944,101,3,NULL,'Slot machine'),(6982,112665,112664,101,4,NULL,'Manuali e guide'),(6983,112667,112664,101,4,1,'Parti e accessori'),(6984,112666,112664,101,4,NULL,'Slot machine'),(6985,68248,112664,101,4,NULL,'Altro slot machine'),(6986,575,3944,101,3,NULL,'Altri giochi a gettoni'),(6987,48750,1249,101,2,NULL,'Grandi lotti e stock'),(6988,156595,1249,101,2,NULL,'Guide strategiche e trucchi'),(6989,38583,1249,101,2,NULL,'Merchandising giochi'),(6990,171833,1249,101,2,1,'Pezzi di ricambio'),(6991,187,1249,101,2,NULL,'Altro videogiochi'),(6992,62682,62682,101,1,NULL,'Vini, caffè e gastronomia'),(6993,120042,62682,101,2,NULL,'Vini rossi: Piemonte'),(6994,112639,120042,101,3,NULL,'Barbaresco'),(6995,112640,120042,101,3,NULL,'Barbera'),(6996,112641,120042,101,3,NULL,'Barolo'),(6997,120043,120042,101,3,NULL,'Dolcetto'),(6998,120044,120042,101,3,NULL,'Grignolino'),(6999,120045,120042,101,3,NULL,'Nebbiolo'),(7000,62738,120042,101,3,NULL,'Altri vini rossi piemontesi'),(7001,112636,62682,101,2,NULL,'Vini rossi: Toscana'),(7002,112642,112636,101,3,NULL,'Brunello di Montalcino'),(7003,112643,112636,101,3,NULL,'Chianti'),(7004,112644,112636,101,3,NULL,'Masseto'),(7005,120055,112636,101,3,NULL,'Morellino di Scansano'),(7006,112647,112636,101,3,NULL,'Ornellaia'),(7007,120056,112636,101,3,NULL,'Rosso di Montalcino'),(7008,112645,112636,101,3,NULL,'Rosso di Montepulciano'),(7009,112648,112636,101,3,NULL,'Sassicaia'),(7010,112649,112636,101,3,NULL,'Solaia'),(7011,112650,112636,101,3,NULL,'Tignanello'),(7012,120057,112636,101,3,NULL,'Supertuscan'),(7013,8367,112636,101,3,NULL,'Altri vini rossi toscani'),(7014,48160,62682,101,2,NULL,'Vini rossi: resto d\'Italia'),(7015,62726,48160,101,3,NULL,'Abruzzo'),(7016,120046,48160,101,3,NULL,'Campania'),(7017,112637,120046,101,4,NULL,'Aglianico'),(7018,120047,120046,101,4,NULL,'Falerno'),(7019,120048,120046,101,4,NULL,'Taurasi'),(7020,87055,120046,101,4,NULL,'Altri vini rossi'),(7021,62729,48160,101,3,NULL,'Emilia-Romagna'),(7022,62730,48160,101,3,NULL,'Friuli-Venezia Giulia'),(7023,83723,48160,101,3,NULL,'Lazio'),(7024,62732,48160,101,3,NULL,'Lombardia'),(7025,120049,48160,101,3,NULL,'Marche'),(7026,120050,120049,101,4,NULL,'Rosso Conero'),(7027,120051,120049,101,4,NULL,'Rosso Piceno'),(7028,62733,120049,101,4,NULL,'Altri vini rossi'),(7029,8368,48160,101,3,NULL,'Puglia'),(7030,62735,48160,101,3,NULL,'Sardegna'),(7031,120052,48160,101,3,NULL,'Sicilia'),(7032,120053,120052,101,4,NULL,'La Segreta'),(7033,112646,120052,101,4,NULL,'Nero d\'Avola'),(7034,120054,120052,101,4,NULL,'Syrah'),(7035,62736,120052,101,4,NULL,'Altri vini rossi'),(7036,62737,48160,101,3,NULL,'Trentino-Alto Adige'),(7037,87056,48160,101,3,NULL,'Umbria'),(7038,120058,48160,101,3,NULL,'Veneto'),(7039,112638,120058,101,4,NULL,'Amarone'),(7040,120059,120058,101,4,NULL,'Bardolino'),(7041,120060,120058,101,4,NULL,'Recioto'),(7042,120061,120058,101,4,NULL,'Soave'),(7043,112651,120058,101,4,NULL,'Valpolicella'),(7044,120062,120058,101,4,NULL,'Altri vini rossi'),(7045,129580,48160,101,3,NULL,'Altre regioni italiane'),(7046,62728,129580,101,4,NULL,'Basilicata'),(7047,62731,129580,101,4,NULL,'Calabria'),(7048,108444,129580,101,4,NULL,'Liguria'),(7049,83724,129580,101,4,NULL,'Molise'),(7050,129581,129580,101,4,NULL,'Valle d\'Aosta'),(7051,93443,62682,101,2,NULL,'Vini francesi'),(7052,93448,93443,101,3,NULL,'Bordeaux'),(7053,12491,93443,101,3,NULL,'Borgogna'),(7054,105144,93443,101,3,NULL,'Rodano'),(7055,12490,93443,101,3,NULL,'Altri vini rossi'),(7056,115266,62682,101,2,NULL,'Vini: Europa e Nuovi Mondi'),(7057,8379,115266,101,3,NULL,'Asia e Africa'),(7058,8370,115266,101,3,NULL,'Europa'),(7059,8377,115266,101,3,NULL,'Nord e Sud America'),(7060,8375,115266,101,3,NULL,'Oceania'),(7061,120063,62682,101,2,NULL,'Vini d\'annata e vintage'),(7062,120064,120063,101,3,NULL,'Annate fino al 1959'),(7063,120065,120063,101,3,NULL,'1960-1969'),(7064,120066,120063,101,3,NULL,'1970-1979'),(7065,120067,120063,101,3,NULL,'1980-1989'),(7066,120068,120063,101,3,NULL,'1990-1999'),(7067,27522,120063,101,3,NULL,'2000 o più giovani'),(7068,34409,62682,101,2,NULL,'Vini bianchi e rosati'),(7069,112658,62682,101,2,NULL,'Vini dolci e da dessert'),(7070,8362,62682,101,2,NULL,'Champagne e spumanti'),(7071,8384,62682,101,2,NULL,'Whisky e liquori'),(7072,138484,8384,101,3,NULL,'Amaro'),(7073,48105,8384,101,3,NULL,'Brandy'),(7074,8385,8384,101,3,NULL,'Cognac'),(7075,8386,8384,101,3,NULL,'Grappa'),(7076,138485,8384,101,3,NULL,'Limoncello'),(7077,155682,8384,101,3,NULL,'Liquori'),(7078,48109,8384,101,3,NULL,'Rum'),(7079,48118,8384,101,3,NULL,'Vodka'),(7080,48111,8384,101,3,NULL,'Whisky'),(7081,8391,8384,101,3,NULL,'Altri liquori'),(7082,148495,62682,101,2,NULL,'Birra'),(7083,115268,62682,101,2,NULL,'Attrezzature e accessori'),(7084,129078,115268,101,3,NULL,'Botti'),(7085,71264,115268,101,3,NULL,'Cantinette e refrigeratori'),(7086,115276,115268,101,3,NULL,'Cavatappi e set per sommelier'),(7087,115271,115268,101,3,NULL,'Decanters'),(7088,147577,115268,101,3,NULL,'Distillatori e fermentatori'),(7089,115275,115268,101,3,NULL,'Strumenti di misurazione'),(7090,54121,115268,101,3,NULL,'Altri accessori'),(7091,14308,62682,101,2,NULL,'Salumi e formaggi'),(7092,62701,14308,101,3,NULL,'Prosciutto'),(7093,48144,14308,101,3,NULL,'Salame, pancetta e porchetta'),(7094,13269,14308,101,3,NULL,'Mozzarella e formaggi freschi'),(7095,62708,14308,101,3,NULL,'Parmigiano, Grana e stagionati'),(7096,43398,14308,101,3,NULL,'Altro'),(7097,90739,62682,101,2,NULL,'Pasta e condimenti'),(7098,48123,90739,101,3,NULL,'Aceto e aceto balsamico'),(7099,99535,90739,101,3,NULL,'Funghi'),(7100,48139,90739,101,3,NULL,'Olio e condimenti'),(7101,20472,90739,101,3,NULL,'Pasta e riso'),(7102,112659,90739,101,3,NULL,'Sottolio e sottaceto'),(7103,13270,90739,101,3,NULL,'Specialità di mare'),(7104,14314,90739,101,3,NULL,'Spezie'),(7105,14313,90739,101,3,NULL,'Sughi e salse'),(7106,48159,90739,101,3,NULL,'Tartufo'),(7107,8396,90739,101,3,NULL,'Altro'),(7108,48134,62682,101,2,NULL,'Caffè, tè e cioccolata calda'),(7109,179294,48134,101,3,NULL,'Caffè'),(7110,79630,48134,101,3,NULL,'Caffè: capsule e cialde'),(7111,148535,48134,101,3,NULL,'Cioccolata calda e cacao'),(7112,79608,48134,101,3,NULL,'Sciroppi e aromi'),(7113,38181,48134,101,3,NULL,'Tè e tisane'),(7114,148534,48134,101,3,NULL,'Accessori'),(7115,48328,48134,101,3,NULL,'Altro caffè, tè e cioccolata'),(7116,38178,62682,101,2,NULL,'Dolci e biscotti'),(7117,20473,38178,101,3,NULL,'Biscotti e paste'),(7118,13273,38178,101,3,NULL,'Cioccolato e caramelle'),(7119,81727,38178,101,3,NULL,'Frutta fresca, secca e in vaso'),(7120,62705,38178,101,3,NULL,'Marmellata e miele'),(7121,14309,38178,101,3,NULL,'Altro'),(7122,8392,62682,101,2,NULL,'Gastronomia'),(7123,8394,8392,101,3,NULL,'Prodotti biologici'),(7124,126971,8392,101,3,NULL,'Specialità italiane'),(7125,62692,8392,101,3,NULL,'Specialità dal mondo'),(7126,112660,8392,101,3,NULL,'Idee regalo'),(7127,8402,62682,101,2,NULL,'Altro'),(7128,99,99,101,1,NULL,'Altre categorie'),(7129,27668,99,101,2,NULL,'Articoli per la scuola'),(7130,27669,27668,101,3,NULL,'Astucci'),(7131,138682,27668,101,3,NULL,'Calcolatrici'),(7132,138683,27668,101,3,NULL,'Cancelleria'),(7133,138684,27668,101,3,NULL,'Cartellette'),(7134,138685,27668,101,3,NULL,'Diari e agende'),(7135,138686,27668,101,3,NULL,'Disegno tecnico'),(7136,138687,138686,101,4,NULL,'Compassi'),(7137,138688,138686,101,4,NULL,'Gomme'),(7138,138689,138686,101,4,NULL,'Matite tecniche'),(7139,138690,138686,101,4,NULL,'Pennini a china'),(7140,138691,138686,101,4,NULL,'Portamine'),(7141,138692,138686,101,4,NULL,'Righe'),(7142,138693,138686,101,4,NULL,'Squadrette'),(7143,138694,138686,101,4,NULL,'Altro'),(7144,138695,27668,101,3,NULL,'Flauto dolce'),(7145,138696,27668,101,3,NULL,'Grembiuli'),(7146,138697,27668,101,3,NULL,'Pongo, Das e creta'),(7147,138698,27668,101,3,NULL,'Software didattici'),(7148,27671,27668,101,3,NULL,'Zainetti e cartelle'),(7149,138766,99,101,2,NULL,'Varie'),(7150,31411,138766,101,3,NULL,'Buoni acquisto e coupon'),(7151,1523,138766,101,3,NULL,'Metafisica e New Age'),(7152,1467,138766,101,3,NULL,'Oggetti stravaganti'),(7153,324,138766,101,3,NULL,'Altro'),(7154,14112,138766,101,3,NULL,'Categoria per test'),(7155,30120,14112,101,4,NULL,'Test eBay'),(7156,37557,14112,101,4,NULL,'Attributes'),(7157,37558,37557,101,5,NULL,'Attributes1'),(7158,37559,37557,101,5,NULL,'Attributes2'),(7159,37560,37557,101,5,NULL,'Attributes3'),(7160,37561,37557,101,5,NULL,'Attributes4'),(7161,37562,37557,101,5,NULL,'Attributes5'),(7162,37566,37557,101,5,NULL,'Attributes6'),(7163,37567,37557,101,5,NULL,'Attributes7'),(7164,37568,37557,101,5,NULL,'Attributes8'),(7165,37565,37557,101,5,NULL,'Attributes9'),(7166,37563,37557,101,5,NULL,'Attributes10');

--
-- Table structure for table `ps_ebay_category_condition`
--

CREATE TABLE `ps_ebay_category_condition` (
  `id_ebay_category_condition` int(11) NOT NULL AUTO_INCREMENT,
  `id_ebay_profile` int(11) NOT NULL,
  `id_category_ref` int(11) NOT NULL,
  `id_condition_ref` int(11) NOT NULL,
  `name` varchar(256) NOT NULL,
  PRIMARY KEY (`id_ebay_category_condition`)
) ENGINE=InnoDB AUTO_INCREMENT=2826 DEFAULT CHARSET=utf8;

--
-- Dumping data for table `ps_ebay_category_condition`
--

INSERT INTO `ps_ebay_category_condition` VALUES (2379,1,16204,1000,'Nuovo'),(2380,1,16204,3000,'Usato'),(2381,1,23160,1000,'Nuovo'),(2382,1,23160,1500,'Nuovo: altro (vedi dettagli)'),(2383,1,23160,2000,'Ricondizionato dal produttore'),(2384,1,23160,2500,'Ricondizionato dal venditore'),(2385,1,23160,3000,'Usato'),(2386,1,23160,7000,'Per parti di ricambio o non funzionante'),(2387,1,42425,1000,'Nuovo'),(2388,1,42425,1500,'Nuovo: altro (vedi dettagli)'),(2389,1,42425,2000,'Ricondizionato dal produttore'),(2390,1,42425,2500,'Ricondizionato dal venditore'),(2391,1,42425,3000,'Usato'),(2392,1,42425,7000,'Per parti di ricambio o non funzionante'),(2393,1,43304,1000,'Nuovo'),(2394,1,43304,1500,'Nuovo: altro (vedi dettagli)'),(2395,1,43304,2000,'Ricondizionato dal produttore'),(2396,1,43304,2500,'Ricondizionato dal venditore'),(2397,1,43304,3000,'Usato'),(2398,1,43304,7000,'Per parti di ricambio o non funzionante'),(2399,1,145723,1000,'Nuovo'),(2400,1,145723,1500,'Nuovo: altro (vedi dettagli)'),(2401,1,145723,2000,'Ricondizionato dal produttore'),(2402,1,145723,2500,'Ricondizionato dal venditore'),(2403,1,145723,3000,'Usato'),(2404,1,145723,7000,'Per parti di ricambio o non funzionante'),(2405,1,145751,1000,'Nuovo'),(2406,1,145751,1500,'Nuovo: altro (vedi dettagli)'),(2407,1,145751,2000,'Ricondizionato dal produttore'),(2408,1,145751,2500,'Ricondizionato dal venditore'),(2409,1,145751,3000,'Usato'),(2410,1,145751,7000,'Per parti di ricambio o non funzionante'),(2411,1,49230,1000,'Nuovo'),(2412,1,49230,2000,'Ricondizionato dal produttore'),(2413,1,49230,2500,'Ricondizionato dal venditore'),(2414,1,49230,3000,'Usato'),(2415,1,49230,7000,'Per parti di ricambio o non funzionante'),(2530,1,3768,1000,'Nuovo'),(2531,1,3768,1500,'Nuovo: altro (vedi dettagli)'),(2532,1,3768,2000,'Ricondizionato dal produttore'),(2533,1,3768,2500,'Ricondizionato dal venditore'),(2534,1,3768,3000,'Usato'),(2535,1,3768,7000,'Per parti di ricambio o non funzionante'),(2536,1,1245,1000,'Nuovo'),(2537,1,1245,1500,'Nuovo: altro (vedi dettagli)'),(2538,1,1245,2000,'Ricondizionato dal produttore'),(2539,1,1245,2500,'Ricondizionato dal venditore'),(2540,1,1245,3000,'Usato'),(2541,1,1245,7000,'Per parti di ricambio o non funzionante'),(2542,1,16191,1000,'Nuovo'),(2543,1,16191,3000,'Usato'),(2712,1,171485,1000,'Nuovo'),(2713,1,171485,1500,'Nuovo: altro (vedi dettagli)'),(2714,1,171485,2000,'Ricondizionato dal produttore'),(2715,1,171485,2500,'Ricondizionato dal venditore'),(2716,1,171485,3000,'Usato'),(2717,1,171485,7000,'Per parti di ricambio o non funzionante'),(2718,1,180235,1000,'Nuovo'),(2719,1,180235,1500,'Nuovo: altro (vedi dettagli)'),(2720,1,180235,2000,'Ricondizionato dal produttore'),(2721,1,180235,2500,'Ricondizionato dal venditore'),(2722,1,180235,3000,'Usato'),(2723,1,180235,7000,'Per parti di ricambio o non funzionante'),(2724,1,177,1000,'Nuovo'),(2725,1,177,1500,'Nuovo: altro (vedi dettagli)'),(2726,1,177,2000,'Ricondizionato dal produttore'),(2727,1,177,2500,'Ricondizionato dal venditore'),(2728,1,177,3000,'Usato'),(2729,1,177,7000,'Per parti di ricambio o non funzionante'),(2730,1,179,1000,'Nuovo'),(2731,1,179,1500,'Nuovo: altro (vedi dettagli)'),(2732,1,179,2000,'Ricondizionato dal produttore'),(2733,1,179,2500,'Ricondizionato dal venditore'),(2734,1,179,3000,'Usato'),(2735,1,179,7000,'Per parti di ricambio o non funzionante'),(2736,1,51082,1000,'Nuovo'),(2737,1,51082,1500,'Nuovo: altro (vedi dettagli)'),(2738,1,51082,2000,'Ricondizionato dal produttore'),(2739,1,51082,2500,'Ricondizionato dal venditore'),(2740,1,51082,3000,'Usato'),(2741,1,51082,7000,'Per parti di ricambio o non funzionante'),(2742,1,31534,1000,'Nuovo'),(2743,1,31534,1500,'Nuovo: altro (vedi dettagli)'),(2744,1,31534,2000,'Ricondizionato dal produttore'),(2745,1,31534,2500,'Ricondizionato dal venditore'),(2746,1,31534,3000,'Usato'),(2747,1,31534,7000,'Per parti di ricambio o non funzionante'),(2748,1,42014,1000,'Nuovo'),(2749,1,42014,1500,'Nuovo: altro (vedi dettagli)'),(2750,1,42014,2000,'Ricondizionato dal produttore'),(2751,1,42014,2500,'Ricondizionato dal venditore'),(2752,1,42014,3000,'Usato'),(2753,1,42014,7000,'Per parti di ricambio o non funzionante'),(2754,1,170083,1000,'Nuovo'),(2755,1,170083,1500,'Nuovo: altro (vedi dettagli)'),(2756,1,170083,2000,'Ricondizionato dal produttore'),(2757,1,170083,2500,'Ricondizionato dal venditore'),(2758,1,170083,3000,'Usato'),(2759,1,170083,7000,'Per parti di ricambio o non funzionante'),(2760,1,164,1000,'Nuovo'),(2761,1,164,1500,'Nuovo: altro (vedi dettagli)'),(2762,1,164,2000,'Ricondizionato dal produttore'),(2763,1,164,2500,'Ricondizionato dal venditore'),(2764,1,164,3000,'Usato'),(2765,1,164,7000,'Per parti di ricambio o non funzionante'),(2766,1,1244,1000,'Nuovo'),(2767,1,1244,1500,'Nuovo: altro (vedi dettagli)'),(2768,1,1244,2000,'Ricondizionato dal produttore'),(2769,1,1244,2500,'Ricondizionato dal venditore'),(2770,1,1244,3000,'Usato'),(2771,1,1244,7000,'Per parti di ricambio o non funzionante'),(2772,1,27386,1000,'Nuovo'),(2773,1,27386,1500,'Nuovo: altro (vedi dettagli)'),(2774,1,27386,2000,'Ricondizionato dal produttore'),(2775,1,27386,2500,'Ricondizionato dal venditore'),(2776,1,27386,3000,'Usato'),(2777,1,27386,7000,'Per parti di ricambio o non funzionante'),(2778,1,16145,1000,'Nuovo'),(2779,1,16145,1500,'Nuovo: altro (vedi dettagli)'),(2780,1,16145,2000,'Ricondizionato dal produttore'),(2781,1,16145,2500,'Ricondizionato dal venditore'),(2782,1,16145,3000,'Usato'),(2783,1,16145,7000,'Per parti di ricambio o non funzionante'),(2784,1,106273,1000,'Nuovo'),(2785,1,106273,1500,'Nuovo: altro (vedi dettagli)'),(2786,1,106273,2000,'Ricondizionato dal produttore'),(2787,1,106273,2500,'Ricondizionato dal venditore'),(2788,1,106273,3000,'Usato'),(2789,1,106273,7000,'Per parti di ricambio o non funzionante'),(2790,1,131553,1000,'Nuovo'),(2791,1,131553,1500,'Nuovo: altro (vedi dettagli)'),(2792,1,131553,2000,'Ricondizionato dal produttore'),(2793,1,131553,2500,'Ricondizionato dal venditore'),(2794,1,131553,3000,'Usato'),(2795,1,131553,7000,'Per parti di ricambio o non funzionante'),(2796,1,56083,1000,'Nuovo'),(2797,1,56083,1500,'Nuovo: altro (vedi dettagli)'),(2798,1,56083,2000,'Ricondizionato dal produttore'),(2799,1,56083,2500,'Ricondizionato dal venditore'),(2800,1,56083,3000,'Usato'),(2801,1,56083,7000,'Per parti di ricambio o non funzionante'),(2802,1,51071,1000,'Nuovo'),(2803,1,51071,1500,'Nuovo: altro (vedi dettagli)'),(2804,1,51071,2000,'Ricondizionato dal produttore'),(2805,1,51071,2500,'Ricondizionato dal venditore'),(2806,1,51071,3000,'Usato'),(2807,1,51071,7000,'Per parti di ricambio o non funzionante'),(2808,1,167,1000,'Nuovo'),(2809,1,167,1500,'Nuovo: altro (vedi dettagli)'),(2810,1,167,2000,'Ricondizionato dal produttore'),(2811,1,167,2500,'Ricondizionato dal venditore'),(2812,1,167,3000,'Usato'),(2813,1,167,7000,'Per parti di ricambio o non funzionante'),(2814,1,80053,1000,'Nuovo'),(2815,1,80053,1500,'Nuovo: altro (vedi dettagli)'),(2816,1,80053,2000,'Ricondizionato dal produttore'),(2817,1,80053,2500,'Ricondizionato dal venditore'),(2818,1,80053,3000,'Usato'),(2819,1,80053,7000,'Per parti di ricambio o non funzionante'),(2820,1,44996,1000,'Nuovo'),(2821,1,44996,1500,'Nuovo: altro (vedi dettagli)'),(2822,1,44996,2000,'Ricondizionato dal produttore'),(2823,1,44996,2500,'Ricondizionato dal venditore'),(2824,1,44996,3000,'Usato'),(2825,1,44996,7000,'Per parti di ricambio o non funzionante');

--
-- Table structure for table `ps_ebay_category_condition_configuration`
--

CREATE TABLE `ps_ebay_category_condition_configuration` (
  `id_ebay_category_condition_configuration` int(11) NOT NULL AUTO_INCREMENT,
  `id_ebay_profile` int(11) NOT NULL,
  `id_category_ref` int(11) NOT NULL,
  `condition_type` int(11) NOT NULL,
  `id_condition_ref` int(11) NOT NULL,
  PRIMARY KEY (`id_ebay_category_condition_configuration`),
  UNIQUE KEY `id_category_ref` (`id_category_ref`,`condition_type`)
) ENGINE=InnoDB AUTO_INCREMENT=805 DEFAULT CHARSET=utf8;

--
-- Dumping data for table `ps_ebay_category_condition_configuration`
--

INSERT INTO `ps_ebay_category_condition_configuration` VALUES (718,1,171485,1,1500),(719,1,171485,2,3000),(720,1,171485,3,2500),(721,1,180235,1,1000),(722,1,180235,2,3000),(723,1,180235,3,2500),(724,1,177,1,1500),(725,1,177,2,3000),(726,1,177,3,2500),(727,1,179,1,1500),(728,1,179,2,3000),(729,1,179,3,2500),(730,1,51082,1,1000),(731,1,51082,2,3000),(732,1,51082,3,2500),(733,1,31534,1,1000),(734,1,31534,2,3000),(735,1,31534,3,2500),(736,1,42014,1,1000),(737,1,42014,2,3000),(738,1,42014,3,2500),(739,1,170083,1,1000),(740,1,170083,2,3000),(741,1,170083,3,2500),(742,1,164,1,1000),(743,1,164,2,3000),(744,1,164,3,2500),(745,1,1244,1,1000),(746,1,1244,2,3000),(747,1,1244,3,2500),(748,1,27386,1,1000),(749,1,27386,2,3000),(750,1,27386,3,2500),(751,1,16145,1,1000),(752,1,16145,2,1000),(753,1,16145,3,1000),(754,1,106273,1,1000),(755,1,106273,2,3000),(756,1,106273,3,2500),(757,1,131553,1,1000),(758,1,131553,2,3000),(759,1,131553,3,2500),(760,1,56083,1,1000),(761,1,56083,2,3000),(762,1,56083,3,2500),(763,1,51071,1,1000),(764,1,51071,2,3000),(765,1,51071,3,2500),(766,1,167,1,1000),(767,1,167,2,3000),(768,1,167,3,2500),(769,1,80053,1,1000),(770,1,80053,2,3000),(771,1,80053,3,2500),(772,1,44996,1,1000),(773,1,44996,2,1000),(774,1,44996,3,1000),(775,1,3768,1,1000),(776,1,3768,2,3000),(777,1,3768,3,2500),(778,1,1245,1,1000),(779,1,1245,2,3000),(780,1,1245,3,2500),(781,1,16191,1,1000),(782,1,16191,2,3000),(783,1,16191,3,3000),(784,1,16204,1,1000),(785,1,16204,2,3000),(786,1,16204,3,3000),(787,1,23160,1,1000),(788,1,23160,2,3000),(789,1,23160,3,2500),(790,1,42425,1,1000),(791,1,42425,2,3000),(792,1,42425,3,2500),(793,1,43304,1,1000),(794,1,43304,2,3000),(795,1,43304,3,2500),(796,1,145723,1,1000),(797,1,145723,2,1000),(798,1,145723,3,1000),(799,1,145751,1,1000),(800,1,145751,2,1000),(801,1,145751,3,1000),(802,1,49230,1,1000),(803,1,49230,2,3000),(804,1,49230,3,2500);

--
-- Table structure for table `ps_ebay_category_configuration`
--

CREATE TABLE `ps_ebay_category_configuration` (
  `id_ebay_category_configuration` int(16) NOT NULL AUTO_INCREMENT,
  `id_ebay_profile` int(16) NOT NULL,
  `id_country` int(16) NOT NULL,
  `id_ebay_category` int(16) NOT NULL,
  `id_category` int(16) NOT NULL,
  `percent` varchar(4) NOT NULL,
  `sync` tinyint(1) NOT NULL,
  `date_add` datetime NOT NULL,
  `date_upd` datetime NOT NULL,
  PRIMARY KEY (`id_ebay_category_configuration`),
  KEY `id_ebay_category` (`id_ebay_profile`,`id_ebay_category`),
  KEY `id_category` (`id_ebay_profile`,`id_category`)
) ENGINE=InnoDB AUTO_INCREMENT=107 DEFAULT CHARSET=utf8;

--
-- Dumping data for table `ps_ebay_category_configuration`
--

INSERT INTO `ps_ebay_category_configuration` VALUES (1,1,8,0,2,'',0,'2016-03-10 17:37:43','2016-07-28 10:40:32'),(2,1,8,0,5,'',0,'2016-03-10 17:37:43','2016-07-28 10:40:32'),(3,1,8,3906,47,'',0,'2016-03-10 17:37:43','2016-07-28 10:40:32'),(4,1,8,3906,48,'',0,'2016-03-10 17:37:43','2016-07-28 10:40:32'),(5,1,8,0,7,'',0,'2016-03-10 17:37:43','2016-07-28 10:40:32'),(6,1,8,3939,27,'',0,'2016-03-10 17:37:43','2016-07-28 10:40:32'),(7,1,8,3960,28,'',0,'2016-03-10 17:37:43','2016-07-28 10:40:32'),(8,1,8,3982,29,'',0,'2016-03-10 17:37:43','2016-07-28 10:40:32'),(9,1,8,3947,30,'',0,'2016-03-10 17:37:43','2016-07-28 10:40:32'),(10,1,8,3946,31,'',0,'2016-03-10 17:37:43','2016-07-28 10:40:32'),(11,1,8,3962,32,'',0,'2016-03-10 17:37:43','2016-07-28 10:40:32'),(12,1,8,4094,6,'',0,'2016-03-10 17:37:43','2016-07-28 10:40:32'),(13,1,8,4094,17,'',0,'2016-03-10 17:37:43','2016-07-28 10:40:32'),(14,1,8,4094,25,'',0,'2016-03-10 17:37:43','2016-07-28 10:40:32'),(15,1,8,4094,26,'',0,'2016-03-10 17:37:43','2016-07-28 10:40:32'),(16,1,8,4094,18,'',0,'2016-03-10 17:37:43','2016-07-28 10:40:32'),(17,1,8,4094,23,'',0,'2016-03-10 17:37:43','2016-07-28 10:40:32'),(18,1,8,4094,21,'',0,'2016-03-10 17:37:43','2016-04-17 16:32:33'),(19,1,8,4094,22,'',0,'2016-03-10 17:37:43','2016-04-17 16:32:33'),(20,1,8,4094,24,'',0,'2016-03-10 17:37:43','2016-04-17 16:32:33'),(21,1,8,4096,19,'',0,'2016-03-10 17:43:36','2016-04-17 16:32:33'),(22,1,8,4096,20,'',0,'2016-03-10 17:43:36','2016-04-17 16:32:33'),(23,1,8,4096,59,'',0,'2016-03-10 17:43:36','2016-04-17 16:32:33'),(24,1,8,4096,58,'',0,'2016-03-10 17:43:36','2016-04-17 16:32:33'),(25,1,8,4096,60,'',0,'2016-03-10 17:43:36','2016-04-17 16:32:33'),(26,1,8,4096,61,'',0,'2016-03-10 17:43:36','2016-03-10 22:00:21'),(27,1,8,0,9,'',0,'2016-03-10 17:43:36','2016-04-17 16:32:34'),(28,1,8,4103,35,'',0,'2016-03-10 17:43:36','2016-04-17 16:32:34'),(29,1,8,3891,37,'',0,'2016-03-10 17:43:36','2016-04-17 16:32:34'),(30,1,8,3906,38,'',0,'2016-03-10 17:43:36','2016-04-17 16:32:34'),(31,1,8,0,10,'',0,'2016-03-10 17:43:36','2016-04-17 16:32:34'),(32,1,8,3998,39,'',0,'2016-03-10 17:43:36','2016-04-17 16:32:34'),(33,1,8,3980,40,'',0,'2016-03-10 17:43:36','2016-04-17 16:32:34'),(34,1,8,3989,41,'',0,'2016-03-10 17:43:36','2016-04-17 16:32:34'),(35,1,8,3981,42,'',0,'2016-03-10 17:43:36','2016-04-17 16:32:34'),(36,1,8,0,11,'',0,'2016-03-10 17:43:36','2016-04-17 16:32:34'),(37,1,8,4000,43,'',0,'2016-03-10 17:43:36','2016-04-17 16:32:34'),(38,1,8,4000,44,'',0,'2016-03-10 17:43:36','2016-07-28 09:57:21'),(39,1,8,0,56,'',0,'2016-03-10 17:43:36','2016-07-28 09:57:21'),(40,1,8,0,57,'',0,'2016-03-10 17:43:36','2016-07-28 09:57:21'),(41,1,8,4017,14,'',0,'2016-03-10 17:47:13','2016-07-28 09:57:21'),(42,1,8,3874,4,'7%',0,'2016-03-10 17:47:13','2016-07-28 09:57:21'),(43,1,8,3877,3,'7%',0,'2016-03-10 17:47:13','2016-07-28 09:57:21'),(44,1,8,0,15,'',0,'2016-03-10 17:47:13','2016-07-28 09:57:21'),(45,1,8,4076,16,'',0,'2016-03-10 17:47:13','2016-07-28 09:57:21'),(46,1,8,4090,12,'',0,'2016-03-10 17:47:13','2016-07-28 09:57:21'),(47,1,8,4090,45,'',0,'2016-03-10 17:47:13','2016-07-28 09:57:21'),(48,1,8,4090,46,'',0,'2016-03-10 17:47:13','2016-07-28 09:57:21'),(49,1,8,0,52,'',0,'2016-03-10 17:47:13','2016-07-28 09:57:21'),(50,1,8,3857,53,'',0,'2016-03-10 17:47:13','2016-07-28 09:57:21'),(51,1,8,3871,54,'7%',0,'2016-03-10 17:47:13','2016-07-28 09:57:21'),(52,1,8,0,8,'',0,'2016-03-10 17:47:13','2016-07-28 09:57:21'),(53,1,8,5525,33,'',0,'2016-03-10 17:47:13','2016-07-28 09:57:21'),(54,1,8,5528,34,'7%',0,'2016-03-10 17:47:13','2016-07-28 09:57:21'),(55,1,8,5528,62,'',0,'2016-03-10 17:47:13','2016-03-12 14:43:38'),(56,1,8,0,55,'',0,'2016-03-10 17:47:13','2016-07-28 10:41:35'),(57,1,8,0,49,'',0,'2016-03-10 17:47:13','2016-07-22 12:02:44'),(58,1,8,5766,50,'',0,'2016-03-10 17:47:13','2016-07-13 20:33:13'),(59,1,8,5729,51,'',0,'2016-03-10 17:47:13','2016-05-28 17:32:21'),(60,1,8,3976,64,'1',0,'2016-03-10 21:21:52','2016-07-28 10:40:32'),(61,1,8,0,65,'',0,'2016-03-12 04:38:14','2016-04-17 16:32:33'),(62,1,8,0,66,'',0,'2016-03-12 16:55:23','2016-07-28 10:40:32'),(63,1,8,6971,67,'7%',0,'2016-03-29 15:04:13','2016-07-28 10:40:32'),(64,1,8,5528,69,'7%',0,'2016-04-13 19:41:14','2016-07-28 09:57:21'),(65,1,8,5528,70,'7%',0,'2016-04-13 19:41:14','2016-07-28 10:41:35'),(66,1,8,5528,71,'7%',0,'2016-04-13 19:41:14','2016-07-28 10:41:35'),(67,1,8,5528,73,'7%',0,'2016-05-23 18:46:12','2016-07-28 10:41:35'),(68,1,8,5528,74,'7%',0,'2016-05-28 17:32:21','2016-07-28 10:41:35'),(69,1,8,5528,75,'7%',0,'2016-05-28 17:32:21','2016-07-28 10:41:35'),(70,1,8,5528,76,'7%',0,'2016-05-28 17:32:21','2016-07-28 10:41:35'),(71,1,8,5528,77,'7%',0,'2016-05-28 17:32:21','2016-07-28 10:41:35'),(72,1,8,5528,78,'7%',0,'2016-05-28 17:32:21','2016-07-28 10:41:35'),(73,1,8,5528,79,'7%',0,'2016-05-28 17:32:21','2016-07-28 10:41:35'),(74,1,8,5528,72,'7%',0,'2016-05-28 17:32:21','2016-07-28 10:41:35'),(75,1,8,0,68,'',0,'2016-05-28 17:32:21','2016-05-28 17:32:21'),(76,1,8,5528,103,'7%',0,'2016-07-10 11:55:22','2016-07-28 09:57:21'),(77,1,8,5528,80,'7%',0,'2016-07-10 11:55:22','2016-07-28 09:57:21'),(78,1,8,5528,81,'7%',0,'2016-07-10 11:57:49','2016-07-28 10:39:26'),(79,1,8,5528,82,'7%',0,'2016-07-10 11:57:50','2016-07-28 10:39:27'),(80,1,8,5528,83,'7%',0,'2016-07-10 11:57:50','2016-07-28 10:39:27'),(81,1,8,5528,84,'7%',0,'2016-07-10 11:57:50','2016-07-28 10:39:27'),(82,1,8,5528,85,'7%',0,'2016-07-10 11:57:50','2016-07-28 10:39:27'),(83,1,8,5528,97,'7%',0,'2016-07-10 11:57:50','2016-07-28 10:39:27'),(84,1,8,5528,98,'7%',0,'2016-07-10 11:57:50','2016-07-28 10:39:27'),(85,1,8,5528,99,'7%',0,'2016-07-10 11:57:50','2016-07-28 10:39:27'),(86,1,8,5528,86,'7%',0,'2016-07-10 11:57:50','2016-07-28 10:39:27'),(87,1,8,5528,89,'7%',0,'2016-07-10 11:57:50','2016-07-28 10:39:27'),(88,1,8,5528,87,'7%',0,'2016-07-10 11:57:50','2016-07-28 10:39:27'),(89,1,8,5528,90,'7%',0,'2016-07-10 11:57:50','2016-07-28 10:39:27'),(90,1,8,5528,88,'7%',0,'2016-07-10 11:57:50','2016-07-28 10:39:27'),(91,1,8,5528,91,'7%',0,'2016-07-10 11:57:50','2016-07-28 10:39:27'),(92,1,8,5528,92,'7%',0,'2016-07-10 11:57:50','2016-07-28 10:39:27'),(93,1,8,5528,93,'7%',0,'2016-07-10 11:57:50','2016-07-28 10:39:27'),(94,1,8,5528,94,'7%',0,'2016-07-10 11:57:50','2016-07-28 10:39:27'),(95,1,8,5528,95,'7%',0,'2016-07-10 11:57:50','2016-07-28 10:39:27'),(96,1,8,5528,96,'7%',0,'2016-07-10 11:57:50','2016-07-28 10:39:27'),(97,1,8,5528,100,'7%',0,'2016-07-10 11:57:50','2016-07-28 10:41:35'),(98,1,8,5528,102,'7%',0,'2016-07-10 12:00:08','2016-07-28 10:41:35'),(99,1,8,5528,101,'7%',0,'2016-07-10 12:00:09','2016-07-28 10:41:35'),(100,1,8,5528,108,'7%',0,'2016-07-10 12:00:10','2016-07-28 10:41:35'),(101,1,8,5528,104,'7%',0,'2016-07-10 12:00:11','2016-07-28 10:41:35'),(102,1,8,5528,105,'7%',0,'2016-07-10 12:00:11','2016-07-28 10:41:35'),(103,1,8,5528,106,'7%',0,'2016-07-10 12:00:11','2016-07-28 10:41:35'),(104,1,8,5528,107,'7%',0,'2016-07-10 12:00:11','2016-07-28 10:41:35'),(105,1,8,5528,109,'7%',1,'2016-07-22 11:59:08','2016-07-28 10:39:27'),(106,1,8,5528,110,'7%',1,'2016-07-28 10:39:48','2016-07-28 10:41:35');

--
-- Table structure for table `ps_ebay_category_specific`
--

CREATE TABLE `ps_ebay_category_specific` (
  `id_ebay_category_specific` int(11) NOT NULL AUTO_INCREMENT,
  `id_category_ref` int(16) NOT NULL,
  `name` varchar(40) NOT NULL,
  `required` tinyint(1) NOT NULL,
  `can_variation` tinyint(1) NOT NULL,
  `selection_mode` tinyint(1) NOT NULL,
  `id_attribute_group` int(11) NOT NULL,
  `id_feature` int(11) NOT NULL,
  `id_ebay_category_specific_value` int(11) NOT NULL,
  `is_brand` tinyint(1) NOT NULL,
  `ebay_site_id` int(16) NOT NULL,
  `is_reference` tinyint(1) DEFAULT NULL,
  `is_ean` tinyint(1) DEFAULT NULL,
  `is_upc` tinyint(1) DEFAULT NULL,
  PRIMARY KEY (`id_ebay_category_specific`),
  UNIQUE KEY `id_category_ref` (`id_category_ref`,`ebay_site_id`,`name`)
) ENGINE=InnoDB AUTO_INCREMENT=1571 DEFAULT CHARSET=utf8;

--
-- Dumping data for table `ps_ebay_category_specific`
--

INSERT INTO `ps_ebay_category_specific` VALUES (1,171485,'Marca',1,0,0,0,0,1,0,101,0,0,0),(2,171485,'Tipo',0,0,0,0,0,0,0,101,0,0,0),(3,171485,'Gamma prodotti',0,0,0,0,0,0,0,101,0,0,0),(4,171485,'MPN',1,1,0,0,0,98,0,101,0,0,0),(5,171485,'Capacità',0,1,0,0,0,0,0,101,0,0,0),(6,171485,'Garanzia produttore',0,0,0,0,0,0,0,101,0,0,0),(7,171485,'Piattaforma',0,0,0,0,0,0,0,101,0,0,0),(8,171485,'Sistema operativo',0,0,0,0,0,0,0,101,0,0,0),(9,171485,'Dimensioni schermo',0,0,0,0,0,0,0,101,0,0,0),(10,171485,'Tipo di contratto',0,0,1,0,0,0,0,101,0,0,0),(11,171485,'Operatore',0,0,0,0,0,0,0,101,0,0,0),(12,171485,'Colore',0,1,0,0,0,0,0,101,0,0,0),(13,171485,'Risoluzione',0,0,0,0,0,0,0,101,0,0,0),(14,171485,'Connettività',0,0,0,0,0,0,0,101,0,0,0),(15,171485,'Connettività hardware',0,0,0,0,0,0,0,101,0,0,0),(16,180235,'Marca',1,0,0,0,0,222,0,101,0,0,0),(17,180235,'Modello',0,1,0,0,0,0,0,101,0,0,0),(18,180235,'MPN',1,1,0,0,0,269,0,101,0,0,0),(19,180235,'Tipo',0,1,0,0,0,0,0,101,0,0,0),(20,180235,'Colore principale',0,1,0,0,0,0,0,101,0,0,0),(21,180235,'Marca compatibile',0,0,0,0,0,0,0,101,0,0,0),(22,180235,'Linea prodotto compatibile',0,0,0,0,0,0,0,101,0,0,0),(23,180235,'Garanzia produttore',0,0,0,0,0,0,0,101,0,0,0),(24,177,'Marca',1,0,0,0,0,425,0,101,0,0,0),(25,177,'Tipo',0,1,0,0,0,0,0,101,0,0,0),(26,177,'MPN',1,1,0,0,0,476,0,101,0,0,0),(27,177,'Velocità del processore',0,0,0,0,0,0,0,101,0,0,0),(28,177,'Dimensione Hard Disk',0,1,0,0,0,0,0,101,0,0,0),(29,177,'Memoria (RAM)',0,1,0,0,0,0,0,101,0,0,0),(30,177,'Modello processore',0,0,0,0,0,0,0,101,0,0,0),(31,177,'Lettore e/o Masterizzatore',0,0,0,0,0,0,0,101,0,0,0),(32,177,'Dimensione dello schermo',0,1,0,0,0,0,0,101,0,0,0),(33,177,'Colore principale',0,1,0,0,0,0,0,101,0,0,0),(34,177,'Anno di rilascio',0,1,0,0,0,0,0,101,0,0,0),(35,177,'Garanzia produttore',0,0,0,0,0,0,0,101,0,0,0),(36,177,'Sistema operativo',0,1,0,0,0,0,0,101,0,0,0),(37,177,'Versione sistema operativo',0,1,0,0,0,0,0,101,0,0,0),(38,177,'Scheda grafica',0,1,0,0,0,0,0,101,0,0,0),(39,179,'Marca',1,0,0,0,0,745,0,101,0,0,0),(40,179,'Dimensione Hard Disk',0,1,0,0,0,0,0,101,0,0,0),(41,179,'MPN',1,1,0,0,0,868,0,101,0,0,0),(42,179,'Sistema operativo',0,1,0,0,0,0,0,101,0,0,0),(43,179,'Versione sistema operativo',0,1,0,0,0,0,0,101,0,0,0),(44,179,'Memoria (RAM)',0,1,0,0,0,0,0,101,0,0,0),(45,179,'Modello processore',0,0,0,0,0,0,0,101,0,0,0),(46,179,'Velocità processore',0,0,0,0,0,0,0,101,0,0,0),(47,179,'Scheda grafica',0,1,0,0,0,0,0,101,0,0,0),(48,179,'Caratteristiche',0,0,0,0,0,0,0,101,0,0,0),(49,179,'Dimensione dello schermo',0,1,0,0,0,0,0,101,0,0,0),(50,179,'Colore principale',0,1,0,0,0,0,0,101,0,0,0),(51,179,'Lettore e/o Masterizzatore',0,0,0,0,0,0,0,101,0,0,0),(52,179,'Garanzia produttore',0,0,0,0,0,0,0,101,0,0,0),(53,51082,'Marca',1,0,0,0,0,1106,0,101,0,0,0),(54,51082,'MPN',1,1,0,0,0,1319,0,101,0,0,0),(55,51082,'Tipo',0,0,0,0,0,0,0,101,0,0,0),(56,51082,'Adattatore fattore di forma',0,0,0,0,0,0,0,101,0,0,0),(57,51082,'Schede di memoria supportate',0,0,0,0,0,0,0,101,0,0,0),(58,51082,'Garanzia produttore',0,0,0,0,0,0,0,101,0,0,0),(59,31534,'Marca',1,0,0,0,0,1372,0,101,0,0,0),(60,31534,'MPN',1,1,0,0,0,1585,0,101,0,0,0),(61,31534,'Garanzia produttore',0,0,0,0,0,0,0,101,0,0,0),(62,42014,'Marca',1,0,0,0,0,1599,0,101,0,0,0),(63,42014,'MPN',1,1,0,0,0,1903,0,101,0,0,0),(64,42014,'Tipo',0,0,0,0,0,0,0,101,0,0,0),(65,42014,'Linea prodotto',0,0,0,0,0,0,0,101,0,0,0),(66,42014,'3.5\" Drive Bays',0,0,0,0,0,0,0,101,0,0,0),(67,42014,'5.25\" Drive Bays',0,0,0,0,0,0,0,101,0,0,0),(68,42014,'Fattore di forma',0,0,0,0,0,0,0,101,0,0,0),(69,42014,'Porte frontali',0,0,0,0,0,0,0,101,0,0,0),(70,42014,'Potenza alimentatore',0,1,0,0,0,0,0,101,0,0,0),(71,42014,'Materiale',0,1,0,0,0,0,0,101,0,0,0),(72,42014,'Colore principale',0,1,0,0,0,0,0,101,0,0,0),(73,42014,'Articoli inclusi',0,0,0,0,0,0,0,101,0,0,0),(74,42014,'Garanzia produttore',0,0,0,0,0,0,0,101,0,0,0),(75,170083,'Marca',1,0,0,0,0,2009,0,101,0,0,0),(76,170083,'MPN',1,1,0,0,0,2313,0,101,0,0,0),(77,170083,'Tipo',0,0,0,0,0,0,0,101,0,0,0),(78,170083,'Capacità',0,1,0,0,0,0,0,101,0,0,0),(79,170083,'Fattore di forma',0,1,0,0,0,0,0,101,0,0,0),(80,170083,'Numero di moduli',0,1,0,0,0,0,0,101,0,0,0),(81,170083,'Velocità bus',0,1,0,0,0,0,0,101,0,0,0),(82,170083,'Garanzia produttore',0,0,0,0,0,0,0,101,0,0,0),(83,164,'Marca',1,0,0,0,0,2420,0,101,0,0,0),(84,164,'MPN',1,1,0,0,0,2724,0,101,0,0,0),(85,164,'Serie',0,1,0,0,0,0,0,101,0,0,0),(86,164,'Tipo di socket',0,1,0,0,0,0,0,101,0,0,0),(87,164,'Velocità bus',0,1,0,0,0,0,0,101,0,0,0),(88,164,'Velocità di clock',0,1,0,0,0,0,0,101,0,0,0),(89,164,'Numero di core',0,1,0,0,0,0,0,101,0,0,0),(90,164,'L2 Cache',0,1,0,0,0,0,0,101,0,0,0),(91,164,'L3 Cache',0,1,0,0,0,0,0,101,0,0,0),(92,164,'Componenti raffreddamento inclusi',0,1,0,0,0,0,0,101,0,0,0),(93,164,'Garanzia produttore',0,0,0,0,0,0,0,101,0,0,0),(94,1244,'Marca',1,0,0,0,0,2898,0,101,0,0,0),(95,1244,'MPN',1,1,0,0,0,3202,0,101,0,0,0),(96,1244,'Marca CPU compatibile',0,1,0,0,0,0,0,101,0,0,0),(97,1244,'Tipo di memoria',0,1,0,0,0,0,0,101,0,0,0),(98,1244,'Fattore di forma',0,1,0,0,0,0,0,101,0,0,0),(99,1244,'Numero di memory slot',0,1,0,0,0,0,0,101,0,0,0),(100,1244,'Porte ingresso/uscita',0,1,0,0,0,0,0,101,0,0,0),(101,1244,'Slot espansione',0,1,0,0,0,0,0,101,0,0,0),(102,1244,'Socket CPU',0,0,0,0,0,0,0,101,0,0,0),(103,1244,'Caratteristiche aggiuntive',0,1,0,0,0,0,0,101,0,0,0),(104,1244,'Garanzia produttore',0,0,0,0,0,0,0,101,0,0,0),(105,27386,'Marca',1,0,0,0,0,3333,0,101,0,0,0),(106,27386,'MPN',1,1,0,0,0,3637,0,101,0,0,0),(107,27386,'Tipo di memoria',0,1,0,0,0,0,0,101,0,0,0),(108,27386,'Produttore Chipset/GPU',0,1,0,0,0,0,0,101,0,0,0),(109,27386,'Modello Chipset/GPU',0,1,0,0,0,0,0,101,0,0,0),(110,27386,'Piattaforma compatibile',0,1,0,0,0,0,0,101,0,0,0),(111,27386,'Interfaccia',0,0,0,0,0,0,0,101,0,0,0),(112,27386,'Connettori',0,1,0,0,0,0,0,101,0,0,0),(113,27386,'Componenti raffreddamento inclusi',0,1,0,0,0,0,0,101,0,0,0),(114,27386,'Capacità',0,1,0,0,0,0,0,101,0,0,0),(115,27386,'APIs',0,1,0,0,0,0,0,101,0,0,0),(116,27386,'Garanzia produttore',0,0,0,0,0,0,0,101,0,0,0),(117,16145,'Marca',1,0,0,0,0,3829,0,101,0,0,0),(118,16145,'MPN',1,1,0,0,0,4133,0,101,0,0,0),(119,16145,'Garanzia produttore',0,0,0,0,0,0,0,101,0,0,0),(120,106273,'Marca',1,0,0,0,0,4147,0,101,0,0,0),(121,106273,'MPN',1,1,0,0,0,4311,0,101,0,0,0),(122,106273,'Capacità',0,1,0,0,0,0,0,101,0,0,0),(123,106273,'Interfaccia disco',0,0,0,0,0,0,0,101,0,0,0),(124,106273,'Interfaccia esterna',0,0,0,0,0,0,0,101,0,0,0),(125,106273,'Garanzia produttore',0,0,0,0,0,0,0,101,0,0,0),(126,131553,'Capacità',0,1,0,0,0,0,0,101,0,0,0),(127,131553,'Marca',1,0,0,0,0,4387,0,101,0,0,0),(128,131553,'MPN',1,1,0,0,0,4552,0,101,0,0,0),(129,131553,'Tipo',0,0,0,0,0,0,0,101,0,0,0),(130,131553,'Linea prodotto',0,0,0,0,0,0,0,101,0,0,0),(131,131553,'Interfaccia',0,0,0,0,0,0,0,101,0,0,0),(132,131553,'Cache',0,0,0,0,0,0,0,101,0,0,0),(133,131553,'Velocità di rotazione',0,0,0,0,0,0,0,101,0,0,0),(134,131553,'Caratteristiche aggiuntive',0,0,0,0,0,0,0,101,0,0,0),(135,131553,'Colore principale',0,1,0,0,0,0,0,101,0,0,0),(136,131553,'Garanzia produttore',0,0,0,0,0,0,0,101,0,0,0),(137,51071,'Marca',1,0,0,0,0,4636,0,101,0,0,0),(138,51071,'MPN',1,1,0,0,0,4800,0,101,0,0,0),(139,51071,'Capacità',0,0,0,0,0,0,0,101,0,0,0),(140,51071,'Caratteristiche aggiuntive',0,0,0,0,0,0,0,101,0,0,0),(141,51071,'Colore principale',0,1,0,0,0,0,0,101,0,0,0),(142,51071,'Specifiche USB',0,0,0,0,0,0,0,101,0,0,0),(143,51071,'Garanzia produttore',0,0,0,0,0,0,0,101,0,0,0),(144,167,'Marca',1,0,0,0,0,4853,0,101,0,0,0),(145,167,'MPN',1,1,0,0,0,5017,0,101,0,0,0),(146,167,'Garanzia produttore',0,0,0,0,0,0,0,101,0,0,0),(147,80053,'Dimensione',0,1,0,0,0,0,0,101,0,0,0),(148,80053,'Marca',1,0,0,0,0,5057,0,101,0,0,0),(149,80053,'Tipo',0,0,0,0,0,0,0,101,0,0,0),(150,80053,'MPN',1,1,0,0,0,5084,0,101,0,0,0),(151,80053,'Risoluzione massima',0,0,0,0,0,0,0,101,0,0,0),(152,80053,'Formato',0,0,0,0,0,0,0,101,0,0,0),(153,80053,'Classe di efficienza energetica',0,1,0,0,0,0,0,101,0,0,0),(154,80053,'Garanzia produttore',0,0,0,0,0,0,0,101,0,0,0),(155,3768,'Lingua',0,1,0,0,0,0,0,101,0,0,0),(156,3768,'Supporto distribuzione',0,0,0,0,0,0,0,101,0,0,0),(157,3768,'Tipo',0,0,0,0,0,0,0,101,0,0,0),(158,3768,'Requisiti: Piattaforma',0,0,0,0,0,0,0,101,0,0,0),(159,3768,'Requisiti: Sistema operativo',0,0,0,0,0,0,0,101,0,0,0),(160,3768,'Requisiti: Spazio su disco',0,0,0,0,0,0,0,101,0,0,0),(161,3768,'Requisiti: Memoria RAM',0,0,0,0,0,0,0,101,0,0,0),(162,3768,'Requisiti: Velocità processore',0,0,0,0,0,0,0,101,0,0,0),(163,3768,'Licenza',0,0,0,0,0,0,0,101,0,0,0),(164,3768,'Garanzia produttore',0,0,0,0,0,0,0,101,0,0,0),(165,1245,'Marca',1,0,0,0,0,5321,0,101,0,0,0),(166,1245,'MPN',1,1,0,0,0,5589,0,101,0,0,0),(167,1245,'Tipo',0,1,0,0,0,0,0,101,0,0,0),(168,1245,'Caratteristiche',0,1,0,0,0,0,0,101,0,0,0),(169,1245,'Formati carta supportati',0,1,0,0,0,0,0,101,0,0,0),(170,1245,'Interfaccia',0,0,0,0,0,0,0,101,0,0,0),(171,1245,'Memoria (RAM)',0,1,0,0,0,0,0,101,0,0,0),(172,1245,'Output',0,1,1,0,0,0,0,101,0,0,0),(173,1245,'Risoluzione massima',0,1,0,0,0,0,0,101,0,0,0),(174,1245,'Velocità di stampa',0,1,0,0,0,0,0,101,0,0,0),(175,1245,'Garanzia produttore',0,0,0,0,0,0,0,101,0,0,0),(176,16191,'Marca',1,0,0,0,0,5737,0,101,0,0,0),(177,16191,'MPN',1,1,0,0,0,6004,0,101,0,0,0),(178,16191,'Marca compatibile',0,0,0,0,0,0,0,101,0,0,0),(179,16191,'Compatibilità per modello',0,0,0,0,0,0,0,101,0,0,0),(180,16191,'Tipo',0,0,0,0,0,0,0,101,0,0,0),(181,16191,'Colore',0,1,1,0,0,0,0,101,0,0,0),(182,16191,'Tecnologia di stampa',0,0,0,0,0,0,0,101,0,0,0),(183,16191,'Articoli nella confezione',0,0,0,0,0,0,0,101,0,0,0),(184,16191,'Garanzia produttore',0,0,0,0,0,0,0,101,0,0,0),(185,16204,'Marca',1,0,0,0,0,6098,0,101,0,0,0),(186,16204,'MPN',1,1,0,0,0,6365,0,101,0,0,0),(187,16204,'Marca compatibile',0,0,0,0,0,0,0,101,0,0,0),(188,16204,'Compatibilità per modello',0,0,0,0,0,0,0,101,0,0,0),(189,16204,'Tipo',0,0,0,0,0,0,0,101,0,0,0),(190,16204,'Colore',0,1,1,0,0,0,0,101,0,0,0),(191,16204,'Garanzia produttore',0,0,0,0,0,0,0,101,0,0,0),(192,23160,'Marca',1,0,0,0,0,6443,0,101,0,0,0),(193,23160,'Tipologia di collegamento',0,0,0,0,0,0,0,101,0,0,0),(194,23160,'Caratteristiche aggiuntive',0,0,0,0,0,0,0,101,0,0,0),(195,23160,'MPN',1,1,0,0,0,6449,0,101,0,0,0),(196,23160,'Garanzia produttore',0,0,0,0,0,0,0,101,0,0,0),(197,43304,'Marca',1,0,0,0,0,6463,0,101,0,0,0),(198,43304,'Tipo',0,0,0,0,0,0,0,101,0,0,0),(199,43304,'Marca compatibile',0,0,0,0,0,0,0,101,0,0,0),(200,43304,'Modello compatibile',0,0,0,0,0,0,0,101,0,0,0),(201,43304,'MPN',1,1,0,0,0,6574,0,101,0,0,0),(202,43304,'Colore',0,1,0,0,0,0,0,101,0,0,0),(203,43304,'Paese di fabbricazione',0,0,1,0,0,0,0,101,0,0,0),(204,43304,'Garanzia produttore',0,0,1,0,0,0,0,101,0,0,0),(409,56083,'Marca',1,0,0,0,0,13659,0,101,0,0,0),(410,56083,'Dimensioni',0,0,0,0,0,0,0,101,0,0,0),(411,56083,'MPN',1,1,0,0,0,13825,0,101,0,0,0),(412,56083,'Capacità',0,1,0,0,0,0,0,101,0,0,0),(413,56083,'Linea prodotto',0,0,0,0,0,0,0,101,0,0,0),(414,56083,'Fattore di forma',0,0,0,0,0,0,0,101,0,0,0),(415,56083,'Interfaccia',0,0,0,0,0,0,0,101,0,0,0),(416,56083,'Cache',0,0,0,0,0,0,0,101,0,0,0),(417,56083,'Velocità di rotazione',0,0,0,0,0,0,0,101,0,0,0),(418,56083,'Caratteristiche aggiuntive',0,0,0,0,0,0,0,101,0,0,0),(419,56083,'Garanzia produttore',0,0,0,0,0,0,0,101,0,0,0),(1091,44996,'Marca',1,0,0,0,0,35536,0,101,0,0,0),(1092,44996,'MPN',1,1,0,0,0,35662,0,101,0,0,0),(1093,44996,'Garanzia produttore',0,0,0,0,0,0,0,101,0,0,0),(1136,42425,'Marca',1,0,0,0,0,37011,0,101,0,0,0),(1137,42425,'Marca compatibile',0,0,0,0,0,0,0,101,0,0,0),(1138,42425,'Modello',0,0,0,0,0,0,0,101,0,0,0),(1139,42425,'Modello compatibile',0,0,0,0,0,0,0,101,0,0,0),(1140,42425,'MPN',1,1,0,0,0,37551,0,101,0,0,0),(1141,42425,'Dimensioni',0,1,0,0,0,0,0,101,0,0,0),(1142,42425,'Tipo',0,0,0,0,0,0,0,101,0,0,0),(1143,42425,'Colore',0,1,0,0,0,0,0,101,0,0,0),(1144,42425,'Peso',0,1,0,0,0,0,0,101,0,0,0),(1145,42425,'Paese di fabbricazione',0,0,1,0,0,0,0,101,0,0,0),(1146,42425,'Garanzia produttore',0,0,1,0,0,0,0,101,0,0,0),(1155,145723,'Marca',1,0,0,0,0,38190,0,101,0,0,0),(1156,145723,'MPN',1,1,0,0,0,38191,0,101,0,0,0),(1157,145723,'Quantità',0,1,0,0,0,0,0,101,0,0,0),(1158,145723,'Unità di misura',0,0,1,0,0,0,0,101,0,0,0),(1159,145751,'Marca',1,0,0,0,0,38202,0,101,0,0,0),(1160,145751,'MPN',1,1,0,0,0,38203,0,101,0,0,0),(1161,145751,'Quantità',0,1,0,0,0,0,0,101,0,0,0),(1162,145751,'Unità di misura',0,0,1,0,0,0,0,101,0,0,0),(1565,49230,'Marca',1,0,0,0,0,84019,0,101,0,0,0),(1566,49230,'Piattaforma',0,0,0,0,0,0,0,101,0,0,0),(1567,49230,'Modello',0,0,0,0,0,0,0,101,0,0,0),(1568,49230,'MPN',1,1,0,0,0,84129,0,101,0,0,0),(1569,49230,'Garanzia produttore',0,0,0,0,0,0,0,101,0,0,0),(1570,49230,'Paese di fabbricazione',0,0,0,0,0,0,0,101,0,0,0);

--
-- Table structure for table `ps_ebay_category_specific_value`
--

CREATE TABLE `ps_ebay_category_specific_value` (
  `id_ebay_category_specific_value` int(11) NOT NULL AUTO_INCREMENT,
  `id_ebay_category_specific` int(11) NOT NULL,
  `value` varchar(50) NOT NULL,
  PRIMARY KEY (`id_ebay_category_specific_value`),
  UNIQUE KEY `id_ebay_category_specific` (`id_ebay_category_specific`,`value`)
) ENGINE=InnoDB AUTO_INCREMENT=90170 DEFAULT CHARSET=utf8;

--
-- Dumping data for table `ps_ebay_category_specific_value`
--



--
-- Table structure for table `ps_ebay_configuration`
--

CREATE TABLE `ps_ebay_configuration` (
  `id_configuration` int(10) unsigned NOT NULL AUTO_INCREMENT,
  `id_ebay_profile` int(11) NOT NULL,
  `name` varchar(32) NOT NULL,
  `value` text NOT NULL,
  PRIMARY KEY (`id_configuration`),
  UNIQUE KEY `id_ebay_profile` (`id_ebay_profile`,`name`),
  KEY `name` (`name`)
) ENGINE=InnoDB AUTO_INCREMENT=8967 DEFAULT CHARSET=utf8;

--
-- Dumping data for table `ps_ebay_configuration`
--

INSERT INTO `ps_ebay_configuration` VALUES (1,1,'EBAY_COUNTRY_DEFAULT','it'),(11,1,'EBAY_ACTIVATE_LOGS','0'),(12,1,'EBAY_ACTIVATE_MAILS','0'),(17,1,'EBAY_PROFILE_STORE_CAT','1'),(98,1,'EBAY_HAS_SYNCED_PRODUCTS','1'),(2374,1,'EBAY_LAST_RELIST','2016-03-12'),(2375,1,'EBAY_PAYPAL_EMAIL','paypal@desktopstore.it'),(2376,1,'EBAY_SHOP','Desktop Store'),(2377,1,'EBAY_SHOP_POSTALCODE','84080'),(2378,1,'EBAY_SHOP_COUNTRY','it'),(2379,1,'EBAY_LISTING_DURATION','GTC'),(2380,1,'EBAY_AUTOMATICALLY_RELIST','on'),(2381,1,'EBAY_CURRENCY','1'),(2382,1,'EBAY_SEND_TRACKING_CODE','1'),(2383,1,'EBAY_SHIPPED_ORDER_STATE','4'),(2384,1,'EBAY_IMMEDIATE_PAYMENT','0'),(4771,1,'EBAY_PRODUCT_TEMPLATE','<link rel=\"stylesheet\" type=\"text/css\" href=\"http://www.desktopstore.it/modules/ebay/views/css/ebay.css\" /><div class=\"page\">\n<div class=\"content\">\n<div class=\"container\">\n<div id=\"header\"><img src=\"http://www.desktopstore.it////img/desktop-store-logo-1456097138.jpg?1457185429\" alt=\"\" /><div id=\"onocmsheaderblock\">\n<div class=\"col-xs-12\">\n<div id=\"contact_img\"><img src=\"http://www.desktopstore.it/img/cms/telephone.png\" alt=\"\" width=\"35\" height=\"29\" /></div>\n<div id=\"contact_description\">\n<div class=\"contact_title\">Contattaci</div>\n<div class=\"contact_no\">Telefono : 089.566944</div>\n</div>\n</div>\n</div>\n<form id=\"searchbox\" action=\"http://stores.ebay.it/Desktop-Store/_i.html?_armrs=1\" method=\"get\" name=\"search\"><label class=\"u-dspn\">Cerca Negozio</label> <input id=\"searchId\" class=\"sh-info-sch search_query form-control ac_input\" maxlength=\"300\" name=\"_nkw\" size=\"17\" type=\"text\" /><input class=\"btn btn-default button-search\" name=\"submit\" type=\"submit\" value=\"Cerca\" /></form></div>\n</div>\n<div class=\"container\">\n<div class=\"menu clearfix\">\n<ul id=\"tabs\"><li><a href=\"#tab1\">descrizione</a></li>\n<li><a href=\"#tab2\">acquisto</a></li>\n<li><a href=\"#tab3\">pagamento</a></li>\n<li><a href=\"#tab4\">spedizione</a></li>\n<li><a href=\"#tab5\">faq</a></li>\n<li><a href=\"#tab6\">diritto di recesso</a></li>\n</ul></div>\n</div>\n<div id=\"container\">\n<div class=\"content_tab\"><a id=\"tab1\" name=\"tab1\"></a>\n<h3>DESCRIZIONE PRODOTTO</h3>\n<div class=\"description\"><span class=\"img-left text-left\"> {MAIN_IMAGE} </span> {DESCRIPTION}</div>\n</div>\n<div class=\"content_tab\"><a id=\"tab2\" name=\"tab2\"></a>\n<div class=\"cleaner\"> </div>\n<h2>acquisto</h2>\n<p>Prima dell’acquisto è importante leggere tutte le condizioni di seguito elencate.</p>\n<h4 class=\"text-bold\">Acquisti multipli</h4>\n<p>Puoi acquistare più oggetti dal nostro negozio Ebay riducendo così i costi di spedizione. Comprare un oggetto, poi senza effettuarne il pagamento e senza chiudere il checkpoint si compra un secondo oggetto, e cosi via sino ad aver comprato tutti gli oggetti che si desidera, a questo punto si deve chiudere il checkpoint selezionando il metodo preferito di pagamento , in molti casi capita che ebay in automatico sbaglia i conteggi della spedizione , se fosse il vostro caso prima di pagare richiedete il totale corretto al venditore usando l\'apposita casella nel modulo del pagamento, avrò cosi la possibilita di correggere la spesa di spedizione ed inviarvi la mail corretta per poter procedere con il pagamento degli oggetti.</p>\n<h4 class=\"text-bold\">Fatturazione</h4>\n<p>Per ricevere la fattura bisogna richiederla direttamente utilizzando le note di Ebay e obbligatoriamente al momento dell\'acquisto. Per problemi amministrativi non si possono emettere fattura in una data differente da quella dello scontrino, il quale viene emesso al momento del pagamento.</p>\n<p>Per la corretta fatturazione è necessario fornire i dati completi:</p>\n<ul><li>Ragione sociale</li>\n<li>Partita IVA</li>\n<li>Codice fiscale del titolare</li>\n</ul><p class=\"text-bold\">La fattura verrà trasmessa via email entro 15 giorni, non viene inserita fisicamente all\'interno del pacco.</p>\n</div>\n<div class=\"content_tab\"><a id=\"tab3\" name=\"tab3\"></a>\n<div class=\"cleaner\"> </div>\n<h2>Modalità di pagamento accettate</h2>\n<h4>PayPal</h4>\n<p>Il modo sicuro per pagare con quasiasi carta di credito o prepagata direttamente da Ebay oppure dal sito www.paypal.it Non comporta costi aggiuntivi per il cliente ed è immediato. <br /> La spedizione parte il giorno stesso per i pagamenti ricevuti entro le ore 13:00 nei giorni dal lunedì al venerdì.</p>\n<h4>Bonifico Bancario</h4>\n<p>I dati per il bonifico bancario verranno inviati via e-mail dopo l\'acquisto. <br /> E\' un metodo sicuro e certificato. La spedizione parte dopo 3/4 giorni lavorativi dal pagamento perchè bisogna accertare la ricezione dell\'accredito.</p>\n<h4>Contrassegno</h4>\n<p>Pagamento in contanti direttamente al Corriere all\'atto della consegna. Il contrassegno comporta un aumento delle spese di spedizione pari a 7 euro. Chi sceglie come metodo di pagamento il contrassegno deve fornire obbligatoriamente un recapito telefonico e <strong>confermare il metodo di pagamento scelto con una email appena effettuato l\'acquisto</strong>. La spedizione parte il giorno stesso per i pagamenti ricevuti entro le ore 13:00 nei giorni dal lunedì al venerdì.</p>\n<h4>Altro</h4>\n<p>Accettiamo qualsiasi metodo di pagamento quindi se volete pagare diversamente ci accorderemo via mail.</p>\n</div>\n<div class=\"content_tab\"><a id=\"tab4\" name=\"tab4\"></a>\n<div class=\"cleaner\"> </div>\n<h2>spedizione</h2>\n<p>Le spese di spedizione sono quelle indicate all\'inizio dell\'inserzione vicino al prezzo dell\'oggetto, comprando più oggetti puoi risparmiare sulle spese di spedizione ricevendo un solo collo o più colli in un unica spedizione.</p>\n<h4>Tipo Corriere</h4>\n<p>Tutti i nostri prodotti vengono spediti tramite i migliori corrieri presenti sul territorio. La scelta del corriere è a nostra unica discrezione</p>\n<h4>Tracking della spedizione</h4>\n<p>Tutte le nostre spedizioni possono essere monitorate per conoscere lo stato e la posizione della spedizione sul territorio. Per avere il numero della spedizione basta contattarci tramite mail ( ebay@desktopstore.it) il giorno successivo alla spedizione, risponderemo entro pochissimo tempo!</p>\n<h4>Tempi di imballaggio e spedizione</h4>\n<p>L\'oggetto viene spedito entro 3 giorni dal pagamento. Non vengono considerati giorni lavorativi il Sabato, la Domenica e tutti quei giorni che sul calendario sono in rosso.</p>\n<h4>IMPORTANTE!</h4>\n<!--div class=\"text-bold\">Posta 4</div>\n        <p>Servizio effettuato da POSTE ITALIANE.</p>\n        <ul>\n          <li>SERVIZIO SOGGETTO A LIMITAZIONI PER PESO E DIMENSIONI! Si effettua una spedizione per ogni singolo oggetto.</li>\n          <li>Non esiste TRACCIATURA, e quindi non è possibile intervenire in caso di mancata consegna.</li>\n          <li>Tempi di consegna variabili da 3 a 10 giorni lavorativi oltre il giorno di spedizione.</li>\n          <li>La merce spedita con POSTE ITALIANE viaggia a totale rischio del cliente.</li>\n          <li>Scegliendo SPEDIZIONE ECONOMICA \'POSTA 4\' il cliente è consapevole che potrebbe andare incontro a disguidi, ritardi, e disservizi da parte delle poste. Quindi vi impegnate a NON LASCIARE BASSE VALUTAZIONI e/O FEEDBACK NEUTRI o NEGATIVI a causa dei ritardi delle poste! Solo 1 pacchetto su 200 va perso o arriva oltre i 10 giorni.</li>\n        </ul-->\n<div class=\"text-bold\">Posta 1</div>\n<ul><li>SERVIZIO SOGGETTO A LIMITAZIONI PER PESO E DIMENSIONI! Si effettua una spedizione per ogni singolo oggetto.</li>\n<li>ESISTE ESITO DI CONSEGNA, e quindi è possibile sapere se il pacco è stato consegnato. Non si può invece seguire la spedizione.</li>\n<li>Tempi di consegna variabili da 1 a 3 giorni lavorativi oltre il giorno di spedizione.</li>\n<li>La merce spedita con POSTE ITALIANE viaggia a totale rischio del cliente.</li>\n</ul><div class=\"text-bold\">Ritiro del pacco</div>\n<p>Quando ritirate un pacco accertatevi sempre che non sia stato manomesso, che non abbia un peso inverosimile, che non ci siano due tipi di nastri differenti per la chiusura, che il nome sul documento di trasporto corrisponda al nome sul pacco, se avete dubbi sulla integrità scrivete sempre sul documento \"si accetta con riserva di verifica integrità del contenuto\", perchè in caso firmiate il documento senza riserva dichiarate che il pacco è integro e il contenuto perfetto, quindi una volta firmato in caso di danno l\'oggetto non è rimborsabile.</p>\n<div class=\"text-bold\">Numero di telefono</div>\n<p>E\' importante comunicare un recapito telefonico di rete fissa o mobile per essere ritracciati, da noi o dal corriere, in fase di consegna del pacco qualora ci fossero problemi. In assenza di tale numero la spedizione potrebbe essere bloccata o subire notevoli ritardi.</p>\n</div>\n<div class=\"content_tab\"><a id=\"tab5\" name=\"tab5\"></a>\n<div class=\"cleaner\"> </div>\n<h2>Faq</h2>\n<h4>Quando viene spedito?</h4>\n<p>La spedizione avviene entro 24/48 ore dal ricevimento del pagamento. Ogni eventuale ritardo da parte del corriere espresso non è da addebitarsi alla Newpeople srls.</p>\n<h4>Quali sono le tempistiche?</h4>\n<p>Sia il bonifico che il vaglia impiegano 3-5gg ad arrivare. I prodotti saranno spediti solo quando riceveremo l\'accredito reale su c/c. E’ importante indicare nella causale del bonifico il proprio ID Ebay</p>\n<h4>Il pacco non è arrivato?</h4>\n<p>Per i pacchi che tornano a mittenza causa indirizzo errato, destinatario assente o altre cause saranno rispediti solo dopo aver saldato nuovamente le spese di spedizione. Verificare di aver inserito un indirizzo corretto e preciso, meglio ancora aggiungendo un contatto telefonico.</p>\n<h4>Oggetto danneggiato?</h4>\n<p>Vi preghiamo di avvertirci con una mail. Se hai scelto la spedizione assicurata e hai firmato con riserva, tranquillo, provvediamo noi ad effettuare il ritiro e la riconsegna nel più breve tempo possibile, il tutto a carico nostro. Se hai scelto la spedizione non assicurata devi rispedire indietro l’oggetto, provvederemo nella riconsegna del nuovo, ma questa volta le spese saranno a vostro carico. <br />E\' dovere dell\'acquirente verificare l\'integrità del materiale ricevuto entro e non oltre 3 giorni (naturali e consecutivi) dall\'arrivo del prodotto. Dopo tale termine Newpeople Srls non sarà più responsabile per danneggiamento, mancanza materiale o parti di ricambio e sostituzione.</p>\n<h4>Processo di reso</h4>\n<p>Il reso e quindi il rimborso è possibile richiederlo entro 14gg dal ricevimento della merce. Le spese di ritorno saranno a carico dell’acquirente ed il rimborso riguarda esclusivamente il costo del prodotto e non le spese di spedizione in quanto non sono un nostro guadagno. Per informazioni dettagliate leggi sempre condizioni del Diritto di Recesso presente in tutte le inserzioni e nel negozio.</p>\n</div>\n<div class=\"content_tab\"><a id=\"tab6\" name=\"tab6\"></a>\n<div class=\"cleaner\"> </div>\n<h2>Diritto di recesso</h2>\n<p class=\"text-bold\">art. 64 D.Lgs. n. 206 del 06/09/2005</p>\n<p>Il cliente (consumatore), che ha acquistato prodotti tramite il sito da Newpeople Srls, ha diritto di recedere dal contratto concluso senza alcuna penalità e senza specificarne il motivo, entro il termine di 10 (dieci) giorni lavorativi:</p>\n<ul><li>dalla data di sottoscrizione della nota d’ordine;</li>\n<li>dalla data di ricevimento della merce.</li>\n</ul><p class=\"text-bold\">Questo diritto è riservato esclusivamente alle persone fisiche (consumatori), quindi non può essere esercitato dalle persone giuridiche e dalle persone fisiche che agiscono per scopi riferibili all\'attività professionale svolta.</p>\n<p>Il cliente per esercitare il diritto di recesso deve:</p>\n<ul><li>inviare, entro il termine di 10 (dieci) giorni lavorativi dalla data di sottoscrizione della nota d’ordine o dalla data di ricevimento della merce, a Newpeople S.r.l.s., Via Vittorio Emanuele,24 - 84080 Coperchia di Pellezzano (SA) comunicazione scritta del recesso a mezzo lettera raccomandata con avviso di ricevimento. La comunicazione può essere inviata, entro lo stesso termine, anche mediante, telegramma, telex, posta elettronica e fax, a condizione che sia confermata mediante lettera raccomandata con avviso di ricevimento entro le quarantotto ore successive;</li>\n<li>spedire a Newpeople S.r.l.s., Via Vittorio Emanuele,24 - 84080 Coperchia di Pellezzano (SA) utilizzando un vettore a sua scelta ed a sue esclusive spese, entro dieci giorni lavorativi dalla data di ricevimento della merce, il/i prodotto/i acquistato/i, opportunamente protetti e imballati nelle confezioni originali, corredati da tutti gli eventuali accessori, documentazione e manuali d’uso. Il cartellino identificativo e/o le etichette, ove presenti, dovranno essere ancora attaccati ai prodotti al momento della restituzione.</li>\n</ul><p class=\"text-bold\">E’ condizione essenziale per l’esercizio del diritto di recesso la sostanziale integrità dei prodotti da restituire. I prodotti non dovranno essere stati danneggiati o alterati.</p>\n</div>\n</div>\n<div class=\"container\">\n<div class=\"menu clearfix\">\n<ul><li><a href=\"#tab1\">descrizione</a></li>\n<li><a href=\"#tab2\">acquisto</a></li>\n<li><a href=\"#tab3\">pagamento</a></li>\n<li><a href=\"#tab4\">spedizione</a></li>\n<li><a href=\"#tab5\">faq</a></li>\n<li><a href=\"#tab6\">diritto di recesso</a></li>\n</ul></div>\n</div>\n<div style=\"text-align:center;\"><img src=\"http://www.desktopstore.it/themes/PRS010001/img/urlstore.png\" alt=\"\" /></div>\n</div>\n</div>'),(4772,1,'EBAY_PRODUCT_TEMPLATE_TITLE','{TITLE}'),(4782,1,'EBAY_DELIVERY_TIME','1'),(7480,1,'EBAY_PICTURE_SIZE_DEFAULT','15'),(7481,1,'EBAY_PICTURE_SIZE_SMALL','11'),(7482,1,'EBAY_PICTURE_SIZE_BIG','14'),(7483,1,'EBAY_PICTURE_PER_LISTING','0'),(7733,1,'EBAY_LAST_ALERT_MAIL','2016-07-28T09:55:33.000Z'),(7768,1,'EBAY_SPECIFICS_LAST_UPDATE','{\"44996\":\"2016-07-28T10:41:38.000Z\"}'),(7769,1,'EBAY_SYNC_OPTION_RESYNC','0'),(7771,1,'EBAY_SYNC_MODE','1'),(7772,1,'EBAY_SYNC_PRODUCTS_MODE','B'),(7774,1,'EBAY_SYNC_LAST_PRODUCT','558'),(8966,1,'EBAY_ORDER_LAST_UPDATE','2016-11-05T10:17:04.000Z');

--
-- Table structure for table `ps_ebay_delivery_time_options`
--

CREATE TABLE `ps_ebay_delivery_time_options` (
  `id_delivery_time_option` int(11) NOT NULL AUTO_INCREMENT,
  `DispatchTimeMax` varchar(256) NOT NULL,
  `description` varchar(256) NOT NULL,
  PRIMARY KEY (`id_delivery_time_option`)
) ENGINE=InnoDB AUTO_INCREMENT=12 DEFAULT CHARSET=utf8;

--
-- Dumping data for table `ps_ebay_delivery_time_options`
--

INSERT INTO `ps_ebay_delivery_time_options` VALUES (1,'0','0 Days'),(2,'1','1 Day'),(3,'2','2 Days'),(4,'3','3 Days'),(5,'4','4 Days'),(6,'5','5 Days'),(7,'10','10 Days'),(8,'15','15 Days'),(9,'20','20 Days'),(10,'30','30 Days'),(11,'40','40 Days');

--
-- Table structure for table `ps_ebay_kb`
--

CREATE TABLE `ps_ebay_kb` (
  `id_ebay_kb` int(16) NOT NULL AUTO_INCREMENT,
  `error_code` varchar(255) NOT NULL,
  `language` varchar(255) NOT NULL,
  `ps_version` varchar(255) NOT NULL,
  `module_version` varchar(255) NOT NULL,
  `link` varchar(255) NOT NULL,
  `date_add` datetime NOT NULL,
  `date_upd` datetime NOT NULL,
  PRIMARY KEY (`id_ebay_kb`),
  UNIQUE KEY `id_ebay_kb` (`id_ebay_kb`)
) ENGINE=InnoDB AUTO_INCREMENT=15 DEFAULT CHARSET=utf8;

--
-- Dumping data for table `ps_ebay_kb`
--

INSERT INTO `ps_ebay_kb` VALUES (1,'HELP-SETTINGS-PAYMENT-SOLUTIONS','IT','1.6.1.4','1.12.3','http://help.202-ecommerce.com/','2016-03-10 00:53:43','2016-07-28 09:55:44'),(2,'HELP-ADV-SETTINGS-EAN','IT','1.6.1.4','1.12.3','http://help.202-ecommerce.com/ebayforprestashop/installation-configuration/operation-and-set-up/advanced-settings/add-product-codes-ebay-listings/','2016-03-10 00:53:43','2016-07-28 09:55:45'),(3,'HELP-VISUALIZATION-NO-SEND-EBAY','IT','1.6.1.4','1.12.3','false','2016-03-10 01:03:29','2016-07-28 09:55:47'),(4,'37','it','1.6.1.4','1.12.3','http://help.202-ecommerce.com/ebayforprestashop/common-problems/error-messages/input-data-for-tag-is-invalid-or-missing/','2016-03-10 19:28:07','2016-03-10 19:28:07'),(5,'83','it','1.6.1.4','1.12.3','false','2016-03-10 19:59:59','2016-03-10 19:59:59'),(6,'HELP-STORES-CATEGORIES','IT','1.6.1.4','1.12.3','http://help.202-ecommerce.com/ebayforprestashop/installation-configuration/operation-and-set-up/settings/store-categories/','2016-03-10 21:21:35','2016-07-28 09:55:46'),(7,'10026','it','1.6.1.4','1.12.3','false','2016-03-10 22:12:24','2016-03-10 22:12:24'),(8,'21919303','it','1.6.1.4','1.12.3','false','2016-03-10 22:12:25','2016-05-15 19:34:03'),(9,'21919301','it','1.6.1.4','1.12.3','http://help.202-ecommerce.com/ebayforprestashop/installation-configuration/operation-and-set-up/advanced-settings/add-product-codes-ebay-listings/','2016-03-12 14:44:20','2016-03-12 14:44:20'),(10,'HELP-ALERT-DEFAULT-PS-URL','it','1.6.1.4','1.12.3','http://help.202-ecommerce.com/ebayforprestashop/common-problems/ebay-specific-details/default-prestashop-url/','2016-04-04 20:15:09','2016-04-13 17:29:50'),(11,'73','it','1.6.1.4','1.12.3','false','2016-04-04 20:48:23','2016-07-13 20:47:30'),(12,'12513','it','1.6.1.4','1.12.3','false','2016-04-04 22:07:53','2016-04-13 20:42:44'),(13,'240','it','1.6.1.4','1.12.3','false','2016-05-28 17:40:39','2016-05-28 17:40:39'),(14,'17','it','1.6.1.4','1.12.3','false','2016-07-13 20:47:31','2016-07-20 10:30:48');

--
-- Table structure for table `ps_ebay_log`
--

CREATE TABLE `ps_ebay_log` (
  `id_ebay_log` int(16) unsigned NOT NULL AUTO_INCREMENT,
  `text` text NOT NULL,
  `type` varchar(40) NOT NULL,
  `date_add` datetime NOT NULL,
  PRIMARY KEY (`id_ebay_log`)
) ENGINE=InnoDB DEFAULT CHARSET=utf8;

--
-- Dumping data for table `ps_ebay_log`
--


--
-- Table structure for table `ps_ebay_order`
--

CREATE TABLE `ps_ebay_order` (
  `id_ebay_order` int(16) NOT NULL AUTO_INCREMENT,
  `id_order_ref` varchar(128) NOT NULL,
  `id_order` int(16) NOT NULL,
  PRIMARY KEY (`id_ebay_order`),
  UNIQUE KEY `id_order_ref` (`id_order_ref`)
) ENGINE=InnoDB AUTO_INCREMENT=348 DEFAULT CHARSET=utf8;

--
-- Dumping data for table `ps_ebay_order`
--

INSERT INTO `ps_ebay_order` VALUES (1,'172157315842-1527933132007',0),(2,'141949577680-1253360098004',0),(3,'141949577768-1253934766004',0),(5,'172141007968-1530426507007',0),(6,'141949576488-1255363613004',0),(7,'172157223669-1530607355007',0),(8,'141949576518-1255650729004',0),(9,'172164608033-1530799930007',0),(10,'172164608033-1530933493007',0),(11,'172164608033-1531221825007',0),(12,'141958505365-1256706747004',0),(13,'172166686689-1532457031007',0),(14,'141926604915-1257170415004',0),(15,'141949621369-1257193703004',0),(16,'141960624779-1257416309004',0),(17,'172168742395-1533047216007',0),(18,'141960624779-1257724092004',0),(19,'172166686689-1533161171007',0),(20,'141958505365-1257979478004',0),(21,'172170816132-1533453630007',0),(22,'172157223350-1533534289007',0),(23,'172170816538-1533622664007',0),(24,'141960624889-1258286625004',0),(25,'141949576404-1258308293004',0),(26,'172169560762-1533921143007',0),(27,'172157223380-1533922587007',0),(28,'141958505365-1258419828004',0),(29,'141938833566-1258671410004',0),(30,'172168744004-1534302985007',0),(31,'141938833566-1259033854004',0),(32,'172169560818-1534586893007',0),(33,'172170816132-1534664596007',0),(34,'172171345761-1535165361007',0),(35,'172157223350-1535746151007',0),(36,'172171345761-1535963820007',0),(37,'172171345761-1536540913007',0),(38,'172169560790-1536748523007',0),(39,'141960625064-1261149228004',0),(40,'172171345761-1537233182007',0),(41,'172171345761-1537470408007',0),(42,'141962525073-1261807579004',0),(43,'172130075514-1537916055007',0),(44,'172145269222-1537982709007',0),(45,'172171345761-1537735636007',0),(46,'172171345761-1538040359007',0),(47,'141938833566-1262370093004',0),(48,'172169560703-1538288581007',0),(49,'172183598496-1538318146007',0),(50,'172166687464-1538593496007',0),(51,'172183598496-1538492773007',0),(52,'141938833566-1262741224004',0),(53,'172141007968-1537133687007',0),(54,'172157223350-1538960683007',0),(55,'172168742395-1539176796007',0),(56,'172145268995-1539238529007',0),(57,'172157221434-1539241088007',0),(58,'172171345761-1539310150007',0),(59,'141960625064-1263302239004',0),(60,'172183598496-1538439974007',0),(61,'172157222778-1539459216007',0),(62,'172145268995-1539634610007',0),(63,'141958505365-1263685923004',0),(64,'172157223350-1540117161007',0),(65,'141938833994-1264148685004',0),(66,'141983999926-1265322017004',0),(67,'172196052286-1541788862007',0),(68,'172196050096-1542032115007',0),(69,'172169583084-1542266271007',0),(70,'141987509300-1266259200004',0),(71,'141987521337-1266687122004',0),(72,'172196050096-1543225528007',0),(73,'141988364413-1267632827004',0),(74,'172168744004-1544334440007',0),(75,'141987521337-1267875962004',0),(76,'172157223925-1544352376007',0),(77,'141949621369-1267961860004',0),(78,'172207776142-1545203691007',0),(79,'141984000561-1268770295004',0),(80,'141988364413-1269031016004',0),(81,'172202442104-1545630929007',0),(82,'141962525003-1269080306004',0),(83,'172207574802-1545718281007',0),(84,'141991521429-1269241662004',0),(85,'172207574802-1545909977007',0),(86,'141958504485-1269604992004',0),(87,'172200017222-1546407463007',0),(88,'209654656011',0),(89,'172170816538-1547066150007',0),(90,'141983999926-1271110302004',0),(91,'141949576404-1271119971004',0),(92,'141962524904-1271296126004',0),(93,'172170816132-1548199639007',0),(94,'172196051548-1548481989007',0),(95,'141949575136-1271656241004',0),(96,'172196051780-1548554629007',0),(97,'141958505365-1271682946004',0),(98,'172196051548-1548867269007',0),(99,'172168744004-1548877970007',0),(100,'141958504083-1272299859004',0),(101,'172200026228-1549436924007',0),(102,'141983999858-1272669693004',0),(103,'172196051548-1549727669007',0),(104,'172204079041-1550084049007',0),(105,'172196051548-1550952479007',0),(106,'141958504083-1274458009004',0),(107,'172196050520-1551730657007',0),(108,'141949621369-1274763253004',0),(109,'172196052286-1551973656007',0),(110,'141983999910-1274851543004',0),(111,'141993921013-1274875080004',0),(112,'172196050520-1553670485007',0),(113,'141947356677-1276378453004',0),(114,'172170816132-1554166118007',0),(115,'172157223669-1554982299007',0),(116,'141990513069-1278867823004',0),(117,'172166687524-1556605925007',0),(118,'172166687524-1557005759007',0),(119,'141958504169-1279624183004',0),(120,'141988356882-1279942633004',0),(121,'141958504328-1280746580004',0),(122,'141989233458-1278597015004',0),(123,'172200035583-1558822277007',0),(124,'172170816132-1559337583007',0),(125,'172196050863-1559758338007',0),(126,'172196052286-1560441219007',0),(127,'141949575229-1282977344004',0),(128,'141962524957-1283372239004',0),(129,'172200035583-1561524231007',0),(130,'141984000681-1283477426004',0),(131,'141987503691-1283551160004',0),(132,'141956371876-1285060000004',0),(133,'141983998408-1286170196004',0),(134,'172196052572-1565133079007',0),(135,'172166687292-1565429620007',0),(136,'172145269413-1565439869007',0),(137,'172166686494-1565443786007',0),(138,'172196052032-1565903616007',0),(139,'172196052572-1567082491007',0),(140,'141962524957-1288799459004',0),(141,'172196052032-1567584749007',0),(142,'172166687171-1567949130007',0),(143,'172168744004-1568236506007',0),(144,'172200033263-1568362985007',0),(145,'172272609434-1568377079007',0),(146,'142053509870-1289657728004',0),(147,'172201076714-1567507029007',0),(148,'172272609670-1568549365007',0),(149,'141983084608-1289968614004',0),(150,'141983999926-1290802332004',0),(151,'141960624779-1290955519004',0),(152,'172272609330-1570008359007',0),(153,'141995812336-1291066399004',0),(154,'172272609434-1570388455007',0),(155,'172202449379-1570566458007',0),(156,'172272609044-1570581976007',0),(157,'172171345761-1570647095007',0),(158,'141993773604-1291646720004',0),(159,'172157223350-1570758568007',0),(160,'172157223350-1570799114007',0),(161,'172196052572-1570884086007',0),(162,'141988364413-1291979360004',0),(163,'172272609330-1571143521007',0),(164,'142053511168-1292017886004',0),(165,'172272609330-1570843263007',0),(166,'172280740218-1571238536007',0),(167,'142061983536-1292098285004',0),(168,'142061983440-1292128759004',0),(169,'172280740254-1571287799007',0),(170,'172272609330-1571299126007',0),(171,'172272606595-1571342635007',0),(172,'172196052250-1571483061007',0),(173,'141962524957-1292377379004',0),(174,'141983999926-1292385276004',0),(175,'172272609330-1570810824007',0),(176,'141983999910-1292879080004',0),(177,'141993773604-1293041001004',0),(178,'213299901011',0),(179,'172207574802-1572665569007',0),(180,'172272612488-1572890981007',0),(181,'172280739982-1572899374007',0),(182,'172196052572-1572977587007',0),(183,'172272609434-1573258142007',0),(184,'172280740218-1573372544007',0),(185,'141983999858-1294018457004',0),(186,'172200033263-1573453140007',0),(187,'141983999926-1294348061004',0),(188,'142061983536-1294461477004',0),(189,'172272612488-1574000231007',0),(190,'141960624779-1294687424004',0),(191,'141983999926-1294725023004',0),(192,'141983999858-1294976232004',0),(193,'172166686689-1574619338007',0),(194,'172272606595-1574994342007',0),(195,'172286752080-1575032523007',0),(196,'172286724081-1575107453007',0),(197,'172196052572-1575196477007',0),(198,'213709706011',0),(199,'172281591235-1575467013007',0),(200,'141960624779-1295876061004',0),(201,'141958505365-1295821703004',0),(202,'142061983322-1295930799004',0),(203,'172272609670-1575827401007',0),(204,'172272608444-1575934621007',0),(205,'172285705838-1576155257007',0),(206,'172286752110-1576398702007',0),(207,'141962524957-1296849224004',0),(208,'172196052032-1576601134007',0),(209,'141947358360-1297155771004',0),(210,'172196051682-1577015090007',0),(211,'142061983440-1297302117004',0),(212,'141960625064-1297539914004',0),(213,'142061878371-1297592064004',0),(214,'172171345761-1577170389007',0),(215,'141960624779-1297830875004',0),(216,'141983999926-1297881517004',0),(217,'172166687171-1577890228007',0),(218,'141960624779-1298037969004',0),(219,'172280739982-1578196518007',0),(220,'141960624779-1297479180004',0),(221,'142068033432-1298508609004',0),(222,'172274094656-1578517589007',0),(223,'172171345761-1578882824007',0),(224,'141958504083-1298964421004',0),(225,'141960625064-1298998628004',0),(226,'172168742395-1579114894007',0),(227,'142061878371-1299139995004',0),(228,'142053506082-1299174130004',0),(229,'142053509489-1299178205004',0),(230,'172281982813-1579245835007',0),(231,'172286723978-1579293646007',0),(232,'142053510006-1299546811004',0),(233,'142053511258-1300240134004',0),(234,'142053510787-1300667085004',0),(235,'172170816132-1581006348007',0),(236,'172168742395-1581275695007',0),(237,'172280740254-1581279931007',0),(238,'141993921013-1301044946004',0),(239,'141958504328-1301252861004',0),(240,'172171345761-1581635343007',0),(241,'172272609330-1581654595007',0),(242,'142061983322-1301309430004',0),(243,'141958504328-1301313921004',0),(244,'172196052032-1581748291007',0),(245,'141988364413-1301520104004',0),(246,'172286752080-1581913085007',0),(247,'142061983322-1301535298004',0),(248,'172272609434-1582041879007',0),(249,'142053511214-1301664969004',0),(250,'141988553754-1301687958004',0),(251,'142053510006-1301600505004',0),(252,'172200026228-1582277362007',0),(253,'172196052572-1582332613007',0),(254,'142062286306-1301951098004',0),(255,'172281982813-1582641297007',0),(256,'172280739982-1582735716007',0),(257,'141993773604-1302267731004',0),(258,'172196052032-1582755986007',0),(259,'172196052286-1582903689007',0),(260,'172272609111-1583085032007',0),(261,'172196052032-1583096971007',0),(262,'142053509489-1302675375004',0),(263,'142068033672-1302966511004',0),(264,'172272610575-1583526853007',0),(265,'172272611050-1583604834007',0),(266,'172200021055-1583693714007',0),(267,'214850756011',0),(268,'172272609330-1583908078007',0),(269,'172196051169-1583921039007',0),(270,'141993773604-1303331988004',0),(271,'172281591255-1583980846007',0),(272,'172272609330-1583980190007',0),(273,'172196052572-1584213411007',0),(274,'142053508836-1303607692004',0),(275,'172196052572-1584246440007',0),(276,'141958505365-1303716745004',0),(277,'172196052032-1584401919007',0),(278,'142062865586-1303098675004',0),(279,'141983999926-1304068408004',0),(280,'141983999717-1304027298004',0),(281,'215099353011',0),(282,'141988364413-1304968643004',0),(283,'172272609330-1585816780007',0),(284,'172202442104-1586138954007',0),(285,'172166687292-1586225219007',0),(286,'215169949011',0),(287,'172200033263-1586315579007',0),(288,'142061878371-1305514250004',0),(289,'141960624779-1305691531004',0),(290,'172272609434-1586893528007',0),(291,'172196049750-1586926876007',0),(292,'141987503691-1306090449004',0),(293,'142061983322-1306149317004',0),(294,'142061983440-1306400258004',0),(295,'141988364413-1306403154004',0),(296,'172272610485-1587391476007',0),(297,'141988364413-1306769547004',0),(298,'172286752110-1587849676007',0),(299,'141995812336-1307006187004',0),(300,'172171345761-1588105360007',0),(301,'172286752110-1588403059007',0),(302,'172272608849-1603979244007',0),(303,'172196052032-1604142723007',0),(304,'172204067191-1604874002007',0),(305,'142053511464-1321992896004',0),(306,'172281591283-1604936747007',0),(307,'141990513069-1322257124004',0),(308,'172286724029-1604529038007',0),(309,'172330366525-1606216273007',0),(310,'172196052286-1605887860007',0),(311,'172286723978-1606189259007',0),(312,'141984000170-1322719482004',0),(313,'172196052286-1605714755007',0),(314,'172281982918-1606569959007',0),(315,'141983999926-1323474954004',0),(316,'141983999926-1324514256004',0),(317,'172200033263-1606961785007',0),(318,'172200024832-1606777424007',0),(319,'142053509613-1324479960004',0),(320,'141949612172-1323816707004',0),(321,'141983999926-1324949212004',0),(322,'172280739982-1607934779007',0),(323,'172196052397-1607920167007',0),(324,'142062286306-1325386350004',0),(325,'142062286306-1325305328004',0),(326,'172200024832-1608697460007',0),(327,'141983999926-1325143866004',0),(328,'172280739982-1608862663007',0),(329,'141960624988-1325791262004',0),(330,'142053511258-1326115585004',0),(331,'218268117011',0),(332,'141993921013-1325864003004',0),(333,'141983999717-1326266501004',0),(334,'172272606595-1611392048007',0),(335,'172286724136-1612089407007',0),(336,'141958505365-1328132348004',0),(337,'141960624779-1328760351004',0),(338,'172272609434-1612620692007',0),(339,'172272609670-1612593599007',0),(340,'172286752110-1612784611007',0),(341,'172196052572-1612796526007',0),(342,'172171345761-1612913186007',0),(343,'172330366525-1612963838007',0),(344,'172166687464-1613175264007',0),(345,'141990530941-1329429877004',0),(346,'141962524957-1329518446004',0),(347,'172272609434-1613483721007',0);

--
-- Table structure for table `ps_ebay_order_errors`
--

CREATE TABLE `ps_ebay_order_errors` (
  `id_ebay_order_error` int(16) NOT NULL AUTO_INCREMENT,
  `error` varchar(255) NOT NULL,
  `id_order_seller` int(16) NOT NULL,
  `date_add` datetime NOT NULL,
  `date_upd` datetime NOT NULL,
  PRIMARY KEY (`id_ebay_order_error`),
  UNIQUE KEY `id_ebay_order_error` (`id_ebay_order_error`)
) ENGINE=InnoDB DEFAULT CHARSET=utf8;

--
-- Dumping data for table `ps_ebay_order_errors`
--


--
-- Table structure for table `ps_ebay_order_log`
--

CREATE TABLE `ps_ebay_order_log` (
  `id_ebay_order_log` int(16) NOT NULL AUTO_INCREMENT,
  `id_ebay_profile` int(16) NOT NULL,
  `id_ebay_order` int(16) NOT NULL,
  `id_orders` varchar(255) NOT NULL,
  `type` varchar(40) NOT NULL,
  `success` tinyint(1) NOT NULL,
  `data` text NOT NULL,
  `date_add` datetime NOT NULL,
  `date_update` datetime NOT NULL,
  PRIMARY KEY (`id_ebay_order_log`)
) ENGINE=InnoDB AUTO_INCREMENT=1672 DEFAULT CHARSET=utf8;

--
-- Dumping data for table `ps_ebay_order_log`
--

INSERT INTO `ps_ebay_order_log` VALUES (1606,1,0,'','add_customer',1,'','2016-11-05 10:17:13','0000-00-00 00:00:00'),(1607,1,0,'','add_address',1,'','2016-11-05 10:17:13','0000-00-00 00:00:00'),(1608,1,0,'','add_cart',1,'','2016-11-05 10:17:14','0000-00-00 00:00:00'),(1609,1,0,'','add_customer',1,'','2016-11-05 10:17:14','0000-00-00 00:00:00'),(1610,1,0,'','add_address',1,'','2016-11-05 10:17:14','0000-00-00 00:00:00'),(1611,1,0,'','add_cart',1,'','2016-11-05 10:17:15','0000-00-00 00:00:00'),(1612,1,0,'321','validate_order',1,'','2016-11-05 10:17:20','0000-00-00 00:00:00'),(1613,1,335,'321','add_orders',1,'','2016-11-05 10:17:21','0000-00-00 00:00:00'),(1614,1,0,'','add_customer',1,'','2016-11-05 10:17:21','0000-00-00 00:00:00'),(1615,1,0,'','add_address',1,'','2016-11-05 10:17:21','0000-00-00 00:00:00'),(1616,1,0,'','add_cart',1,'','2016-11-05 10:17:21','0000-00-00 00:00:00'),(1617,1,0,'322','validate_order',1,'','2016-11-05 10:17:23','0000-00-00 00:00:00'),(1618,1,336,'322','add_orders',1,'','2016-11-05 10:17:25','0000-00-00 00:00:00'),(1619,1,0,'','add_customer',1,'','2016-11-05 10:17:27','0000-00-00 00:00:00'),(1620,1,0,'','add_address',1,'','2016-11-05 10:17:27','0000-00-00 00:00:00'),(1621,1,0,'','add_cart',1,'','2016-11-05 10:17:28','0000-00-00 00:00:00'),(1622,1,0,'323','validate_order',1,'','2016-11-05 10:17:54','0000-00-00 00:00:00'),(1623,1,337,'323','add_orders',1,'','2016-11-05 10:17:56','0000-00-00 00:00:00'),(1624,1,0,'','add_customer',1,'','2016-11-05 10:17:57','0000-00-00 00:00:00'),(1625,1,0,'','add_address',1,'','2016-11-05 10:17:58','0000-00-00 00:00:00'),(1626,1,0,'','add_cart',1,'','2016-11-05 10:17:58','0000-00-00 00:00:00'),(1627,1,0,'324','validate_order',1,'','2016-11-05 10:18:03','0000-00-00 00:00:00'),(1628,1,338,'324','add_orders',1,'','2016-11-05 10:18:04','0000-00-00 00:00:00'),(1629,1,0,'','add_customer',1,'','2016-11-05 10:18:04','0000-00-00 00:00:00'),(1630,1,0,'','add_address',1,'','2016-11-05 10:18:04','0000-00-00 00:00:00'),(1631,1,0,'','add_cart',1,'','2016-11-05 10:18:05','0000-00-00 00:00:00'),(1632,1,0,'325','validate_order',1,'','2016-11-05 10:18:08','0000-00-00 00:00:00'),(1633,1,339,'325','add_orders',1,'','2016-11-05 10:18:09','0000-00-00 00:00:00'),(1634,1,0,'','add_customer',1,'','2016-11-05 10:18:09','0000-00-00 00:00:00'),(1635,1,0,'','add_address',1,'','2016-11-05 10:18:09','0000-00-00 00:00:00'),(1636,1,0,'','add_cart',1,'','2016-11-05 10:18:09','0000-00-00 00:00:00'),(1637,1,0,'326','validate_order',1,'','2016-11-05 10:18:23','0000-00-00 00:00:00'),(1638,1,340,'326','add_orders',1,'','2016-11-05 10:18:23','0000-00-00 00:00:00'),(1639,1,0,'','add_customer',1,'','2016-11-05 10:18:23','0000-00-00 00:00:00'),(1640,1,0,'','add_address',1,'','2016-11-05 10:18:23','0000-00-00 00:00:00'),(1641,1,0,'','add_cart',1,'','2016-11-05 10:18:23','0000-00-00 00:00:00'),(1642,1,0,'327','validate_order',1,'','2016-11-05 10:18:26','0000-00-00 00:00:00'),(1643,1,341,'327','add_orders',1,'','2016-11-05 10:18:27','0000-00-00 00:00:00'),(1644,1,0,'','add_customer',1,'','2016-11-05 10:18:27','0000-00-00 00:00:00'),(1645,1,0,'','add_address',1,'','2016-11-05 10:18:27','0000-00-00 00:00:00'),(1646,1,0,'','add_cart',1,'','2016-11-05 10:18:27','0000-00-00 00:00:00'),(1647,1,0,'328','validate_order',1,'','2016-11-05 10:18:29','0000-00-00 00:00:00'),(1648,1,342,'328','add_orders',1,'','2016-11-05 10:18:30','0000-00-00 00:00:00'),(1649,1,0,'','add_customer',1,'','2016-11-05 10:18:30','0000-00-00 00:00:00'),(1650,1,0,'','add_address',1,'','2016-11-05 10:18:30','0000-00-00 00:00:00'),(1651,1,0,'','add_cart',1,'','2016-11-05 10:18:30','0000-00-00 00:00:00'),(1652,1,0,'','add_customer',1,'','2016-11-05 10:18:30','0000-00-00 00:00:00'),(1653,1,0,'','add_address',1,'','2016-11-05 10:18:30','0000-00-00 00:00:00'),(1654,1,0,'','add_cart',1,'','2016-11-05 10:18:31','0000-00-00 00:00:00'),(1655,1,0,'329','validate_order',1,'','2016-11-05 10:18:35','0000-00-00 00:00:00'),(1656,1,344,'329','add_orders',1,'','2016-11-05 10:18:36','0000-00-00 00:00:00'),(1657,1,0,'','add_customer',1,'','2016-11-05 10:18:36','0000-00-00 00:00:00'),(1658,1,0,'','add_address',1,'','2016-11-05 10:18:38','0000-00-00 00:00:00'),(1659,1,0,'','add_cart',1,'','2016-11-05 10:18:39','0000-00-00 00:00:00'),(1660,1,0,'330','validate_order',1,'','2016-11-05 10:18:44','0000-00-00 00:00:00'),(1661,1,345,'330','add_orders',1,'','2016-11-05 10:18:45','0000-00-00 00:00:00'),(1662,1,0,'','add_customer',1,'','2016-11-05 10:18:45','0000-00-00 00:00:00'),(1663,1,0,'','add_address',1,'','2016-11-05 10:18:45','0000-00-00 00:00:00'),(1664,1,0,'','add_cart',1,'','2016-11-05 10:18:46','0000-00-00 00:00:00'),(1665,1,0,'331','validate_order',1,'','2016-11-05 10:18:49','0000-00-00 00:00:00'),(1666,1,346,'331','add_orders',1,'','2016-11-05 10:18:49','0000-00-00 00:00:00'),(1667,1,0,'','add_customer',1,'','2016-11-05 10:18:49','0000-00-00 00:00:00'),(1668,1,0,'','add_address',1,'','2016-11-05 10:18:50','0000-00-00 00:00:00'),(1669,1,0,'','add_cart',1,'','2016-11-05 10:18:50','0000-00-00 00:00:00'),(1670,1,0,'332','validate_order',1,'','2016-11-05 10:18:53','0000-00-00 00:00:00'),(1671,1,347,'332','add_orders',1,'','2016-11-05 10:18:54','0000-00-00 00:00:00');

--
-- Table structure for table `ps_ebay_order_order`
--

CREATE TABLE `ps_ebay_order_order` (
  `id_ebay_order_order` int(16) unsigned NOT NULL AUTO_INCREMENT,
  `id_ebay_order` int(16) NOT NULL,
  `id_order` int(16) NOT NULL,
  `id_shop` int(16) NOT NULL,
  `id_ebay_profile` int(11) NOT NULL,
  PRIMARY KEY (`id_ebay_order_order`),
  UNIQUE KEY `id_order` (`id_order`,`id_shop`)
) ENGINE=InnoDB AUTO_INCREMENT=322 DEFAULT CHARSET=utf8;

--
-- Dumping data for table `ps_ebay_order_order`
--

INSERT INTO `ps_ebay_order_order` VALUES (1,1,8,1,1),(2,2,9,1,1),(3,3,10,1,1),(4,0,11,1,1),(5,5,12,1,1),(6,6,13,1,1),(7,7,14,1,1),(8,8,15,1,1),(9,9,16,1,1),(10,10,17,1,1),(11,11,18,1,1),(12,12,19,1,1),(13,13,20,1,1),(14,14,21,1,1),(15,15,22,1,1),(16,16,23,1,1),(17,17,24,1,1),(18,18,25,1,1),(19,19,26,1,1),(20,20,27,1,1),(21,21,28,1,1),(22,22,29,1,1),(23,23,30,1,1),(24,24,31,1,1),(25,25,32,1,1),(26,26,33,1,1),(27,27,34,1,1),(28,28,35,1,1),(29,29,36,1,1),(30,30,37,1,1),(31,31,38,1,1),(32,32,39,1,1),(33,33,40,1,1),(34,34,41,1,1),(35,35,42,1,1),(36,36,43,1,1),(37,37,44,1,1),(38,38,45,1,1),(39,39,46,1,1),(40,40,47,1,1),(41,41,48,1,1),(42,42,49,1,1),(43,43,50,1,1),(44,44,51,1,1),(45,45,52,1,1),(46,46,53,1,1),(47,48,54,1,1),(48,49,55,1,1),(49,50,56,1,1),(50,53,57,1,1),(51,54,58,1,1),(52,56,59,1,1),(53,57,60,1,1),(54,58,61,1,1),(55,59,62,1,1),(56,61,63,1,1),(57,62,64,1,1),(58,64,66,1,1),(59,65,67,1,1),(60,66,68,1,1),(61,67,69,1,1),(62,68,70,1,1),(63,69,71,1,1),(64,70,72,1,1),(65,71,73,1,1),(66,72,74,1,1),(67,73,75,1,1),(68,74,76,1,1),(69,75,77,1,1),(70,76,78,1,1),(71,77,79,1,1),(72,78,80,1,1),(73,79,81,1,1),(74,80,82,1,1),(75,81,83,1,1),(76,82,84,1,1),(77,83,85,1,1),(78,84,86,1,1),(79,85,87,1,1),(80,86,88,1,1),(81,87,89,1,1),(82,88,90,1,1),(83,89,91,1,1),(84,90,92,1,1),(85,91,93,1,1),(86,92,94,1,1),(87,93,95,1,1),(88,94,96,1,1),(89,95,97,1,1),(90,96,98,1,1),(91,98,99,1,1),(92,99,100,1,1),(93,100,101,1,1),(94,101,102,1,1),(95,102,103,1,1),(96,103,104,1,1),(97,104,105,1,1),(98,105,106,1,1),(99,106,107,1,1),(100,107,108,1,1),(101,108,109,1,1),(102,109,110,1,1),(103,110,111,1,1),(104,111,112,1,1),(105,112,113,1,1),(106,113,114,1,1),(107,114,115,1,1),(108,115,116,1,1),(109,116,117,1,1),(110,117,118,1,1),(111,118,119,1,1),(112,119,120,1,1),(113,120,121,1,1),(114,121,122,1,1),(115,122,123,1,1),(116,123,124,1,1),(117,124,125,1,1),(118,125,126,1,1),(119,126,127,1,1),(120,127,129,1,1),(121,128,130,1,1),(122,132,131,1,1),(123,133,132,1,1),(124,134,133,1,1),(125,135,134,1,1),(126,136,135,1,1),(127,138,136,1,1),(128,139,138,1,1),(129,140,139,1,1),(130,141,140,1,1),(131,142,141,1,1),(132,143,142,1,1),(133,144,143,1,1),(134,145,144,1,1),(135,146,145,1,1),(136,147,146,1,1),(137,148,147,1,1),(138,149,148,1,1),(139,150,149,1,1),(140,151,150,1,1),(141,152,151,1,1),(142,153,152,1,1),(143,154,153,1,1),(144,156,154,1,1),(145,157,155,1,1),(146,158,156,1,1),(147,159,157,1,1),(148,160,158,1,1),(149,161,159,1,1),(150,162,160,1,1),(151,163,161,1,1),(152,164,162,1,1),(153,165,163,1,1),(154,166,164,1,1),(155,167,165,1,1),(156,168,166,1,1),(157,169,167,1,1),(158,170,168,1,1),(159,171,169,1,1),(160,172,170,1,1),(161,173,171,1,1),(162,174,172,1,1),(163,175,173,1,1),(164,176,174,1,1),(165,177,175,1,1),(166,178,176,1,1),(167,179,177,1,1),(168,180,178,1,1),(169,181,179,1,1),(170,182,180,1,1),(171,183,181,1,1),(172,184,182,1,1),(173,185,183,1,1),(174,186,184,1,1),(175,187,185,1,1),(176,188,186,1,1),(177,189,187,1,1),(178,190,188,1,1),(179,191,189,1,1),(180,192,190,1,1),(181,193,191,1,1),(182,194,192,1,1),(183,195,193,1,1),(184,196,194,1,1),(185,197,195,1,1),(186,198,196,1,1),(187,199,197,1,1),(188,200,198,1,1),(189,201,199,1,1),(190,202,200,1,1),(191,203,201,1,1),(192,204,202,1,1),(193,205,203,1,1),(194,206,204,1,1),(195,207,205,1,1),(196,208,206,1,1),(197,209,207,1,1),(198,210,208,1,1),(199,211,209,1,1),(200,212,210,1,1),(201,213,211,1,1),(202,214,212,1,1),(203,215,213,1,1),(204,216,214,1,1),(205,217,215,1,1),(206,218,216,1,1),(207,219,217,1,1),(208,220,218,1,1),(209,221,219,1,1),(210,222,220,1,1),(211,223,221,1,1),(212,224,222,1,1),(213,225,223,1,1),(214,226,224,1,1),(215,227,225,1,1),(216,228,226,1,1),(217,229,227,1,1),(218,230,228,1,1),(219,231,229,1,1),(220,232,231,1,1),(221,233,232,1,1),(222,234,233,1,1),(223,235,234,1,1),(224,236,235,1,1),(225,237,236,1,1),(226,238,237,1,1),(227,239,238,1,1),(228,240,239,1,1),(229,241,240,1,1),(230,242,241,1,1),(231,243,242,1,1),(232,244,243,1,1),(233,245,244,1,1),(234,246,245,1,1),(235,247,246,1,1),(236,248,247,1,1),(237,250,248,1,1),(238,251,249,1,1),(239,252,250,1,1),(240,253,251,1,1),(241,254,252,1,1),(242,255,253,1,1),(243,256,254,1,1),(244,257,255,1,1),(245,258,256,1,1),(246,259,257,1,1),(247,260,258,1,1),(248,261,259,1,1),(249,263,260,1,1),(250,264,261,1,1),(251,265,262,1,1),(252,266,263,1,1),(253,267,264,1,1),(254,268,265,1,1),(255,269,266,1,1),(256,270,267,1,1),(257,271,268,1,1),(258,272,269,1,1),(259,273,270,1,1),(260,274,271,1,1),(261,275,272,1,1),(262,276,273,1,1),(263,277,274,1,1),(264,278,275,1,1),(265,279,276,1,1),(266,280,277,1,1),(267,281,278,1,1),(268,282,279,1,1),(269,283,280,1,1),(270,284,281,1,1),(271,285,282,1,1),(272,286,283,1,1),(273,287,284,1,1),(274,288,285,1,1),(275,289,286,1,1),(276,290,287,1,1),(277,291,288,1,1),(278,292,289,1,1),(279,293,290,1,1),(280,294,291,1,1),(281,295,292,1,1),(282,296,293,1,1),(283,297,294,1,1),(284,298,295,1,1),(285,299,296,1,1),(286,300,297,1,1),(287,301,298,1,1),(288,302,299,1,1),(289,304,300,1,1),(290,305,301,1,1),(291,306,302,1,1),(292,307,303,1,1),(293,310,304,1,1),(294,312,305,1,1),(295,313,306,1,1),(296,314,307,1,1),(297,315,308,1,1),(298,316,309,1,1),(299,317,310,1,1),(300,318,311,1,1),(301,319,312,1,1),(302,320,313,1,1),(303,321,314,1,1),(304,322,315,1,1),(305,323,316,1,1),(306,326,317,1,1),(307,327,318,1,1),(308,328,319,1,1),(309,331,320,1,1),(310,335,321,1,1),(311,336,322,1,1),(312,337,323,1,1),(313,338,324,1,1),(314,339,325,1,1),(315,340,326,1,1),(316,341,327,1,1),(317,342,328,1,1),(318,344,329,1,1),(319,345,330,1,1),(320,346,331,1,1),(321,347,332,1,1);

--
-- Table structure for table `ps_ebay_product`
--

CREATE TABLE `ps_ebay_product` (
  `id_ebay_product` int(16) NOT NULL AUTO_INCREMENT,
  `id_ebay_profile` int(11) NOT NULL,
  `id_country` int(16) NOT NULL,
  `id_product` int(16) NOT NULL,
  `id_attribute` int(16) NOT NULL,
  `id_product_ref` varchar(32) NOT NULL,
  `date_add` datetime NOT NULL,
  `date_upd` datetime NOT NULL,
  PRIMARY KEY (`id_ebay_product`),
  UNIQUE KEY `id_product_ref` (`id_product_ref`),
  KEY `id_product` (`id_product`)
) ENGINE=InnoDB AUTO_INCREMENT=326 DEFAULT CHARSET=utf8;

--
-- Dumping data for table `ps_ebay_product`
--

INSERT INTO `ps_ebay_product` VALUES (3,1,8,82,0,'141926093674','2016-03-10 22:11:08','2016-04-04 22:04:41'),(4,1,8,86,0,'141926093815','2016-03-10 22:11:15','2016-04-04 21:34:59'),(5,1,8,89,0,'172129289985','2016-03-10 22:11:21','2016-04-04 22:05:06'),(6,1,8,128,0,'141926094354','2016-03-10 22:11:47','2016-04-04 22:05:56'),(7,1,8,129,0,'172129290303','2016-03-10 22:11:51','2016-04-04 21:35:59'),(8,1,8,139,0,'172129290474','2016-03-10 22:12:06','2016-04-04 22:06:20'),(9,1,8,148,0,'172129290515','2016-03-10 22:12:10','2016-03-12 13:49:26'),(10,1,8,150,0,'172129290571','2016-03-10 22:12:15','2016-03-12 13:49:30'),(15,1,8,116,0,'172131404681','2016-03-12 13:59:35','2016-03-12 13:59:35'),(22,1,8,138,0,'141927816441','2016-03-12 17:06:09','2016-04-04 22:06:17'),(23,1,8,291,0,'141927834972','2016-03-12 17:35:54','2016-03-12 19:30:47'),(24,1,8,132,0,'172141007968','2016-03-20 22:47:20','2016-07-15 11:16:30'),(25,1,8,284,0,'172141008069','2016-03-20 22:47:28','2016-04-04 22:06:25'),(27,1,8,286,0,'172145268995','2016-03-24 13:08:23','2016-03-24 13:08:23'),(28,1,8,287,0,'172145269222','2016-03-24 13:08:30','2016-07-13 20:36:13'),(29,1,8,288,0,'172145269413','2016-03-24 13:08:36','2016-07-13 20:36:17'),(30,1,8,289,0,'172145269639','2016-03-24 13:08:43','2016-07-13 20:36:23'),(32,1,8,321,0,'141943617260','2016-03-29 15:05:26','2016-04-17 16:33:55'),(33,1,8,322,0,'172150602870','2016-03-29 15:05:31','2016-04-17 16:34:00'),(34,1,8,323,0,'172150602987','2016-03-29 15:05:35','2016-04-17 16:34:05'),(35,1,8,332,0,'172154845307','2016-04-02 14:19:33','2016-04-17 16:34:43'),(36,1,8,334,0,'141947353521','2016-04-02 14:19:39','2016-04-17 16:34:53'),(37,1,8,78,0,'172154849099','2016-04-02 14:24:54','2016-04-02 14:24:54'),(38,1,8,109,0,'141947356677','2016-04-02 14:25:13','2016-04-02 14:25:13'),(39,1,8,110,0,'172154849225','2016-04-02 14:25:18','2016-04-02 14:25:18'),(40,1,8,112,0,'141947356748','2016-04-02 14:25:21','2016-04-02 14:25:21'),(41,1,8,115,0,'141947356769','2016-04-02 14:25:25','2016-04-02 14:25:25'),(42,1,8,119,0,'172154849459','2016-04-02 14:25:29','2016-04-04 22:05:37'),(43,1,8,134,0,'172154849743','2016-04-02 14:25:46','2016-04-02 14:25:46'),(44,1,8,293,0,'172154849915','2016-04-02 14:26:03','2016-04-02 14:26:03'),(45,1,8,299,0,'141947357842','2016-04-02 14:26:16','2016-04-04 22:06:46'),(46,1,8,302,0,'141947357886','2016-04-02 14:26:20','2016-04-04 22:06:50'),(47,1,8,304,0,'172154850132','2016-04-02 14:26:25','2016-04-04 22:06:59'),(48,1,8,305,0,'172154850165','2016-04-02 14:26:29','2016-04-04 21:37:26'),(49,1,8,324,0,'172154850319','2016-04-02 14:26:52','2016-04-17 16:34:09'),(50,1,8,326,0,'172154850366','2016-04-02 14:26:57','2016-04-17 16:34:15'),(51,1,8,327,0,'141947358194','2016-04-02 14:27:02','2016-04-17 16:34:19'),(52,1,8,328,0,'141947358229','2016-04-02 14:27:06','2016-04-17 16:34:24'),(53,1,8,329,0,'172154850527','2016-04-02 14:27:11','2016-04-17 16:34:29'),(54,1,8,330,0,'172154850580','2016-04-02 14:27:17','2016-04-17 16:34:33'),(55,1,8,331,0,'141947358360','2016-04-02 14:27:22','2016-04-17 16:34:38'),(56,1,8,333,0,'172154850708','2016-04-02 14:27:31','2016-04-17 16:34:48'),(57,1,8,298,0,'141947361160','2016-04-02 14:32:13','2016-04-04 22:06:42'),(58,1,8,133,0,'172154856589','2016-04-02 14:39:41','2016-04-04 22:06:05'),(59,1,8,75,0,'141949575136','2016-04-04 20:45:03','2016-04-04 22:04:19'),(60,1,8,80,0,'141949575229','2016-04-04 20:45:10','2016-04-04 22:04:31'),(61,1,8,81,0,'172157221349','2016-04-04 20:45:17','2016-04-04 22:04:36'),(62,1,8,83,0,'172157221434','2016-04-04 20:45:24','2016-04-04 22:04:46'),(63,1,8,85,0,'172157221486','2016-04-04 20:45:28','2016-04-04 22:04:50'),(64,1,8,87,0,'141949575648','2016-04-04 20:45:37','2016-04-04 22:04:56'),(65,1,8,88,0,'172157221755','2016-04-04 20:45:41','2016-04-04 22:05:01'),(66,1,8,90,0,'172157221987','2016-04-04 20:45:49','2016-04-04 22:05:10'),(67,1,8,91,0,'141949575984','2016-04-04 20:45:53','2016-04-04 22:05:15'),(68,1,8,92,0,'172157222130','2016-04-04 20:45:56','2016-04-04 22:05:20'),(69,1,8,118,0,'141949576209','2016-04-04 20:46:06','2016-04-04 22:05:32'),(70,1,8,120,0,'141949576404','2016-04-04 20:46:13','2016-04-04 22:05:42'),(71,1,8,121,0,'141949576488','2016-04-04 20:46:17','2016-04-04 22:05:46'),(72,1,8,127,0,'141949576518','2016-04-04 20:46:20','2016-04-04 21:35:50'),(73,1,8,130,0,'172157222778','2016-04-04 20:46:31','2016-04-04 21:36:04'),(74,1,8,131,0,'141949576769','2016-04-04 20:46:35','2016-04-04 21:36:09'),(75,1,8,135,0,'141949576941','2016-04-04 20:46:47','2016-04-04 22:06:09'),(76,1,8,136,0,'141949576982','2016-04-04 20:46:51','2016-04-04 22:06:13'),(77,1,8,292,0,'172157223350','2016-04-04 20:47:06','2016-07-15 11:16:35'),(78,1,8,294,0,'172157223380','2016-04-04 20:47:10','2016-04-04 22:06:29'),(79,1,8,295,0,'172157223414','2016-04-04 20:47:14','2016-04-04 22:06:33'),(80,1,8,296,0,'172157223451','2016-04-04 20:47:18','2016-04-04 22:06:37'),(81,1,8,300,0,'172157223669','2016-04-04 20:47:29','2016-04-04 21:37:09'),(82,1,8,303,0,'172157223925','2016-04-04 20:47:37','2016-04-04 22:06:55'),(83,1,8,306,0,'141949577680','2016-04-04 20:47:49','2016-04-04 21:37:30'),(84,1,8,307,0,'172157224089','2016-04-04 20:47:52','2016-04-04 21:43:56'),(85,1,8,308,0,'141949577768','2016-04-04 20:47:56','2016-04-04 21:37:38'),(86,1,8,309,0,'141949577815','2016-04-04 20:48:00','2016-04-04 21:37:43'),(87,1,8,312,0,'141949577869','2016-04-04 20:48:06','2016-04-04 21:37:53'),(88,1,8,319,0,'141949577963','2016-04-04 20:48:11','2016-04-04 21:37:58'),(90,1,8,320,0,'141949612172','2016-04-04 21:26:33','2016-04-04 21:38:02'),(91,1,8,107,0,'172157289221','2016-04-04 21:35:26','2016-04-04 22:05:24'),(92,1,8,310,0,'141949621369','2016-04-04 21:37:48','2016-04-04 21:43:21'),(93,1,8,325,0,'141949621627','2016-04-04 21:38:07','2016-04-04 21:38:07'),(94,1,8,79,0,'141949645988','2016-04-04 22:04:26','2016-04-04 22:04:26'),(96,1,8,126,0,'141950491546','2016-04-05 19:34:55','2016-04-05 19:34:55'),(97,1,8,141,0,'141956371876','2016-04-11 22:07:12','2016-04-13 21:44:43'),(100,1,8,353,0,'172166641015','2016-04-13 19:42:47','2016-07-13 20:37:49'),(101,1,8,335,0,'141958504083','2016-04-13 20:41:17','2016-05-06 15:07:04'),(102,1,8,336,0,'141958504169','2016-04-13 20:41:22','2016-07-13 20:36:36'),(103,1,8,337,0,'141958504246','2016-04-13 20:41:27','2016-07-13 20:36:41'),(104,1,8,338,0,'141958504328','2016-04-13 20:41:32','2016-07-13 20:36:45'),(105,1,8,339,0,'172166686494','2016-04-13 20:41:37','2016-07-13 20:36:50'),(106,1,8,340,0,'141958504485','2016-04-13 20:41:42','2016-07-13 20:36:54'),(107,1,8,341,0,'172166686689','2016-04-13 20:41:47','2016-07-13 20:36:59'),(108,1,8,342,0,'141958504770','2016-04-13 20:41:51','2016-07-13 20:37:04'),(109,1,8,343,0,'172166686978','2016-04-13 20:41:56','2016-07-13 20:37:08'),(110,1,8,344,0,'172166687044','2016-04-13 20:42:00','2016-07-13 20:37:12'),(111,1,8,347,0,'172166687171','2016-04-13 20:42:09','2016-07-13 20:37:26'),(112,1,8,348,0,'141958505365','2016-04-13 20:42:13','2016-07-13 20:37:30'),(113,1,8,349,0,'172166687292','2016-04-13 20:42:18','2016-07-13 20:37:34'),(114,1,8,350,0,'141958505603','2016-04-13 20:42:23','2016-07-13 20:37:40'),(115,1,8,351,0,'172166687464','2016-04-13 20:42:28','2016-04-16 14:19:15'),(116,1,8,352,0,'172166687524','2016-04-13 20:42:32','2016-07-13 20:37:45'),(117,1,8,364,0,'172168742395','2016-04-15 20:09:16','2016-07-13 20:38:18'),(118,1,8,366,0,'141960624779','2016-04-15 20:09:22','2016-07-13 20:38:24'),(119,1,8,367,0,'172168744004','2016-04-15 20:09:27','2016-07-13 20:38:28'),(120,1,8,368,0,'141960624889','2016-04-15 20:09:31','2016-07-13 20:38:33'),(121,1,8,373,0,'141960624988','2016-04-15 20:09:37','2016-07-13 20:38:55'),(122,1,8,374,0,'141960625064','2016-04-15 20:09:42','2016-04-15 20:09:42'),(123,1,8,377,0,'141961276978','2016-04-16 11:14:55','2016-05-06 15:09:14'),(124,1,8,212,0,'172169560703','2016-04-16 13:55:18','2016-04-16 13:55:18'),(125,1,8,213,0,'172169560729','2016-04-16 13:55:23','2016-04-16 13:55:23'),(126,1,8,214,0,'172169560762','2016-04-16 13:55:28','2016-04-16 13:55:28'),(127,1,8,215,0,'172169560790','2016-04-16 13:55:32','2016-04-16 13:55:32'),(128,1,8,216,0,'172169560818','2016-04-16 13:55:36','2016-04-16 13:55:36'),(129,1,8,217,0,'141961387105','2016-04-16 13:55:41','2016-04-16 13:55:41'),(130,1,8,218,0,'172169560884','2016-04-16 13:55:44','2016-04-16 13:55:44'),(131,1,8,219,0,'141961387189','2016-04-16 13:55:48','2016-04-16 13:55:48'),(132,1,8,220,0,'172169561090','2016-04-16 13:55:52','2016-04-16 13:55:52'),(133,1,8,354,0,'172169583084','2016-04-16 14:19:31','2016-07-13 20:37:54'),(134,1,8,359,0,'172169583128','2016-04-16 14:19:38','2016-07-13 20:38:09'),(135,1,8,361,0,'141962302056','2016-04-17 11:19:56','2016-07-13 20:38:13'),(136,1,8,363,0,'172170555679','2016-04-17 11:26:06','2016-04-17 16:02:45'),(137,1,8,356,0,'172170816132','2016-04-17 16:02:21','2016-07-13 20:37:59'),(138,1,8,357,0,'141962524904','2016-04-17 16:02:25','2016-07-13 20:38:04'),(139,1,8,358,0,'141962524957','2016-04-17 16:02:29','2016-07-22 12:06:13'),(140,1,8,360,0,'141962525003','2016-04-17 16:02:33','2016-05-06 15:08:37'),(141,1,8,362,0,'141962525073','2016-04-17 16:02:41','2016-04-17 16:02:41'),(142,1,8,365,0,'172170816538','2016-04-17 16:02:55','2016-07-14 10:30:26'),(143,1,8,375,0,'141962525329','2016-04-17 16:03:08','2016-07-13 20:39:01'),(144,1,8,1,0,'141962760198','2016-04-17 20:18:15','2016-04-24 11:13:58'),(145,1,8,6,0,'172171104678','2016-04-17 20:18:21','2016-04-24 11:14:02'),(146,1,8,99,0,'172171266228','2016-04-17 22:32:38','2016-04-17 22:45:08'),(147,1,8,376,0,'172171345761','2016-04-17 23:58:58','2016-07-13 20:39:07'),(148,1,8,7,0,'172178501610','2016-04-24 11:14:06','2016-04-24 11:14:06'),(149,1,8,8,0,'172178501634','2016-04-24 11:14:11','2016-04-24 11:14:11'),(150,1,8,18,0,'141969901193','2016-04-24 11:14:20','2016-04-24 11:14:20'),(151,1,8,19,0,'141969901222','2016-04-24 11:14:24','2016-04-24 11:14:24'),(152,1,8,381,0,'141983084608','2016-05-05 19:51:53','2016-07-13 20:39:27'),(153,1,8,345,0,'172196049750','2016-05-06 15:07:45','2016-07-13 20:37:16'),(154,1,8,346,0,'141983998408','2016-05-06 15:07:49','2016-07-13 20:37:21'),(156,1,8,369,0,'141983999300','2016-05-06 15:08:55','2016-07-13 20:38:38'),(157,1,8,370,0,'172196050520','2016-05-06 15:08:59','2016-05-06 15:08:59'),(158,1,8,371,0,'172196050569','2016-05-06 15:09:04','2016-07-13 20:38:42'),(159,1,8,378,0,'172196050863','2016-05-06 15:09:19','2016-07-13 20:39:13'),(160,1,8,382,0,'141983999669','2016-05-06 15:09:25','2016-07-13 20:39:31'),(161,1,8,383,0,'141983999717','2016-05-06 15:09:31','2016-07-13 20:39:35'),(162,1,8,384,0,'172196051071','2016-05-06 15:09:35','2016-07-13 20:39:41'),(163,1,8,385,0,'172196051169','2016-05-06 15:09:40','2016-07-13 20:39:45'),(164,1,8,386,0,'141983999858','2016-05-06 15:09:44','2016-07-13 20:39:49'),(165,1,8,387,0,'141983999910','2016-05-06 15:09:48','2016-07-13 20:39:54'),(166,1,8,388,0,'141983999926','2016-05-06 15:09:52','2016-07-13 20:39:58'),(167,1,8,389,0,'172196051548','2016-05-06 15:09:56','2016-05-06 15:09:56'),(168,1,8,391,0,'141984000014','2016-05-06 15:10:01','2016-07-13 20:40:03'),(169,1,8,392,0,'172196051641','2016-05-06 15:10:06','2016-07-13 20:40:08'),(170,1,8,393,0,'172196051682','2016-05-06 15:10:11','2016-07-13 20:40:14'),(171,1,8,394,0,'141984000170','2016-05-06 15:10:16','2016-07-13 20:40:19'),(172,1,8,395,0,'172196051780','2016-05-06 15:10:22','2016-07-13 20:40:23'),(173,1,8,396,0,'141984000254','2016-05-06 15:10:26','2016-07-13 20:40:27'),(174,1,8,397,0,'172196051873','2016-05-06 15:10:31','2016-07-13 20:40:31'),(175,1,8,398,0,'141984000331','2016-05-06 15:10:35','2016-07-13 20:40:36'),(176,1,8,399,0,'141984000362','2016-05-06 15:10:40','2016-07-13 20:40:40'),(177,1,8,400,0,'172196052032','2016-05-06 15:10:45','2016-05-06 15:10:45'),(178,1,8,401,0,'172196052101','2016-05-06 15:10:53','2016-07-13 20:40:45'),(179,1,8,402,0,'172196052151','2016-05-06 15:10:58','2016-07-13 20:40:50'),(180,1,8,403,0,'141984000561','2016-05-06 15:11:03','2016-07-13 20:40:54'),(181,1,8,404,0,'172196052250','2016-05-06 15:11:07','2016-07-13 20:40:59'),(182,1,8,405,0,'172196052286','2016-05-06 15:11:12','2016-05-08 22:40:20'),(183,1,8,406,0,'141984000681','2016-05-06 15:11:16','2016-07-13 20:41:04'),(184,1,8,407,0,'172196052397','2016-05-06 15:11:21','2016-07-13 20:41:09'),(185,1,8,408,0,'172196052469','2016-05-06 15:11:26','2016-07-13 20:41:13'),(186,1,8,409,0,'141984000928','2016-05-06 15:11:32','2016-07-13 20:41:18'),(187,1,8,410,0,'172196052572','2016-05-06 15:11:37','2016-07-13 20:41:25'),(188,1,8,411,0,'141987503691','2016-05-09 21:09:21','2016-05-09 21:09:21'),(189,1,8,412,0,'172200016009','2016-05-09 21:10:48','2016-07-13 20:41:30'),(190,1,8,413,0,'172200017222','2016-05-09 21:12:05','2016-05-09 21:12:05'),(191,1,8,414,0,'172200019856','2016-05-09 21:14:02','2016-07-13 20:41:35'),(192,1,8,415,0,'172200021055','2016-05-09 21:15:23','2016-07-13 20:41:39'),(194,1,8,417,0,'172200024832','2016-05-09 21:19:31','2016-07-13 20:41:48'),(195,1,8,418,0,'172200026228','2016-05-09 21:20:49','2016-07-13 20:41:52'),(196,1,8,419,0,'172200029349','2016-05-09 21:23:10','2016-07-13 20:41:57'),(197,1,8,420,0,'172200033263','2016-05-09 21:27:02','2016-07-13 20:42:01'),(199,1,8,422,0,'172200035583','2016-05-09 21:30:03','2016-05-09 21:30:03'),(201,1,8,424,0,'172201076714','2016-05-10 15:48:37','2016-07-13 20:42:10'),(202,1,8,425,0,'141988364413','2016-05-10 15:51:21','2016-07-13 20:42:14'),(203,1,8,416,0,'141988553754','2016-05-10 19:38:45','2016-07-13 20:41:43'),(204,1,8,426,0,'172202442104','2016-05-11 11:37:44','2016-07-13 20:42:19'),(205,1,8,428,0,'172202449379','2016-05-11 11:48:12','2016-05-11 11:48:12'),(206,1,8,429,0,'141989233458','2016-05-11 11:50:45','2016-07-13 20:42:28'),(207,1,8,431,0,'172202454495','2016-05-11 11:53:59','2016-07-13 20:42:38'),(208,1,8,432,0,'172204067191','2016-05-12 15:37:03','2016-07-13 20:42:43'),(209,1,8,433,0,'141990513069','2016-05-12 15:39:54','2016-07-13 20:42:47'),(210,1,8,434,0,'172204070573','2016-05-12 15:41:58','2016-07-13 20:42:52'),(211,1,8,435,0,'172204073957','2016-05-12 15:46:20','2016-07-13 20:42:57'),(212,1,8,436,0,'141990523274','2016-05-12 15:51:10','2016-07-13 20:43:01'),(213,1,8,437,0,'172204079041','2016-05-12 15:52:59','2016-07-13 20:43:06'),(214,1,8,438,0,'141990528074','2016-05-12 15:58:10','2016-07-13 20:43:09'),(215,1,8,440,0,'141990530941','2016-05-12 16:01:29','2016-07-13 20:43:19'),(216,1,8,441,0,'141990537195','2016-05-12 16:07:11','2016-07-13 20:43:23'),(217,1,8,442,0,'141990538903','2016-05-12 16:09:53','2016-07-13 20:43:28'),(218,1,8,443,0,'172204125126','2016-05-12 16:44:18','2016-07-13 20:43:33'),(219,1,8,452,0,'141991521429','2016-05-13 13:32:58','2016-07-13 20:44:08'),(220,1,8,421,0,'141993773604','2016-05-15 12:27:45','2016-07-13 20:42:05'),(221,1,8,453,0,'141993921013','2016-05-15 15:59:47','2016-05-15 15:59:47'),(222,1,8,456,0,'172207574802','2016-05-15 16:02:37','2016-07-13 20:44:21'),(224,1,8,311,0,'141994097876','2016-05-15 19:37:50','2016-05-15 19:37:50'),(225,1,8,301,0,'141995812336','2016-05-17 09:33:49','2016-07-14 10:30:20'),(226,1,8,472,0,'172216988665','2016-05-23 18:44:25','2016-05-23 18:47:00'),(227,1,8,473,0,'172216988976','2016-05-23 18:45:06','2016-05-23 18:47:05'),(228,1,8,93,0,'142053502940','2016-07-13 20:35:35','2016-07-14 10:42:29'),(229,1,8,95,0,'142053503014','2016-07-13 20:35:41','2016-07-13 20:35:41'),(230,1,8,113,0,'172272601122','2016-07-13 20:35:47','2016-07-13 20:35:47'),(231,1,8,117,0,'172272601226','2016-07-13 20:35:54','2016-07-13 20:35:54'),(232,1,8,122,0,'142053503308','2016-07-13 20:36:01','2016-07-13 20:36:01'),(233,1,8,285,0,'142053503415','2016-07-13 20:36:06','2016-07-13 20:36:06'),(234,1,8,290,0,'142053503757','2016-07-13 20:36:29','2016-07-13 20:36:29'),(235,1,8,372,0,'142053505776','2016-07-13 20:38:47','2016-07-14 10:41:17'),(236,1,8,379,0,'172272603583','2016-07-13 20:39:18','2016-07-13 20:39:18'),(237,1,8,380,0,'142053506082','2016-07-13 20:39:22','2016-07-13 20:39:22'),(238,1,8,427,0,'172272606595','2016-07-13 20:42:24','2016-07-13 20:42:24'),(239,1,8,430,0,'142053508836','2016-07-13 20:42:34','2016-07-13 20:42:34'),(240,1,8,439,0,'172272607151','2016-07-13 20:43:14','2016-07-13 20:43:14'),(241,1,8,444,0,'172272607624','2016-07-13 20:43:37','2016-07-13 20:43:37'),(242,1,8,445,0,'172272607772','2016-07-13 20:43:42','2016-07-13 20:43:42'),(243,1,8,446,0,'172272607901','2016-07-13 20:43:46','2016-07-13 20:43:46'),(244,1,8,447,0,'142053509489','2016-07-13 20:43:50','2016-07-13 20:43:50'),(245,1,8,449,0,'142053509552','2016-07-13 20:43:55','2016-07-13 20:43:55'),(246,1,8,450,0,'142053509613','2016-07-13 20:43:59','2016-07-13 20:43:59'),(247,1,8,451,0,'172272608333','2016-07-13 20:44:04','2016-07-13 20:44:04'),(248,1,8,454,0,'172272608444','2016-07-13 20:44:13','2016-07-13 20:44:13'),(249,1,8,455,0,'142053509870','2016-07-13 20:44:17','2016-07-13 20:44:17'),(250,1,8,461,0,'172272608581','2016-07-13 20:44:26','2016-07-13 20:44:26'),(251,1,8,475,0,'142053510006','2016-07-13 20:44:30','2016-07-13 20:44:30'),(252,1,8,476,0,'172272608780','2016-07-13 20:44:35','2016-07-13 20:44:35'),(253,1,8,477,0,'172272608849','2016-07-13 20:44:39','2016-07-13 20:44:39'),(254,1,8,478,0,'142053510168','2016-07-13 20:44:43','2016-07-13 20:44:43'),(255,1,8,479,0,'172272608977','2016-07-13 20:44:51','2016-07-13 20:44:51'),(256,1,8,480,0,'172272609044','2016-07-13 20:44:55','2016-07-13 20:44:55'),(257,1,8,481,0,'172272609111','2016-07-13 20:45:00','2016-07-13 20:45:00'),(258,1,8,482,0,'172272609227','2016-07-13 20:45:04','2016-07-13 20:45:04'),(259,1,8,483,0,'172272609330','2016-07-13 20:45:09','2016-07-13 20:45:09'),(260,1,8,484,0,'172272609434','2016-07-13 20:45:13','2016-07-13 20:45:13'),(261,1,8,485,0,'172272609566','2016-07-13 20:45:18','2016-07-13 20:45:18'),(262,1,8,486,0,'172272609670','2016-07-13 20:45:22','2016-07-13 20:45:22'),(263,1,8,487,0,'172272609777','2016-07-13 20:45:27','2016-07-13 20:45:27'),(264,1,8,488,0,'172272609854','2016-07-13 20:45:32','2016-07-13 20:45:32'),(265,1,8,489,0,'142053510701','2016-07-13 20:45:36','2016-07-13 20:45:36'),(266,1,8,490,0,'172272610002','2016-07-13 20:45:40','2016-07-13 20:45:40'),(267,1,8,491,0,'142053510787','2016-07-13 20:45:45','2016-07-13 20:45:45'),(268,1,8,492,0,'142053510840','2016-07-13 20:45:49','2016-07-13 20:45:49'),(269,1,8,493,0,'142053510879','2016-07-13 20:45:54','2016-07-13 20:45:54'),(270,1,8,494,0,'172272610269','2016-07-13 20:45:59','2016-07-13 20:45:59'),(271,1,8,495,0,'172272610352','2016-07-13 20:46:04','2016-07-13 20:46:04'),(272,1,8,496,0,'172272610485','2016-07-13 20:46:08','2016-07-13 20:46:08'),(273,1,8,497,0,'172272610575','2016-07-13 20:46:13','2016-07-13 20:46:13'),(274,1,8,498,0,'172272610638','2016-07-13 20:46:18','2016-07-13 20:46:18'),(275,1,8,499,0,'172272610685','2016-07-13 20:46:22','2016-07-13 20:46:22'),(276,1,8,500,0,'142053511168','2016-07-13 20:46:27','2016-07-13 20:46:27'),(277,1,8,501,0,'142053511214','2016-07-13 20:46:32','2016-07-13 20:46:32'),(278,1,8,503,0,'142053511258','2016-07-13 20:46:37','2016-07-13 20:46:37'),(279,1,8,504,0,'172272611050','2016-07-13 20:46:42','2016-07-13 20:46:42'),(280,1,8,507,0,'142053511464','2016-07-13 20:46:53','2016-07-13 20:46:53'),(281,1,8,508,0,'142053511732','2016-07-13 20:47:00','2016-07-13 20:47:00'),(282,1,8,509,0,'172272612079','2016-07-13 20:47:04','2016-07-13 20:47:04'),(283,1,8,510,0,'172272612203','2016-07-13 20:47:09','2016-07-13 20:47:09'),(284,1,8,511,0,'142053512186','2016-07-13 20:47:14','2016-07-13 20:47:14'),(285,1,8,512,0,'172272612373','2016-07-13 20:47:18','2016-07-13 20:47:18'),(286,1,8,515,0,'172272612488','2016-07-13 20:47:23','2016-07-13 20:47:23'),(287,1,8,514,0,'172273120033','2016-07-14 10:30:41','2016-07-14 10:30:41'),(288,1,8,518,0,'172274094656','2016-07-15 10:51:42','2016-07-15 11:16:44'),(289,1,8,520,0,'142055078205','2016-07-15 11:38:18','2016-07-15 11:39:00'),(290,1,8,521,0,'172280739919','2016-07-22 12:06:30','2016-07-22 12:06:30'),(291,1,8,522,0,'142061983322','2016-07-22 12:06:34','2016-07-22 12:06:34'),(292,1,8,523,0,'172280739982','2016-07-22 12:06:39','2016-07-22 12:06:39'),(293,1,8,524,0,'142061983440','2016-07-22 12:06:42','2016-07-22 22:16:08'),(294,1,8,525,0,'172280740112','2016-07-22 12:06:47','2016-07-22 12:06:47'),(295,1,8,526,0,'142061983536','2016-07-22 12:06:52','2016-07-22 21:03:35'),(296,1,8,527,0,'172280740218','2016-07-22 12:06:57','2016-07-22 21:03:26'),(297,1,8,528,0,'172280740254','2016-07-22 12:07:01','2016-07-22 22:46:54'),(298,1,8,529,0,'142062273549','2016-07-22 18:56:40','2016-07-22 18:56:40'),(299,1,8,530,0,'142062280137','2016-07-22 19:07:27','2016-07-22 19:07:27'),(300,1,8,531,0,'142062286306','2016-07-22 19:15:43','2016-07-22 19:26:09'),(301,1,8,533,0,'172281591218','2016-07-23 09:16:17','2016-07-23 09:16:17'),(302,1,8,534,0,'172281591235','2016-07-23 09:16:21','2016-07-23 09:16:21'),(303,1,8,535,0,'172281591255','2016-07-23 09:16:25','2016-07-23 09:16:25'),(304,1,8,536,0,'172281591283','2016-07-23 09:16:30','2016-07-23 09:16:30'),(305,1,8,537,0,'142062865586','2016-07-23 09:16:33','2016-07-23 09:16:33'),(306,1,8,538,0,'172281591324','2016-07-23 09:16:37','2016-07-23 09:16:37'),(307,1,8,539,0,'172281982813','2016-07-23 20:11:14','2016-07-23 20:11:14'),(308,1,8,540,0,'142063375065','2016-07-23 20:11:18','2016-07-27 11:23:38'),(309,1,8,541,0,'172281982918','2016-07-23 20:11:22','2016-07-23 20:11:22'),(310,1,8,542,0,'142063910327','2016-07-24 11:08:34','2016-07-24 11:10:27'),(311,1,8,543,0,'172283366576','2016-07-25 10:01:44','2016-07-25 10:02:44'),(312,1,8,544,0,'172283370389','2016-07-25 10:07:26','2016-07-25 15:42:41'),(313,1,8,546,0,'142068033385','2016-07-28 09:58:14','2016-07-28 09:58:14'),(314,1,8,547,0,'142068033432','2016-07-28 09:58:20','2016-07-28 09:58:20'),(315,1,8,548,0,'172286723852','2016-07-28 09:58:25','2016-07-28 09:58:25'),(316,1,8,549,0,'142068033508','2016-07-28 09:58:31','2016-07-28 09:58:31'),(317,1,8,550,0,'142068033537','2016-07-28 09:58:36','2016-07-28 09:58:36'),(318,1,8,551,0,'172286723978','2016-07-28 09:58:40','2016-07-28 09:58:40'),(319,1,8,552,0,'172286724029','2016-07-28 09:58:44','2016-07-28 09:58:44'),(320,1,8,553,0,'172286724081','2016-07-28 09:58:48','2016-07-28 09:58:48'),(321,1,8,554,0,'172286724136','2016-07-28 09:58:53','2016-07-28 09:58:53'),(322,1,8,555,0,'142068033672','2016-07-28 09:58:57','2016-07-28 09:58:57'),(323,1,8,556,0,'172286724214','2016-07-28 09:59:01','2016-07-28 09:59:01'),(324,1,8,557,0,'172286752080','2016-07-28 10:41:54','2016-08-19 11:15:27'),(325,1,8,558,0,'172286752110','2016-07-28 10:41:58','2016-11-05 10:18:17');

--
-- Table structure for table `ps_ebay_product_configuration`
--

CREATE TABLE `ps_ebay_product_configuration` (
  `id_ebay_product_configuration` int(11) NOT NULL AUTO_INCREMENT,
  `id_product` int(11) NOT NULL,
  `id_ebay_profile` int(16) NOT NULL,
  `blacklisted` tinyint(1) NOT NULL,
  `extra_images` int(11) NOT NULL,
  PRIMARY KEY (`id_ebay_product_configuration`),
  UNIQUE KEY `id_product` (`id_product`,`id_ebay_profile`)
) ENGINE=InnoDB AUTO_INCREMENT=1925 DEFAULT CHARSET=utf8;

--
-- Dumping data for table `ps_ebay_product_configuration`
--

INSERT INTO `ps_ebay_product_configuration` VALUES (1,86,1,1,0),(2,127,1,1,0),(3,131,1,0,0),(7,132,1,1,0),(8,284,1,0,0),(9,98,1,0,0),(14,82,1,1,0),(15,89,1,1,0),(16,120,1,1,0),(17,121,1,1,0),(18,128,1,1,0),(19,129,1,1,0),(20,130,1,1,0),(21,138,1,1,0),(22,139,1,1,0),(23,126,1,0,0),(24,107,1,0,0),(25,77,1,1,0),(26,78,1,1,0),(27,79,1,0,0),(28,80,1,0,0),(29,81,1,0,0),(30,83,1,0,0),(31,85,1,0,0),(32,87,1,0,0),(33,88,1,0,0),(34,90,1,0,0),(35,91,1,0,0),(36,92,1,0,0),(37,109,1,1,0),(38,110,1,1,0),(39,112,1,1,0),(40,115,1,1,0),(41,118,1,0,0),(42,119,1,0,0),(43,133,1,0,0),(44,134,1,1,0),(45,135,1,0,0),(46,136,1,0,0),(47,265,1,1,0),(48,266,1,1,0),(49,267,1,1,0),(50,268,1,1,0),(51,269,1,1,0),(52,150,1,0,0),(53,148,1,1,0),(54,93,1,1,0),(55,94,1,1,0),(56,95,1,1,0),(57,96,1,1,0),(58,97,1,1,0),(59,108,1,1,0),(60,111,1,1,0),(61,113,1,1,0),(62,114,1,1,0),(63,116,1,0,0),(64,117,1,1,0),(65,122,1,1,0),(66,123,1,1,0),(67,124,1,1,0),(68,125,1,1,0),(69,140,1,1,0),(70,141,1,1,0),(71,142,1,1,0),(72,143,1,1,0),(73,144,1,1,0),(74,145,1,1,0),(75,146,1,1,0),(76,147,1,1,0),(204,291,1,0,0),(227,264,1,1,0),(233,285,1,0,0),(234,286,1,1,0),(235,287,1,0,0),(236,288,1,0,0),(237,289,1,0,0),(238,290,1,0,0),(239,321,1,1,0),(240,322,1,1,0),(241,323,1,1,0),(242,324,1,1,0),(245,292,1,1,0),(246,300,1,1,0),(247,320,1,1,0),(248,325,1,1,0),(250,298,1,0,0),(260,299,1,1,0),(261,302,1,1,0),(262,304,1,1,0),(264,75,1,0,0),(265,76,1,0,0),(266,306,1,0,0),(267,307,1,0,0),(268,308,1,0,0),(269,309,1,0,0),(292,293,1,1,0),(293,294,1,0,0),(294,295,1,0,0),(295,296,1,0,0),(296,297,1,1,0),(297,303,1,0,0),(302,332,1,1,0),(303,333,1,1,0),(304,334,1,1,0),(306,310,1,0,0),(307,326,1,0,0),(308,327,1,0,0),(309,328,1,0,0),(310,329,1,0,0),(311,330,1,0,0),(312,331,1,0,0),(383,312,1,1,0),(384,319,1,1,0),(401,305,1,1,0),(451,270,1,0,0),(452,271,1,0,0),(453,272,1,0,0),(454,273,1,0,0),(455,274,1,0,0),(456,275,1,0,0),(457,276,1,0,0),(458,277,1,0,0),(459,278,1,0,0),(460,279,1,0,0),(461,280,1,0,0),(462,281,1,0,0),(463,282,1,0,0),(466,301,1,0,0),(467,311,1,1,0),(468,38,1,1,0),(469,99,1,0,0),(644,283,1,0,0),(710,365,1,1,0),(734,372,1,1,0),(759,335,1,1,0),(760,336,1,1,0),(761,337,1,0,0),(762,338,1,0,0),(763,339,1,0,0),(764,340,1,1,0),(765,341,1,1,0),(766,347,1,1,0),(767,348,1,1,0),(768,349,1,1,0),(769,350,1,0,0),(770,351,1,1,0),(771,352,1,0,0),(772,353,1,0,0),(785,366,1,0,0),(786,367,1,0,0),(787,369,1,0,0),(788,371,1,0,0),(789,342,1,0,0),(790,343,1,0,0),(791,344,1,0,0),(792,345,1,0,0),(793,346,1,0,0),(915,354,1,1,0),(916,355,1,1,0),(917,360,1,1,0),(918,361,1,1,0),(925,359,1,0,0),(930,370,1,1,0),(949,364,1,0,0),(952,368,1,1,0),(954,373,1,1,0),(955,374,1,1,0),(956,376,1,1,0),(957,212,1,0,0),(958,213,1,0,0),(959,214,1,0,0),(960,215,1,0,0),(961,216,1,0,0),(962,217,1,0,0),(963,218,1,0,0),(964,219,1,0,0),(965,220,1,0,0),(966,221,1,0,0),(967,222,1,0,0),(968,223,1,0,0),(969,224,1,0,0),(970,225,1,0,0),(971,226,1,0,0),(972,227,1,0,0),(973,228,1,0,0),(974,229,1,0,0),(975,230,1,0,0),(976,231,1,0,0),(977,232,1,0,0),(978,233,1,0,0),(979,234,1,0,0),(980,235,1,0,0),(981,236,1,0,0),(982,237,1,0,0),(983,238,1,0,0),(984,239,1,0,0),(985,240,1,0,0),(986,241,1,0,0),(987,242,1,0,0),(988,243,1,0,0),(989,244,1,0,0),(990,245,1,0,0),(1037,377,1,1,0),(1038,378,1,0,0),(1057,362,1,1,0),(1079,363,1,0,0),(1097,356,1,1,0),(1098,357,1,1,0),(1099,358,1,0,0),(1101,375,1,0,0),(1126,381,1,1,0),(1153,384,1,1,0),(1181,382,1,1,0),(1182,383,1,1,0),(1184,385,1,1,0),(1185,386,1,1,0),(1186,387,1,1,0),(1187,388,1,0,0),(1188,389,1,1,0),(1189,391,1,0,0),(1190,392,1,0,0),(1191,393,1,0,0),(1192,394,1,0,0),(1193,395,1,0,0),(1194,396,1,0,0),(1195,397,1,0,0),(1196,398,1,0,0),(1197,399,1,0,0),(1198,400,1,1,0),(1199,401,1,0,0),(1200,402,1,0,0),(1201,403,1,0,0),(1202,404,1,0,0),(1203,405,1,1,0),(1204,406,1,0,0),(1205,407,1,0,0),(1206,408,1,0,0),(1207,409,1,0,0),(1273,410,1,1,0),(1379,472,1,0,0),(1380,473,1,0,0),(1451,411,1,1,0),(1452,412,1,0,0),(1453,413,1,1,0),(1454,414,1,0,0),(1455,415,1,0,0),(1456,416,1,0,0),(1457,417,1,0,0),(1458,418,1,0,0),(1459,419,1,0,0),(1460,420,1,0,0),(1461,421,1,0,0),(1462,422,1,1,0),(1463,423,1,0,0),(1464,424,1,0,0),(1465,425,1,0,0),(1466,426,1,0,0),(1467,428,1,1,0),(1468,429,1,0,0),(1469,431,1,0,0),(1470,432,1,0,0),(1471,452,1,0,0),(1472,453,1,1,0),(1473,456,1,1,0),(1478,476,1,0,0),(1479,477,1,0,0),(1500,500,1,0,0),(1513,503,1,0,0),(1528,504,1,1,0),(1529,515,1,1,0),(1536,510,1,0,0),(1538,478,1,0,0),(1539,479,1,0,0),(1540,480,1,0,0),(1541,481,1,0,0),(1554,430,1,0,0),(1557,427,1,0,0),(1562,475,1,0,0),(1563,485,1,0,0),(1566,482,1,1,0),(1568,483,1,1,0),(1573,435,1,0,0),(1574,457,1,1,0),(1575,458,1,1,0),(1576,433,1,0,0),(1577,434,1,0,0),(1578,436,1,0,0),(1579,459,1,1,0),(1580,460,1,1,0),(1581,505,1,0,0),(1586,461,1,0,0),(1587,462,1,1,0),(1589,465,1,1,0),(1590,466,1,1,0),(1591,494,1,0,0),(1592,495,1,0,0),(1593,496,1,0,0),(1594,497,1,0,0),(1595,498,1,0,0),(1596,499,1,0,0),(1597,511,1,0,0),(1598,437,1,0,0),(1599,438,1,0,0),(1600,439,1,0,0),(1601,440,1,0,0),(1602,441,1,0,0),(1603,442,1,0,0),(1604,443,1,0,0),(1605,463,1,1,0),(1606,464,1,1,0),(1609,467,1,1,0),(1610,468,1,1,0),(1611,486,1,0,0),(1612,487,1,0,0),(1613,488,1,0,0),(1614,489,1,0,0),(1615,490,1,0,0),(1616,469,1,1,0),(1617,470,1,1,0),(1618,471,1,1,0),(1619,491,1,1,0),(1620,492,1,1,0),(1621,493,1,1,0),(1629,507,1,0,0),(1633,379,1,1,0),(1634,454,1,1,0),(1635,455,1,1,0),(1636,506,1,1,0),(1637,509,1,1,0),(1638,508,1,0,0),(1640,447,1,0,0),(1641,448,1,1,0),(1642,450,1,0,0),(1643,451,1,0,0),(1644,501,1,0,0),(1645,445,1,0,0),(1646,446,1,0,0),(1647,449,1,0,0),(1648,484,1,0,0),(1649,380,1,0,0),(1650,444,1,0,0),(1651,502,1,0,0),(1677,512,1,1,0),(1739,514,1,1,0),(1769,516,1,0,0),(1782,518,1,1,0),(1783,520,1,0,0),(1836,526,1,0,0),(1837,527,1,0,0),(1838,528,1,0,0),(1839,521,1,1,0),(1840,522,1,1,0),(1846,523,1,0,0),(1855,524,1,0,0),(1872,525,1,0,0),(1889,537,1,0,0),(1890,538,1,0,0),(1894,533,1,0,0),(1895,534,1,0,0),(1896,535,1,0,0),(1897,536,1,0,0),(1900,540,1,1,0),(1901,541,1,1,0),(1903,539,1,0,0),(1906,546,1,0,0),(1907,547,1,0,0),(1908,548,1,0,0),(1909,549,1,0,0),(1910,550,1,0,0),(1912,551,1,0,0),(1913,552,1,0,0),(1914,553,1,0,0),(1915,554,1,0,0),(1920,542,1,1,0),(1921,543,1,1,0),(1922,544,1,1,0),(1923,557,1,0,0),(1924,558,1,0,0);

--
-- Table structure for table `ps_ebay_product_image`
--

CREATE TABLE `ps_ebay_product_image` (
  `id_ebay_product_image` int(11) NOT NULL AUTO_INCREMENT,
  `ps_image_url` varchar(255) NOT NULL,
  `ebay_image_url` varchar(255) NOT NULL,
  PRIMARY KEY (`id_ebay_product_image`),
  UNIQUE KEY `ps_image_url` (`ps_image_url`)
) ENGINE=InnoDB DEFAULT CHARSET=utf8;

--
-- Dumping data for table `ps_ebay_product_image`
--


--
-- Table structure for table `ps_ebay_product_modified`
--

CREATE TABLE `ps_ebay_product_modified` (
  `id_ebay_product_modified` int(16) unsigned NOT NULL AUTO_INCREMENT,
  `id_ebay_profile` int(16) NOT NULL,
  `id_product` int(16) NOT NULL,
  PRIMARY KEY (`id_ebay_product_modified`)
) ENGINE=InnoDB DEFAULT CHARSET=utf8;

--
-- Dumping data for table `ps_ebay_product_modified`
--


--
-- Table structure for table `ps_ebay_profile`
--

CREATE TABLE `ps_ebay_profile` (
  `id_ebay_profile` int(16) NOT NULL AUTO_INCREMENT,
  `id_lang` int(11) NOT NULL,
  `id_shop` int(11) NOT NULL,
  `ebay_user_identifier` varchar(255) NOT NULL,
  `ebay_site_id` int(11) NOT NULL,
  `id_ebay_returns_policy_configuration` int(10) unsigned NOT NULL,
  PRIMARY KEY (`id_ebay_profile`)
) ENGINE=InnoDB AUTO_INCREMENT=2 DEFAULT CHARSET=utf8;

--
-- Dumping data for table `ps_ebay_profile`
--

INSERT INTO `ps_ebay_profile` VALUES (1,1,1,'desktop-store',101,1);

--
-- Table structure for table `ps_ebay_returns_policy`
--

CREATE TABLE `ps_ebay_returns_policy` (
  `id_return_policy` int(11) NOT NULL AUTO_INCREMENT,
  `value` varchar(256) NOT NULL,
  `description` varchar(256) NOT NULL,
  PRIMARY KEY (`id_return_policy`)
) ENGINE=InnoDB AUTO_INCREMENT=3 DEFAULT CHARSET=utf8;

--
-- Dumping data for table `ps_ebay_returns_policy`
--

INSERT INTO `ps_ebay_returns_policy` VALUES (1,'ReturnsAccepted','Restituzione accettata'),(2,'ReturnsNotAccepted','Restituzione non accettata');

--
-- Table structure for table `ps_ebay_returns_policy_configuration`
--

CREATE TABLE `ps_ebay_returns_policy_configuration` (
  `id_ebay_returns_policy_configuration` int(10) unsigned NOT NULL AUTO_INCREMENT,
  `ebay_returns_within` varchar(255) NOT NULL,
  `ebay_returns_who_pays` varchar(255) NOT NULL,
  `ebay_returns_description` text NOT NULL,
  `ebay_returns_accepted_option` varchar(255) NOT NULL,
  PRIMARY KEY (`id_ebay_returns_policy_configuration`)
) ENGINE=InnoDB AUTO_INCREMENT=2 DEFAULT CHARSET=utf8;

--
-- Dumping data for table `ps_ebay_returns_policy_configuration`
--

INSERT INTO `ps_ebay_returns_policy_configuration` VALUES (1,'Days_14','Buyer','','ReturnsAccepted');

--
-- Table structure for table `ps_ebay_returns_policy_description`
--

CREATE TABLE `ps_ebay_returns_policy_description` (
  `id_return_policy` int(11) NOT NULL AUTO_INCREMENT,
  `value` varchar(256) NOT NULL,
  `description` varchar(256) NOT NULL,
  PRIMARY KEY (`id_return_policy`)
) ENGINE=InnoDB DEFAULT CHARSET=utf8;

--
-- Dumping data for table `ps_ebay_returns_policy_description`
--


--
-- Table structure for table `ps_ebay_shipping`
--

CREATE TABLE `ps_ebay_shipping` (
  `id_ebay_shipping` int(11) NOT NULL AUTO_INCREMENT,
  `id_ebay_profile` int(16) NOT NULL,
  `ebay_carrier` varchar(256) NOT NULL,
  `ps_carrier` int(11) NOT NULL,
  `extra_fee` float(8,2) NOT NULL,
  `international` int(11) NOT NULL,
  `id_zone` int(11) NOT NULL,
  PRIMARY KEY (`id_ebay_shipping`)
) ENGINE=InnoDB AUTO_INCREMENT=78 DEFAULT CHARSET=utf8;

--
-- Dumping data for table `ps_ebay_shipping`
--

INSERT INTO `ps_ebay_shipping` VALUES (75,1,'IT_Posta1',42,1.00,0,1),(76,1,'IT_ExpressCourier',43,1.00,0,1),(77,1,'IT_Pickup',5,0.00,0,1);

--
-- Table structure for table `ps_ebay_shipping_international_zone`
--

CREATE TABLE `ps_ebay_shipping_international_zone` (
  `id_ebay_shipping` int(11) NOT NULL,
  `id_ebay_zone` varchar(256) NOT NULL,
  `id_ebay_profile` int(16) NOT NULL
) ENGINE=InnoDB DEFAULT CHARSET=utf8;

--
-- Dumping data for table `ps_ebay_shipping_international_zone`
--


--
-- Table structure for table `ps_ebay_shipping_location`
--

CREATE TABLE `ps_ebay_shipping_location` (
  `id_ebay_location` int(11) NOT NULL AUTO_INCREMENT,
  `location` varchar(256) NOT NULL,
  `description` varchar(256) NOT NULL,
  PRIMARY KEY (`id_ebay_location`)
) ENGINE=InnoDB AUTO_INCREMENT=20 DEFAULT CHARSET=utf8;

--
-- Dumping data for table `ps_ebay_shipping_location`
--

INSERT INTO `ps_ebay_shipping_location` VALUES (1,'BE','Belgio'),(2,'RU','Federazione Russa'),(3,'CA','Canada'),(4,'EuropeanUnion','Unione europea'),(5,'DE','Germania'),(6,'FR','Francia'),(7,'Europe','Europa'),(8,'GB','Regno Unito'),(9,'Americas','America'),(10,'Asia','Asia'),(11,'AU','Australia'),(12,'CH','Svizzera'),(13,'AT','Austria'),(14,'ES','Spagna'),(15,'Worldwide','Tutto il mondo'),(16,'US','Stati Uniti'),(17,'NL','Paesi Bassi'),(18,'JP','Giappone'),(19,'None','Luogo non specificato');

--
-- Table structure for table `ps_ebay_shipping_service`
--

CREATE TABLE `ps_ebay_shipping_service` (
  `id_shipping_service` int(11) NOT NULL AUTO_INCREMENT,
  `description` varchar(256) NOT NULL,
  `shippingService` varchar(256) NOT NULL,
  `shippingServiceID` varchar(256) NOT NULL,
  `InternationalService` varchar(256) NOT NULL,
  `ServiceType` varchar(256) NOT NULL,
  `ebay_site_id` int(16) NOT NULL,
  PRIMARY KEY (`id_shipping_service`)
) ENGINE=InnoDB AUTO_INCREMENT=46 DEFAULT CHARSET=utf8;

--
-- Dumping data for table `ps_ebay_shipping_service`
--

INSERT INTO `ps_ebay_shipping_service` VALUES (1,'Posta ordinaria','IT_RegularMail','10101','','Flat',101),(2,'Posta Prioritaria Internazionale','IT_PostaPrioritariaInternazionale','60104','true','Flat',101),(3,'Ritiro presso ufficio postale','IT_RitiroPressoUfficioPostale','10122','','Flat',101),(4,'Ritiro presso punto Indabox','IT_RitiroPressoPuntoIndabox','10123','','Flat',101),(5,'Posta1','IT_Posta1','10130','','Flat',101),(6,'Posta4','IT_PriorityMail','10102','','Flat',101),(7,'Posta Raccomandata Internazionale','IT_PostaRaccomandataInternazionale','60106','true','Flat',101),(8,'Posta raccomandata','IT_MailRegisteredLetter','10103','','Flat',101),(9,'Posta Assicurata Internazionale','IT_PostaAssicurataInternazionale','60107','true','Flat',101),(10,'Consegna al piano (vedi descrizione)','IT_ConsegnaAlPiano','10131','','Flat',101),(11,'Posta raccomandata con contrassegno','IT_MailRegisteredLetterWithMark','10104','','Flat',101),(12,'Pacco Ordinario Estero','IT_PaccoOrdinarioEstero','60105','true','Flat',101),(13,'Consegna con installazione (vedi descrizione)','IT_ConsegnaConInstallazione','10132','','Flat',101),(14,'Posta assicurata','IT_InsuredMail','10105','','Flat',101),(15,'Paccocelere Internazionale','IT_PaccocelereInternazionale','60109','true','Flat',101),(16,'Express Mail Service','IT_ExpressMailService','60108','true','Flat',101),(17,'DHL Express International','IT_DhlExpressInternational','60110','true','Flat',101),(18,'Spedizione internazionale economica','IT_OtherInternational','60103','true','Flat',101),(19,'Pacco ordinario','IT_RegularPackage','10107','','Flat',101),(20,'Pieghi di Libri','IT_PieghidiLibri','10124','','Flat',101),(21,'Spedizione internazionale standard','IT_StandardInternational','60101','true','Flat',101),(22,'Altro corriere 3-5 giorni','IT_OtherCourier3To5Days','10116','','Flat',101),(23,'Spedizione internazionale espressa','IT_ExpeditedInternational','60102','true','Flat',101),(24,'Paccocelere 3','IT_QuickPackage3','10109','','Flat',101),(25,'Nexive Economy ','DE_NexiveEconomy','10129','','Flat',101),(26,'Paccocelere Maxi','IT_ExpressPackageMaxi','10111','','Flat',101),(27,'Altro corriere 48ore','IT_ExpressCourier','10110','','Flat',101),(28,'IoInvio','IT_IoInvio','10117','','Flat',101),(29,'TNT-Click','IT_TNTClick','10118','','Flat',101),(30,'Bartolini Priority/Express','IT_BartoliniPriorityExpress','10119','','Flat',101),(31,'DHL Express','IT_DHLExpress','10120','','Flat',101),(32,'Nexive Completo','DE_NexiveCompleto','10128','','Flat',101),(33,'TNT Express','IT_TNT_Express','10121','','Flat',101),(34,'Paccocelere 1 / Posta Celere','IT_QuickMail','10106','','Flat',101),(35,'Altro corriere 24ore','IT_QuickPackage1','10108','','Flat',101),(36,'Nexive Espresso','DE_NexiveEspresso','10127','','Flat',101),(37,'Ritiro in zona','IT_Pickup','10151','','Flat',101),(38,'Spedizione economica dall’estero','IT_EconomyDeliveryFromAbroad','10112','','Flat',101),(39,'Spedizione standard dall’estero','IT_StandardDeliveryFromAbroad','10113','','Flat',101),(40,'Spedizione espressa dall’estero','IT_ExpressDeliveryFromAbroad','10114','','Flat',101),(41,'Spedizione tracciata dall’estero','IT_TrackedDeliveryFromAbroad','10115','','Flat',101),(42,'Spedizione MiniPak dall’estero','IT_MiniPakFromAbroad','10126','','Flat',101),(43,'Spedizione TrakPak dall’estero','IT_TrakPakFromAbroad','10125','','Flat',101),(44,'Servizio di spedizione promozionale','PromotionalShippingMethod','10199','','Flat',101),(45,'Servizio di spedizione promozionale','PromotionalShippingMethod','60199','true','Flat',101);

--
-- Table structure for table `ps_ebay_shipping_zone_excluded`
--

CREATE TABLE `ps_ebay_shipping_zone_excluded` (
  `id_ebay_zone_excluded` int(11) NOT NULL AUTO_INCREMENT,
  `id_ebay_profile` int(16) NOT NULL,
  `region` varchar(255) NOT NULL,
  `location` varchar(255) NOT NULL,
  `description` varchar(255) NOT NULL,
  `excluded` int(11) NOT NULL,
  PRIMARY KEY (`id_ebay_zone_excluded`)
) ENGINE=InnoDB AUTO_INCREMENT=229 DEFAULT CHARSET=utf8;

--
-- Dumping data for table `ps_ebay_shipping_zone_excluded`
--

INSERT INTO `ps_ebay_shipping_zone_excluded` VALUES (1,1,'Worldwide','Africa','Africa',0),(2,1,'Worldwide','Asia','Asia',0),(3,1,'Worldwide','Central America and Caribbean','America centrale e Caraibi',0),(4,1,'Worldwide','Europe','Europa',0),(5,1,'Asia','Middle East','Medio oriente',0),(6,1,'Worldwide','North America','Nord America',0),(7,1,'Worldwide','Oceania','Oceania',0),(8,1,'Asia','Southeast Asia','Asia sud-orientale',0),(9,1,'Worldwide','South America','Sud America',0),(10,1,'Africa','EH','Sahara Occidentale',0),(11,1,'Africa','CF','Repubblica Centrafricana',0),(12,1,'Africa','SH','St. Elena',0),(13,1,'Africa','TZ','Tanzania',0),(14,1,'Africa','UG','Uganda',0),(15,1,'Africa','DJ','Gibuti',0),(16,1,'Africa','SL','Sierra Leone',0),(17,1,'Africa','LS','Lesotho',0),(18,1,'Africa','GH','Ghana',0),(19,1,'Africa','MZ','Mozambico',0),(20,1,'Africa','CG','Congo, Repubblica',0),(21,1,'Africa','CD','Congo, Repubblica Democratica',0),(22,1,'Africa','RW','Ruanda',0),(23,1,'Africa','TD','Ciad',0),(24,1,'Africa','LR','Liberia',0),(25,1,'Africa','RE','Reunion',0),(26,1,'Africa','GN','Guinea',0),(27,1,'Africa','LY','Libya',0),(28,1,'Africa','YT','Mayotte',0),(29,1,'Africa','SC','Seychelles',0),(30,1,'Africa','ET','Etiopia',0),(31,1,'Africa','MW','Malawi',0),(32,1,'Africa','SN','Senegal',0),(33,1,'Africa','KM','Comoros',0),(34,1,'Africa','TN','Tunisia',0),(35,1,'Africa','BW','Botswana',0),(36,1,'Africa','GQ','Guinea Equatoriale',0),(37,1,'Africa','GA','Repubblica di Gabon',0),(38,1,'Africa','NG','Nigeria',0),(39,1,'Africa','MR','Mauritania',0),(40,1,'Africa','GW','Guinea-Bissau',0),(41,1,'Africa','KE','Kenya',0),(42,1,'Africa','SZ','Swaziland',0),(43,1,'Africa','ZA','Sudafrica',0),(44,1,'Africa','DZ','Algeria',0),(45,1,'Africa','MG','Madagascar',0),(46,1,'Africa','CV','Isole di Capo Verde',0),(47,1,'Africa','EG','Egitto',0),(48,1,'Africa','ZW','Zimbabwe',0),(49,1,'Africa','AO','Angola',0),(50,1,'Africa','BI','Burundi',0),(51,1,'Africa','MU','Mauritius',0),(52,1,'Africa','CM','Camerun',0),(53,1,'Africa','TG','Togo',0),(54,1,'Africa','CI','Costa d\'Avorio',0),(55,1,'Africa','ER','Eritrea',0),(56,1,'Africa','ML','Mali',0),(57,1,'Africa','GM','Gambia',0),(58,1,'Africa','NE','Niger',0),(59,1,'Africa','BF','Burkina Faso',0),(60,1,'Africa','MA','Marocco',0),(61,1,'Africa','SO','Somalia',0),(62,1,'Africa','ZM','Zambia',0),(63,1,'Africa','BJ','Benin',0),(64,1,'Africa','NA','Namibia',0),(65,1,'Asia','TJ','Tajikistan',0),(66,1,'Asia','BD','Bangladesh',0),(67,1,'Asia','MV','Maldive',0),(68,1,'Asia','PK','Pakistan',0),(69,1,'Asia','KZ','Kazakistan',0),(70,1,'Asia','BT','Bhutan',0),(71,1,'Asia','KR','Corea del Sud',0),(72,1,'Asia','KG','Kyrgyzstan',0),(73,1,'Asia','LK','Sri Lanka',0),(74,1,'Asia','CN','Cina',0),(75,1,'Asia','JP','Giappone',0),(76,1,'Asia','UZ','Uzbekistan',0),(77,1,'Asia','TM','Turkmenistan',0),(78,1,'Asia','IN','India',0),(79,1,'Asia','NP','Nepal',0),(80,1,'Asia','AM','Armenia',0),(81,1,'Asia','MN','Mongolia',0),(82,1,'Asia','AZ','Repubblica dell\'Azerbaijan',0),(83,1,'Asia','GE','Georgia',0),(84,1,'Asia','AF','Afghanistan',0),(85,1,'Asia','RU','Federazione Russa',0),(86,1,'Central America and Caribbean','PA','Panama',0),(87,1,'Central America and Caribbean','VI','Isole Vergini (U.S.A.)',0),(88,1,'Central America and Caribbean','JM','Giamaica',0),(89,1,'Central America and Caribbean','VG','Isole Vergini Britanniche',0),(90,1,'Central America and Caribbean','GD','Grenada',0),(91,1,'Central America and Caribbean','TT','Trinidad e Tobago',0),(92,1,'Central America and Caribbean','PR','Porto Rico',0),(93,1,'Central America and Caribbean','BS','Bahamas',0),(94,1,'Central America and Caribbean','DM','Dominica',0),(95,1,'Central America and Caribbean','BZ','Belize',0),(96,1,'Central America and Caribbean','HT','Haiti',0),(97,1,'Central America and Caribbean','KN','St. Kitts-Nevis',0),(98,1,'Central America and Caribbean','TC','Isole Turks e Caicos',0),(99,1,'Central America and Caribbean','SV','El Salvador',0),(100,1,'Central America and Caribbean','MS','Montserrat',0),(101,1,'Central America and Caribbean','AG','Antigua e Barbuda',0),(102,1,'Central America and Caribbean','KY','Isole Cayman',0),(103,1,'Central America and Caribbean','AW','Aruba',0),(104,1,'Central America and Caribbean','LC','Santa Lucia',0),(105,1,'Central America and Caribbean','GT','Guatemala',0),(106,1,'Central America and Caribbean','AN','Antille Olandesi',0),(107,1,'Central America and Caribbean','VC','San Vincenzo e Grenadine',0),(108,1,'Central America and Caribbean','DO','Repubblica Dominicana',0),(109,1,'Central America and Caribbean','GP','Guadalupe',0),(110,1,'Central America and Caribbean','MQ','Martinica',0),(111,1,'Central America and Caribbean','CR','Costa Rica',0),(112,1,'Central America and Caribbean','AI','Anguilla',0),(113,1,'Central America and Caribbean','HN','Honduras',0),(114,1,'Central America and Caribbean','NI','Nicaragua',0),(115,1,'Central America and Caribbean','BB','Barbados',0),(116,1,'Europe','PT','Portogallo',0),(117,1,'Europe','MK','Macedonia',0),(118,1,'Europe','RO','Romania',0),(119,1,'Europe','IS','Islanda',0),(120,1,'Europe','DK','Danimarca',0),(121,1,'Europe','NO','Norvegia',0),(122,1,'Europe','DE','Germania',0),(123,1,'Europe','AD','Andorra',0),(124,1,'Europe','FI','Finlandia',0),(125,1,'Europe','HR','Croazia, Repubblica',0),(126,1,'Europe','GI','Gibilterra',0),(127,1,'Europe','ME','Montenegro',0),(128,1,'Europe','IE','Irlanda',0),(129,1,'Europe','MC','Monaco',0),(130,1,'Europe','PL','Polonia',0),(131,1,'Europe','JE','Jersey',0),(132,1,'Europe','BG','Bulgaria',0),(133,1,'Europe','AT','Austria',0),(134,1,'Europe','VA','Città del Vaticano',0),(135,1,'Europe','EE','Estonia',0),(136,1,'Europe','SM','San Marino',0),(137,1,'Europe','ES','Spagna',0),(138,1,'Europe','RS','Serbia',0),(139,1,'Europe','GR','Grecia',0),(140,1,'Europe','FR','Francia',0),(141,1,'Europe','LU','Lussemburgo',0),(142,1,'Europe','HU','Ungheria',0),(143,1,'Europe','GB','Regno Unito',0),(144,1,'Europe','BY','Bielorussia',0),(145,1,'Europe','SJ','Svalbard and Jan Mayen',0),(146,1,'Europe','CH','Svizzera',0),(147,1,'Europe','LI','Liechtenstein',0),(148,1,'Europe','MD','Moldova ',0),(149,1,'Europe','LV','Lettonia',0),(150,1,'Europe','AL','Albania',0),(151,1,'Europe','SE','Svezia',0),(152,1,'Europe','CZ','Repubblica Ceca',0),(153,1,'Europe','LT','Lituania',0),(154,1,'Europe','NL','Paesi Bassi',0),(155,1,'Europe','CY','Cipro',0),(156,1,'Europe','GG','Guernsey',0),(157,1,'Europe','RU','Federazione Russa',0),(158,1,'Europe','MT','Malta',0),(159,1,'Europe','SK','Slovacchia',0),(160,1,'Europe','UA','Ucraina',0),(161,1,'Europe','BE','Belgio',0),(162,1,'Europe','SI','Slovenia',0),(163,1,'Europe','BA','Bosnia e Erzegovina',0),(164,1,'Middle East','TR','Turchia',0),(165,1,'Middle East','BH','Bahrein',0),(166,1,'Middle East','QA','Qatar',0),(167,1,'Middle East','YE','Yemen',0),(168,1,'Middle East','AE','Emirati Arabi Uniti',0),(169,1,'Middle East','IQ','Iraq',0),(170,1,'Middle East','OM','Oman',0),(171,1,'Middle East','KW','Kuwait',0),(172,1,'Middle East','SA','Arabia Saudita',0),(173,1,'Middle East','IL','Israele',0),(174,1,'Middle East','JO','Giordania',0),(175,1,'Middle East','LB','Libano',0),(176,1,'North America','US','Stati Uniti',0),(177,1,'North America','GL','Groenlandia',0),(178,1,'North America','MX','Messico',0),(179,1,'North America','CA','Canada',0),(180,1,'North America','PM','St. Pierre e Miquelon',0),(181,1,'North America','BM','Bermuda',0),(182,1,'Oceania','FM','Micronesia',0),(183,1,'Oceania','WF','Wallis e Futuna',0),(184,1,'Oceania','AU','Australia',0),(185,1,'Oceania','KI','Kiribati',0),(186,1,'Oceania','WS','Samoa Occidentale',0),(187,1,'Oceania','VU','Vanuatu',0),(188,1,'Oceania','AS','Samoa Americane',0),(189,1,'Oceania','NR','Nauru',0),(190,1,'Oceania','NC','Nuova Caledonia',0),(191,1,'Oceania','NU','Niue',0),(192,1,'Oceania','SB','Isole Salomone',0),(193,1,'Oceania','CK','Isole Cook',0),(194,1,'Oceania','NZ','Nuova Zelanda',0),(195,1,'Oceania','TV','Tuvalu',0),(196,1,'Oceania','PF','Polinesia Francese',0),(197,1,'Oceania','GU','Guam',0),(198,1,'Oceania','FJ','Figi',0),(199,1,'Oceania','PG','Papuasia Nuova Guinea',0),(200,1,'Oceania','MH','Isole Marshall',0),(201,1,'Oceania','TO','Tonga',0),(202,1,'Oceania','PW','Palau',0),(203,1,'Southeast Asia','VN','Vietnam',0),(204,1,'Southeast Asia','TW','Taiwan',0),(205,1,'Southeast Asia','HK','Hong Kong',0),(206,1,'Southeast Asia','BN','Brunei Darussalam',0),(207,1,'Southeast Asia','TH','Tailandia',0),(208,1,'Southeast Asia','LA','Laos',0),(209,1,'Southeast Asia','PH','Filippine',0),(210,1,'Southeast Asia','MO','Macao',0),(211,1,'Southeast Asia','SG','Singapore',0),(212,1,'Southeast Asia','MY','Malesia',0),(213,1,'Southeast Asia','ID','Indonesia',0),(214,1,'Southeast Asia','KH','Cambogia',0),(215,1,'South America','PY','Paraguay',0),(216,1,'South America','FK','Isole Falkland (Islas Malvinas)',0),(217,1,'South America','SR','Suriname',0),(218,1,'South America','GY','Guyana',0),(219,1,'South America','GF','Guyana Francese',0),(220,1,'South America','BO','Bolivia',0),(221,1,'South America','AR','Argentina',0),(222,1,'South America','EC','Ecuador',0),(223,1,'South America','CL','Cile',0),(224,1,'South America','PE','Perù',0),(225,1,'South America','UY','Uruguay',0),(226,1,'South America','VE','Venezuela',0),(227,1,'South America','BR','Brasile',0),(228,1,'South America','CO','Colombia',0);

--
-- Table structure for table `ps_ebay_stat`
--

CREATE TABLE `ps_ebay_stat` (
  `id_ebay_stat` int(16) NOT NULL AUTO_INCREMENT,
  `id_ebay_profile` int(16) NOT NULL,
  `version` varchar(10) NOT NULL,
  `data` text,
  `date_add` datetime NOT NULL,
  `tries` tinyint(3) unsigned NOT NULL,
  PRIMARY KEY (`id_ebay_stat`)
) ENGINE=InnoDB DEFAULT CHARSET=utf8;

--
-- Dumping data for table `ps_ebay_stat`
--


--
-- Table structure for table `ps_ebay_store_category`
--

CREATE TABLE `ps_ebay_store_category` (
  `id_ebay_store_category` int(16) NOT NULL AUTO_INCREMENT,
  `id_ebay_profile` int(16) NOT NULL,
  `ebay_category_id` varchar(255) NOT NULL,
  `name` varchar(255) NOT NULL,
  `order` int(16) NOT NULL,
  `ebay_parent_category_id` varchar(255) NOT NULL,
  PRIMARY KEY (`id_ebay_store_category`),
  UNIQUE KEY `id_ebay_profile` (`id_ebay_profile`,`ebay_category_id`)
) ENGINE=InnoDB DEFAULT CHARSET=utf8;

--
-- Dumping data for table `ps_ebay_store_category`
--


--
-- Table structure for table `ps_ebay_store_category_configuration`
--

CREATE TABLE `ps_ebay_store_category_configuration` (
  `id_ebay_store_category_configuration` int(16) NOT NULL AUTO_INCREMENT,
  `id_ebay_profile` int(16) NOT NULL,
  `ebay_category_id` varchar(255) NOT NULL,
  `id_category` int(16) NOT NULL,
  PRIMARY KEY (`id_ebay_store_category_configuration`),
  UNIQUE KEY `id_ebay_profile` (`id_ebay_profile`,`id_category`)
) ENGINE=InnoDB DEFAULT CHARSET=utf8;

--
-- Dumping data for table `ps_ebay_store_category_configuration`
--


--
-- Table structure for table `ps_ebay_sync_history`
--

CREATE TABLE `ps_ebay_sync_history` (
  `id_ebay_sync_history` int(16) NOT NULL AUTO_INCREMENT,
  `is_manual` tinyint(1) NOT NULL,
  `datetime` datetime NOT NULL,
  PRIMARY KEY (`id_ebay_sync_history`)
) ENGINE=InnoDB DEFAULT CHARSET=utf8;

--
-- Dumping data for table `ps_ebay_sync_history`
--


--
-- Table structure for table `ps_ebay_sync_history_product`
--

CREATE TABLE `ps_ebay_sync_history_product` (
  `id_ebay_sync_history_product` int(16) NOT NULL AUTO_INCREMENT,
  `id_ebay_sync_history` int(11) NOT NULL,
  `id_product` int(11) NOT NULL,
  PRIMARY KEY (`id_ebay_sync_history_product`),
  KEY `id_ebay_sync_history` (`id_ebay_sync_history`)
) ENGINE=InnoDB DEFAULT CHARSET=utf8;

--
-- Dumping data for table `ps_ebay_sync_history_product`
--


--
-- Table structure for table `ps_employee_shop`
--

CREATE TABLE `ps_employee_shop` (
  `id_employee` int(11) unsigned NOT NULL,
  `id_shop` int(11) unsigned NOT NULL,
  PRIMARY KEY (`id_employee`,`id_shop`),
  KEY `id_shop` (`id_shop`)
) ENGINE=InnoDB DEFAULT CHARSET=utf8;

--
-- Dumping data for table `ps_employee_shop`
--

INSERT INTO `ps_employee_shop` VALUES (1,1),(2,1),(3,1),(4,1);

--
-- Table structure for table `ps_feature`
--

CREATE TABLE `ps_feature` (
  `id_feature` int(10) unsigned NOT NULL AUTO_INCREMENT,
  `position` int(10) unsigned NOT NULL DEFAULT '0',
  PRIMARY KEY (`id_feature`)
) ENGINE=InnoDB AUTO_INCREMENT=8 DEFAULT CHARSET=utf8;

--
-- Dumping data for table `ps_feature`
--

INSERT INTO `ps_feature` VALUES (1,0),(2,1),(3,2),(4,3),(5,4),(6,5),(7,6);

--
-- Table structure for table `ps_feature_lang`
--

CREATE TABLE `ps_feature_lang` (
  `id_feature` int(10) unsigned NOT NULL,
  `id_lang` int(10) unsigned NOT NULL,
  `name` varchar(128) DEFAULT NULL,
  PRIMARY KEY (`id_feature`,`id_lang`),
  KEY `id_lang` (`id_lang`,`name`)
) ENGINE=InnoDB DEFAULT CHARSET=utf8;

--
-- Dumping data for table `ps_feature_lang`
--

INSERT INTO `ps_feature_lang` VALUES (1,1,'Altezza'),(5,1,'Composizioni'),(2,1,'Larghezza'),(6,1,'Modelli'),(4,1,'Peso'),(3,1,'Profondità'),(7,1,'Proprietà');

--
-- Table structure for table `ps_feature_product`
--

CREATE TABLE `ps_feature_product` (
  `id_feature` int(10) unsigned NOT NULL,
  `id_product` int(10) unsigned NOT NULL,
  `id_feature_value` int(10) unsigned NOT NULL,
  PRIMARY KEY (`id_feature`,`id_product`),
  KEY `id_feature_value` (`id_feature_value`),
  KEY `id_product` (`id_product`)
) ENGINE=InnoDB DEFAULT CHARSET=utf8;

--
-- Dumping data for table `ps_feature_product`
--


--
-- Table structure for table `ps_feature_shop`
--

CREATE TABLE `ps_feature_shop` (
  `id_feature` int(11) unsigned NOT NULL,
  `id_shop` int(11) unsigned NOT NULL,
  PRIMARY KEY (`id_feature`,`id_shop`),
  KEY `id_shop` (`id_shop`)
) ENGINE=InnoDB DEFAULT CHARSET=utf8;

--
-- Dumping data for table `ps_feature_shop`
--

INSERT INTO `ps_feature_shop` VALUES (1,1),(2,1),(3,1),(4,1),(5,1),(6,1),(7,1);

--
-- Table structure for table `ps_feature_value`
--

CREATE TABLE `ps_feature_value` (
  `id_feature_value` int(10) unsigned NOT NULL AUTO_INCREMENT,
  `id_feature` int(10) unsigned NOT NULL,
  `custom` tinyint(3) unsigned DEFAULT NULL,
  PRIMARY KEY (`id_feature_value`),
  KEY `feature` (`id_feature`)
) ENGINE=InnoDB AUTO_INCREMENT=34 DEFAULT CHARSET=utf8;

--
-- Dumping data for table `ps_feature_value`
--

INSERT INTO `ps_feature_value` VALUES (1,5,0),(2,5,0),(3,5,0),(4,5,0),(5,5,0),(6,5,0),(7,5,0),(8,5,0),(9,5,0),(10,6,0),(11,6,0),(12,6,0),(13,6,0),(14,6,0),(15,6,0),(16,6,0),(17,7,0),(18,7,0),(19,7,0),(20,7,0),(21,7,0),(22,1,1),(23,2,1),(24,4,1),(25,3,1),(26,1,1),(27,2,1),(28,4,1),(29,3,1),(30,1,1),(31,2,1),(32,4,1),(33,3,1);

--
-- Table structure for table `ps_feature_value_lang`
--

CREATE TABLE `ps_feature_value_lang` (
  `id_feature_value` int(10) unsigned NOT NULL,
  `id_lang` int(10) unsigned NOT NULL,
  `value` varchar(255) DEFAULT NULL,
  PRIMARY KEY (`id_feature_value`,`id_lang`)
) ENGINE=InnoDB DEFAULT CHARSET=utf8;

--
-- Dumping data for table `ps_feature_value_lang`
--

INSERT INTO `ps_feature_value_lang` VALUES (1,1,'Poliestere'),(2,1,'Lana'),(3,1,'Viscosa'),(4,1,'Elastan'),(5,1,'Cotone'),(6,1,'Seta'),(7,1,'Pelle scamosciata'),(8,1,'Paglia'),(9,1,'Pelle'),(10,1,'Classico'),(11,1,'Casual'),(12,1,'Militare'),(13,1,'Femminile'),(14,1,'Rock'),(15,1,'Base'),(16,1,'Elegante'),(17,1,'Manica corta'),(18,1,'Abito colorato'),(19,1,'Abito corto'),(20,1,'Abito midi'),(21,1,'Abito maxi'),(22,1,'2.75 in'),(23,1,'2.06 in'),(24,1,'49.2 g'),(25,1,'0.26 in'),(26,1,'1.07 in'),(27,1,'1.62 in'),(28,1,'15.5 g'),(29,1,'0.41 in (clip included)'),(30,1,'4.33 in'),(31,1,'2.76 in'),(32,1,'120g'),(33,1,'0.31 in');

--
-- Table structure for table `ps_ganalytics`
--

CREATE TABLE `ps_ganalytics` (
  `id_google_analytics` int(11) NOT NULL AUTO_INCREMENT,
  `id_order` int(11) NOT NULL,
  `id_customer` int(10) NOT NULL,
  `id_shop` int(11) NOT NULL,
  `sent` tinyint(1) DEFAULT NULL,
  `date_add` datetime DEFAULT NULL,
  PRIMARY KEY (`id_google_analytics`),
  KEY `id_order` (`id_order`),
  KEY `sent` (`sent`)
) ENGINE=InnoDB AUTO_INCREMENT=12 DEFAULT CHARSET=utf8;

--
-- Dumping data for table `ps_ganalytics`
--

INSERT INTO `ps_ganalytics` VALUES (1,7,0,1,1,'2016-03-12 15:41:54'),(2,8,0,1,1,'2016-04-06 21:51:11'),(3,65,0,1,1,'2016-05-05 18:40:12'),(4,70,0,1,1,'2016-06-03 09:28:02'),(5,109,0,1,1,'2016-06-27 10:29:31'),(6,115,0,1,1,'2016-06-27 10:29:32'),(7,128,0,1,1,'2016-06-25 07:24:57'),(8,130,0,1,1,'2016-07-09 01:35:49'),(9,137,0,1,1,'2016-07-09 00:03:37'),(10,152,0,1,1,'2016-07-20 22:35:10'),(11,230,0,1,1,'2016-08-14 17:44:53');

--
-- Table structure for table `ps_gender`
--

CREATE TABLE `ps_gender` (
  `id_gender` int(11) NOT NULL AUTO_INCREMENT,
  `type` tinyint(1) NOT NULL,
  PRIMARY KEY (`id_gender`)
) ENGINE=InnoDB AUTO_INCREMENT=3 DEFAULT CHARSET=utf8;

--
-- Dumping data for table `ps_gender`
--

INSERT INTO `ps_gender` VALUES (1,0),(2,1);

--
-- Table structure for table `ps_gender_lang`
--

CREATE TABLE `ps_gender_lang` (
  `id_gender` int(10) unsigned NOT NULL,
  `id_lang` int(10) unsigned NOT NULL,
  `name` varchar(20) NOT NULL,
  PRIMARY KEY (`id_gender`,`id_lang`),
  KEY `id_gender` (`id_gender`)
) ENGINE=InnoDB DEFAULT CHARSET=utf8;

--
-- Dumping data for table `ps_gender_lang`
--

INSERT INTO `ps_gender_lang` VALUES (1,1,'Sig.'),(2,1,'Sig.ra');

--
-- Table structure for table `ps_group`
--

CREATE TABLE `ps_group` (
  `id_group` int(10) unsigned NOT NULL AUTO_INCREMENT,
  `reduction` decimal(17,2) NOT NULL DEFAULT '0.00',
  `price_display_method` tinyint(4) NOT NULL DEFAULT '0',
  `show_prices` tinyint(1) unsigned NOT NULL DEFAULT '1',
  `date_add` datetime NOT NULL,
  `date_upd` datetime NOT NULL,
  PRIMARY KEY (`id_group`)
) ENGINE=InnoDB AUTO_INCREMENT=4 DEFAULT CHARSET=utf8;

--
-- Dumping data for table `ps_group`
--

INSERT INTO `ps_group` VALUES (1,0.00,0,1,'2016-02-15 10:48:01','2016-02-15 10:48:01'),(2,0.00,0,0,'2016-02-15 10:48:01','2016-07-27 11:23:19'),(3,0.00,0,1,'2016-02-15 10:48:01','2016-02-15 10:48:01');

--
-- Table structure for table `ps_group_lang`
--

CREATE TABLE `ps_group_lang` (
  `id_group` int(10) unsigned NOT NULL,
  `id_lang` int(10) unsigned NOT NULL,
  `name` varchar(32) NOT NULL,
  PRIMARY KEY (`id_group`,`id_lang`)
) ENGINE=InnoDB DEFAULT CHARSET=utf8;

--
-- Dumping data for table `ps_group_lang`
--

INSERT INTO `ps_group_lang` VALUES (1,1,'Visitatore'),(2,1,'Ospite'),(3,1,'Cliente');

--
-- Table structure for table `ps_group_reduction`
--

CREATE TABLE `ps_group_reduction` (
  `id_group_reduction` mediumint(8) unsigned NOT NULL AUTO_INCREMENT,
  `id_group` int(10) unsigned NOT NULL,
  `id_category` int(10) unsigned NOT NULL,
  `reduction` decimal(4,3) NOT NULL,
  PRIMARY KEY (`id_group_reduction`),
  UNIQUE KEY `id_group` (`id_group`,`id_category`)
) ENGINE=InnoDB DEFAULT CHARSET=utf8;

--
-- Dumping data for table `ps_group_reduction`
--


--
-- Table structure for table `ps_group_shop`
--

CREATE TABLE `ps_group_shop` (
  `id_group` int(11) unsigned NOT NULL,
  `id_shop` int(11) unsigned NOT NULL,
  PRIMARY KEY (`id_group`,`id_shop`),
  KEY `id_shop` (`id_shop`)
) ENGINE=InnoDB DEFAULT CHARSET=utf8;

--
-- Dumping data for table `ps_group_shop`
--

INSERT INTO `ps_group_shop` VALUES (1,1),(2,1),(3,1);

--
-- Table structure for table `ps_gsitemap_sitemap`
--

CREATE TABLE `ps_gsitemap_sitemap` (
  `link` varchar(255) DEFAULT NULL,
  `id_shop` int(11) DEFAULT '0'
) ENGINE=InnoDB DEFAULT CHARSET=utf8;

--
-- Dumping data for table `ps_gsitemap_sitemap`
--

INSERT INTO `ps_gsitemap_sitemap` VALUES ('1_it_0_sitemap.xml',1);

--
-- Table structure for table `ps_guest`
--

CREATE TABLE `ps_guest` (
  `id_guest` int(10) unsigned NOT NULL AUTO_INCREMENT,
  `id_operating_system` int(10) unsigned DEFAULT NULL,
  `id_web_browser` int(10) unsigned DEFAULT NULL,
  `id_customer` int(10) unsigned DEFAULT NULL,
  `javascript` tinyint(1) DEFAULT '0',
  `screen_resolution_x` smallint(5) unsigned DEFAULT NULL,
  `screen_resolution_y` smallint(5) unsigned DEFAULT NULL,
  `screen_color` tinyint(3) unsigned DEFAULT NULL,
  `sun_java` tinyint(1) DEFAULT NULL,
  `adobe_flash` tinyint(1) DEFAULT NULL,
  `adobe_director` tinyint(1) DEFAULT NULL,
  `apple_quicktime` tinyint(1) DEFAULT NULL,
  `real_player` tinyint(1) DEFAULT NULL,
  `windows_media` tinyint(1) DEFAULT NULL,
  `accept_language` varchar(8) DEFAULT NULL,
  `mobile_theme` tinyint(1) NOT NULL DEFAULT '0',
  PRIMARY KEY (`id_guest`),
  KEY `id_customer` (`id_customer`),
  KEY `id_operating_system` (`id_operating_system`),
  KEY `id_web_browser` (`id_web_browser`)
) ENGINE=InnoDB DEFAULT CHARSET=utf8;

--
-- Dumping data for table `ps_guest`
--


--
-- Table structure for table `ps_homeslider`
--

CREATE TABLE `ps_homeslider` (
  `id_homeslider_slides` int(10) unsigned NOT NULL AUTO_INCREMENT,
  `id_shop` int(10) unsigned NOT NULL,
  PRIMARY KEY (`id_homeslider_slides`,`id_shop`)
) ENGINE=InnoDB AUTO_INCREMENT=4 DEFAULT CHARSET=utf8;

--
-- Dumping data for table `ps_homeslider`
--

INSERT INTO `ps_homeslider` VALUES (1,1),(2,1),(3,1);

--
-- Table structure for table `ps_homeslider_slides`
--

CREATE TABLE `ps_homeslider_slides` (
  `id_homeslider_slides` int(10) unsigned NOT NULL AUTO_INCREMENT,
  `position` int(10) unsigned NOT NULL DEFAULT '0',
  `active` tinyint(1) unsigned NOT NULL DEFAULT '0',
  PRIMARY KEY (`id_homeslider_slides`)
) ENGINE=InnoDB AUTO_INCREMENT=4 DEFAULT CHARSET=utf8;

--
-- Dumping data for table `ps_homeslider_slides`
--

INSERT INTO `ps_homeslider_slides` VALUES (1,1,1),(2,2,1),(3,3,1);

--
-- Table structure for table `ps_homeslider_slides_lang`
--

CREATE TABLE `ps_homeslider_slides_lang` (
  `id_homeslider_slides` int(10) unsigned NOT NULL,
  `id_lang` int(10) unsigned NOT NULL,
  `title` varchar(255) NOT NULL,
  `description` text NOT NULL,
  `legend` varchar(255) NOT NULL,
  `url` varchar(255) NOT NULL,
  `image` varchar(255) NOT NULL,
  PRIMARY KEY (`id_homeslider_slides`,`id_lang`)
) ENGINE=InnoDB DEFAULT CHARSET=utf8;

--
-- Dumping data for table `ps_homeslider_slides_lang`
--

INSERT INTO `ps_homeslider_slides_lang` VALUES (1,1,'Sample 1','<h2>EXCEPTEUR<br />OCCAECAT</h2>\n				<p>Lorem ipsum dolor sit amet, consectetur adipiscing elit. Proin tristique in tortor et dignissim. Quisque non tempor leo. Maecenas egestas sem elit</p>\n				<p><button class=\"btn btn-default\" type=\"button\">Shop now !</button></p>','sample-1','http://www.prestashop.com/?utm_source=back-office&utm_medium=v16_homeslider&utm_campaign=back-office-IT&utm_content=download','sample-1.jpg'),(2,1,'Sample 2','<h2>EXCEPTEUR<br />OCCAECAT</h2>\n				<p>Lorem ipsum dolor sit amet, consectetur adipiscing elit. Proin tristique in tortor et dignissim. Quisque non tempor leo. Maecenas egestas sem elit</p>\n				<p><button class=\"btn btn-default\" type=\"button\">Shop now !</button></p>','sample-2','http://www.prestashop.com/?utm_source=back-office&utm_medium=v16_homeslider&utm_campaign=back-office-IT&utm_content=download','sample-2.jpg'),(3,1,'Sample 3','<h2>EXCEPTEUR<br />OCCAECAT</h2>\n				<p>Lorem ipsum dolor sit amet, consectetur adipiscing elit. Proin tristique in tortor et dignissim. Quisque non tempor leo. Maecenas egestas sem elit</p>\n				<p><button class=\"btn btn-default\" type=\"button\">Shop now !</button></p>','sample-3','http://www.prestashop.com/?utm_source=back-office&utm_medium=v16_homeslider&utm_campaign=back-office-IT&utm_content=download','sample-3.jpg');

--
-- Table structure for table `ps_hook`
--

CREATE TABLE `ps_hook` (
  `id_hook` int(10) unsigned NOT NULL AUTO_INCREMENT,
  `name` varchar(64) NOT NULL,
  `title` varchar(64) NOT NULL,
  `description` text,
  `position` tinyint(1) NOT NULL DEFAULT '1',
  `live_edit` tinyint(1) NOT NULL DEFAULT '0',
  PRIMARY KEY (`id_hook`),
  UNIQUE KEY `hook_name` (`name`)
) ENGINE=InnoDB AUTO_INCREMENT=169 DEFAULT CHARSET=utf8;

--
-- Dumping data for table `ps_hook`
--

INSERT INTO `ps_hook` VALUES (1,'displayPayment','Payment','This hook displays new elements on the payment page',1,1),(2,'actionValidateOrder','New orders','',1,0),(3,'displayMaintenance','Maintenance Page','This hook displays new elements on the maintenance page',1,0),(4,'actionPaymentConfirmation','Payment confirmation','This hook displays new elements after the payment is validated',1,0),(5,'displayPaymentReturn','Payment return','',1,0),(6,'actionUpdateQuantity','Quantity update','Quantity is updated only when a customer effectively places their order',1,0),(7,'displayRightColumn','Right column blocks','This hook displays new elements in the right-hand column',1,1),(8,'displayLeftColumn','Left column blocks','This hook displays new elements in the left-hand column',1,1),(9,'displayHome','Homepage content','This hook displays new elements on the homepage',1,1),(10,'Header','Pages html head section','This hook adds additional elements in the head section of your pages (head section of html)',1,0),(11,'actionCartSave','Cart creation and update','This hook is displayed when a product is added to the cart or if the cart\'s content is modified',1,0),(12,'actionAuthentication','Successful customer authentication','This hook is displayed after a customer successfully signs in',1,0),(13,'actionProductAdd','Product creation','This hook is displayed after a product is created',1,0),(14,'actionProductUpdate','Product update','This hook is displayed after a product has been updated',1,0),(15,'displayTop','Top of pages','This hook displays additional elements at the top of your pages',1,0),(16,'displayRightColumnProduct','New elements on the product page (right column)','This hook displays new elements in the right-hand column of the product page',1,0),(17,'actionProductDelete','Product deletion','This hook is called when a product is deleted',1,0),(18,'displayFooterProduct','Product footer','This hook adds new blocks under the product\'s description',1,1),(19,'displayInvoice','Invoice','This hook displays new blocks on the invoice (order)',1,0),(20,'actionOrderStatusUpdate','Order status update - Event','This hook launches modules when the status of an order changes.',1,0),(21,'displayAdminOrder','Display new elements in the Back Office, tab AdminOrder','This hook launches modules when the AdminOrder tab is displayed in the Back Office',1,0),(22,'displayAdminOrderTabOrder','Display new elements in Back Office, AdminOrder, panel Order','This hook launches modules when the AdminOrder tab is displayed in the Back Office and extends / override Order panel tabs',1,0),(23,'displayAdminOrderTabShip','Display new elements in Back Office, AdminOrder, panel Shipping','This hook launches modules when the AdminOrder tab is displayed in the Back Office and extends / override Shipping panel tabs',1,0),(24,'displayAdminOrderContentOrder','Display new elements in Back Office, AdminOrder, panel Order','This hook launches modules when the AdminOrder tab is displayed in the Back Office and extends / override Order panel content',1,0),(25,'displayAdminOrderContentShip','Display new elements in Back Office, AdminOrder, panel Shipping','This hook launches modules when the AdminOrder tab is displayed in the Back Office and extends / override Shipping panel content',1,0),(26,'displayFooter','Footer','This hook displays new blocks in the footer',1,0),(27,'displayPDFInvoice','PDF Invoice','This hook allows you to display additional information on PDF invoices',1,0),(28,'displayInvoiceLegalFreeText','PDF Invoice - Legal Free Text','This hook allows you to modify the legal free text on PDF invoices',1,0),(29,'displayAdminCustomers','Display new elements in the Back Office, tab AdminCustomers','This hook launches modules when the AdminCustomers tab is displayed in the Back Office',1,0),(30,'displayOrderConfirmation','Order confirmation page','This hook is called within an order\'s confirmation page',1,0),(31,'actionCustomerAccountAdd','Successful customer account creation','This hook is called when a new customer creates an account successfully',1,0),(32,'displayCustomerAccount','Customer account displayed in Front Office','This hook displays new elements on the customer account page',1,0),(33,'displayCustomerIdentityForm','Customer identity form displayed in Front Office','This hook displays new elements on the form to update a customer identity',1,0),(34,'actionOrderSlipAdd','Order slip creation','This hook is called when a new credit slip is added regarding client order',1,0),(35,'displayProductTab','Tabs on product page','This hook is called on the product page\'s tab',1,0),(36,'displayProductTabContent','Tabs content on the product page','This hook is called on the product page\'s tab',1,0),(37,'displayShoppingCartFooter','Shopping cart footer','This hook displays some specific information on the shopping cart\'s page',1,0),(38,'displayCustomerAccountForm','Customer account creation form','This hook displays some information on the form to create a customer account',1,0),(39,'displayAdminStatsModules','Stats - Modules','',1,0),(40,'displayAdminStatsGraphEngine','Graph engines','',1,0),(41,'actionOrderReturn','Returned product','This hook is displayed when a customer returns a product ',1,0),(42,'displayProductButtons','Product page actions','This hook adds new action buttons on the product page',1,0),(43,'displayBackOfficeHome','Administration panel homepage','This hook is displayed on the admin panel\'s homepage',1,0),(44,'displayAdminStatsGridEngine','Grid engines','',1,0),(45,'actionWatermark','Watermark','',1,0),(46,'actionProductCancel','Product cancelled','This hook is called when you cancel a product in an order',1,0),(47,'displayLeftColumnProduct','New elements on the product page (left column)','This hook displays new elements in the left-hand column of the product page',1,0),(48,'actionProductOutOfStock','Out-of-stock product','This hook displays new action buttons if a product is out of stock',1,0),(49,'actionProductAttributeUpdate','Product attribute update','This hook is displayed when a product\'s attribute is updated',1,0),(50,'displayCarrierList','Extra carrier (module mode)','',1,0),(51,'displayShoppingCart','Shopping cart - Additional button','This hook displays new action buttons within the shopping cart',1,0),(52,'actionSearch','Search','',1,0),(53,'displayBeforePayment','Redirect during the order process','This hook redirects the user to the module instead of displaying payment modules',1,0),(54,'actionCarrierUpdate','Carrier Update','This hook is called when a carrier is updated',1,0),(55,'actionOrderStatusPostUpdate','Post update of order status','',1,0),(56,'displayCustomerAccountFormTop','Block above the form for create an account','This hook is displayed above the customer\'s account creation form',1,0),(57,'displayBackOfficeHeader','Administration panel header','This hook is displayed in the header of the admin panel',1,0),(58,'displayBackOfficeTop','Administration panel hover the tabs','This hook is displayed on the roll hover of the tabs within the admin panel',1,0),(59,'displayBackOfficeFooter','Administration panel footer','This hook is displayed within the admin panel\'s footer',1,0),(60,'actionProductAttributeDelete','Product attribute deletion','This hook is displayed when a product\'s attribute is deleted',1,0),(61,'actionCarrierProcess','Carrier process','',1,0),(62,'actionOrderDetail','Order detail','This hook is used to set the follow-up in Smarty when an order\'s detail is called',1,0),(63,'displayBeforeCarrier','Before carriers list','This hook is displayed before the carrier list in Front Office',1,0),(64,'displayOrderDetail','Order detail','This hook is displayed within the order\'s details in Front Office',1,0),(65,'actionPaymentCCAdd','Payment CC added','',1,0),(66,'displayProductComparison','Extra product comparison','',1,0),(67,'actionCategoryAdd','Category creation','This hook is displayed when a category is created',1,0),(68,'actionCategoryUpdate','Category modification','This hook is displayed when a category is modified',1,0),(69,'actionCategoryDelete','Category deletion','This hook is displayed when a category is deleted',1,0),(70,'actionBeforeAuthentication','Before authentication','This hook is displayed before the customer\'s authentication',1,0),(71,'displayPaymentTop','Top of payment page','This hook is displayed at the top of the payment page',1,0),(72,'actionHtaccessCreate','After htaccess creation','This hook is displayed after the htaccess creation',1,0),(73,'actionAdminMetaSave','After saving the configuration in AdminMeta','This hook is displayed after saving the configuration in AdminMeta',1,0),(74,'displayAttributeGroupForm','Add fields to the form \'attribute group\'','This hook adds fields to the form \'attribute group\'',1,0),(75,'actionAttributeGroupSave','Saving an attribute group','This hook is called while saving an attributes group',1,0),(76,'actionAttributeGroupDelete','Deleting attribute group','This hook is called while deleting an attributes  group',1,0),(77,'displayFeatureForm','Add fields to the form \'feature\'','This hook adds fields to the form \'feature\'',1,0),(78,'actionFeatureSave','Saving attributes\' features','This hook is called while saving an attributes features',1,0),(79,'actionFeatureDelete','Deleting attributes\' features','This hook is called while deleting an attributes features',1,0),(80,'actionProductSave','Saving products','This hook is called while saving products',1,0),(81,'actionProductListOverride','Assign a products list to a category','This hook assigns a products list to a category',1,0),(82,'displayAttributeGroupPostProcess','On post-process in admin attribute group','This hook is called on post-process in admin attribute group',1,0),(83,'displayFeaturePostProcess','On post-process in admin feature','This hook is called on post-process in admin feature',1,0),(84,'displayFeatureValueForm','Add fields to the form \'feature value\'','This hook adds fields to the form \'feature value\'',1,0),(85,'displayFeatureValuePostProcess','On post-process in admin feature value','This hook is called on post-process in admin feature value',1,0),(86,'actionFeatureValueDelete','Deleting attributes\' features\' values','This hook is called while deleting an attributes features value',1,0),(87,'actionFeatureValueSave','Saving an attributes features value','This hook is called while saving an attributes features value',1,0),(88,'displayAttributeForm','Add fields to the form \'attribute value\'','This hook adds fields to the form \'attribute value\'',1,0),(89,'actionAttributePostProcess','On post-process in admin feature value','This hook is called on post-process in admin feature value',1,0),(90,'actionAttributeDelete','Deleting an attributes features value','This hook is called while deleting an attributes features value',1,0),(91,'actionAttributeSave','Saving an attributes features value','This hook is called while saving an attributes features value',1,0),(92,'actionTaxManager','Tax Manager Factory','',1,0),(93,'displayMyAccountBlock','My account block','This hook displays extra information within the \'my account\' block\"',1,0),(94,'actionModuleInstallBefore','actionModuleInstallBefore','',1,0),(95,'actionModuleInstallAfter','actionModuleInstallAfter','',1,0),(96,'displayHomeTab','Home Page Tabs','This hook displays new elements on the homepage tabs',1,1),(97,'displayHomeTabContent','Home Page Tabs Content','This hook displays new elements on the homepage tabs content',1,1),(98,'displayTopColumn','Top column blocks','This hook displays new elements in the top of columns',1,1),(99,'displayBackOfficeCategory','Display new elements in the Back Office, tab AdminCategories','This hook launches modules when the AdminCategories tab is displayed in the Back Office',1,0),(100,'displayProductListFunctionalButtons','Display new elements in the Front Office, products list','This hook launches modules when the products list is displayed in the Front Office',1,0),(101,'displayNav','Navigation','',1,1),(102,'displayOverrideTemplate','Change the default template of current controller','',1,0),(103,'actionAdminLoginControllerSetMedia','Set media on admin login page header','This hook is called after adding media to admin login page header',1,0),(104,'actionOrderEdited','Order edited','This hook is called when an order is edited.',1,0),(105,'actionEmailAddBeforeContent','Add extra content before mail content','This hook is called just before fetching mail template',1,0),(106,'actionEmailAddAfterContent','Add extra content after mail content','This hook is called just after fetching mail template',1,0),(107,'actionObjectProductUpdateAfter','actionObjectProductUpdateAfter','',0,0),(108,'actionObjectProductDeleteAfter','actionObjectProductDeleteAfter','',0,0),(109,'displayCompareExtraInformation','displayCompareExtraInformation','',1,1),(110,'displaySocialSharing','displaySocialSharing','',1,1),(111,'displayBanner','displayBanner','',1,1),(112,'actionObjectLanguageAddAfter','actionObjectLanguageAddAfter','',0,0),(113,'displayPaymentEU','displayPaymentEU','',1,1),(114,'actionCartListOverride','actionCartListOverride','',0,0),(115,'actionAdminMetaControllerUpdate_optionsBefore','actionAdminMetaControllerUpdate_optionsBefore','',0,0),(116,'actionAdminLanguagesControllerStatusBefore','actionAdminLanguagesControllerStatusBefore','',0,0),(117,'actionObjectCmsUpdateAfter','actionObjectCmsUpdateAfter','',0,0),(118,'actionObjectCmsDeleteAfter','actionObjectCmsDeleteAfter','',0,0),(119,'actionShopDataDuplication','actionShopDataDuplication','',0,0),(120,'actionAdminStoresControllerUpdate_optionsAfter','actionAdminStoresControllerUpdate_optionsAfter','',0,0),(121,'actionObjectManufacturerDeleteAfter','actionObjectManufacturerDeleteAfter','',0,0),(122,'actionObjectManufacturerAddAfter','actionObjectManufacturerAddAfter','',0,0),(123,'actionObjectManufacturerUpdateAfter','actionObjectManufacturerUpdateAfter','',0,0),(125,'actionModuleRegisterHookAfter','actionModuleRegisterHookAfter','',0,0),(126,'actionModuleUnRegisterHookAfter','actionModuleUnRegisterHookAfter','',0,0),(127,'displayMyAccountBlockfooter','My account block','Display extra informations inside the \"my account\" block',1,0),(128,'displayMobileTopSiteMap','displayMobileTopSiteMap','',1,1),(129,'displaySearch','displaySearch','',1,1),(130,'actionObjectSupplierDeleteAfter','actionObjectSupplierDeleteAfter','',0,0),(131,'actionObjectSupplierAddAfter','actionObjectSupplierAddAfter','',0,0),(132,'actionObjectSupplierUpdateAfter','actionObjectSupplierUpdateAfter','',0,0),(133,'actionObjectCategoryUpdateAfter','actionObjectCategoryUpdateAfter','',0,0),(134,'actionObjectCategoryDeleteAfter','actionObjectCategoryDeleteAfter','',0,0),(135,'actionObjectCategoryAddAfter','actionObjectCategoryAddAfter','',0,0),(136,'actionObjectCmsAddAfter','actionObjectCmsAddAfter','',0,0),(137,'actionObjectProductAddAfter','actionObjectProductAddAfter','',0,0),(138,'dashboardZoneOne','dashboardZoneOne','',0,0),(139,'dashboardData','dashboardData','',0,0),(140,'actionObjectOrderAddAfter','actionObjectOrderAddAfter','',0,0),(141,'actionObjectCustomerAddAfter','actionObjectCustomerAddAfter','',0,0),(142,'actionObjectCustomerMessageAddAfter','actionObjectCustomerMessageAddAfter','',0,0),(143,'actionObjectCustomerThreadAddAfter','actionObjectCustomerThreadAddAfter','',0,0),(144,'actionObjectOrderReturnAddAfter','actionObjectOrderReturnAddAfter','',0,0),(145,'actionAdminControllerSetMedia','actionAdminControllerSetMedia','',0,0),(146,'dashboardZoneTwo','dashboardZoneTwo','',0,0),(147,'displayProductListReviews','displayProductListReviews','',1,1),(148,'actionAdminMetaControllerUpdate_optionsAfter','actionAdminMetaControllerUpdate_optionsAfter','',0,0),(149,'actionAdminPerformanceControllerSaveAfter','actionAdminPerformanceControllerSaveAfter','',0,0),(150,'actionObjectCarrierAddAfter','actionObjectCarrierAddAfter','',0,0),(151,'actionObjectContactAddAfter','actionObjectContactAddAfter','',0,0),(152,'actionAdminThemesControllerUpdate_optionsAfter','actionAdminThemesControllerUpdate_optionsAfter','',0,0),(153,'actionObjectShopUpdateAfter','actionObjectShopUpdateAfter','',0,0),(154,'actionAdminPreferencesControllerUpdate_optionsAfter','actionAdminPreferencesControllerUpdate_optionsAfter','',0,0),(155,'actionObjectShopAddAfter','actionObjectShopAddAfter','',0,0),(156,'actionObjectShopGroupAddAfter','actionObjectShopGroupAddAfter','',0,0),(157,'actionObjectCartAddAfter','actionObjectCartAddAfter','',0,0),(158,'actionObjectEmployeeAddAfter','actionObjectEmployeeAddAfter','',0,0),(159,'actionObjectImageAddAfter','actionObjectImageAddAfter','',0,0),(160,'actionObjectCartRuleAddAfter','actionObjectCartRuleAddAfter','',0,0),(161,'actionAdminStoresControllerSaveAfter','actionAdminStoresControllerSaveAfter','',0,0),(162,'actionAdminWebserviceControllerSaveAfter','actionAdminWebserviceControllerSaveAfter','',0,0),(163,'gSitemapAppendUrls','GSitemap Append URLs','This hook allows a module to add URLs to a generated sitemap',1,0),(164,'actionPSCleanerGetModulesTables','actionPSCleanerGetModulesTables','',0,0),(165,'displayMobileHeader','displayMobileHeader','',1,1),(166,'displayMobileShoppingCartTop','displayMobileShoppingCartTop','',1,1),(167,'displayMobileAddToCartTop','displayMobileAddToCartTop','',1,1),(168,'actionProductCoverage','actionProductCoverage','',0,0);

--
-- Table structure for table `ps_hook_alias`
--

CREATE TABLE `ps_hook_alias` (
  `id_hook_alias` int(10) unsigned NOT NULL AUTO_INCREMENT,
  `alias` varchar(64) NOT NULL,
  `name` varchar(64) NOT NULL,
  PRIMARY KEY (`id_hook_alias`),
  UNIQUE KEY `alias` (`alias`)
) ENGINE=InnoDB AUTO_INCREMENT=87 DEFAULT CHARSET=utf8;

--
-- Dumping data for table `ps_hook_alias`
--

INSERT INTO `ps_hook_alias` VALUES (1,'payment','displayPayment'),(2,'newOrder','actionValidateOrder'),(3,'paymentConfirm','actionPaymentConfirmation'),(4,'paymentReturn','displayPaymentReturn'),(5,'updateQuantity','actionUpdateQuantity'),(6,'rightColumn','displayRightColumn'),(7,'leftColumn','displayLeftColumn'),(8,'home','displayHome'),(9,'displayHeader','Header'),(10,'cart','actionCartSave'),(11,'authentication','actionAuthentication'),(12,'addproduct','actionProductAdd'),(13,'updateproduct','actionProductUpdate'),(14,'top','displayTop'),(15,'extraRight','displayRightColumnProduct'),(16,'deleteproduct','actionProductDelete'),(17,'productfooter','displayFooterProduct'),(18,'invoice','displayInvoice'),(19,'updateOrderStatus','actionOrderStatusUpdate'),(20,'adminOrder','displayAdminOrder'),(21,'footer','displayFooter'),(22,'PDFInvoice','displayPDFInvoice'),(23,'adminCustomers','displayAdminCustomers'),(24,'orderConfirmation','displayOrderConfirmation'),(25,'createAccount','actionCustomerAccountAdd'),(26,'customerAccount','displayCustomerAccount'),(27,'orderSlip','actionOrderSlipAdd'),(28,'productTab','displayProductTab'),(29,'productTabContent','displayProductTabContent'),(30,'shoppingCart','displayShoppingCartFooter'),(31,'createAccountForm','displayCustomerAccountForm'),(32,'AdminStatsModules','displayAdminStatsModules'),(33,'GraphEngine','displayAdminStatsGraphEngine'),(34,'orderReturn','actionOrderReturn'),(35,'productActions','displayProductButtons'),(36,'backOfficeHome','displayBackOfficeHome'),(37,'GridEngine','displayAdminStatsGridEngine'),(38,'watermark','actionWatermark'),(39,'cancelProduct','actionProductCancel'),(40,'extraLeft','displayLeftColumnProduct'),(41,'productOutOfStock','actionProductOutOfStock'),(42,'updateProductAttribute','actionProductAttributeUpdate'),(43,'extraCarrier','displayCarrierList'),(44,'shoppingCartExtra','displayShoppingCart'),(45,'search','actionSearch'),(46,'backBeforePayment','displayBeforePayment'),(47,'updateCarrier','actionCarrierUpdate'),(48,'postUpdateOrderStatus','actionOrderStatusPostUpdate'),(49,'createAccountTop','displayCustomerAccountFormTop'),(50,'backOfficeHeader','displayBackOfficeHeader'),(51,'backOfficeTop','displayBackOfficeTop'),(52,'backOfficeFooter','displayBackOfficeFooter'),(53,'deleteProductAttribute','actionProductAttributeDelete'),(54,'processCarrier','actionCarrierProcess'),(55,'orderDetail','actionOrderDetail'),(56,'beforeCarrier','displayBeforeCarrier'),(57,'orderDetailDisplayed','displayOrderDetail'),(58,'paymentCCAdded','actionPaymentCCAdd'),(59,'extraProductComparison','displayProductComparison'),(60,'categoryAddition','actionCategoryAdd'),(61,'categoryUpdate','actionCategoryUpdate'),(62,'categoryDeletion','actionCategoryDelete'),(63,'beforeAuthentication','actionBeforeAuthentication'),(64,'paymentTop','displayPaymentTop'),(65,'afterCreateHtaccess','actionHtaccessCreate'),(66,'afterSaveAdminMeta','actionAdminMetaSave'),(67,'attributeGroupForm','displayAttributeGroupForm'),(68,'afterSaveAttributeGroup','actionAttributeGroupSave'),(69,'afterDeleteAttributeGroup','actionAttributeGroupDelete'),(70,'featureForm','displayFeatureForm'),(71,'afterSaveFeature','actionFeatureSave'),(72,'afterDeleteFeature','actionFeatureDelete'),(73,'afterSaveProduct','actionProductSave'),(74,'productListAssign','actionProductListOverride'),(75,'postProcessAttributeGroup','displayAttributeGroupPostProcess'),(76,'postProcessFeature','displayFeaturePostProcess'),(77,'featureValueForm','displayFeatureValueForm'),(78,'postProcessFeatureValue','displayFeatureValuePostProcess'),(79,'afterDeleteFeatureValue','actionFeatureValueDelete'),(80,'afterSaveFeatureValue','actionFeatureValueSave'),(81,'attributeForm','displayAttributeForm'),(82,'postProcessAttribute','actionAttributePostProcess'),(83,'afterDeleteAttribute','actionAttributeDelete'),(84,'afterSaveAttribute','actionAttributeSave'),(85,'taxManager','actionTaxManager'),(86,'myAccountBlock','displayMyAccountBlock');

--
-- Table structure for table `ps_hook_module`
--

CREATE TABLE `ps_hook_module` (
  `id_module` int(10) unsigned NOT NULL,
  `id_shop` int(11) unsigned NOT NULL DEFAULT '1',
  `id_hook` int(10) unsigned NOT NULL,
  `position` tinyint(2) unsigned NOT NULL,
  PRIMARY KEY (`id_module`,`id_hook`,`id_shop`),
  KEY `id_hook` (`id_hook`),
  KEY `id_module` (`id_module`),
  KEY `position` (`id_shop`,`position`)
) ENGINE=InnoDB DEFAULT CHARSET=utf8;

--
-- Dumping data for table `ps_hook_module`
--

INSERT INTO `ps_hook_module` VALUES (1,1,10,1),(1,1,107,1),(1,1,108,1),(1,1,109,1),(2,1,111,1),(2,1,112,1),(3,1,1,1),(3,1,5,1),(3,1,113,1),(5,1,114,1),(7,1,8,1),(7,1,99,1),(7,1,115,1),(7,1,116,1),(11,1,67,1),(11,1,68,1),(11,1,69,1),(11,1,74,1),(11,1,75,1),(11,1,76,1),(11,1,77,1),(11,1,78,1),(11,1,79,1),(11,1,80,1),(11,1,81,1),(11,1,82,1),(11,1,83,1),(11,1,84,1),(11,1,85,1),(11,1,86,1),(11,1,87,1),(11,1,88,1),(11,1,89,1),(11,1,90,1),(11,1,91,1),(12,1,117,1),(12,1,118,1),(12,1,119,1),(12,1,120,1),(16,1,121,1),(16,1,122,1),(16,1,123,1),(17,1,125,1),(18,1,126,1),(19,1,13,1),(19,1,14,1),(19,1,17,1),(20,1,31,1),(22,1,128,1),(25,1,130,1),(25,1,131,1),(25,1,132,1),(31,1,138,1),(31,1,139,1),(31,1,140,1),(31,1,141,1),(31,1,142,1),(31,1,143,1),(31,1,144,1),(31,1,145,1),(32,1,146,1),(35,1,40,1),(36,1,44,1),(37,1,98,1),(40,1,39,1),(50,1,12,1),(50,1,26,1),(63,1,9,1),(63,1,57,1),(64,1,2,1),(64,1,20,1),(64,1,95,1),(64,1,148,1),(64,1,149,1),(64,1,150,1),(64,1,151,1),(64,1,152,1),(64,1,153,1),(64,1,154,1),(64,1,155,1),(64,1,156,1),(64,1,157,1),(64,1,158,1),(64,1,159,1),(64,1,160,1),(64,1,161,1),(64,1,162,1),(65,1,11,1),(65,1,15,1),(65,1,29,1),(65,1,32,1),(65,1,42,1),(65,1,93,1),(65,1,100,1),(66,1,35,1),(66,1,36,1),(66,1,66,1),(66,1,147,1),(67,1,47,1),(71,1,9,1),(75,1,37,1),(76,1,101,1),(78,1,6,1),(78,1,54,1),(78,1,58,1),(81,1,21,1),(81,1,30,1),(81,1,46,1),(82,1,51,1),(82,1,53,1),(82,1,164,1),(82,1,165,1),(82,1,166,1),(82,1,167,1),(83,1,41,1),(83,1,48,1),(83,1,49,1),(83,1,60,1),(83,1,104,1),(83,1,168,1),(84,1,45,1),(1,1,47,2),(2,1,10,2),(4,1,55,2),(5,1,10,2),(7,1,67,2),(7,1,69,2),(9,1,9,2),(11,1,8,2),(14,1,101,2),(15,1,26,2),(18,1,125,2),(23,1,13,2),(23,1,14,2),(23,1,17,2),(27,1,133,2),(27,1,134,2),(27,1,135,2),(30,1,1,2),(30,1,5,2),(30,1,113,2),(32,1,139,2),(32,1,145,2),(33,1,146,2),(39,1,42,2),(41,1,39,2),(50,1,31,2),(60,1,52,2),(63,1,98,2),(63,1,112,2),(64,1,57,2),(64,1,120,2),(64,1,136,2),(64,1,137,2),(64,1,141,2),(64,1,143,2),(66,1,15,2),(70,1,9,2),(70,1,68,2),(74,1,98,2),(77,1,18,2),(78,1,2,2),(78,1,20,2),(81,1,11,2),(82,1,21,2),(82,1,46,2),(83,1,6,2),(83,1,32,2),(83,1,93,2),(6,1,10,3),(10,1,15,3),(13,1,9,3),(20,1,26,3),(25,1,8,3),(27,1,107,3),(27,1,108,3),(27,1,117,3),(27,1,118,3),(27,1,121,3),(27,1,122,3),(27,1,123,3),(27,1,130,3),(27,1,131,3),(27,1,132,3),(27,1,136,3),(27,1,137,3),(33,1,139,3),(33,1,145,3),(34,1,146,3),(37,1,119,3),(38,1,13,3),(38,1,14,3),(38,1,17,3),(42,1,39,3),(64,1,140,3),(66,1,47,3),(68,1,57,3),(68,1,125,3),(68,1,126,3),(71,1,68,3),(75,1,18,3),(75,1,55,3),(82,1,1,3),(82,1,5,3),(82,1,113,3),(83,1,2,3),(6,1,26,4),(8,1,10,4),(27,1,68,4),(29,1,8,4),(34,1,139,4),(35,1,145,4),(40,1,15,4),(43,1,39,4),(77,1,13,4),(77,1,14,4),(77,1,17,4),(81,1,9,4),(81,1,18,4),(81,1,57,4),(4,1,13,5),(4,1,14,5),(4,1,17,5),(7,1,68,5),(10,1,10,5),(12,1,26,5),(19,1,8,5),(41,1,15,5),(44,1,39,5),(82,1,18,5),(82,1,57,5),(8,1,15,6),(12,1,10,6),(17,1,8,6),(45,1,39,6),(63,1,26,6),(70,1,13,6),(70,1,14,6),(70,1,17,6),(15,1,10,7),(27,1,15,7),(27,1,119,7),(46,1,39,7),(63,1,8,7),(71,1,13,7),(71,1,14,7),(71,1,17,7),(81,1,26,7),(4,1,8,8),(9,1,10,8),(16,1,10,8),(22,1,15,8),(47,1,39,8),(74,1,119,8),(78,1,13,8),(78,1,14,8),(78,1,17,8),(5,1,15,9),(17,1,10,9),(48,1,39,9),(83,1,17,9),(18,1,10,10),(49,1,39,10),(19,1,10,11),(51,1,39,11),(14,1,10,12),(20,1,10,12),(52,1,39,12),(21,1,10,13),(53,1,39,13),(23,1,10,14),(54,1,39,14),(24,1,10,15),(55,1,39,15),(25,1,10,16),(56,1,39,16),(26,1,10,17),(57,1,39,17),(28,1,10,18),(58,1,39,18),(38,1,10,19),(59,1,39,19),(60,1,39,20),(65,1,10,20),(61,1,39,21),(66,1,10,21),(62,1,39,22),(67,1,10,22),(77,1,10,23),(29,1,10,24),(4,1,10,25),(11,1,10,26),(76,1,10,27),(37,1,10,28),(70,1,10,28),(71,1,10,29),(39,1,10,30),(75,1,10,30),(22,1,10,31),(63,1,10,31),(27,1,10,32),(74,1,10,33),(7,1,10,34),(78,1,10,35),(81,1,10,36),(82,1,10,37),(83,1,10,38);

--
-- Table structure for table `ps_hook_module_exceptions`
--

CREATE TABLE `ps_hook_module_exceptions` (
  `id_hook_module_exceptions` int(10) unsigned NOT NULL AUTO_INCREMENT,
  `id_shop` int(11) unsigned NOT NULL DEFAULT '1',
  `id_module` int(10) unsigned NOT NULL,
  `id_hook` int(10) unsigned NOT NULL,
  `file_name` varchar(255) DEFAULT NULL,
  PRIMARY KEY (`id_hook_module_exceptions`),
  KEY `id_module` (`id_module`),
  KEY `id_hook` (`id_hook`)
) ENGINE=InnoDB AUTO_INCREMENT=469 DEFAULT CHARSET=utf8;

--
-- Dumping data for table `ps_hook_module_exceptions`
--



--
-- Table structure for table `ps_image`
--

CREATE TABLE `ps_image` (
  `id_image` int(10) unsigned NOT NULL AUTO_INCREMENT,
  `id_product` int(10) unsigned NOT NULL,
  `position` smallint(2) unsigned NOT NULL DEFAULT '0',
  `cover` tinyint(1) unsigned DEFAULT NULL,
  PRIMARY KEY (`id_image`),
  UNIQUE KEY `id_product_cover` (`id_product`,`cover`),
  UNIQUE KEY `idx_product_image` (`id_image`,`id_product`,`cover`),
  KEY `image_product` (`id_product`)
) ENGINE=InnoDB AUTO_INCREMENT=784 DEFAULT CHARSET=utf8;

--
-- Dumping data for table `ps_image`
--

INSERT INTO `ps_image` VALUES (2,1,1,1),(3,3,1,1),(5,5,1,1),(6,6,1,1),(7,7,1,1),(8,8,1,1),(9,9,1,1),(10,10,1,1),(11,12,1,1),(12,13,1,1),(13,14,1,1),(15,17,1,1),(16,18,1,1),(17,19,1,1),(18,20,1,1),(19,21,1,1),(20,22,1,1),(22,24,1,1),(23,25,1,1),(24,26,1,1),(25,27,1,1),(26,28,1,1),(27,29,1,1),(28,30,1,1),(29,31,1,1),(30,32,1,1),(31,33,1,1),(32,34,1,1),(33,35,1,1),(34,36,1,1),(35,37,1,1),(36,38,1,1),(37,40,1,1),(38,41,1,1),(39,42,1,1),(40,43,1,1),(41,45,1,1),(42,46,1,1),(43,47,1,1),(44,48,1,1),(45,49,1,1),(46,50,1,1),(47,51,1,1),(48,23,1,1),(49,4,1,1),(50,52,1,1),(52,53,1,1),(53,54,1,1),(54,55,1,1),(55,56,1,1),(56,58,1,1),(57,59,1,1),(58,60,1,1),(59,61,1,1),(60,63,1,1),(61,64,1,1),(62,65,1,1),(63,66,1,1),(64,67,1,1),(65,68,1,1),(66,69,1,1),(67,70,1,1),(68,71,1,1),(69,73,1,1),(70,72,1,1),(71,74,1,1),(72,75,1,1),(73,75,2,NULL),(74,76,1,1),(75,76,2,NULL),(76,76,3,NULL),(77,77,2,1),(78,77,3,NULL),(79,77,1,NULL),(80,78,1,1),(81,78,2,NULL),(82,79,2,1),(83,79,1,NULL),(84,80,1,1),(85,80,2,NULL),(86,81,1,1),(87,81,2,NULL),(88,82,1,1),(89,82,2,NULL),(90,82,3,NULL),(93,83,1,1),(94,83,2,NULL),(95,83,3,NULL),(96,2,1,1),(97,44,1,1),(98,85,2,1),(99,85,1,NULL),(100,85,3,NULL),(101,86,2,1),(102,86,3,NULL),(103,86,1,NULL),(104,87,1,1),(105,87,2,NULL),(108,88,1,1),(109,88,2,NULL),(113,89,1,1),(114,89,2,NULL),(117,90,2,1),(118,90,1,NULL),(119,91,2,NULL),(120,91,1,1),(121,91,3,NULL),(122,92,1,1),(125,93,1,1),(126,94,1,1),(127,95,1,1),(128,97,1,1),(129,96,1,1),(130,98,1,1),(131,15,1,1),(132,99,1,1),(133,100,1,1),(134,101,1,1),(135,102,1,1),(136,103,1,1),(137,104,1,1),(138,105,1,1),(139,106,1,1),(140,107,1,1),(141,108,1,1),(142,109,1,1),(143,109,2,NULL),(144,110,2,NULL),(145,110,1,1),(146,111,1,1),(147,112,1,1),(148,112,2,NULL),(149,113,1,1),(150,114,1,1),(153,115,1,NULL),(154,115,2,1),(157,118,1,NULL),(158,118,2,NULL),(159,118,3,1),(160,119,1,NULL),(161,119,2,1),(165,122,1,1),(166,123,1,1),(167,124,1,1),(168,125,1,1),(169,126,1,1),(170,127,1,1),(171,128,1,1),(173,129,1,1),(175,130,1,1),(177,131,1,1),(179,133,1,1),(181,134,1,1),(183,135,1,1),(186,138,1,1),(188,139,1,1),(189,140,1,1),(191,142,1,1),(192,143,1,1),(193,144,1,1),(194,145,1,1),(196,147,1,1),(198,146,1,1),(202,151,1,1),(204,152,1,1),(205,153,1,1),(206,154,1,1),(207,155,1,1),(208,156,1,1),(209,157,1,1),(210,158,1,1),(211,159,1,1),(212,160,1,1),(213,161,1,1),(216,164,1,1),(217,165,1,1),(218,166,1,1),(219,167,1,1),(222,212,1,1),(223,213,1,1),(224,214,1,1),(225,215,1,1),(226,216,1,1),(227,217,1,1),(228,218,1,1),(229,219,1,1),(230,220,1,1),(231,221,1,1),(232,222,1,1),(233,223,1,1),(234,224,1,1),(235,225,1,1),(236,226,1,1),(237,227,1,1),(238,228,1,1),(239,229,1,1),(240,230,1,1),(241,231,1,1),(242,232,1,1),(243,233,1,1),(244,234,1,1),(245,235,1,1),(246,236,1,1),(247,237,1,1),(248,237,2,NULL),(249,238,1,1),(250,239,1,1),(251,240,1,1),(252,241,1,1),(253,242,1,1),(254,243,1,1),(255,244,1,1),(256,245,1,1),(257,258,1,1),(258,259,1,1),(259,260,1,1),(260,261,1,1),(261,262,1,1),(262,263,1,1),(263,136,1,1),(264,264,1,1),(267,267,1,1),(268,268,1,1),(270,270,1,1),(271,271,1,1),(272,272,1,1),(273,273,1,1),(274,274,1,1),(275,275,1,1),(276,276,1,1),(277,277,1,1),(278,278,1,1),(279,279,1,1),(280,280,1,1),(281,281,1,1),(282,282,1,1),(287,283,1,1),(291,148,1,1),(292,150,1,1),(295,132,1,1),(296,132,2,NULL),(297,132,3,NULL),(298,120,1,1),(299,120,2,NULL),(300,120,3,NULL),(302,121,1,1),(303,121,2,NULL),(304,121,3,NULL),(305,284,1,1),(306,284,2,NULL),(307,284,3,NULL),(308,117,1,1),(310,285,2,NULL),(312,286,2,NULL),(314,287,2,NULL),(316,288,2,NULL),(322,291,1,1),(323,286,1,1),(324,285,1,1),(325,287,1,1),(326,288,1,1),(327,289,1,1),(328,290,1,1),(329,320,1,1),(330,320,2,NULL),(331,319,1,1),(332,319,2,NULL),(333,321,1,1),(334,322,1,1),(335,323,1,1),(336,312,1,1),(337,311,1,1),(339,305,1,1),(342,303,1,1),(343,303,2,NULL),(344,301,1,1),(345,302,1,1),(346,302,3,NULL),(347,302,2,NULL),(348,297,1,1),(349,297,2,NULL),(350,297,3,NULL),(351,300,1,1),(352,300,2,NULL),(353,294,1,1),(354,294,2,NULL),(355,294,3,NULL),(357,295,1,1),(358,295,2,NULL),(359,295,3,NULL),(360,325,1,1),(361,296,2,1),(362,296,3,NULL),(363,296,1,NULL),(364,298,1,1),(365,293,3,NULL),(366,293,1,1),(367,293,2,NULL),(369,292,1,NULL),(370,292,2,NULL),(371,299,1,1),(372,299,2,NULL),(373,304,1,1),(374,304,2,NULL),(375,306,1,1),(376,308,1,1),(377,309,1,1),(379,326,1,1),(380,326,2,NULL),(382,327,1,NULL),(383,327,2,1),(384,328,1,NULL),(385,328,2,1),(386,329,1,1),(388,329,2,NULL),(391,330,1,NULL),(392,330,2,NULL),(393,330,3,1),(394,331,1,NULL),(395,331,2,NULL),(397,331,3,1),(398,332,1,1),(400,333,1,1),(402,324,1,1),(403,334,1,1),(404,310,1,1),(405,307,1,1),(406,369,2,1),(407,369,1,NULL),(408,367,2,1),(409,367,1,NULL),(410,366,1,1),(411,366,2,NULL),(414,365,1,NULL),(415,364,2,1),(416,364,1,NULL),(417,363,2,1),(418,363,1,NULL),(419,363,3,NULL),(420,371,1,1),(421,371,2,NULL),(422,370,1,1),(423,335,1,1),(424,335,2,NULL),(425,336,1,1),(426,336,2,NULL),(427,337,1,1),(428,338,2,1),(429,338,1,NULL),(431,339,1,NULL),(432,340,2,1),(433,340,1,NULL),(434,341,1,1),(435,341,2,NULL),(436,342,2,1),(437,342,1,NULL),(438,343,2,1),(439,343,1,NULL),(440,344,2,1),(441,344,1,NULL),(442,345,2,1),(443,345,1,NULL),(444,346,1,1),(445,346,2,NULL),(446,347,1,1),(447,348,3,NULL),(448,348,2,NULL),(449,348,1,1),(450,349,1,NULL),(451,349,2,1),(452,349,3,NULL),(453,350,1,1),(455,352,1,1),(456,352,2,NULL),(457,353,1,1),(458,353,2,NULL),(459,354,2,NULL),(460,354,1,1),(461,356,1,1),(462,356,2,NULL),(463,356,3,NULL),(464,357,1,1),(465,357,2,NULL),(466,357,3,NULL),(467,358,1,1),(468,358,2,NULL),(469,358,3,NULL),(471,372,1,1),(472,339,2,1),(473,141,1,1),(474,355,1,1),(475,359,1,1),(476,360,1,1),(477,361,1,1),(478,362,1,1),(479,373,1,1),(480,374,1,1),(481,368,1,1),(482,375,1,1),(483,376,1,1),(484,380,2,NULL),(485,380,1,1),(486,379,1,1),(487,378,1,NULL),(488,378,2,1),(489,377,1,1),(490,381,1,1),(491,382,1,NULL),(492,382,2,1),(493,383,1,NULL),(494,383,2,1),(495,384,1,NULL),(496,384,2,1),(497,385,1,1),(498,385,2,NULL),(499,386,1,1),(500,386,2,NULL),(501,387,1,1),(502,387,2,NULL),(503,388,1,1),(504,388,2,NULL),(508,391,1,1),(509,391,2,NULL),(510,392,1,NULL),(511,392,2,1),(512,393,1,NULL),(513,393,2,1),(514,394,1,1),(515,395,1,1),(516,396,1,1),(517,397,1,NULL),(518,397,2,1),(519,398,1,1),(520,398,2,NULL),(521,399,1,1),(522,399,2,NULL),(523,400,1,1),(524,401,1,1),(525,402,1,1),(526,402,2,NULL),(527,402,3,NULL),(528,403,1,1),(529,404,1,1),(530,405,1,1),(531,406,1,1),(532,407,1,1),(533,408,1,1),(534,408,2,NULL),(535,409,1,NULL),(536,409,2,1),(539,410,1,1),(540,411,1,1),(541,412,1,1),(542,413,1,1),(543,414,1,1),(544,415,1,1),(545,415,2,NULL),(546,416,1,1),(547,417,1,NULL),(548,417,2,1),(549,418,1,NULL),(550,418,2,1),(551,419,1,NULL),(552,419,2,1),(553,420,1,1),(554,421,1,1),(555,422,1,1),(556,423,1,1),(557,423,2,NULL),(558,424,1,1),(559,424,2,NULL),(560,425,1,1),(561,425,2,NULL),(562,426,1,NULL),(563,426,2,1),(564,427,1,NULL),(565,427,2,1),(566,428,1,1),(568,431,1,1),(569,432,1,1),(570,433,1,1),(571,434,1,1),(572,434,2,NULL),(573,435,1,1),(574,436,1,1),(575,437,1,1),(576,438,1,1),(577,438,2,NULL),(578,439,1,1),(579,440,1,1),(580,441,1,1),(581,442,1,1),(582,443,1,1),(583,444,1,1),(584,445,1,1),(585,446,1,1),(586,447,1,1),(587,447,2,NULL),(588,447,3,NULL),(589,448,1,NULL),(590,448,2,1),(591,448,3,NULL),(592,449,1,1),(593,449,2,NULL),(594,450,1,1),(595,451,1,1),(596,452,1,1),(597,453,1,1),(598,456,1,1),(599,456,2,NULL),(600,457,1,1),(601,458,1,1),(602,469,1,1),(603,470,1,1),(605,471,1,1),(606,468,1,1),(607,459,1,1),(608,460,1,1),(609,467,1,1),(610,466,1,1),(611,465,1,1),(612,463,1,1),(613,464,1,1),(614,461,1,1),(615,462,1,1),(616,455,1,1),(617,454,1,1),(618,472,1,1),(619,473,1,1),(620,430,1,1),(621,351,1,1),(622,474,1,1),(623,475,1,1),(624,476,1,1),(625,477,1,NULL),(626,477,2,1),(627,478,1,1),(629,479,1,1),(630,479,2,NULL),(633,480,1,1),(634,480,2,NULL),(637,481,1,NULL),(638,481,2,1),(641,482,1,1),(642,482,2,NULL),(643,483,1,1),(644,483,2,NULL),(645,484,1,1),(646,485,1,1),(647,485,2,NULL),(648,486,1,1),(649,486,2,NULL),(650,487,1,1),(651,488,1,1),(652,488,2,NULL),(653,489,1,NULL),(654,489,2,1),(655,490,1,1),(656,490,2,NULL),(657,491,1,NULL),(658,491,2,1),(659,492,1,1),(660,493,1,1),(661,494,1,1),(662,494,2,NULL),(663,495,1,1),(664,496,1,1),(665,497,1,NULL),(666,497,2,1),(667,498,1,1),(668,499,1,1),(669,504,1,1),(671,512,1,1),(674,500,1,NULL),(675,500,2,1),(676,501,1,1),(677,502,1,NULL),(678,502,2,1),(679,503,1,1),(680,510,1,1),(681,510,2,NULL),(682,505,1,1),(683,511,1,1),(686,509,1,NULL),(687,509,2,1),(688,506,1,NULL),(689,506,2,1),(690,514,1,NULL),(691,514,2,1),(692,507,1,1),(693,508,1,NULL),(694,508,2,1),(695,515,3,NULL),(696,515,2,NULL),(697,515,1,1),(698,365,2,1),(699,116,1,1),(701,517,1,1),(703,518,1,1),(705,519,1,1),(707,520,1,1),(708,521,1,1),(709,521,2,NULL),(710,522,1,1),(711,523,1,1),(712,524,1,NULL),(713,524,2,1),(714,525,1,1),(715,526,1,1),(716,526,2,NULL),(717,527,1,1),(718,528,1,1),(719,529,1,1),(720,530,1,1),(723,531,1,NULL),(724,531,2,1),(725,292,3,1),(726,532,1,1),(728,533,1,1),(729,534,1,1),(730,535,1,1),(731,536,1,1),(732,536,2,NULL),(733,537,1,1),(734,538,1,1),(735,538,2,NULL),(736,539,1,1),(737,539,2,NULL),(738,540,1,NULL),(739,540,2,1),(742,541,1,NULL),(743,541,2,1),(746,542,1,1),(747,542,2,NULL),(750,543,1,1),(751,543,2,NULL),(754,544,1,1),(755,544,2,NULL),(756,545,1,1),(757,546,1,1),(758,546,2,NULL),(761,547,1,1),(763,548,1,1),(765,549,1,1),(767,550,1,1),(768,551,1,NULL),(769,551,2,1),(772,552,1,1),(774,553,1,1),(776,554,1,1),(777,555,1,1),(779,556,1,1),(780,557,1,1),(782,558,1,1),(783,560,1,1);

--
