-- Table structure for table `ps_order_invoice`
--

CREATE TABLE `ps_order_invoice` (
  `id_order_invoice` int(11) unsigned NOT NULL AUTO_INCREMENT,
  `id_order` int(11) NOT NULL,
  `number` int(11) NOT NULL,
  `delivery_number` int(11) NOT NULL,
  `delivery_date` datetime DEFAULT NULL,
  `total_discount_tax_excl` decimal(20,6) NOT NULL DEFAULT '0.000000',
  `total_discount_tax_incl` decimal(20,6) NOT NULL DEFAULT '0.000000',
  `total_paid_tax_excl` decimal(20,6) NOT NULL DEFAULT '0.000000',
  `total_paid_tax_incl` decimal(20,6) NOT NULL DEFAULT '0.000000',
  `total_products` decimal(20,6) NOT NULL DEFAULT '0.000000',
  `total_products_wt` decimal(20,6) NOT NULL DEFAULT '0.000000',
  `total_shipping_tax_excl` decimal(20,6) NOT NULL DEFAULT '0.000000',
  `total_shipping_tax_incl` decimal(20,6) NOT NULL DEFAULT '0.000000',
  `shipping_tax_computation_method` int(10) unsigned NOT NULL,
  `total_wrapping_tax_excl` decimal(20,6) NOT NULL DEFAULT '0.000000',
  `total_wrapping_tax_incl` decimal(20,6) NOT NULL DEFAULT '0.000000',
  `shop_address` text,
  `invoice_address` text,
  `delivery_address` text,
  `note` text,
  `date_add` datetime NOT NULL,
  PRIMARY KEY (`id_order_invoice`),
  KEY `id_order` (`id_order`)
) ENGINE=InnoDB AUTO_INCREMENT=325 DEFAULT CHARSET=utf8;

--
-- Dumping data for table `ps_order_invoice`
--

INSERT INTO `ps_order_invoice` VALUES (1,8,1,0,'0000-00-00 00:00:00',0.000000,0.000000,16.114754,19.000000,13.114754,16.000000,3.000000,3.000000,0,0.000000,0.000000,'Desktop Store','Valeria Agostinelli c/o Jonart Italia Sr<br />Via Nuova, 137<br />55010 Camigliano Santa Gemma<br />Italia','Valeria Agostinelli c/o Jonart Italia Sr<br />Via Nuova, 137<br />55010 Camigliano Santa Gemma<br />Italia','','2016-04-05 19:34:59'),(2,9,2,0,'0000-00-00 00:00:00',0.000000,0.000000,7.934426,8.800000,3.934426,4.800000,4.000000,4.000000,0,0.000000,0.000000,'Desktop Store','Fabio Maver<br />Via Crema 52<br />24055 Cologno al Serio<br />Italia','Fabio Maver<br />Via Crema 52<br />24055 Cologno al Serio<br />Italia','','2016-04-06 12:59:43'),(3,10,4,0,'0000-00-00 00:00:00',0.000000,0.000000,5.114754,5.800000,3.114754,3.800000,2.000000,2.000000,0,0.000000,0.000000,'Desktop Store','Josephine Barone<br />via Sant\'Anna 113<br />90010 altavilla milicia<br />Italia','Josephine Barone<br />via Sant\'Anna 113<br />90010 altavilla milicia<br />Italia','','2016-04-08 02:02:02'),(4,11,3,0,'0000-00-00 00:00:00',0.000000,0.000000,5.114754,5.800000,3.114754,3.800000,2.000000,2.000000,0,0.000000,0.000000,'Desktop Store','Josephine Barone<br />via Sant\'Anna 113<br />90010 altavilla milicia<br />Italia','Josephine Barone<br />via Sant\'Anna 113<br />90010 altavilla milicia<br />Italia','','2016-04-08 02:02:02'),(5,12,5,0,'0000-00-00 00:00:00',0.000000,0.000000,12.655738,15.000000,10.655738,13.000000,2.000000,2.000000,0,0.000000,0.000000,'Desktop Store','Danilo Bertolina<br />via uzza 1<br />23030 Valfurva<br />Italia','Danilo Bertolina<br />via uzza 1<br />23030 Valfurva<br />Italia','','2016-04-11 14:29:12'),(6,13,6,0,'0000-00-00 00:00:00',0.000000,0.000000,6.098361,7.000000,4.098361,5.000000,2.000000,2.000000,0,0.000000,0.000000,'Desktop Store','maria tricarico<br />via mozzi 53<br />62100 macerata<br />Italia','maria tricarico<br />via mozzi 53<br />62100 macerata<br />Italia','','2016-04-11 19:15:07'),(7,14,7,0,'0000-00-00 00:00:00',0.000000,0.000000,7.737705,9.000000,5.737705,7.000000,2.000000,2.000000,0,0.000000,0.000000,'Desktop Store','Aquilino De Luca<br />Via Nobile 34<br />41053 Maranello<br />Italia','Aquilino De Luca<br />Via Nobile 34<br />41053 Maranello<br />Italia','','2016-04-11 21:51:33'),(8,15,8,0,'0000-00-00 00:00:00',0.000000,0.000000,6.098361,7.000000,4.098361,5.000000,2.000000,2.000000,0,0.000000,0.000000,'Desktop Store','Fabrizio Maio<br />Via Piedicavallo, 25<br />10145 Torino<br />Italia','Fabrizio Maio<br />Via Piedicavallo, 25<br />10145 Torino<br />Italia','','2016-04-12 11:51:51'),(9,16,9,0,'0000-00-00 00:00:00',0.000000,0.000000,20.934426,24.000000,13.934426,17.000000,7.000000,7.000000,0,0.000000,0.000000,'Desktop Store','Salvatore Martino<br />Ficarella n°18<br />89064 Saline Joniche<br />Italia','Salvatore Martino<br />Ficarella n°18<br />89064 Saline Joniche<br />Italia','','2016-04-12 11:52:01'),(10,17,10,0,'0000-00-00 00:00:00',0.000000,0.000000,15.934426,19.000000,13.934426,17.000000,2.000000,2.000000,0,0.000000,0.000000,'Desktop Store','mauro pierro<br />corso europa, 72<br />80127 napoli<br />Italia','mauro pierro<br />corso europa, 72<br />80127 napoli<br />Italia','','2016-04-12 18:08:39'),(11,18,11,0,'0000-00-00 00:00:00',0.000000,0.000000,20.934426,24.000000,13.934426,17.000000,7.000000,7.000000,0,0.000000,0.000000,'Desktop Store','mauro pierro<br />corso europa, 72<br />80127 napoli<br />Italia','mauro pierro<br />corso europa, 72<br />80127 napoli<br />Italia','','2016-04-13 11:00:28'),(12,19,12,0,'0000-00-00 00:00:00',0.000000,0.000000,5.065574,5.740000,3.065574,3.740000,2.000000,2.000000,0,0.000000,0.000000,'Desktop Store','flavio roveri<br />via bosco monastico n 58<br />41033 fossa di concordia s/S<br />Italia','flavio roveri<br />via bosco monastico n 58<br />41033 fossa di concordia s/S<br />Italia','','2016-04-15 09:11:40'),(13,20,13,0,'0000-00-00 00:00:00',0.000000,0.000000,1.819672,2.000000,0.819672,1.000000,1.000000,1.000000,0,0.000000,0.000000,'Desktop Store','Ivan De Angelis<br />Via Bettisi, 9<br />48018 Faenza<br />Italia','Ivan De Angelis<br />Via Bettisi, 9<br />48018 Faenza<br />Italia','','2016-04-16 15:52:24'),(14,21,14,0,'0000-00-00 00:00:00',0.000000,0.000000,17.655738,20.000000,10.655738,13.000000,7.000000,7.000000,0,0.000000,0.000000,'Desktop Store','Grazio Contangelo<br />viale Kennedy, N°46<br />75024 Montescaglioso<br />Italia','Grazio Contangelo<br />viale Kennedy, N°46<br />75024 Montescaglioso<br />Italia','','2016-04-16 17:43:01'),(15,22,15,0,'0000-00-00 00:00:00',0.000000,0.000000,1.557377,1.900000,1.557377,1.900000,0.000000,0.000000,0,0.000000,0.000000,'Desktop Store','Uliano Francesco<br />via Lorenzo Allievi 61<br />00148 roma<br />Italia','Uliano Francesco<br />via Lorenzo Allievi 61<br />00148 roma<br />Italia','','2016-04-16 19:06:29'),(16,23,16,0,'0000-00-00 00:00:00',0.000000,0.000000,1.967213,2.180000,0.967213,1.180000,1.000000,1.000000,0,0.000000,0.000000,'Desktop Store','oreste marchetti<br />via San Pietro n. 14<br />35010 villa del conte<br />Italia','oreste marchetti<br />via San Pietro n. 14<br />35010 villa del conte<br />Italia','','2016-04-17 10:38:41'),(17,24,17,0,'0000-00-00 00:00:00',0.000000,0.000000,10.803279,12.520000,7.803279,9.520000,3.000000,3.000000,0,0.000000,0.000000,'Desktop Store','GIANLUCA GIANOLA<br />via italia 61 n°9<br />37014 castelnuovo del garda<br />Italia','GIANLUCA GIANOLA<br />via italia 61 n°9<br />37014 castelnuovo del garda<br />Italia','','2016-04-17 19:59:38'),(18,25,18,0,'0000-00-00 00:00:00',0.000000,0.000000,1.967213,2.180000,0.967213,1.180000,1.000000,1.000000,0,0.000000,0.000000,'Desktop Store','Antonio Bacella<br />Via Leonardo da Vinci,2<br />13048 Santhia<br />Italia','Antonio Bacella<br />Via Leonardo da Vinci,2<br />13048 Santhia<br />Italia','','2016-04-17 22:04:58'),(19,26,19,0,'0000-00-00 00:00:00',0.000000,0.000000,7.781967,9.230000,6.581967,8.030000,1.200000,1.200000,0,0.000000,0.000000,'Desktop Store','BILLECI Gaia<br />piazza IV Novembre 9<br />Presso Estetica<br />24040 Boltiere<br />Italia','BILLECI Gaia<br />piazza IV Novembre 9<br />Presso Estetica<br />24040 Boltiere<br />Italia','','2016-04-17 23:10:13'),(20,27,20,0,'0000-00-00 00:00:00',0.000000,0.000000,9.565574,10.240000,3.065574,3.740000,6.500000,6.500000,0,0.000000,0.000000,'Desktop Store','Antonio Pontoriero /<br />C/da Bagneria<br />89866 Santa Domenica di Ricadi<br />Italia','Antonio Pontoriero /<br />C/da Bagneria<br />89866 Santa Domenica di Ricadi<br />Italia','','2016-04-18 15:50:27'),(21,28,21,0,'0000-00-00 00:00:00',0.000000,0.000000,10.893443,12.630000,7.893443,9.630000,3.000000,3.000000,0,0.000000,0.000000,'Desktop Store','Dottor Cell<br />Via Flaminia Conca 3/a<br />47923 Rimini<br />Italia','Dottor Cell<br />Via Flaminia Conca 3/a<br />47923 Rimini<br />Italia','','2016-04-18 18:18:31'),(22,29,22,0,'0000-00-00 00:00:00',0.000000,0.000000,3.639344,4.000000,1.639344,2.000000,2.000000,2.000000,0,0.000000,0.000000,'Desktop Store','Mariacristina Lerro<br />Via Passo Della Portella, 43<br />65124 Pescara<br />Italia','Mariacristina Lerro<br />Via Passo Della Portella, 43<br />65124 Pescara<br />Italia','','2016-04-18 20:23:56'),(23,30,23,0,'0000-00-00 00:00:00',0.000000,0.000000,6.278689,7.000000,3.278689,4.000000,3.000000,3.000000,0,0.000000,0.000000,'Desktop Store','matteo durosini<br />via quintino sella 147<br />21052 busto arsizio<br />Italia','matteo durosini<br />via quintino sella 147<br />21052 busto arsizio<br />Italia','','2016-04-18 23:59:16'),(24,31,24,0,'0000-00-00 00:00:00',0.000000,0.000000,10.188525,11.770000,7.188525,8.770000,3.000000,3.000000,0,0.000000,0.000000,'Desktop Store','Paul aramini<br />Via Ponte La Piana 1/a<br />03020 Strangolagalli<br />Italia','Paul aramini<br />Via Ponte La Piana 1/a<br />03020 Strangolagalli<br />Italia','','2016-04-19 09:03:13'),(25,32,25,0,'0000-00-00 00:00:00',0.000000,0.000000,6.098361,7.000000,4.098361,5.000000,2.000000,2.000000,0,0.000000,0.000000,'Desktop Store','Antonio Di Renzo<br />Via Sant\' Uguzzone 5<br />20126 Milano<br />Italia','Antonio Di Renzo<br />Via Sant\' Uguzzone 5<br />20126 Milano<br />Italia','','2016-04-19 11:32:32'),(26,33,26,0,'0000-00-00 00:00:00',0.000000,0.000000,9.918033,11.000000,4.918033,6.000000,5.000000,5.000000,0,0.000000,0.000000,'Desktop Store','Michele Azzone<br />via Alessandro Volta 41<br />41124 Modena<br />Italia','Michele Azzone<br />via Alessandro Volta 41<br />41124 Modena<br />Italia','','2016-04-19 20:43:42'),(27,34,27,0,'0000-00-00 00:00:00',0.000000,0.000000,4.459016,5.000000,2.459016,3.000000,2.000000,2.000000,0,0.000000,0.000000,'Desktop Store','stefano galletti<br />via di morena 27<br />00043 ciampino<br />Italia','stefano galletti<br />via di morena 27<br />00043 ciampino<br />Italia','','2016-04-19 20:43:44'),(28,35,28,0,'0000-00-00 00:00:00',0.000000,0.000000,4.065574,4.740000,3.065574,3.740000,1.000000,1.000000,0,0.000000,0.000000,'Desktop Store','Mariastella Magotti<br />Via del Forte boccea 13<br />Interno 3<br />00167 Roma<br />Italia','Mariastella Magotti<br />Via del Forte boccea 13<br />Interno 3<br />00167 Roma<br />Italia','','2016-04-19 22:34:15'),(29,36,29,0,'0000-00-00 00:00:00',0.000000,0.000000,8.327869,9.500000,5.327869,6.500000,3.000000,3.000000,0,0.000000,0.000000,'Desktop Store','Vittorio Pucillo<br />via dei Bonzagna 48<br />00133 Roma<br />Italia','Vittorio Pucillo<br />via dei Bonzagna 48<br />00133 Roma<br />Italia','','2016-04-20 11:13:38'),(30,37,30,0,'0000-00-00 00:00:00',0.000000,0.000000,6.462295,7.620000,5.262295,6.420000,1.200000,1.200000,0,0.000000,0.000000,'Desktop Store','Salvatore cingolani<br />P.zza Giuseppe Mazzini 10<br />95121 Catania<br />Italia','Salvatore cingolani<br />P.zza Giuseppe Mazzini 10<br />95121 Catania<br />Italia','','2016-04-20 18:53:21'),(31,38,31,0,'0000-00-00 00:00:00',0.000000,0.000000,8.327869,9.500000,5.327869,6.500000,3.000000,3.000000,0,0.000000,0.000000,'Desktop Store','PEPE COSIMO<br />via fulvia 138<br />72100 BRINDISI<br />Italia','PEPE COSIMO<br />via fulvia 138<br />72100 BRINDISI<br />Italia','','2016-04-21 11:43:32'),(32,39,32,0,'0000-00-00 00:00:00',0.000000,0.000000,1.983607,2.200000,0.983607,1.200000,1.000000,1.000000,0,0.000000,0.000000,'Desktop Store','HOTEL LIBERTY<br />VIA DANIELE MANIN 18<br />55049 VIAREGGIO<br />Italia','HOTEL LIBERTY<br />VIA DANIELE MANIN 18<br />55049 VIAREGGIO<br />Italia','','2016-04-21 12:24:09'),(33,40,33,0,'0000-00-00 00:00:00',0.000000,0.000000,14.393443,16.130000,7.893443,9.630000,6.500000,6.500000,0,0.000000,0.000000,'Desktop Store','sergio d\\\'ambrosio<br />via A.volta 2/4<br />50059 vinci<br />Italia','sergio d\\\'ambrosio<br />via A.volta 2/4<br />50059 vinci<br />Italia','','2016-04-21 17:07:14'),(34,41,34,0,'0000-00-00 00:00:00',0.000000,0.000000,5.508197,6.280000,3.508197,4.280000,2.000000,2.000000,0,0.000000,0.000000,'Desktop Store','Sergio Basso<br />Via Strada di Collalto n.52<br />31058 Susegana<br />Italia','Sergio Basso<br />Via Strada di Collalto n.52<br />31058 Susegana<br />Italia','','2016-04-22 23:00:07'),(35,42,35,0,'0000-00-00 00:00:00',0.000000,0.000000,3.639344,4.000000,1.639344,2.000000,2.000000,2.000000,0,0.000000,0.000000,'Desktop Store','cortesi michela<br />via gazzinella n8<br />44041 casumaro<br />Italia','cortesi michela<br />via gazzinella n8<br />44041 casumaro<br />Italia','','2016-04-24 12:17:49'),(36,43,36,0,'0000-00-00 00:00:00',0.000000,0.000000,2.754098,3.140000,1.754098,2.140000,1.000000,1.000000,0,0.000000,0.000000,'Desktop Store','Salvatore Naccari<br />Via residence campus sperone int 2 pal 1<br />98158 MESSINA<br />Italia','Salvatore Naccari<br />Via residence campus sperone int 2 pal 1<br />98158 MESSINA<br />Italia','','2016-04-24 20:10:37'),(37,44,37,0,'0000-00-00 00:00:00',0.000000,0.000000,2.754098,3.140000,1.754098,2.140000,1.000000,1.000000,0,0.000000,0.000000,'Desktop Store','Giancarlo Venuti<br />piazza Don Minzoni n.14<br />50063 Figline V.no<br />Italia','Giancarlo Venuti<br />piazza Don Minzoni n.14<br />50063 Figline V.no<br />Italia','','2016-04-26 02:12:42'),(38,45,38,0,'0000-00-00 00:00:00',0.000000,0.000000,5.067213,5.500000,1.967213,2.400000,3.100000,3.100000,0,0.000000,0.000000,'Desktop Store','perbellini ediltop<br />via ca\'magre 13/b<br />37063 isola della scala<br />Italia','perbellini ediltop<br />via ca\'magre 13/b<br />37063 isola della scala<br />Italia','','2016-04-26 17:09:00'),(39,46,39,0,'0000-00-00 00:00:00',0.000000,0.000000,4.065574,4.740000,3.065574,3.740000,1.000000,1.000000,0,0.000000,0.000000,'Desktop Store','CRISTIANO FINOTTI<br />VIA GUARINI 42<br />10078 VENARIA REALE<br />Italia','CRISTIANO FINOTTI<br />VIA GUARINI 42<br />10078 VENARIA REALE<br />Italia','','2016-04-27 00:39:30'),(40,47,40,0,'0000-00-00 00:00:00',0.000000,0.000000,4.754098,5.140000,1.754098,2.140000,3.000000,3.000000,0,0.000000,0.000000,'Desktop Store','Maria pia Cericola<br />Via alcide de Gasperi<br />1<br />71027 Orsara di puglia<br />Italia','Maria pia Cericola<br />Via alcide de Gasperi<br />1<br />71027 Orsara di puglia<br />Italia','','2016-04-27 19:58:46'),(41,48,41,0,'0000-00-00 00:00:00',0.000000,0.000000,2.754098,3.140000,1.754098,2.140000,1.000000,1.000000,0,0.000000,0.000000,'Desktop Store','Elisa Comparato<br />Via Campoleone 90<br />Via Lungomare Celeste<br />00048 Nettuno<br />Italia','Elisa Comparato<br />Via Campoleone 90<br />Via Lungomare Celeste<br />00048 Nettuno<br />Italia','','2016-04-28 09:40:06'),(42,49,42,0,'0000-00-00 00:00:00',0.000000,0.000000,8.539344,9.890000,6.139344,7.490000,2.400000,2.400000,0,0.000000,0.000000,'Desktop Store','Enrico Pavan<br />Viale Maria 277<br />00054 Maccarese (RM)<br />Italia','Enrico Pavan<br />Viale Maria 277<br />00054 Maccarese (RM)<br />Italia','','2016-04-28 19:46:46'),(43,50,43,0,'0000-00-00 00:00:00',0.000000,0.000000,20.934426,24.000000,13.934426,17.000000,7.000000,7.000000,0,0.000000,0.000000,'Desktop Store','MARGHERITA PICCIRILLO<br />VIA G. GARIBALDI , 59<br />81056 SPARANISE<br />Italia','MARGHERITA PICCIRILLO<br />VIA G. GARIBALDI , 59<br />81056 SPARANISE<br />Italia','','2016-04-29 14:24:36'),(44,51,44,0,'0000-00-00 00:00:00',0.000000,0.000000,20.114754,23.000000,13.114754,16.000000,7.000000,7.000000,0,0.000000,0.000000,'Desktop Store','Francescantonio Sestito<br />Pannilani 58<br />CM colorimoda<br />22100 Como<br />Italia','Francescantonio Sestito<br />Pannilani 58<br />CM colorimoda<br />22100 Como<br />Italia','','2016-04-29 17:07:22'),(45,52,45,0,'0000-00-00 00:00:00',0.000000,0.000000,4.154098,4.540000,1.754098,2.140000,2.400000,2.400000,0,0.000000,0.000000,'Desktop Store','francisco acosta<br />via Giuseppe Garibaldi 130<br />25015 desenzano del garda<br />Italia','francisco acosta<br />via Giuseppe Garibaldi 130<br />25015 desenzano del garda<br />Italia','','2016-04-29 19:15:49'),(46,53,46,0,'0000-00-00 00:00:00',0.000000,0.000000,4.154098,4.540000,1.754098,2.140000,2.400000,2.400000,0,0.000000,0.000000,'Desktop Store','francisco acosta<br />via Giuseppe Garibaldi 130<br />25015 desenzano del garda<br />Italia','francisco acosta<br />via Giuseppe Garibaldi 130<br />25015 desenzano del garda<br />Italia','','2016-04-29 20:05:21'),(47,54,47,0,'0000-00-00 00:00:00',0.000000,0.000000,9.334426,10.200000,3.934426,4.800000,5.400000,5.400000,0,0.000000,0.000000,'Desktop Store','M.I.P DI ABBONDINI FABRIZIO<br />via artigiani 46<br />25014 castenedolo<br />Italia','M.I.P DI ABBONDINI FABRIZIO<br />via artigiani 46<br />25014 castenedolo<br />Italia','','2016-04-30 10:32:32'),(48,55,48,0,'0000-00-00 00:00:00',0.000000,0.000000,20.934426,24.000000,13.934426,17.000000,7.000000,7.000000,0,0.000000,0.000000,'Desktop Store','Gennaro Rosanova<br />Via Roma, 473<br />80057 Sant\'Antonio Abate<br />Italia','Gennaro Rosanova<br />Via Roma, 473<br />80057 Sant\'Antonio Abate<br />Italia','','2016-04-30 13:33:55'),(49,56,49,0,'0000-00-00 00:00:00',0.000000,0.000000,7.227869,8.290000,4.827869,5.890000,2.400000,2.400000,0,0.000000,0.000000,'Desktop Store','Alessandro Di Benedetto<br />Via Di Vittorio, 21<br />presso I.G.V.<br />20060 Vignate<br />Italia','Alessandro Di Benedetto<br />Via Di Vittorio, 21<br />presso I.G.V.<br />20060 Vignate<br />Italia','','2016-05-01 09:57:33'),(50,57,50,0,'0000-00-00 00:00:00',0.000000,0.000000,17.655738,20.000000,10.655738,13.000000,7.000000,7.000000,0,0.000000,0.000000,'Desktop Store','maria urso<br />luigi pirandello , 44/b<br />72012 carovigno<br />Italia','maria urso<br />luigi pirandello , 44/b<br />72012 carovigno<br />Italia','','2016-05-01 18:47:10'),(51,58,51,0,'0000-00-00 00:00:00',0.000000,0.000000,4.039344,4.400000,1.639344,2.000000,2.400000,2.400000,0,0.000000,0.000000,'Desktop Store','Daniele Ingenito<br />Via Monte Tirone N.3 (trav. di Via Dorso)<br />83020 Forino<br />Italia','Daniele Ingenito<br />Via Monte Tirone N.3 (trav. di Via Dorso)<br />83020 Forino<br />Italia','','2016-05-01 23:44:22'),(52,59,52,0,'0000-00-00 00:00:00',0.000000,0.000000,12.236066,14.400000,9.836066,12.000000,2.400000,2.400000,0,0.000000,0.000000,'Desktop Store','lyonet G SNC<br />Via Aurelia 343 - Rosignano Solvay<br />57016 Rosignano Marittimo<br />Italia','lyonet G SNC<br />Via Aurelia 343 - Rosignano Solvay<br />57016 Rosignano Marittimo<br />Italia','','2016-05-02 13:07:03'),(53,60,53,0,'0000-00-00 00:00:00',0.000000,0.000000,5.678689,6.400000,3.278689,4.000000,2.400000,2.400000,0,0.000000,0.000000,'Desktop Store','Julian Thoman<br />Kortsch Egartweg 1<br />39028 Schlanders<br />Italia','Julian Thoman<br />Kortsch Egartweg 1<br />39028 Schlanders<br />Italia','','2016-05-02 13:07:05'),(54,61,54,0,'0000-00-00 00:00:00',0.000000,0.000000,6.908197,7.680000,3.508197,4.280000,3.400000,3.400000,0,0.000000,0.000000,'Desktop Store','Aldo Vecchione<br />Via La Siepe n°15<br />71121 Foggia<br />Italia','Aldo Vecchione<br />Via La Siepe n°15<br />71121 Foggia<br />Italia','','2016-05-02 16:31:07'),(55,62,55,0,'0000-00-00 00:00:00',0.000000,0.000000,5.465574,6.140000,3.065574,3.740000,2.400000,2.400000,0,0.000000,0.000000,'Desktop Store','Pierluigi Iozzia<br />Via demostene 46<br />97100 Ragusa<br />Italia','Pierluigi Iozzia<br />Via demostene 46<br />97100 Ragusa<br />Italia','','2016-05-02 21:35:21'),(56,63,56,0,'0000-00-00 00:00:00',0.000000,0.000000,6.498361,7.400000,4.098361,5.000000,2.400000,2.400000,0,0.000000,0.000000,'Desktop Store','andrea lombardini<br />via monte rosa 28<br />01030 vitorchiano<br />Italia','andrea lombardini<br />via monte rosa 28<br />01030 vitorchiano<br />Italia','','2016-05-02 22:53:23'),(57,64,57,0,'0000-00-00 00:00:00',0.000000,0.000000,12.236066,14.400000,9.836066,12.000000,2.400000,2.400000,0,0.000000,0.000000,'Desktop Store','TES Techno Emergency Services srl<br />Via Badoglio, 35/37<br />72018 San Michele Salentino<br />Italia','TES Techno Emergency Services srl<br />Via Badoglio, 35/37<br />72018 San Michele Salentino<br />Italia','','2016-05-03 10:12:29'),(58,65,58,0,'0000-00-00 00:00:00',0.000000,0.000000,19.610000,22.500000,13.110000,16.000000,6.500000,6.500000,0,0.000000,0.000000,'Desktop Store','Fabio serpetti<br />exesolution<br />via galla placidia 11<br />00159 roma<br />Roma<br />Italia','Fabio serpetti<br />exesolution<br />via galla placidia 11<br />00159 roma<br />Roma<br />Italia','','2016-05-03 10:25:21'),(59,66,59,0,'0000-00-00 00:00:00',0.000000,0.000000,6.678689,7.400000,3.278689,4.000000,3.400000,3.400000,0,0.000000,0.000000,'Desktop Store','mirco alerici<br />largo nicolo machiavelli n4<br />15048 valenza<br />Italia','mirco alerici<br />largo nicolo machiavelli n4<br />15048 valenza<br />Italia','','2016-05-04 15:06:34'),(60,67,60,0,'0000-00-00 00:00:00',0.000000,0.000000,10.293443,12.030000,7.893443,9.630000,2.400000,2.400000,0,0.000000,0.000000,'Desktop Store','Lidia Damian<br />Nicotera via pozzo(vv)<br />89844 Nicotera<br />Italia','Lidia Damian<br />Nicotera via pozzo(vv)<br />89844 Nicotera<br />Italia','','2016-05-04 22:09:16'),(61,68,61,0,'0000-00-00 00:00:00',0.000000,0.000000,3.719672,4.010000,1.319672,1.610000,2.400000,2.400000,0,0.000000,0.000000,'Desktop Store','Simone Denetto<br />Via aeroporto Francesco baracca, 6<br />39100 Bolzano<br />Italia','Simone Denetto<br />Via aeroporto Francesco baracca, 6<br />39100 Bolzano<br />Italia','','2016-05-08 11:47:07'),(62,69,62,0,'0000-00-00 00:00:00',0.000000,0.000000,3.449180,3.680000,1.049180,1.280000,2.400000,2.400000,0,0.000000,0.000000,'Desktop Store','Gorna Mauro<br />via delle ortaglie n 14<br />26029 Soncino<br />Italia','Gorna Mauro<br />via delle ortaglie n 14<br />26029 Soncino<br />Italia','','2016-05-08 22:40:23'),(63,70,63,0,'0000-00-00 00:00:00',0.000000,0.000000,12.924590,15.240000,10.524590,12.840000,2.400000,2.400000,0,0.000000,0.000000,'Desktop Store','mirko clo\\\'<br />via salvaro 30<br />40030 pioppe di salvaro<br />Italia','mirko clo\\\'<br />via salvaro 30<br />40030 pioppe di salvaro<br />Italia','','2016-05-09 11:28:08'),(64,71,64,0,'0000-00-00 00:00:00',0.000000,0.000000,5.555738,6.250000,3.155738,3.850000,2.400000,2.400000,0,0.000000,0.000000,'Desktop Store','Gaetano Gigliuto c/o Ata Sistemi<br />via salento,35<br />74121 taranto<br />Italia','Gaetano Gigliuto c/o Ata Sistemi<br />via salento,35<br />74121 taranto<br />Italia','','2016-05-09 22:57:16'),(65,72,65,0,'0000-00-00 00:00:00',0.000000,0.000000,10.203279,11.920000,7.803279,9.520000,2.400000,2.400000,0,0.000000,0.000000,'Desktop Store','muhammad rafiq<br />VIA SAN MICHELE 49<br />09122 CAGLIARI<br />Italia','muhammad rafiq<br />VIA SAN MICHELE 49<br />09122 CAGLIARI<br />Italia','','2016-05-10 19:38:50'),(66,73,66,0,'0000-00-00 00:00:00',0.000000,0.000000,5.031148,5.610000,2.631148,3.210000,2.400000,2.400000,0,0.000000,0.000000,'Desktop Store','Elena Meggiorin<br />Via Smereglo, 2<br />36100 Vicenza<br />Italia','Elena Meggiorin<br />Via Smereglo, 2<br />36100 Vicenza<br />Italia','','2016-05-12 09:44:05'),(67,74,67,0,'0000-00-00 00:00:00',0.000000,0.000000,12.924590,15.240000,10.524590,12.840000,2.400000,2.400000,0,0.000000,0.000000,'Desktop Store','Reset di Beninato Stefano<br />c.so Nunzio costa 12<br />96018 pachino<br />Italia','Reset di Beninato Stefano<br />c.so Nunzio costa 12<br />96018 pachino<br />Italia','','2016-05-12 11:27:14'),(68,75,68,0,'0000-00-00 00:00:00',0.000000,0.000000,5.031148,5.610000,2.631148,3.210000,2.400000,2.400000,0,0.000000,0.000000,'Desktop Store','Alberto SETTE<br />Cascina dei Prati, 23/F<br />20157 Milano<br />Italia','Alberto SETTE<br />Cascina dei Prati, 23/F<br />20157 Milano<br />Italia','','2016-05-14 19:24:58'),(69,76,69,0,'0000-00-00 00:00:00',0.000000,0.000000,7.662295,8.820000,5.262295,6.420000,2.400000,2.400000,0,0.000000,0.000000,'Desktop Store','Domenico Lombardi<br />via piano  la Bella n.2<br />83030 savignano irpino<br />Italia','Domenico Lombardi<br />via piano  la Bella n.2<br />83030 savignano irpino<br />Italia','','2016-05-15 11:28:58'),(70,77,70,0,'0000-00-00 00:00:00',0.000000,0.000000,5.031148,5.610000,2.631148,3.210000,2.400000,2.400000,0,0.000000,0.000000,'Desktop Store','franco sileno<br />via nazionale loc.mazzotta, pal.gardenia<br />89812 pizzo calabro<br />Italia','franco sileno<br />via nazionale loc.mazzotta, pal.gardenia<br />89812 pizzo calabro<br />Italia','','2016-05-15 12:27:49'),(71,78,71,0,'0000-00-00 00:00:00',0.000000,0.000000,19.285246,23.000000,16.885246,20.600000,2.400000,2.400000,0,0.000000,0.000000,'Desktop Store','antonio novello deasti<br />via enrico toti 14/d<br />10092 beinasco<br />Italia','antonio novello deasti<br />via enrico toti 14/d<br />10092 beinasco<br />Italia','','2016-05-15 12:27:51'),(72,79,72,0,'0000-00-00 00:00:00',0.000000,0.000000,2.311475,2.600000,1.311475,1.600000,1.000000,1.000000,0,0.000000,0.000000,'Desktop Store','lauriano pompili<br />via metastasio n°47<br />00071 pomezia<br />Italia','lauriano pompili<br />via metastasio n°47<br />00071 pomezia<br />Italia','','2016-05-15 18:10:24'),(73,80,73,0,'0000-00-00 00:00:00',0.000000,0.000000,6.785246,7.750000,4.385246,5.350000,2.400000,2.400000,0,0.000000,0.000000,'Desktop Store','Saverio Abbondandolo<br />Via San Martino N8<br />83040 Frigento (Avellino)<br />Italia','Saverio Abbondandolo<br />Via San Martino N8<br />83040 Frigento (Avellino)<br />Italia','','2016-05-17 09:33:53'),(74,81,74,0,'0000-00-00 00:00:00',0.000000,0.000000,4.678689,5.180000,2.278689,2.780000,2.400000,2.400000,0,0.000000,0.000000,'Desktop Store','Andrea Cazzaro c/o iRiparo<br />Roma 16<br />35010 Vigonza<br />Italia','Andrea Cazzaro c/o iRiparo<br />Roma 16<br />35010 Vigonza<br />Italia','','2016-05-17 18:05:28'),(75,82,75,0,'0000-00-00 00:00:00',0.000000,0.000000,5.031148,5.610000,2.631148,3.210000,2.400000,2.400000,0,0.000000,0.000000,'Desktop Store','Antonio Bernardo Porta<br />Via Oristano 24<br />09090 MASULLAS<br />Italia','Antonio Bernardo Porta<br />Via Oristano 24<br />09090 MASULLAS<br />Italia','','2016-05-18 10:17:42'),(76,83,76,0,'0000-00-00 00:00:00',0.000000,0.000000,5.031148,5.610000,2.631148,3.210000,2.400000,2.400000,0,0.000000,0.000000,'Desktop Store','Capati Cabbirio<br />Dolomiti 16<br />01030 Vitorchiano<br />Italia','Capati Cabbirio<br />Dolomiti 16<br />01030 Vitorchiano<br />Italia','','2016-05-18 11:08:31'),(77,84,77,0,'0000-00-00 00:00:00',0.000000,0.000000,8.539344,9.890000,6.139344,7.490000,2.400000,2.400000,0,0.000000,0.000000,'Desktop Store','BANCA RICICLO A.P.S.<br />Via Cornigliano 340R<br />16152 GENOVA<br />Italia','BANCA RICICLO A.P.S.<br />Via Cornigliano 340R<br />16152 GENOVA<br />Italia','','2016-05-18 13:46:28'),(78,85,78,0,'0000-00-00 00:00:00',0.000000,0.000000,4.596721,5.080000,2.196721,2.680000,2.400000,2.400000,0,0.000000,0.000000,'Desktop Store','daniele gavioli<br />via torino 80<br />10034 chivasso<br />Italia','daniele gavioli<br />via torino 80<br />10034 chivasso<br />Italia','','2016-05-18 18:16:24'),(79,86,79,0,'0000-00-00 00:00:00',0.000000,0.000000,11.170492,13.100000,8.770492,10.700000,2.400000,2.400000,0,0.000000,0.000000,'Desktop Store','Paris Di Bartolomei presso Bar<br />Viale Guglielmo Oberdan, 24<br />00049 Velletri<br />Italia','Paris Di Bartolomei presso Bar<br />Viale Guglielmo Oberdan, 24<br />00049 Velletri<br />Italia','','2016-05-19 09:44:40'),(80,87,80,0,'0000-00-00 00:00:00',0.000000,0.000000,4.596721,5.080000,2.196721,2.680000,2.400000,2.400000,0,0.000000,0.000000,'Desktop Store','Francesco Agnello<br />CORSO SEI APRILE, 375<br />91011 ALCAMO<br />Italia','Francesco Agnello<br />CORSO SEI APRILE, 375<br />91011 ALCAMO<br />Italia','','2016-05-19 09:44:42'),(81,88,81,0,'0000-00-00 00:00:00',0.000000,0.000000,8.981967,10.430000,6.581967,8.030000,2.400000,2.400000,0,0.000000,0.000000,'Desktop Store','Fabio Ciuffetta De Gasperis Vincenza<br />Via Campovarigno 1<br />03039 Sora<br />Italia','Fabio Ciuffetta De Gasperis Vincenza<br />Via Campovarigno 1<br />03039 Sora<br />Italia','','2016-05-19 22:56:14'),(82,89,82,0,'0000-00-00 00:00:00',0.000000,0.000000,4.326230,4.750000,1.926230,2.350000,2.400000,2.400000,0,0.000000,0.000000,'Desktop Store','Enzo Caimi<br />via Gran Paradiso 239<br />21050 Gorla Maggiore<br />Italia','Enzo Caimi<br />via Gran Paradiso 239<br />21050 Gorla Maggiore<br />Italia','','2016-05-20 10:48:15'),(83,90,83,0,'0000-00-00 00:00:00',0.000000,0.000000,8.662295,9.820000,5.262295,6.420000,3.400000,3.400000,0,0.000000,0.000000,'Desktop Store','yingchun hu<br />via pianell 47<br />20125 milano<br />Italia','yingchun hu<br />via pianell 47<br />20125 milano<br />Italia','','2016-05-21 16:19:12'),(84,91,84,0,'0000-00-00 00:00:00',0.000000,0.000000,4.039344,4.400000,1.639344,2.000000,2.400000,2.400000,0,0.000000,0.000000,'Desktop Store','Maurilio Coluccino<br />Via Al Boden 5<br />28877 Ornavasso<br />Italia','Maurilio Coluccino<br />Via Al Boden 5<br />28877 Ornavasso<br />Italia','','2016-05-22 10:52:43'),(85,92,85,0,'0000-00-00 00:00:00',0.000000,0.000000,2.619672,2.910000,1.319672,1.610000,1.300000,1.300000,0,0.000000,0.000000,'Desktop Store','biandrati biandrati<br />via san romolo 41/18<br />16157 genova<br />Italia','biandrati biandrati<br />via san romolo 41/18<br />16157 genova<br />Italia','','2016-05-23 23:48:43'),(86,93,86,0,'0000-00-00 00:00:00',0.000000,0.000000,9.398361,10.300000,4.098361,5.000000,5.300000,5.300000,0,0.000000,0.000000,'Desktop Store','Mauro Borea<br />San Francesco D\' Assisi 174 / B<br />(Cascina Patuana)<br />10094 Giaveno<br />Italia','Mauro Borea<br />San Francesco D\' Assisi 174 / B<br />(Cascina Patuana)<br />10094 Giaveno<br />Italia','','2016-05-24 01:20:31'),(87,94,87,0,'0000-00-00 00:00:00',0.000000,0.000000,15.332787,18.420000,14.032787,17.120000,1.300000,1.300000,0,0.000000,0.000000,'Desktop Store','Daniele Candito<br />via nazionale n°4 (Presso Officina Candito)<br />89030 condofuri<br />Italia','Daniele Candito<br />via nazionale n°4 (Presso Officina Candito)<br />89030 condofuri<br />Italia','','2016-05-24 14:38:55'),(88,95,88,0,'0000-00-00 00:00:00',0.000000,0.000000,14.893443,16.630000,7.893443,9.630000,7.000000,7.000000,0,0.000000,0.000000,'Desktop Store','trovato santo<br />via della zecca 12<br />messina<br />98122 messina<br />Italia','trovato santo<br />via della zecca 12<br />messina<br />98122 messina<br />Italia','','2016-05-24 20:18:35'),(89,96,89,0,'0000-00-00 00:00:00',0.000000,0.000000,2.439344,2.690000,1.139344,1.390000,1.300000,1.300000,0,0.000000,0.000000,'Desktop Store','Grazia Gioielleria<br />Corso Umberto I 59/61<br />83020 Sperone<br />Italia','Grazia Gioielleria<br />Corso Umberto I 59/61<br />83020 Sperone<br />Italia','','2016-05-25 13:19:09'),(90,97,90,0,'0000-00-00 00:00:00',0.000000,0.000000,8.957377,10.400000,6.557377,8.000000,2.400000,2.400000,0,0.000000,0.000000,'Desktop Store','aglaia paliiparadisi<br />via acquafondata 6, int. 5 citofonare Paradisi<br />00172 roma<br />Italia','aglaia paliiparadisi<br />via acquafondata 6, int. 5 citofonare Paradisi<br />00172 roma<br />Italia','','2016-05-25 15:10:39'),(91,98,91,0,'0000-00-00 00:00:00',0.000000,0.000000,5.131148,5.710000,2.631148,3.210000,2.500000,2.500000,0,0.000000,0.000000,'Desktop Store','cosimo valentini<br />Via Festa Delle Palme, 5<br />72100 brindisi<br />Italia','cosimo valentini<br />Via Festa Delle Palme, 5<br />72100 brindisi<br />Italia','','2016-05-25 17:29:29'),(92,99,92,0,'0000-00-00 00:00:00',0.000000,0.000000,2.439344,2.690000,1.139344,1.390000,1.300000,1.300000,0,0.000000,0.000000,'Desktop Store','Giuseppe carpentieri<br />via chiappori 8<br />18039 ventimiglia<br />Italia','Giuseppe carpentieri<br />via chiappori 8<br />18039 ventimiglia<br />Italia','','2016-05-26 12:47:32'),(93,100,93,0,'0000-00-00 00:00:00',0.000000,0.000000,6.562295,7.720000,5.262295,6.420000,1.300000,1.300000,0,0.000000,0.000000,'Desktop Store','GlobalTek di Recchioni Simona<br />Via Vittorio Veneto 31<br />64011 ALBA ADRIATICA<br />Italia','GlobalTek di Recchioni Simona<br />Via Vittorio Veneto 31<br />64011 ALBA ADRIATICA<br />Italia','','2016-05-26 13:45:18'),(94,101,94,0,'0000-00-00 00:00:00',0.000000,0.000000,7.439344,8.790000,6.139344,7.490000,1.300000,1.300000,0,0.000000,0.000000,'Desktop Store','Cannatella Claudio<br />via colombo 61<br />90047 partinico<br />Italia','Cannatella Claudio<br />via colombo 61<br />90047 partinico<br />Italia','','2016-05-27 11:52:06'),(95,102,95,0,'0000-00-00 00:00:00',0.000000,0.000000,5.857377,6.860000,4.557377,5.560000,1.300000,1.300000,0,0.000000,0.000000,'Desktop Store','Hosu Alexandru Nicolae<br />Vialle Italia 36<br />54028 Villfranca In Lunigiana<br />Italia','Hosu Alexandru Nicolae<br />Vialle Italia 36<br />54028 Villfranca In Lunigiana<br />Italia','','2016-05-28 09:50:44'),(96,103,96,0,'0000-00-00 00:00:00',0.000000,0.000000,3.496721,3.980000,2.196721,2.680000,1.300000,1.300000,0,0.000000,0.000000,'Desktop Store','mariaselenia scatena<br />via giberghe<br />67053 capistrello<br />Italia','mariaselenia scatena<br />via giberghe<br />67053 capistrello<br />Italia','','2016-05-28 15:06:02'),(97,104,97,0,'0000-00-00 00:00:00',0.000000,0.000000,3.639344,3.890000,1.139344,1.390000,2.500000,2.500000,0,0.000000,0.000000,'Desktop Store','claudia daniela russo<br />via castel morrone 4<br />20129 milano<br />Italia','claudia daniela russo<br />via castel morrone 4<br />20129 milano<br />Italia','','2016-05-29 10:59:59'),(98,105,98,0,'0000-00-00 00:00:00',0.000000,0.000000,6.170492,7.000000,3.770492,4.600000,2.400000,2.400000,0,0.000000,0.000000,'Desktop Store','Clemente Franci<br />Via Armando Diaz n 12<br />01010 LATERA<br />Italia','Clemente Franci<br />Via Armando Diaz n 12<br />01010 LATERA<br />Italia','','2016-05-30 09:25:49'),(99,106,99,0,'0000-00-00 00:00:00',0.000000,0.000000,3.639344,3.890000,1.139344,1.390000,2.500000,2.500000,0,0.000000,0.000000,'Desktop Store','Multiphone sas<br />Via Nazario Sauro 8<br />67035 Pratola Peligna<br />Italia','Multiphone sas<br />Via Nazario Sauro 8<br />67035 Pratola Peligna<br />Italia','','2016-05-31 19:45:19'),(100,107,100,0,'0000-00-00 00:00:00',0.000000,0.000000,7.439344,8.790000,6.139344,7.490000,1.300000,1.300000,0,0.000000,0.000000,'Desktop Store','fabio ballarin<br />via salvator rosa N°10<br />30174 cipressina-zelarino<br />Italia','fabio ballarin<br />via salvator rosa N°10<br />30174 cipressina-zelarino<br />Italia','','2016-06-03 09:22:38'),(101,108,101,0,'0000-00-00 00:00:00',0.000000,0.000000,2.963934,3.330000,1.663934,2.030000,1.300000,1.300000,0,0.000000,0.000000,'Desktop Store','Giuseppe Sansone<br />C/da Strasatti 26 D<br />91025 Marsala<br />Italia','Giuseppe Sansone<br />C/da Strasatti 26 D<br />91025 Marsala<br />Italia','','2016-06-03 09:22:42'),(102,109,102,0,'0000-00-00 00:00:00',0.000000,0.000000,3.811475,4.100000,1.311475,1.600000,2.500000,2.500000,0,0.000000,0.000000,'Desktop Store','Andrea Cantoni<br />via Benussi 8/5<br />34148 Trieste<br />Italia','Andrea Cantoni<br />via Benussi 8/5<br />34148 Trieste<br />Italia','','2016-06-03 09:22:44'),(103,110,103,0,'0000-00-00 00:00:00',0.000000,0.000000,2.349180,2.580000,1.049180,1.280000,1.300000,1.300000,0,0.000000,0.000000,'Desktop Store','Federico Pugliese<br />località cascina redenta (presso discarica)<br />20065 Inzago<br />Italia','Federico Pugliese<br />località cascina redenta (presso discarica)<br />20065 Inzago<br />Italia','','2016-06-03 10:26:45'),(104,111,104,0,'0000-00-00 00:00:00',0.000000,0.000000,3.496721,3.980000,2.196721,2.680000,1.300000,1.300000,0,0.000000,0.000000,'Desktop Store','Matteo D\\\'Intino<br />Via Nazareno Fonticoli 13<br />65017 Penne<br />Italia','Matteo D\\\'Intino<br />Via Nazareno Fonticoli 13<br />65017 Penne<br />Italia','','2016-06-03 15:50:37'),(105,112,105,0,'0000-00-00 00:00:00',0.000000,0.000000,7.047541,8.070000,4.647541,5.670000,2.400000,2.400000,0,0.000000,0.000000,'Desktop Store','Christian De Luca<br />via gelsi rossi, 69<br />84125 salerno<br />Italia','Christian De Luca<br />via gelsi rossi, 69<br />84125 salerno<br />Italia','','2016-06-03 18:05:47'),(106,113,106,0,'0000-00-00 00:00:00',0.000000,0.000000,2.963934,3.330000,1.663934,2.030000,1.300000,1.300000,0,0.000000,0.000000,'Desktop Store','Ivan Pitoni<br />via Roma 70<br />40030 Grizzana Morandi<br />Italia','Ivan Pitoni<br />via Roma 70<br />40030 Grizzana Morandi<br />Italia','','2016-06-07 15:01:56'),(107,114,107,0,'0000-00-00 00:00:00',0.000000,0.000000,22.491803,25.900000,15.491803,18.900000,7.000000,7.000000,0,0.000000,0.000000,'Desktop Store','renato marini<br />via guercino 37<br />23100 varese<br />Italia','renato marini<br />via guercino 37<br />23100 varese<br />Italia','','2016-06-07 19:58:39'),(108,115,108,0,'0000-00-00 00:00:00',0.000000,0.000000,14.893443,16.630000,7.893443,9.630000,7.000000,7.000000,0,0.000000,0.000000,'Desktop Store','trovato santo<br />via della zecca 12<br />messina<br />98122 messina<br />Italia','trovato santo<br />via della zecca 12<br />messina<br />98122 messina<br />Italia','','2016-06-08 21:40:30'),(109,116,109,0,'0000-00-00 00:00:00',0.000000,0.000000,11.037705,12.300000,5.737705,7.000000,5.300000,5.300000,0,0.000000,0.000000,'Desktop Store','fabrizio castiglio\\\'<br />via rossi, 4<br />47838 riccione<br />Italia','fabrizio castiglio\\\'<br />via rossi, 4<br />47838 riccione<br />Italia','','2016-06-11 09:11:44'),(110,117,110,0,'0000-00-00 00:00:00',0.000000,0.000000,4.081967,4.430000,1.581967,1.930000,2.500000,2.500000,0,0.000000,0.000000,'Desktop Store','Laura Ferrazzano<br />Via marconi 81<br />71010 Poggio Imperiale<br />Italia','Laura Ferrazzano<br />Via marconi 81<br />71010 Poggio Imperiale<br />Italia','','2016-06-14 15:00:17'),(111,118,111,0,'0000-00-00 00:00:00',0.000000,0.000000,6.824590,8.040000,5.524590,6.740000,1.300000,1.300000,0,0.000000,0.000000,'Desktop Store','Riccardo Spaziani<br />via vejo 23<br />01014 montalto di castro<br />Italia','Riccardo Spaziani<br />via vejo 23<br />01014 montalto di castro<br />Italia','','2016-06-14 20:00:39'),(112,119,112,0,'0000-00-00 00:00:00',0.000000,0.000000,8.024590,9.240000,5.524590,6.740000,2.500000,2.500000,0,0.000000,0.000000,'Desktop Store','Vito Antonio D\\\' Alessandro<br />Via Bari<br />90/e<br />70014 Conversano<br />Italia','Vito Antonio D\\\' Alessandro<br />Via Bari<br />90/e<br />70014 Conversano<br />Italia','','2016-06-15 20:29:14'),(113,120,113,0,'0000-00-00 00:00:00',0.000000,0.000000,10.947541,13.070000,9.647541,11.770000,1.300000,1.300000,0,0.000000,0.000000,'Desktop Store','domenica milillo<br />via volta 49<br />26041 casalmaggiore<br />Italia','domenica milillo<br />via volta 49<br />26041 casalmaggiore<br />Italia','','2016-06-16 18:35:15'),(114,121,114,0,'0000-00-00 00:00:00',0.000000,0.000000,10.736066,12.570000,8.336066,10.170000,2.400000,2.400000,0,0.000000,0.000000,'Desktop Store','Alessandro Saitta<br />viale Principe Umberto, numero 17, scala a, terzo piano<br />98122 Messina<br />Italia','Alessandro Saitta<br />viale Principe Umberto, numero 17, scala a, terzo piano<br />98122 Messina<br />Italia','','2016-06-17 17:08:18'),(115,122,115,0,'0000-00-00 00:00:00',0.000000,0.000000,6.885246,7.850000,4.385246,5.350000,2.500000,2.500000,0,0.000000,0.000000,'Desktop Store','Eleonora giovannini Presso Activa Spa<br />Via Fersina 6<br />38123 Trento<br />Italia','Eleonora giovannini Presso Activa Spa<br />Via Fersina 6<br />38123 Trento<br />Italia','','2016-06-19 22:04:36'),(116,123,116,0,'0000-00-00 00:00:00',0.000000,0.000000,6.785246,7.750000,4.385246,5.350000,2.400000,2.400000,0,0.000000,0.000000,'Desktop Store','Franco Francesco C/O emme Srl<br />Viale Liguria, 40<br />74121 Taranto<br />Italia','Franco Francesco C/O emme Srl<br />Viale Liguria, 40<br />74121 Taranto<br />Italia','','2016-06-20 10:04:02'),(117,124,117,0,'0000-00-00 00:00:00',0.000000,0.000000,3.931148,4.510000,2.631148,3.210000,1.300000,1.300000,0,0.000000,0.000000,'Desktop Store','A&amp;FIGLI SAS<br />VIA CAVOUR N26<br />25034 ORZINUOVI<br />Italia','A&amp;FIGLI SAS<br />VIA CAVOUR N26<br />25034 ORZINUOVI<br />Italia','','2016-06-20 10:04:12'),(118,125,118,0,'0000-00-00 00:00:00',0.000000,0.000000,10.393443,12.130000,7.893443,9.630000,2.500000,2.500000,0,0.000000,0.000000,'Desktop Store','nicolae vilcu vvs<br />via crevacuore<br />12<br />10146 TORINO<br />Italia','nicolae vilcu vvs<br />via crevacuore<br />12<br />10146 TORINO<br />Italia','','2016-06-21 17:35:33'),(119,126,119,0,'0000-00-00 00:00:00',0.000000,0.000000,3.316393,3.760000,2.016393,2.460000,1.300000,1.300000,0,0.000000,0.000000,'Desktop Store','sabrina trabuio-omar renzo<br />via calipari 1<br />calipari 1<br />35028 piove di sacco<br />Italia','sabrina trabuio-omar renzo<br />via calipari 1<br />calipari 1<br />35028 piove di sacco<br />Italia','','2016-06-22 19:46:21'),(120,127,120,0,'0000-00-00 00:00:00',0.000000,0.000000,2.349180,2.580000,1.049180,1.280000,1.300000,1.300000,0,0.000000,0.000000,'Desktop Store','Luigi Guarro<br />Via Arpaia n.68<br />80045 Pompei<br />Italia','Luigi Guarro<br />Via Arpaia n.68<br />80045 Pompei<br />Italia','','2016-06-24 18:38:49'),(121,128,121,0,'0000-00-00 00:00:00',0.000000,0.000000,4.860000,5.400000,2.460000,3.000000,2.400000,2.400000,0,0.000000,0.000000,'Desktop Store','Fabio Baroni<br />Via Pirenei 36<br />25010 Pozzolengo<br />Brescia<br />Italia','Fabio Baroni<br />Via Pirenei 36<br />25010 Pozzolengo<br />Brescia<br />Italia','','2016-06-25 07:24:51'),(122,129,122,0,'0000-00-00 00:00:00',0.000000,0.000000,17.573770,21.000000,15.573770,19.000000,2.000000,2.000000,0,0.000000,0.000000,'Desktop Store','Gerardo Rontini<br />Via M. SBRILLI , 8<br />50141 Firenze<br />Italia','Gerardo Rontini<br />Via M. SBRILLI , 8<br />50141 Firenze<br />Italia','','2016-06-26 17:31:35'),(123,130,123,0,'0000-00-00 00:00:00',0.000000,0.000000,21.032787,24.120000,14.032787,17.120000,7.000000,7.000000,0,0.000000,0.000000,'Desktop Store','Rita Todrous<br />Via Paiella 42 ex 24/c<br />00042 Anzio<br />Italia','Rita Todrous<br />Via Paiella 42 ex 24/c<br />00042 Anzio<br />Italia','','2016-06-27 10:22:45'),(124,131,124,0,'0000-00-00 00:00:00',0.000000,0.000000,20.524590,23.500000,13.524590,16.500000,7.000000,7.000000,0,0.000000,0.000000,'Desktop Store','Federico Piano<br />Via Mannu F.I. 5<br />09041 Dolianova<br />Italia','Federico Piano<br />Via Mannu F.I. 5<br />09041 Dolianova<br />Italia','','2016-07-02 08:43:33'),(125,132,125,0,'0000-00-00 00:00:00',0.000000,0.000000,4.980328,5.790000,3.680328,4.490000,1.300000,1.300000,0,0.000000,0.000000,'Desktop Store','Beccaria Angelo<br />Via Badaracco 13/8<br />16036 Recco<br />Italia','Beccaria Angelo<br />Via Badaracco 13/8<br />16036 Recco<br />Italia','','2016-07-05 12:42:27'),(126,133,126,0,'0000-00-00 00:00:00',0.000000,0.000000,3.054098,3.440000,1.754098,2.140000,1.300000,1.300000,0,0.000000,0.000000,'Desktop Store','lorenzo fuscaldo<br />don raffele cristiani<br />88811 ciro\' marina<br />Italia','lorenzo fuscaldo<br />don raffele cristiani<br />88811 ciro\' marina<br />Italia','','2016-07-06 17:15:18'),(127,134,127,0,'0000-00-00 00:00:00',0.000000,0.000000,4.365574,5.040000,3.065574,3.740000,1.300000,1.300000,0,0.000000,0.000000,'Desktop Store','SD IT SOLUTIONS DI SMECCA M.<br />VIA MADONNA DEL ROSARIO, 8<br />93012 GELA<br />Italia','SD IT SOLUTIONS DI SMECCA M.<br />VIA MADONNA DEL ROSARIO, 8<br />93012 GELA<br />Italia','','2016-07-07 12:17:20'),(128,135,128,0,'0000-00-00 00:00:00',0.000000,0.000000,13.801639,16.310000,11.401639,13.910000,2.400000,2.400000,0,0.000000,0.000000,'Desktop Store','vittorio michelini<br />via accademia albertina 3<br />10123 torino<br />Italia','vittorio michelini<br />via accademia albertina 3<br />10123 torino<br />Italia','','2016-07-07 13:47:58'),(129,136,129,0,'0000-00-00 00:00:00',0.000000,0.000000,3.819672,4.110000,1.319672,1.610000,2.500000,2.500000,0,0.000000,0.000000,'Desktop Store','Marcello Bruscoli<br />via Antonio Tadini 150<br />00148 Roma<br />Italia','Marcello Bruscoli<br />via Antonio Tadini 150<br />00148 Roma<br />Italia','','2016-07-08 18:41:15'),(130,137,130,0,'0000-00-00 00:00:00',0.000000,0.000000,6.910000,7.900000,4.510000,5.500000,2.400000,2.400000,0,0.000000,0.000000,'Desktop Store','Daniele Tarchi<br />Via Villa Cedri 1<br />50012 Bagno a Ripoli<br />Firenze<br />Italia','Daniele Tarchi<br />Via Villa Cedri 1<br />50012 Bagno a Ripoli<br />Firenze<br />Italia','','2016-07-09 00:03:25'),(131,138,131,0,'0000-00-00 00:00:00',0.000000,0.000000,3.054098,3.440000,1.754098,2.140000,1.300000,1.300000,0,0.000000,0.000000,'Desktop Store','Maurizio Beneforti<br />Piazza Leonardo da Vinci 2<br />58023 Gavorrano<br />Italia','Maurizio Beneforti<br />Piazza Leonardo da Vinci 2<br />58023 Gavorrano<br />Italia','','2016-07-11 17:58:13'),(132,139,132,0,'0000-00-00 00:00:00',0.000000,0.000000,15.332787,18.420000,14.032787,17.120000,1.300000,1.300000,0,0.000000,0.000000,'Desktop Store','Jonny Bruno<br />Via N.Sauro, 89<br />73040 Melissano<br />Italia','Jonny Bruno<br />Via N.Sauro, 89<br />73040 Melissano<br />Italia','','2016-07-13 00:11:42'),(133,140,133,0,'0000-00-00 00:00:00',0.000000,0.000000,2.619672,2.910000,1.319672,1.610000,1.300000,1.300000,0,0.000000,0.000000,'Desktop Store','gabriele briguglio<br />via umberto I n 139<br />98026 Nizza di sicilia<br />Italia','gabriele briguglio<br />via umberto I n 139<br />98026 Nizza di sicilia<br />Italia','','2016-07-13 00:11:44'),(134,141,134,0,'0000-00-00 00:00:00',0.000000,0.000000,4.365574,5.040000,3.065574,3.740000,1.300000,1.300000,0,0.000000,0.000000,'Desktop Store','onofrio de giglio<br />via abate gimma 209<br />70122 bari<br />Italia','onofrio de giglio<br />via abate gimma 209<br />70122 bari<br />Italia','','2016-07-13 22:07:16'),(135,142,135,0,'0000-00-00 00:00:00',0.000000,0.000000,6.562295,7.720000,5.262295,6.420000,1.300000,1.300000,0,0.000000,0.000000,'Desktop Store','Xhuljan Lamaj<br />Piazza Libertà n.3<br />24040 Canonica D\'Adda<br />Italia','Xhuljan Lamaj<br />Piazza Libertà n.3<br />24040 Canonica D\'Adda<br />Italia','','2016-07-14 18:35:03'),(136,143,136,0,'0000-00-00 00:00:00',0.000000,0.000000,3.931148,4.510000,2.631148,3.210000,1.300000,1.300000,0,0.000000,0.000000,'Desktop Store','Raffaele Rizzo<br />Via Mazzini, 15<br />98066 Patti<br />Italia','Raffaele Rizzo<br />Via Mazzini, 15<br />98066 Patti<br />Italia','','2016-07-15 01:01:14'),(137,144,137,0,'0000-00-00 00:00:00',0.000000,0.000000,7.611475,9.000000,6.311475,7.700000,1.300000,1.300000,0,0.000000,0.000000,'Desktop Store','Costa Carmela<br />Viale della Costituzione 41/A<br />95125 Catania<br />Italia','Costa Carmela<br />Viale della Costituzione 41/A<br />95125 Catania<br />Italia','','2016-07-15 02:22:40'),(138,145,138,0,'0000-00-00 00:00:00',0.000000,0.000000,8.981967,10.430000,6.581967,8.030000,2.400000,2.400000,0,0.000000,0.000000,'Desktop Store','Rudi Cerasa<br />Via Roma<br />146<br />31020 Vidor<br />Italia','Rudi Cerasa<br />Via Roma<br />146<br />31020 Vidor<br />Italia','','2016-07-15 13:47:42'),(139,146,139,0,'0000-00-00 00:00:00',0.000000,0.000000,4.808197,5.580000,3.508197,4.280000,1.300000,1.300000,0,0.000000,0.000000,'Desktop Store','m s internet shop point<br />Via Zara Trav (Domenico Zappone)<br />n°9<br />89015 Palmi<br />Italia','m s internet shop point<br />Via Zara Trav (Domenico Zappone)<br />n°9<br />89015 Palmi<br />Italia','','2016-07-15 14:21:13'),(140,147,140,0,'0000-00-00 00:00:00',0.000000,0.000000,4.283607,4.940000,2.983607,3.640000,1.300000,1.300000,0,0.000000,0.000000,'Desktop Store','Piemonte Annamaria<br />Regione Tetti pereno 4<br />10040 Rivalta<br />Italia','Piemonte Annamaria<br />Regione Tetti pereno 4<br />10040 Rivalta<br />Italia','','2016-07-15 16:10:09'),(141,148,141,0,'0000-00-00 00:00:00',0.000000,0.000000,20.598361,23.590000,13.598361,16.590000,7.000000,7.000000,0,0.000000,0.000000,'Desktop Store','Gerardo Ritacco<br />Cda Santa Croce<br />87064 Corigliano Calabro<br />Italia','Gerardo Ritacco<br />Cda Santa Croce<br />87064 Corigliano Calabro<br />Italia','','2016-07-16 14:30:49'),(142,149,142,0,'0000-00-00 00:00:00',0.000000,0.000000,2.619672,2.910000,1.319672,1.610000,1.300000,1.300000,0,0.000000,0.000000,'Desktop Store','Simone Spolaor<br />Via Pietro Verri 16<br />22036 Erba<br />Italia','Simone Spolaor<br />Via Pietro Verri 16<br />22036 Erba<br />Italia','','2016-07-18 20:50:07'),(143,150,143,0,'0000-00-00 00:00:00',0.000000,0.000000,2.439344,2.690000,1.139344,1.390000,1.300000,1.300000,0,0.000000,0.000000,'Desktop Store','Gianni Piroscia<br />Via Di Summa 179<br />72021 Francavilla Fontana<br />Italia','Gianni Piroscia<br />Via Di Summa 179<br />72021 Francavilla Fontana<br />Italia','','2016-07-19 06:26:37'),(144,151,144,0,'0000-00-00 00:00:00',0.000000,0.000000,4.778689,5.280000,2.278689,2.780000,2.500000,2.500000,0,0.000000,0.000000,'Desktop Store','TS Tech<br />via varesina 165/A<br />22100 Como<br />Italia','TS Tech<br />via varesina 165/A<br />22100 Como<br />Italia','','2016-07-19 10:43:02'),(145,152,145,0,'0000-00-00 00:00:00',0.000000,0.000000,6.785246,7.750000,4.385246,5.350000,2.400000,2.400000,0,0.000000,0.000000,'Desktop Store','Cusani Mauro<br />Via Provinciale 5/b<br />22020 Muronico Frazione Dizzasco<br />Italia','Cusani Mauro<br />Via Provinciale 5/b<br />22020 Muronico Frazione Dizzasco<br />Italia','','2016-07-19 17:23:04'),(146,153,146,0,'0000-00-00 00:00:00',0.000000,0.000000,7.611475,9.000000,6.311475,7.700000,1.300000,1.300000,0,0.000000,0.000000,'Desktop Store','Nicola Lazzarin<br />Via Breo 24 int. M1<br />35028 Piove di Sacco<br />Italia','Nicola Lazzarin<br />Via Breo 24 int. M1<br />35028 Piove di Sacco<br />Italia','','2016-07-20 12:13:34'),(147,154,147,0,'0000-00-00 00:00:00',0.000000,0.000000,4.103279,4.720000,2.803279,3.420000,1.300000,1.300000,0,0.000000,0.000000,'Desktop Store','Mihaila Ilie<br />Via Fossano Nr32<br />12030 marene<br />Italia','Mihaila Ilie<br />Via Fossano Nr32<br />12030 marene<br />Italia','','2016-07-20 23:12:14'),(148,155,148,0,'0000-00-00 00:00:00',0.000000,0.000000,3.054098,3.440000,1.754098,2.140000,1.300000,1.300000,0,0.000000,0.000000,'Desktop Store','Papais Eric<br />Via Pasolini, 28<br />33072 Casarsa della Delizia<br />Italia','Papais Eric<br />Via Pasolini, 28<br />33072 Casarsa della Delizia<br />Italia','','2016-07-21 03:15:10'),(149,156,149,0,'0000-00-00 00:00:00',0.000000,0.000000,3.931148,4.510000,2.631148,3.210000,1.300000,1.300000,0,0.000000,0.000000,'Desktop Store','valentina ferruggia<br />via costante girardengo 14 scala G<br />90100 palermo<br />Italia','valentina ferruggia<br />via costante girardengo 14 scala G<br />90100 palermo<br />Italia','','2016-07-21 10:33:50'),(150,157,150,0,'0000-00-00 00:00:00',0.000000,0.000000,6.777049,7.520000,3.377049,4.120000,3.400000,3.400000,0,0.000000,0.000000,'Desktop Store','Paolo Bossi<br />Traversa Diciottesima n.12/1 , Villaggio Sereno<br />25125 Brescia<br />Italia','Paolo Bossi<br />Traversa Diciottesima n.12/1 , Villaggio Sereno<br />25125 Brescia<br />Italia','','2016-07-21 13:35:07'),(151,158,151,0,'0000-00-00 00:00:00',0.000000,0.000000,14.065574,15.180000,5.065574,6.180000,9.000000,9.000000,0,0.000000,0.000000,'Desktop Store','Daniel Pollich<br />Via Pantelleria 22<br />73100 Lecce<br />Italia','Daniel Pollich<br />Via Pantelleria 22<br />73100 Lecce<br />Italia','','2016-07-21 15:57:41'),(152,159,152,0,'0000-00-00 00:00:00',0.000000,0.000000,3.054098,3.440000,1.754098,2.140000,1.300000,1.300000,0,0.000000,0.000000,'Desktop Store','salvatore mingoia<br />via colonnello castrogiovanni 66<br />93014 mussomeli<br />Italia','salvatore mingoia<br />via colonnello castrogiovanni 66<br />93014 mussomeli<br />Italia','','2016-07-21 20:45:38'),(153,160,153,0,'0000-00-00 00:00:00',0.000000,0.000000,5.131148,5.710000,2.631148,3.210000,2.500000,2.500000,0,0.000000,0.000000,'Desktop Store','Andrea Gobbo<br />vicolo trilussa 8<br />31038 Paese<br />Italia','Andrea Gobbo<br />vicolo trilussa 8<br />31038 Paese<br />Italia','','2016-07-22 11:41:49'),(154,161,154,0,'0000-00-00 00:00:00',0.000000,0.000000,3.578689,4.080000,2.278689,2.780000,1.300000,1.300000,0,0.000000,0.000000,'Desktop Store','Danilo Castellani<br />via perugia<br />traversa via dei bucaneve<br />06023 Gualdo tadino<br />Italia','Danilo Castellani<br />via perugia<br />traversa via dei bucaneve<br />06023 Gualdo tadino<br />Italia','','2016-07-22 14:48:15'),(155,162,155,0,'0000-00-00 00:00:00',0.000000,0.000000,3.316393,3.760000,2.016393,2.460000,1.300000,1.300000,0,0.000000,0.000000,'Desktop Store','Rosanna Attanasi<br />via Dante Alighieri 15/A<br />51039 Quarrata<br />Italia','Rosanna Attanasi<br />via Dante Alighieri 15/A<br />51039 Quarrata<br />Italia','','2016-07-22 15:57:26'),(156,163,156,0,'0000-00-00 00:00:00',0.000000,0.000000,3.578689,4.080000,2.278689,2.780000,1.300000,1.300000,0,0.000000,0.000000,'Desktop Store','DAVIDE DI TERMINE<br />CORSO DELLE PROVINCE, 178<br />95127 CATANIA<br />Italia','DAVIDE DI TERMINE<br />CORSO DELLE PROVINCE, 178<br />95127 CATANIA<br />Italia','','2016-07-22 21:03:21'),(157,164,157,0,'0000-00-00 00:00:00',0.000000,0.000000,5.422951,6.330000,4.122951,5.030000,1.300000,1.300000,0,0.000000,0.000000,'Desktop Store','Alexandru Mihaes<br />Via dei gonzaga<br />37 A , int.4<br />00163 Roma<br />Italia','Alexandru Mihaes<br />Via dei gonzaga<br />37 A , int.4<br />00163 Roma<br />Italia','','2016-07-22 21:03:30'),(158,165,158,0,'0000-00-00 00:00:00',0.000000,0.000000,10.245902,10.960000,3.245902,3.960000,7.000000,7.000000,0,0.000000,0.000000,'Desktop Store','Alexandru Mihaes<br />Via dei gonzaga<br />37 A , int.4<br />00163 Roma<br />Italia','Alexandru Mihaes<br />Via dei gonzaga<br />37 A , int.4<br />00163 Roma<br />Italia','','2016-07-22 21:03:39'),(159,166,159,0,'0000-00-00 00:00:00',0.000000,0.000000,11.270492,13.200000,8.770492,10.700000,2.500000,2.500000,0,0.000000,0.000000,'Desktop Store','porime cristian<br />via lanza 2<br />38023 cles<br />Italia','porime cristian<br />via lanza 2<br />38023 cles<br />Italia','','2016-07-22 22:16:12'),(160,167,160,0,'0000-00-00 00:00:00',0.000000,0.000000,5.250820,6.120000,3.950820,4.820000,1.300000,1.300000,0,0.000000,0.000000,'Desktop Store','Judaschewske Judaschewske<br />Costantinopoli<br />81054 san Prisco<br />Italia','Judaschewske Judaschewske<br />Costantinopoli<br />81054 san Prisco<br />Italia','','2016-07-22 22:46:58'),(161,168,161,0,'0000-00-00 00:00:00',0.000000,0.000000,3.578689,4.080000,2.278689,2.780000,1.300000,1.300000,0,0.000000,0.000000,'Desktop Store','MY PHONE Todino Eugenio<br />Via D. Alighieri 44<br />Negozio<br />87028 Praja a Mare<br />Italia','MY PHONE Todino Eugenio<br />Via D. Alighieri 44<br />Negozio<br />87028 Praja a Mare<br />Italia','','2016-07-22 23:19:59'),(162,169,162,0,'0000-00-00 00:00:00',0.000000,0.000000,3.931148,4.510000,2.631148,3.210000,1.300000,1.300000,0,0.000000,0.000000,'Desktop Store','Giorgio selvaggio<br />F. Ascenzio, 36<br />97016 pozzallo<br />Italia','Giorgio selvaggio<br />F. Ascenzio, 36<br />97016 pozzallo<br />Italia','','2016-07-23 03:14:25'),(163,170,163,0,'0000-00-00 00:00:00',0.000000,0.000000,2.619672,2.910000,1.319672,1.610000,1.300000,1.300000,0,0.000000,0.000000,'Desktop Store','giuseppe linari<br />via giovanni falcone 8<br />04012 cisterna di latina<br />Italia','giuseppe linari<br />via giovanni falcone 8<br />04012 cisterna di latina<br />Italia','','2016-07-23 14:30:31'),(164,171,164,0,'0000-00-00 00:00:00',0.000000,0.000000,21.032787,24.120000,14.032787,17.120000,7.000000,7.000000,0,0.000000,0.000000,'Desktop Store','MARIO IUORIO<br />via magellano , 5<br />07020 golfo aranci<br />Italia','MARIO IUORIO<br />via magellano , 5<br />07020 golfo aranci<br />Italia','','2016-07-23 18:40:08'),(165,172,165,0,'0000-00-00 00:00:00',0.000000,0.000000,2.619672,2.910000,1.319672,1.610000,1.300000,1.300000,0,0.000000,0.000000,'Desktop Store','Firpo Barbara<br />Via Aurelia, 244<br />17025 Loano<br />Italia','Firpo Barbara<br />Via Aurelia, 244<br />17025 Loano<br />Italia','','2016-07-23 19:29:36'),(166,173,166,0,'0000-00-00 00:00:00',0.000000,0.000000,3.578689,4.080000,2.278689,2.780000,1.300000,1.300000,0,0.000000,0.000000,'Desktop Store','Domenico Maggiore<br />VIA BEATO EGIDIO 7<br />70010 Capurso<br />Italia','Domenico Maggiore<br />VIA BEATO EGIDIO 7<br />70010 Capurso<br />Italia','','2016-07-24 02:45:10'),(167,174,167,0,'0000-00-00 00:00:00',0.000000,0.000000,3.496721,3.980000,2.196721,2.680000,1.300000,1.300000,0,0.000000,0.000000,'Desktop Store','Davide Tionville<br />piazza bologna 3/6 (tionville - console)<br />17100 SAVONA<br />Italia','Davide Tionville<br />piazza bologna 3/6 (tionville - console)<br />17100 SAVONA<br />Italia','','2016-07-25 01:45:48'),(168,175,168,0,'0000-00-00 00:00:00',0.000000,0.000000,3.931148,4.510000,2.631148,3.210000,1.300000,1.300000,0,0.000000,0.000000,'Desktop Store','Cristian Favini presso S.E.A. srl<br />Via Parma, 66<br />46041 ASOLA<br />Italia','Cristian Favini presso S.E.A. srl<br />Via Parma, 66<br />46041 ASOLA<br />Italia','','2016-07-25 14:34:20'),(169,176,169,0,'0000-00-00 00:00:00',0.000000,0.000000,7.509836,8.590000,4.909836,5.990000,2.600000,2.600000,0,0.000000,0.000000,'Desktop Store','DANIELE TAGLIONE<br />S.S. 156 Dir. Monti Lepini KM 3,500 presso \"C.M.T. di TAGLIONE\"<br />03023 CECCANO<br />Italia','DANIELE TAGLIONE<br />S.S. 156 Dir. Monti Lepini KM 3,500 presso \"C.M.T. di TAGLIONE\"<br />03023 CECCANO<br />Italia','','2016-07-25 15:42:45'),(170,177,170,0,'0000-00-00 00:00:00',0.000000,0.000000,3.496721,3.980000,2.196721,2.680000,1.300000,1.300000,0,0.000000,0.000000,'Desktop Store','PUCCIO LOREDANA<br />GOFFREDO MALATERRA N.11<br />90135 PALERMO<br />Italia','PUCCIO LOREDANA<br />GOFFREDO MALATERRA N.11<br />90135 PALERMO<br />Italia','','2016-07-26 13:08:45'),(171,178,171,0,'0000-00-00 00:00:00',0.000000,0.000000,7.349180,8.680000,6.049180,7.380000,1.300000,1.300000,0,0.000000,0.000000,'Desktop Store','Federica Vellante<br />Via Rimessa 12/A<br />62020 Caldarola<br />Italia','Federica Vellante<br />Via Rimessa 12/A<br />62020 Caldarola<br />Italia','','2016-07-27 00:56:45'),(172,179,172,0,'0000-00-00 00:00:00',0.000000,0.000000,1.877049,2.070000,0.877049,1.070000,1.000000,1.000000,0,0.000000,0.000000,'Desktop Store','Marco Turci<br />Via Cusano Milanino n.20<br />00135 Roma<br />Italia','Marco Turci<br />Via Cusano Milanino n.20<br />00135 Roma<br />Italia','','2016-07-27 01:36:57'),(173,180,173,0,'0000-00-00 00:00:00',0.000000,0.000000,3.054098,3.440000,1.754098,2.140000,1.300000,1.300000,0,0.000000,0.000000,'Desktop Store','SALVATORE BARTOLOMEO c/o TUTTOTELEFONIA<br />VIA BIDONE 48-50<br />27058 VOGHERA<br />Italia','SALVATORE BARTOLOMEO c/o TUTTOTELEFONIA<br />VIA BIDONE 48-50<br />27058 VOGHERA<br />Italia','','2016-07-27 07:53:29'),(174,181,174,0,'0000-00-00 00:00:00',0.000000,0.000000,8.811475,10.200000,6.311475,7.700000,2.500000,2.500000,0,0.000000,0.000000,'Desktop Store','Paul Leonardo Claude<br />Via Bossolasco 3<br />10141 Torino<br />Italia','Paul Leonardo Claude<br />Via Bossolasco 3<br />10141 Torino<br />Italia','','2016-07-28 00:13:15'),(175,182,175,0,'0000-00-00 00:00:00',0.000000,0.000000,5.422951,6.330000,4.122951,5.030000,1.300000,1.300000,0,0.000000,0.000000,'Desktop Store','Valerio Crisci<br />Via Termini, 28<br />Presso Punta e Clicca<br />96016 Lentini<br />Italia','Valerio Crisci<br />Via Termini, 28<br />Presso Punta e Clicca<br />96016 Lentini<br />Italia','','2016-07-28 09:45:27'),(176,183,176,0,'0000-00-00 00:00:00',0.000000,0.000000,3.496721,3.980000,2.196721,2.680000,1.300000,1.300000,0,0.000000,0.000000,'Desktop Store','Felice Nappi<br />via roma 68<br />80030 comiziano<br />Italia','Felice Nappi<br />via roma 68<br />80030 comiziano<br />Italia','','2016-07-28 11:44:46'),(177,184,177,0,'0000-00-00 00:00:00',0.000000,0.000000,3.931148,4.510000,2.631148,3.210000,1.300000,1.300000,0,0.000000,0.000000,'Desktop Store','francesco strano<br />Via Etnea 582<br />95128 Catania<br />Italia','francesco strano<br />Via Etnea 582<br />95128 Catania<br />Italia','','2016-07-28 15:14:28'),(178,185,178,0,'0000-00-00 00:00:00',0.000000,0.000000,2.619672,2.910000,1.319672,1.610000,1.300000,1.300000,0,0.000000,0.000000,'Desktop Store','Carmine Antonacci<br />Corso Garibaldi, 47<br />03048 Sant\'Apollinare<br />Italia','Carmine Antonacci<br />Corso Garibaldi, 47<br />03048 Sant\'Apollinare<br />Italia','','2016-07-29 11:31:28'),(179,186,179,0,'0000-00-00 00:00:00',0.000000,0.000000,4.545902,5.260000,3.245902,3.960000,1.300000,1.300000,0,0.000000,0.000000,'Desktop Store','santa bellamacina<br />s.s.114 km 3.500 pal Iles contesse<br />98125 messina<br />Italia','santa bellamacina<br />s.s.114 km 3.500 pal Iles contesse<br />98125 messina<br />Italia','','2016-07-29 19:34:41'),(180,187,180,0,'0000-00-00 00:00:00',0.000000,0.000000,13.049180,14.380000,6.049180,7.380000,7.000000,7.000000,0,0.000000,0.000000,'Desktop Store','DOCTOR IPH DI VERCELLONE LORIS<br />viale piave 8<br />20129 milano<br />Italia','DOCTOR IPH DI VERCELLONE LORIS<br />viale piave 8<br />20129 milano<br />Italia','','2016-07-30 00:29:39'),(181,188,181,0,'0000-00-00 00:00:00',0.000000,0.000000,2.439344,2.690000,1.139344,1.390000,1.300000,1.300000,0,0.000000,0.000000,'Desktop Store','Loredana De Vito<br />Via Breccelle 2<br />83010 Capriglia Irpina<br />Italia','Loredana De Vito<br />Via Breccelle 2<br />83010 Capriglia Irpina<br />Italia','','2016-07-30 13:11:00'),(182,189,182,0,'0000-00-00 00:00:00',0.000000,0.000000,2.619672,2.910000,1.319672,1.610000,1.300000,1.300000,0,0.000000,0.000000,'Desktop Store','De Luca Fabio<br />Via Varli Pisacane 60<br />Via Due Agosto 49<br />73049 Ruffano<br />Italia','De Luca Fabio<br />Via Varli Pisacane 60<br />Via Due Agosto 49<br />73049 Ruffano<br />Italia','','2016-07-30 15:50:43'),(183,190,183,0,'0000-00-00 00:00:00',0.000000,0.000000,4.696721,5.180000,2.196721,2.680000,2.500000,2.500000,0,0.000000,0.000000,'Desktop Store','Marco Cuzzola<br />Via dei Tulipani, 22<br />89133 Reggio Calabria<br />Italia','Marco Cuzzola<br />Via dei Tulipani, 22<br />89133 Reggio Calabria<br />Italia','','2016-07-31 10:13:58'),(184,191,184,0,'0000-00-00 00:00:00',0.000000,0.000000,9.081967,10.530000,6.581967,8.030000,2.500000,2.500000,0,0.000000,0.000000,'Desktop Store','emmanuel perticone<br />piazza cavallotti 18<br />95040 ramacca<br />Italia','emmanuel perticone<br />piazza cavallotti 18<br />95040 ramacca<br />Italia','','2016-07-31 17:34:11'),(185,192,185,0,'0000-00-00 00:00:00',0.000000,0.000000,3.931148,4.510000,2.631148,3.210000,1.300000,1.300000,0,0.000000,0.000000,'Desktop Store','Fabio Franza<br />Via Catania 162,Compl.Villa Dante scala D<br />98124 Messina<br />Italia','Fabio Franza<br />Via Catania 162,Compl.Villa Dante scala D<br />98124 Messina<br />Italia','','2016-08-01 12:52:39'),(186,193,186,0,'0000-00-00 00:00:00',0.000000,0.000000,4.365574,5.040000,3.065574,3.740000,1.300000,1.300000,0,0.000000,0.000000,'Desktop Store','dragos stefan cazacu<br />Viale Trento 65/A<br />33077 Sacile<br />Italia','dragos stefan cazacu<br />Viale Trento 65/A<br />33077 Sacile<br />Italia','','2016-08-01 16:42:48'),(187,194,187,0,'0000-00-00 00:00:00',0.000000,0.000000,6.450820,7.320000,3.950820,4.820000,2.500000,2.500000,0,0.000000,0.000000,'Desktop Store','Luca Arbizzani<br />c/o Ma.Anche.Si<br />via Edera De Giovanni 37/E<br />40129 BOLOGNA<br />Italia','Luca Arbizzani<br />c/o Ma.Anche.Si<br />via Edera De Giovanni 37/E<br />40129 BOLOGNA<br />Italia','','2016-08-01 18:37:32'),(188,195,188,0,'0000-00-00 00:00:00',0.000000,0.000000,3.054098,3.440000,1.754098,2.140000,1.300000,1.300000,0,0.000000,0.000000,'Desktop Store','fabio zocchi<br />via di monte d\'oro 30<br />34015 muggia<br />Italia','fabio zocchi<br />via di monte d\'oro 30<br />34015 muggia<br />Italia','','2016-08-01 22:22:42'),(189,196,189,0,'0000-00-00 00:00:00',0.000000,0.000000,7.119672,8.180000,4.819672,5.880000,2.300000,2.300000,0,0.000000,0.000000,'Desktop Store','Rosario Santarpia<br />via traversa lattaro n14<br />80053 castellammare di stabia<br />Italia','Rosario Santarpia<br />via traversa lattaro n14<br />80053 castellammare di stabia<br />Italia','','2016-08-02 11:56:12'),(190,197,190,0,'0000-00-00 00:00:00',0.000000,0.000000,8.578689,10.180000,7.278689,8.880000,1.300000,1.300000,0,0.000000,0.000000,'Desktop Store','gabriele rubinaccio<br />via roma 36/D<br />14015 san damiano d\'asti<br />Italia','gabriele rubinaccio<br />via roma 36/D<br />14015 san damiano d\'asti<br />Italia','','2016-08-02 17:56:43'),(191,198,191,0,'0000-00-00 00:00:00',0.000000,0.000000,2.439344,2.690000,1.139344,1.390000,1.300000,1.300000,0,0.000000,0.000000,'Desktop Store','Giovanni Abbruzzese<br />Via torino 23<br />70016 Noicattaro<br />Italia','Giovanni Abbruzzese<br />Via torino 23<br />70016 Noicattaro<br />Italia','','2016-08-02 18:28:20'),(192,199,192,0,'0000-00-00 00:00:00',0.000000,0.000000,4.365574,5.040000,3.065574,3.740000,1.300000,1.300000,0,0.000000,0.000000,'Desktop Store','Volodymyr Husach<br />Viale Aldo Moro,1a Traversa Nicolo 6<br />89129 Reggio Calabria<br />Italia','Volodymyr Husach<br />Viale Aldo Moro,1a Traversa Nicolo 6<br />89129 Reggio Calabria<br />Italia','','2016-08-02 18:28:21'),(193,200,193,0,'0000-00-00 00:00:00',0.000000,0.000000,5.393443,6.030000,2.893443,3.530000,2.500000,2.500000,0,0.000000,0.000000,'Desktop Store','RIPAROEXPRESS TRIESTE<br />Via Pascoli 22 A<br />34129 Trieste<br />Italia','RIPAROEXPRESS TRIESTE<br />Via Pascoli 22 A<br />34129 Trieste<br />Italia','','2016-08-02 21:06:00'),(194,201,194,0,'0000-00-00 00:00:00',0.000000,0.000000,4.283607,4.940000,2.983607,3.640000,1.300000,1.300000,0,0.000000,0.000000,'Desktop Store','Francesco Taormina<br />Via Roma 368<br />90040 San Cipirello<br />Italia','Francesco Taormina<br />Via Roma 368<br />90040 San Cipirello<br />Italia','','2016-08-03 15:04:50'),(195,202,195,0,'0000-00-00 00:00:00',0.000000,0.000000,9.416393,10.960000,7.016393,8.560000,2.400000,2.400000,0,0.000000,0.000000,'Desktop Store','loreta tasin<br />via del cesuròn,7<br />38123 baselga del bondone<br />Italia','loreta tasin<br />via del cesuròn,7<br />38123 baselga del bondone<br />Italia','','2016-08-03 19:50:36'),(196,203,196,0,'0000-00-00 00:00:00',0.000000,0.000000,3.931148,4.510000,2.631148,3.210000,1.300000,1.300000,0,0.000000,0.000000,'Desktop Store','Luca Zanolini<br />Via Salamna, 50<br />38019 Tuenno<br />Italia','Luca Zanolini<br />Via Salamna, 50<br />38019 Tuenno<br />Italia','','2016-08-04 10:08:37'),(197,204,197,0,'0000-00-00 00:00:00',0.000000,0.000000,10.065574,10.740000,3.065574,3.740000,7.000000,7.000000,0,0.000000,0.000000,'Desktop Store','giovanni maiolino<br />via dei dossi 22<br />27020 dorno<br />Italia','giovanni maiolino<br />via dei dossi 22<br />27020 dorno<br />Italia','','2016-08-05 08:09:36'),(198,205,198,0,'0000-00-00 00:00:00',0.000000,0.000000,15.332787,18.420000,14.032787,17.120000,1.300000,1.300000,0,0.000000,0.000000,'Desktop Store','lorenzo posa<br />via moscova 16 - Scala G<br />20025 legnano<br />Italia','lorenzo posa<br />via moscova 16 - Scala G<br />20025 legnano<br />Italia','','2016-08-05 15:05:51'),(199,206,199,0,'0000-00-00 00:00:00',0.000000,0.000000,2.619672,2.910000,1.319672,1.610000,1.300000,1.300000,0,0.000000,0.000000,'Desktop Store','Alfonso Trisi c/o Tesa<br />traversa via etiopia 1/3<br />65015 Montesilvano<br />Italia','Alfonso Trisi c/o Tesa<br />traversa via etiopia 1/3<br />65015 Montesilvano<br />Italia','','2016-08-05 15:05:52'),(200,207,200,0,'0000-00-00 00:00:00',0.000000,0.000000,418.245902,508.720000,411.245902,501.720000,7.000000,7.000000,0,0.000000,0.000000,'Desktop Store','Riccardo Pezzi<br />via Sant\'Erasmo 5<br />int  4<br />18018 taggia<br />Italia','Riccardo Pezzi<br />via Sant\'Erasmo 5<br />int  4<br />18018 taggia<br />Italia','','2016-08-06 14:24:18'),(201,208,201,0,'0000-00-00 00:00:00',0.000000,0.000000,3.931148,4.510000,2.631148,3.210000,1.300000,1.300000,0,0.000000,0.000000,'Desktop Store','Luca Sciarra<br />Via Domodossola 75<br />10145 Torino<br />Italia','Luca Sciarra<br />Via Domodossola 75<br />10145 Torino<br />Italia','','2016-08-06 18:25:25'),(202,209,202,0,'0000-00-00 00:00:00',0.000000,0.000000,11.170492,13.100000,8.770492,10.700000,2.400000,2.400000,0,0.000000,0.000000,'Desktop Store','MARIO IUORIO<br />via magellano , 5<br />07020 golfo aranci<br />Italia','MARIO IUORIO<br />via magellano , 5<br />07020 golfo aranci<br />Italia','','2016-08-06 23:17:03'),(203,210,203,0,'0000-00-00 00:00:00',0.000000,0.000000,4.365574,5.040000,3.065574,3.740000,1.300000,1.300000,0,0.000000,0.000000,'Desktop Store','Computel Computel<br />Fienilone, 02<br />48015 Cervia<br />Italia','Computel Computel<br />Fienilone, 02<br />48015 Cervia<br />Italia','','2016-08-07 18:14:08'),(204,211,204,0,'0000-00-00 00:00:00',0.000000,0.000000,4.039344,4.400000,1.639344,2.000000,2.400000,2.400000,0,0.000000,0.000000,'Desktop Store','emiliano malerba<br />via san giovanni lupatoto 18<br />37134 verona<br />Italia','emiliano malerba<br />via san giovanni lupatoto 18<br />37134 verona<br />Italia','','2016-08-07 21:04:03'),(205,212,205,0,'0000-00-00 00:00:00',0.000000,0.000000,3.054098,3.440000,1.754098,2.140000,1.300000,1.300000,0,0.000000,0.000000,'Desktop Store','VANNINI SIMONE presso VANNINI S.R.L.<br />via molin bianco 14/d<br />52100 arezzo<br />Italia','VANNINI SIMONE presso VANNINI S.R.L.<br />via molin bianco 14/d<br />52100 arezzo<br />Italia','','2016-08-08 10:38:14'),(206,213,206,0,'0000-00-00 00:00:00',0.000000,0.000000,2.439344,2.690000,1.139344,1.390000,1.300000,1.300000,0,0.000000,0.000000,'Desktop Store','russo francesco<br />via l.einaudi  5<br />15067 novi ligure<br />Italia','russo francesco<br />via l.einaudi  5<br />15067 novi ligure<br />Italia','','2016-08-08 11:10:23'),(207,214,207,0,'0000-00-00 00:00:00',0.000000,0.000000,2.619672,2.910000,1.319672,1.610000,1.300000,1.300000,0,0.000000,0.000000,'Desktop Store','Sonja Quadu<br />VIA UMBERTO CAGNI 3<br />31100 TREVISO<br />Italia','Sonja Quadu<br />VIA UMBERTO CAGNI 3<br />31100 TREVISO<br />Italia','','2016-08-08 14:53:58'),(208,215,208,0,'0000-00-00 00:00:00',0.000000,0.000000,4.365574,5.040000,3.065574,3.740000,1.300000,1.300000,0,0.000000,0.000000,'Desktop Store','antonio seminara<br />corso Nunzio Costa  131<br />96018 pachino<br />Italia','antonio seminara<br />corso Nunzio Costa  131<br />96018 pachino<br />Italia','','2016-08-08 21:07:06'),(209,216,209,0,'0000-00-00 00:00:00',0.000000,0.000000,8.139344,8.390000,1.139344,1.390000,7.000000,7.000000,0,0.000000,0.000000,'Desktop Store','Alessandro lavagetto presso Saldomeccanica<br />degli artigiani 94-96<br />16162 genova<br />Italia','Alessandro lavagetto presso Saldomeccanica<br />degli artigiani 94-96<br />16162 genova<br />Italia','','2016-08-08 23:29:03'),(210,217,210,0,'0000-00-00 00:00:00',0.000000,0.000000,3.754098,4.140000,1.754098,2.140000,2.000000,2.000000,0,0.000000,0.000000,'Desktop Store','Cavallaro Nicola<br />C/O ROS Scuola Allievi Carabinieri, Via Pio XI, N. 341<br />89133 Reggio Calabria<br />Italia','Cavallaro Nicola<br />C/O ROS Scuola Allievi Carabinieri, Via Pio XI, N. 341<br />89133 Reggio Calabria<br />Italia','','2016-08-09 17:03:37'),(211,218,211,0,'0000-00-00 00:00:00',0.000000,0.000000,2.439344,2.690000,1.139344,1.390000,1.300000,1.300000,0,0.000000,0.000000,'Desktop Store','Tony samtoro<br />zona rucola VIII^ strada 3 Merine<br />73023 Lizzanello<br />Italia','Tony samtoro<br />zona rucola VIII^ strada 3 Merine<br />73023 Lizzanello<br />Italia','','2016-08-09 18:30:07'),(212,219,212,0,'0000-00-00 00:00:00',0.000000,0.000000,5.131148,5.710000,2.631148,3.210000,2.500000,2.500000,0,0.000000,0.000000,'Desktop Store','Simone Marcianò<br />Via Boschicello<br />18/G<br />89133 Reggio Calabria<br />Italia','Simone Marcianò<br />Via Boschicello<br />18/G<br />89133 Reggio Calabria<br />Italia','','2016-08-10 10:38:00'),(213,220,213,0,'0000-00-00 00:00:00',0.000000,0.000000,7.465574,8.580000,5.065574,6.180000,2.400000,2.400000,0,0.000000,0.000000,'Desktop Store','MASSIMO SILVI<br />PIAZZA SIGNINA 8<br />04010 CORI<br />Italia','MASSIMO SILVI<br />PIAZZA SIGNINA 8<br />04010 CORI<br />Italia','','2016-08-10 12:50:53'),(214,221,214,0,'0000-00-00 00:00:00',0.000000,0.000000,3.054098,3.440000,1.754098,2.140000,1.300000,1.300000,0,0.000000,0.000000,'Desktop Store','Samir El Benna<br />Piazza Avis, 10<br />10064 Pinerolo<br />Italia','Samir El Benna<br />Piazza Avis, 10<br />10064 Pinerolo<br />Italia','','2016-08-11 12:30:52'),(215,222,215,0,'0000-00-00 00:00:00',0.000000,0.000000,14.578689,17.280000,12.278689,14.980000,2.300000,2.300000,0,0.000000,0.000000,'Desktop Store','iRiparo Arzachena c/o iNkolor Store<br />Viale Costa Smeralda, 14<br />07021 Arzachena<br />Italia','iRiparo Arzachena c/o iNkolor Store<br />Viale Costa Smeralda, 14<br />07021 Arzachena<br />Italia','','2016-08-11 19:40:26'),(216,223,216,0,'0000-00-00 00:00:00',0.000000,0.000000,4.365574,5.040000,3.065574,3.740000,1.300000,1.300000,0,0.000000,0.000000,'Desktop Store','Iskandar Beddhiaf<br />Via Giovanni xxIII<br />00047 Marino<br />Italia','Iskandar Beddhiaf<br />Via Giovanni xxIII<br />00047 Marino<br />Italia','','2016-08-11 20:49:50'),(217,224,217,0,'0000-00-00 00:00:00',0.000000,0.000000,13.103279,14.820000,7.803279,9.520000,5.300000,5.300000,0,0.000000,0.000000,'Desktop Store','Tornetta Lina<br />Via G. D\'Annunzio n°78<br />94015 Piazza Armerina<br />Italia','Tornetta Lina<br />Via G. D\'Annunzio n°78<br />94015 Piazza Armerina<br />Italia','','2016-08-12 00:16:42'),(218,225,218,0,'0000-00-00 00:00:00',0.000000,0.000000,4.039344,4.400000,1.639344,2.000000,2.400000,2.400000,0,0.000000,0.000000,'Desktop Store','Petrozziello Mauro<br />Via della Luva 59<br />22014 Dongo<br />Italia','Petrozziello Mauro<br />Via della Luva 59<br />22014 Dongo<br />Italia','','2016-08-12 07:18:24'),(219,226,219,0,'0000-00-00 00:00:00',0.000000,0.000000,4.365574,5.040000,3.065574,3.740000,1.300000,1.300000,0,0.000000,0.000000,'Desktop Store','GIOELE BERNARDI<br />via monte vettore<br />39<br />60131 ancona<br />Italia','GIOELE BERNARDI<br />via monte vettore<br />39<br />60131 ancona<br />Italia','','2016-08-12 11:18:57'),(220,227,220,0,'0000-00-00 00:00:00',0.000000,0.000000,12.701639,15.210000,11.401639,13.910000,1.300000,1.300000,0,0.000000,0.000000,'Desktop Store','Filippo Marcodini<br />Strada Cavalli 4<br />28831 Baveno<br />Italia','Filippo Marcodini<br />Strada Cavalli 4<br />28831 Baveno<br />Italia','','2016-08-12 11:18:59'),(221,228,221,0,'0000-00-00 00:00:00',0.000000,0.000000,4.718033,5.470000,3.418033,4.170000,1.300000,1.300000,0,0.000000,0.000000,'Desktop Store','Gandolfo Nicolò<br />Contrada Ponte Fiumarella n.154/155<br />91025 Marsala<br />Italia','Gandolfo Nicolò<br />Contrada Ponte Fiumarella n.154/155<br />91025 Marsala<br />Italia','','2016-08-12 11:19:00'),(222,229,222,0,'0000-00-00 00:00:00',0.000000,0.000000,4.283607,4.940000,2.983607,3.640000,1.300000,1.300000,0,0.000000,0.000000,'Desktop Store','ubaldo d\\\'angelo<br />VIA G . VOLTATTORNI 47<br />63074 san benedetto del tronto<br />Italia','ubaldo d\\\'angelo<br />VIA G . VOLTATTORNI 47<br />63074 san benedetto del tronto<br />Italia','','2016-08-12 15:09:20'),(223,231,223,0,'0000-00-00 00:00:00',0.000000,0.000000,5.393443,6.030000,2.893443,3.530000,2.500000,2.500000,0,0.000000,0.000000,'Desktop Store','Salvatore Martino<br />Ficarella n°18<br />89064 Saline Joniche<br />Italia','Salvatore Martino<br />Ficarella n°18<br />89064 Saline Joniche<br />Italia','','2016-08-13 18:07:17'),(224,232,224,0,'0000-00-00 00:00:00',0.000000,0.000000,10.293443,12.030000,7.893443,9.630000,2.400000,2.400000,0,0.000000,0.000000,'Desktop Store','akbar mini<br />via cavour n° 18 sotto portici<br />24049 verdello<br />Italia','akbar mini<br />via cavour n° 18 sotto portici<br />24049 verdello<br />Italia','','2016-08-15 15:13:40'),(225,233,225,0,'0000-00-00 00:00:00',0.000000,0.000000,3.054098,3.440000,1.754098,2.140000,1.300000,1.300000,0,0.000000,0.000000,'Desktop Store','haihai li<br />via gambalunga 58<br />47921 rimini<br />Italia','haihai li<br />via gambalunga 58<br />47921 rimini<br />Italia','','2016-08-16 19:46:34'),(226,234,226,0,'0000-00-00 00:00:00',0.000000,0.000000,9.193443,10.930000,7.893443,9.630000,1.300000,1.300000,0,0.000000,0.000000,'Desktop Store','alessandro altiero<br />via quartiere nuovo 32,P.co S. Vincenzo Pal. B<br />81022 casagiove<br />Italia','alessandro altiero<br />via quartiere nuovo 32,P.co S. Vincenzo Pal. B<br />81022 casagiove<br />Italia','','2016-08-16 22:07:54'),(227,235,227,0,'0000-00-00 00:00:00',0.000000,0.000000,10.203279,11.920000,7.803279,9.520000,2.400000,2.400000,0,0.000000,0.000000,'Desktop Store','Tamburri Nicolino<br />Via Santuario, 12<br />86090 Castelpetroso<br />Italia','Tamburri Nicolino<br />Via Santuario, 12<br />86090 Castelpetroso<br />Italia','','2016-08-17 17:22:28'),(228,236,228,0,'0000-00-00 00:00:00',0.000000,0.000000,5.250820,6.120000,3.950820,4.820000,1.300000,1.300000,0,0.000000,0.000000,'Desktop Store','Sergio Leo<br />Via ca bianca 84<br />35025 Cartura<br />Italia','Sergio Leo<br />Via ca bianca 84<br />35025 Cartura<br />Italia','','2016-08-17 17:22:30'),(229,237,229,0,'0000-00-00 00:00:00',0.000000,0.000000,5.947541,6.970000,4.647541,5.670000,1.300000,1.300000,0,0.000000,0.000000,'Desktop Store','FRANCESCO MUSMANNO<br />VIA DELL\'INDUSTRIA NR.7<br />87012 CASTROVILLARI<br />Italia','FRANCESCO MUSMANNO<br />VIA DELL\'INDUSTRIA NR.7<br />87012 CASTROVILLARI<br />Italia','','2016-08-17 22:28:59'),(230,238,230,0,'0000-00-00 00:00:00',0.000000,0.000000,5.685246,6.650000,4.385246,5.350000,1.300000,1.300000,0,0.000000,0.000000,'Desktop Store','Giuseppe Tonlazzerini<br />Via Bozzone 42<br />54100 Marina di Massa<br />Italia','Giuseppe Tonlazzerini<br />Via Bozzone 42<br />54100 Marina di Massa<br />Italia','','2016-08-18 15:12:42'),(231,239,231,0,'0000-00-00 00:00:00',0.000000,0.000000,4.154098,4.540000,1.754098,2.140000,2.400000,2.400000,0,0.000000,0.000000,'Desktop Store','Francesco Natuzzi<br />Via Pietro Nenni, 18<br />75012 Bernalda<br />Italia','Francesco Natuzzi<br />Via Pietro Nenni, 18<br />75012 Bernalda<br />Italia','','2016-08-18 17:42:51'),(232,240,232,0,'0000-00-00 00:00:00',0.000000,0.000000,3.578689,4.080000,2.278689,2.780000,1.300000,1.300000,0,0.000000,0.000000,'Desktop Store','SD IT SOLUTIONS DI SMECCA M.<br />VIA MADONNA DEL ROSARIO, 8<br />93012 GELA<br />Italia','SD IT SOLUTIONS DI SMECCA M.<br />VIA MADONNA DEL ROSARIO, 8<br />93012 GELA<br />Italia','','2016-08-18 17:42:53'),(233,241,233,0,'0000-00-00 00:00:00',0.000000,0.000000,8.086885,9.360000,5.786885,7.060000,2.300000,2.300000,0,0.000000,0.000000,'Desktop Store','salvatore rossitto<br />via edoardo senatore di giovanni 28<br />96100 siracusa<br />Italia','salvatore rossitto<br />via edoardo senatore di giovanni 28<br />96100 siracusa<br />Italia','','2016-08-18 19:39:34'),(234,242,234,0,'0000-00-00 00:00:00',0.000000,0.000000,5.685246,6.650000,4.385246,5.350000,1.300000,1.300000,0,0.000000,0.000000,'Desktop Store','Jonathan Lee Asan Murrieta<br />via san damiano 1/A<br />17025 loano<br />Italia','Jonathan Lee Asan Murrieta<br />via san damiano 1/A<br />17025 loano<br />Italia','','2016-08-18 19:39:36'),(235,243,235,0,'0000-00-00 00:00:00',0.000000,0.000000,2.619672,2.910000,1.319672,1.610000,1.300000,1.300000,0,0.000000,0.000000,'Desktop Store','giuseppe vergari<br />via nazionale n.244<br />54011 aulla<br />Italia','giuseppe vergari<br />via nazionale n.244<br />54011 aulla<br />Italia','','2016-08-18 23:38:21'),(236,244,236,0,'0000-00-00 00:00:00',0.000000,0.000000,3.931148,4.510000,2.631148,3.210000,1.300000,1.300000,0,0.000000,0.000000,'Desktop Store','MondoRiparo s.n.c. - Federico Belvisi<br />Via Trento n. 196<br />53048 Sinalunga<br />Italia','MondoRiparo s.n.c. - Federico Belvisi<br />Via Trento n. 196<br />53048 Sinalunga<br />Italia','','2016-08-19 11:15:18'),(237,245,237,0,'0000-00-00 00:00:00',0.000000,0.000000,5.465574,6.140000,3.065574,3.740000,2.400000,2.400000,0,0.000000,0.000000,'Desktop Store','Nicola Leone<br />Duca della Vittoria 68 G/H<br />70037 Ruvo di Puglia<br />Italia','Nicola Leone<br />Duca della Vittoria 68 G/H<br />70037 Ruvo di Puglia<br />Italia','','2016-08-19 11:15:38'),(238,246,238,0,'0000-00-00 00:00:00',0.000000,0.000000,4.193443,4.830000,2.893443,3.530000,1.300000,1.300000,0,0.000000,0.000000,'Desktop Store','Nicola Leone<br />Duca della Vittoria 68 G/H<br />70037 Ruvo di Puglia<br />Italia','Nicola Leone<br />Duca della Vittoria 68 G/H<br />70037 Ruvo di Puglia<br />Italia','','2016-08-19 11:50:42'),(239,247,239,0,'0000-00-00 00:00:00',0.000000,0.000000,7.611475,9.000000,6.311475,7.700000,1.300000,1.300000,0,0.000000,0.000000,'Desktop Store','Vincenzo Maletesta<br />73019<br />Via kennedy 35<br />73019 Trepuzzi<br />Italia','Vincenzo Maletesta<br />73019<br />Via kennedy 35<br />73019 Trepuzzi<br />Italia','','2016-08-19 19:25:35'),(240,248,240,0,'0000-00-00 00:00:00',0.000000,0.000000,13.103279,14.820000,7.803279,9.520000,5.300000,5.300000,0,0.000000,0.000000,'Desktop Store','Probiotical David Nunez<br />Via Mattei Enrico 03<br />03<br />28100 novara<br />Italia','Probiotical David Nunez<br />Via Mattei Enrico 03<br />03<br />28100 novara<br />Italia','','2016-08-19 21:52:54'),(241,249,241,0,'0000-00-00 00:00:00',0.000000,0.000000,5.393443,6.030000,2.893443,3.530000,2.500000,2.500000,0,0.000000,0.000000,'Desktop Store','cornacchia luca<br />via sant\'antonio 12<br />65020 rosciano<br />Italia','cornacchia luca<br />via sant\'antonio 12<br />65020 rosciano<br />Italia','','2016-08-20 11:10:47'),(242,250,242,0,'0000-00-00 00:00:00',0.000000,0.000000,5.857377,6.860000,4.557377,5.560000,1.300000,1.300000,0,0.000000,0.000000,'Desktop Store','Zhong Huang<br />Via Davila 36<br />35028 Piove Di Sacco<br />Italia','Zhong Huang<br />Via Davila 36<br />35028 Piove Di Sacco<br />Italia','','2016-08-20 12:24:41'),(243,251,243,0,'0000-00-00 00:00:00',0.000000,0.000000,3.054098,3.440000,1.754098,2.140000,1.300000,1.300000,0,0.000000,0.000000,'Desktop Store','Antonio Campagna<br />via Di Goletta 42/E<br />56121 Pisa<br />Italia','Antonio Campagna<br />via Di Goletta 42/E<br />56121 Pisa<br />Italia','','2016-08-20 15:39:52'),(244,252,244,0,'0000-00-00 00:00:00',0.000000,0.000000,3.578689,4.080000,2.278689,2.780000,1.300000,1.300000,0,0.000000,0.000000,'Desktop Store','Gianluca Sandri<br />Strada soave, 44<br />46047 Porto mantovano<br />Italia','Gianluca Sandri<br />Strada soave, 44<br />46047 Porto mantovano<br />Italia','','2016-08-20 18:29:58'),(245,253,245,0,'0000-00-00 00:00:00',0.000000,0.000000,4.718033,5.470000,3.418033,4.170000,1.300000,1.300000,0,0.000000,0.000000,'Desktop Store','Mattia Mantovani<br />via Luigi Savoia,36<br />45014 Porto Viro<br />Italia','Mattia Mantovani<br />via Luigi Savoia,36<br />45014 Porto Viro<br />Italia','','2016-08-21 11:51:05'),(246,254,246,0,'0000-00-00 00:00:00',0.000000,0.000000,1.877049,2.070000,0.877049,1.070000,1.000000,1.000000,0,0.000000,0.000000,'Desktop Store','Christian proietto<br />Via Roma 62<br />20091 Bresso<br />Italia','Christian proietto<br />Via Roma 62<br />20091 Bresso<br />Italia','','2016-08-21 16:54:34'),(247,255,247,0,'0000-00-00 00:00:00',0.000000,0.000000,5.031148,5.610000,2.631148,3.210000,2.400000,2.400000,0,0.000000,0.000000,'Desktop Store','Angelo laracca<br />Via pilato, 51a<br />04023 formia<br />Italia','Angelo laracca<br />Via pilato, 51a<br />04023 formia<br />Italia','','2016-08-21 16:54:36'),(248,256,248,0,'0000-00-00 00:00:00',0.000000,0.000000,2.619672,2.910000,1.319672,1.610000,1.300000,1.300000,0,0.000000,0.000000,'Desktop Store','sabina de prisco<br />via Martelli 33<br />42030 Vezzano Sul Crostolo<br />Italia','sabina de prisco<br />via Martelli 33<br />42030 Vezzano Sul Crostolo<br />Italia','','2016-08-21 17:25:17'),(249,257,249,0,'0000-00-00 00:00:00',0.000000,0.000000,2.349180,2.580000,1.049180,1.280000,1.300000,1.300000,0,0.000000,0.000000,'Desktop Store','Mario Pellicardi<br />Via F. Bianco 39<br />18020 Aurigo<br />Italia','Mario Pellicardi<br />Via F. Bianco 39<br />18020 Aurigo<br />Italia','','2016-08-21 22:45:12'),(250,258,250,0,'0000-00-00 00:00:00',0.000000,0.000000,3.316393,3.760000,2.016393,2.460000,1.300000,1.300000,0,0.000000,0.000000,'Desktop Store','GIACOMO GALDIOLO SNC<br />Via della pieve 88<br />35010 Borgoricco<br />Italia','GIACOMO GALDIOLO SNC<br />Via della pieve 88<br />35010 Borgoricco<br />Italia','','2016-08-22 11:00:14'),(251,259,251,0,'0000-00-00 00:00:00',0.000000,0.000000,2.619672,2.910000,1.319672,1.610000,1.300000,1.300000,0,0.000000,0.000000,'Desktop Store','Elia Taccone<br />Via Poggiale 3<br />47867 Talamello<br />Italia','Elia Taccone<br />Via Poggiale 3<br />47867 Talamello<br />Italia','','2016-08-22 12:02:09'),(252,260,252,0,'0000-00-00 00:00:00',0.000000,0.000000,7.611475,9.000000,6.311475,7.700000,1.300000,1.300000,0,0.000000,0.000000,'Desktop Store','bar multistore peccati di gola<br />p.zza galimberti n 11<br />10134 torino<br />Italia','bar multistore peccati di gola<br />p.zza galimberti n 11<br />10134 torino<br />Italia','','2016-08-23 14:11:33'),(253,261,253,0,'0000-00-00 00:00:00',0.000000,0.000000,2.881967,3.230000,1.581967,1.930000,1.300000,1.300000,0,0.000000,0.000000,'Desktop Store','Marras Andrea<br />arborea<br />52<br />08038 Sorgono<br />Italia','Marras Andrea<br />arborea<br />52<br />08038 Sorgono<br />Italia','','2016-08-23 14:11:35'),(254,262,254,0,'0000-00-00 00:00:00',0.000000,0.000000,4.808197,5.580000,3.508197,4.280000,1.300000,1.300000,0,0.000000,0.000000,'Desktop Store','Claudia Onnis C/O Mattei<br />Via Garibaldi 54<br />56012 Calcinaia<br />Italia','Claudia Onnis C/O Mattei<br />Via Garibaldi 54<br />56012 Calcinaia<br />Italia','','2016-08-23 18:18:10'),(255,263,255,0,'0000-00-00 00:00:00',0.000000,0.000000,4.103279,4.720000,2.803279,3.420000,1.300000,1.300000,0,0.000000,0.000000,'Desktop Store','Bruno Nola<br />via Paolo vocca astronomo N°4<br />84126 Salerno<br />Italia','Bruno Nola<br />via Paolo vocca astronomo N°4<br />84126 Salerno<br />Italia','','2016-08-23 22:32:48'),(256,264,256,0,'0000-00-00 00:00:00',0.000000,0.000000,19.663934,22.010000,10.663934,13.010000,9.000000,9.000000,0,0.000000,0.000000,'Desktop Store','rosaria mannina<br />via lugano, 20<br />91016 erice casa santa<br />Italia','rosaria mannina<br />via lugano, 20<br />91016 erice casa santa<br />Italia','','2016-08-24 13:01:03'),(257,265,257,0,'0000-00-00 00:00:00',0.000000,0.000000,3.578689,4.080000,2.278689,2.780000,1.300000,1.300000,0,0.000000,0.000000,'Desktop Store','Donatella Spiri<br />via Regina Elena 11<br />73057 Taviano<br />Italia','Donatella Spiri<br />via Regina Elena 11<br />73057 Taviano<br />Italia','','2016-08-24 14:53:34'),(258,266,258,0,'0000-00-00 00:00:00',0.000000,0.000000,3.840984,4.400000,2.540984,3.100000,1.300000,1.300000,0,0.000000,0.000000,'Desktop Store','giuseppe provenzano<br />via sirio n26 agrigento villaggio Mosè<br />92100 agrigento<br />Italia','giuseppe provenzano<br />via sirio n26 agrigento villaggio Mosè<br />92100 agrigento<br />Italia','','2016-08-24 15:32:31'),(259,267,259,0,'0000-00-00 00:00:00',0.000000,0.000000,8.662295,9.820000,5.262295,6.420000,3.400000,3.400000,0,0.000000,0.000000,'Desktop Store','MARGHERITA PICCIRILLO<br />VIA G. GARIBALDI , 59<br />81056 SPARANISE<br />Italia','MARGHERITA PICCIRILLO<br />VIA G. GARIBALDI , 59<br />81056 SPARANISE<br />Italia','','2016-08-24 16:05:01'),(260,268,260,0,'0000-00-00 00:00:00',0.000000,0.000000,5.422951,6.330000,4.122951,5.030000,1.300000,1.300000,0,0.000000,0.000000,'Desktop Store','carlo gava<br />via bassi 41a<br />16030 tribogna<br />Italia','carlo gava<br />via bassi 41a<br />16030 tribogna<br />Italia','','2016-08-24 18:43:49'),(261,269,261,0,'0000-00-00 00:00:00',0.000000,0.000000,3.578689,4.080000,2.278689,2.780000,1.300000,1.300000,0,0.000000,0.000000,'Desktop Store','vincenzo pillirone<br />marzabotto 7<br />96011 augusta<br />Italia','vincenzo pillirone<br />marzabotto 7<br />96011 augusta<br />Italia','','2016-08-24 18:43:50'),(262,270,262,0,'0000-00-00 00:00:00',0.000000,0.000000,3.054098,3.440000,1.754098,2.140000,1.300000,1.300000,0,0.000000,0.000000,'Desktop Store','salvatore mingoia<br />via colonnello castrogiovanni 66<br />93014 mussomeli<br />Italia','salvatore mingoia<br />via colonnello castrogiovanni 66<br />93014 mussomeli<br />Italia','','2016-08-25 10:54:01'),(263,271,263,0,'0000-00-00 00:00:00',0.000000,0.000000,4.808197,5.580000,3.508197,4.280000,1.300000,1.300000,0,0.000000,0.000000,'Desktop Store','CATELLO DI CAPUA<br />Via Staffetti 2<br />54100 Massa<br />Italia','CATELLO DI CAPUA<br />Via Staffetti 2<br />54100 Massa<br />Italia','','2016-08-25 12:21:31'),(264,272,264,0,'0000-00-00 00:00:00',0.000000,0.000000,3.054098,3.440000,1.754098,2.140000,1.300000,1.300000,0,0.000000,0.000000,'Desktop Store','filice graziano<br />via bivio donnici donnici inferiore 4D<br />87100 cosenza<br />Italia','filice graziano<br />via bivio donnici donnici inferiore 4D<br />87100 cosenza<br />Italia','','2016-08-25 13:01:19'),(265,273,265,0,'0000-00-00 00:00:00',0.000000,0.000000,5.565574,6.240000,3.065574,3.740000,2.500000,2.500000,0,0.000000,0.000000,'Desktop Store','Vittorio Rinaldi<br />Cda Conca D \'oro Compl.Sea Breeze Pal A s/n<br />98168 Messina<br />Italia','Vittorio Rinaldi<br />Cda Conca D \'oro Compl.Sea Breeze Pal A s/n<br />98168 Messina<br />Italia','','2016-08-25 19:55:14'),(266,274,266,0,'0000-00-00 00:00:00',0.000000,0.000000,3.819672,4.110000,1.319672,1.610000,2.500000,2.500000,0,0.000000,0.000000,'Desktop Store','Giovanni Troia c/o ROYAL TRADE<br />STRADA DEI CENSITI 1<br />47891 FALCIANO - REP DI SAN MARINO<br />Italia','Giovanni Troia c/o ROYAL TRADE<br />STRADA DEI CENSITI 1<br />47891 FALCIANO - REP DI SAN MARINO<br />Italia','','2016-08-25 21:59:42'),(267,275,267,0,'0000-00-00 00:00:00',0.000000,0.000000,3.496721,3.980000,2.196721,2.680000,1.300000,1.300000,0,0.000000,0.000000,'Desktop Store','giuseppe napoli<br />via turi scordo n4<br />95045 misterbianco<br />Italia','giuseppe napoli<br />via turi scordo n4<br />95045 misterbianco<br />Italia','','2016-08-25 23:57:17'),(268,276,268,0,'0000-00-00 00:00:00',0.000000,0.000000,2.619672,2.910000,1.319672,1.610000,1.300000,1.300000,0,0.000000,0.000000,'Desktop Store','fabio Di pietro<br />via monte bianco n11<br />06039 trevi<br />Italia','fabio Di pietro<br />via monte bianco n11<br />06039 trevi<br />Italia','','2016-08-26 21:51:02'),(269,277,269,0,'0000-00-00 00:00:00',0.000000,0.000000,3.496721,3.980000,2.196721,2.680000,1.300000,1.300000,0,0.000000,0.000000,'Desktop Store','federico franceschini<br />via cecchi 4<br />16129 genova<br />Italia','federico franceschini<br />via cecchi 4<br />16129 genova<br />Italia','','2016-08-28 19:41:21'),(270,278,270,0,'0000-00-00 00:00:00',0.000000,0.000000,7.157377,8.160000,4.557377,5.560000,2.600000,2.600000,0,0.000000,0.000000,'Desktop Store','PhoneUp di Guzzetta Gabriele<br />via emanuele bellia 125<br />95047 Paterno\'<br />Italia','PhoneUp di Guzzetta Gabriele<br />via emanuele bellia 125<br />95047 Paterno\'<br />Italia','','2016-08-29 12:16:14'),(271,279,271,0,'0000-00-00 00:00:00',0.000000,0.000000,5.031148,5.610000,2.631148,3.210000,2.400000,2.400000,0,0.000000,0.000000,'Desktop Store','GBG informatica<br />via Lamia 22<br />90047 Partinico<br />Italia','GBG informatica<br />via Lamia 22<br />90047 Partinico<br />Italia','','2016-08-29 12:16:16'),(272,280,272,0,'0000-00-00 00:00:00',0.000000,0.000000,3.578689,4.080000,2.278689,2.780000,1.300000,1.300000,0,0.000000,0.000000,'Desktop Store','Yang Zhishu<br />via San Bernardino<br />4<br />38062 arco<br />Italia','Yang Zhishu<br />via San Bernardino<br />4<br />38062 arco<br />Italia','','2016-08-29 15:16:49'),(273,281,273,0,'0000-00-00 00:00:00',0.000000,0.000000,5.131148,5.710000,2.631148,3.210000,2.500000,2.500000,0,0.000000,0.000000,'Desktop Store','TS Tech<br />via varesina 165/A<br />22100 Como<br />Italia','TS Tech<br />via varesina 165/A<br />22100 Como<br />Italia','','2016-08-30 11:13:33'),(274,282,274,0,'0000-00-00 00:00:00',0.000000,0.000000,4.365574,5.040000,3.065574,3.740000,1.300000,1.300000,0,0.000000,0.000000,'Desktop Store','Roberto Cavalieri<br />Viale Mare Adriatico, 17<br />44020 Lido di Pomposa<br />Italia','Roberto Cavalieri<br />Viale Mare Adriatico, 17<br />44020 Lido di Pomposa<br />Italia','','2016-08-30 16:35:30'),(275,283,275,0,'0000-00-00 00:00:00',0.000000,0.000000,8.780328,10.140000,6.180328,7.540000,2.600000,2.600000,0,0.000000,0.000000,'Desktop Store','Fabrizio Campioni<br />Via Agostino Magliani 116 pal F scala C<br />00148 Roma<br />Italia','Fabrizio Campioni<br />Via Agostino Magliani 116 pal F scala C<br />00148 Roma<br />Italia','','2016-08-30 18:00:00'),(276,284,276,0,'0000-00-00 00:00:00',0.000000,0.000000,5.031148,5.610000,2.631148,3.210000,2.400000,2.400000,0,0.000000,0.000000,'Desktop Store','Lucia D\\\'ippolito A.Fogg<br />via torre ovo 43<br />74020 Maruggio<br />Italia','Lucia D\\\'ippolito A.Fogg<br />via torre ovo 43<br />74020 Maruggio<br />Italia','','2016-08-30 21:10:57'),(277,285,277,0,'0000-00-00 00:00:00',0.000000,0.000000,4.039344,4.400000,1.639344,2.000000,2.400000,2.400000,0,0.000000,0.000000,'Desktop Store','Riccardo Ceron<br />V.Cividale 19 Ca\'Savio (Negozio)<br />30013 cavallino-treporti<br />Italia','Riccardo Ceron<br />V.Cividale 19 Ca\'Savio (Negozio)<br />30013 cavallino-treporti<br />Italia','','2016-08-30 23:55:20'),(278,286,278,0,'0000-00-00 00:00:00',0.000000,0.000000,2.439344,2.690000,1.139344,1.390000,1.300000,1.300000,0,0.000000,0.000000,'Desktop Store','Daniele Santonastaso<br />via salvo d acquisto t.p. n6<br />81020 Casapulla<br />Italia','Daniele Santonastaso<br />via salvo d acquisto t.p. n6<br />81020 Casapulla<br />Italia','','2016-08-31 14:41:34'),(279,287,279,0,'0000-00-00 00:00:00',0.000000,0.000000,8.811475,10.200000,6.311475,7.700000,2.500000,2.500000,0,0.000000,0.000000,'Desktop Store','ITALYHITECH di Cinà Alessandro<br />via Aosta 16<br />galleria Centro Commerciale FAMILA<br />10099 San Mauro Torinese<br />Italia','ITALYHITECH di Cinà Alessandro<br />via Aosta 16<br />galleria Centro Commerciale FAMILA<br />10099 San Mauro Torinese<br />Italia','','2016-09-01 10:18:55'),(280,288,280,0,'0000-00-00 00:00:00',0.000000,0.000000,4.980328,5.790000,3.680328,4.490000,1.300000,1.300000,0,0.000000,0.000000,'Desktop Store','miriam maurino<br />via del sagliano 21<br />06131 perugia<br />Italia','miriam maurino<br />via del sagliano 21<br />06131 perugia<br />Italia','','2016-09-01 12:35:03'),(281,289,281,0,'0000-00-00 00:00:00',0.000000,0.000000,2.349180,2.580000,1.049180,1.280000,1.300000,1.300000,0,0.000000,0.000000,'Desktop Store','ivana zolin<br />via Matteotti 3b<br />21012 cassano magnago<br />Italia','ivana zolin<br />via Matteotti 3b<br />21012 cassano magnago<br />Italia','','2016-09-01 19:05:43'),(282,290,282,0,'0000-00-00 00:00:00',0.000000,0.000000,11.980328,13.890000,8.680328,10.590000,3.300000,3.300000,0,0.000000,0.000000,'Desktop Store','emanuele moncelsi<br />viale italia68<br />51100 pistoia<br />Italia','emanuele moncelsi<br />viale italia68<br />51100 pistoia<br />Italia','','2016-09-01 21:11:37'),(283,291,283,0,'0000-00-00 00:00:00',0.000000,0.000000,11.170492,13.100000,8.770492,10.700000,2.400000,2.400000,0,0.000000,0.000000,'Desktop Store','Christian De Luca<br />via gelsi rossi, 69<br />84125 salerno<br />Italia','Christian De Luca<br />via gelsi rossi, 69<br />84125 salerno<br />Italia','','2016-09-02 16:50:18'),(284,292,284,0,'0000-00-00 00:00:00',0.000000,0.000000,5.031148,5.610000,2.631148,3.210000,2.400000,2.400000,0,0.000000,0.000000,'Desktop Store','Media Store di Davide Giardina<br />Prof. Emanuele Carnevale n°21<br />98055 Lipari<br />Italia','Media Store di Davide Giardina<br />Prof. Emanuele Carnevale n°21<br />98055 Lipari<br />Italia','','2016-09-02 16:50:20'),(285,293,285,0,'0000-00-00 00:00:00',0.000000,0.000000,9.980328,11.890000,8.680328,10.590000,1.300000,1.300000,0,0.000000,0.000000,'Desktop Store','Giovanni LEONE<br />Via Campania n°100<br />63074 San Benedetto del Tronto<br />Italia','Giovanni LEONE<br />Via Campania n°100<br />63074 San Benedetto del Tronto<br />Italia','','2016-09-02 18:08:49'),(286,294,286,0,'0000-00-00 00:00:00',0.000000,0.000000,5.031148,5.610000,2.631148,3.210000,2.400000,2.400000,0,0.000000,0.000000,'Desktop Store','QUIDSTORE SNC DI CATTANEO R.<br />VIA CARLO CATTANEO 75<br />23900 LECCO<br />Italia','QUIDSTORE SNC DI CATTANEO R.<br />VIA CARLO CATTANEO 75<br />23900 LECCO<br />Italia','','2016-09-03 20:27:58'),(287,295,287,0,'0000-00-00 00:00:00',0.000000,0.000000,5.465574,6.140000,3.065574,3.740000,2.400000,2.400000,0,0.000000,0.000000,'Desktop Store','matteo enoch<br />piazza garibaldi 19<br />20845 sovico<br />Italia','matteo enoch<br />piazza garibaldi 19<br />20845 sovico<br />Italia','','2016-09-03 23:09:26'),(288,296,288,0,'0000-00-00 00:00:00',0.000000,0.000000,6.785246,7.750000,4.385246,5.350000,2.400000,2.400000,0,0.000000,0.000000,'Desktop Store','AGMSTORE srl<br />Via di tressanti 26<br />71121 Foggia<br />Italia','AGMSTORE srl<br />Via di tressanti 26<br />71121 Foggia<br />Italia','','2016-09-04 11:21:06'),(289,297,289,0,'0000-00-00 00:00:00',0.000000,0.000000,4.154098,4.540000,1.754098,2.140000,2.400000,2.400000,0,0.000000,0.000000,'Desktop Store','Michelangelo De Santis<br />Via V. Bachelet 21<br />70020 Bitritto<br />Italia','Michelangelo De Santis<br />Via V. Bachelet 21<br />70020 Bitritto<br />Italia','','2016-09-04 15:40:59'),(290,298,290,0,'0000-00-00 00:00:00',0.000000,0.000000,10.065574,10.740000,3.065574,3.740000,7.000000,7.000000,0,0.000000,0.000000,'Desktop Store','D\'Aprile Anna Maria<br />Via Scott SV2F<br />74011 Castellaneta Marina<br />Italia','D\'Aprile Anna Maria<br />Via Scott SV2F<br />74011 Castellaneta Marina<br />Italia','','2016-09-05 04:14:45'),(291,299,291,0,'0000-00-00 00:00:00',0.000000,0.000000,5.332787,6.220000,4.032787,4.920000,1.300000,1.300000,0,0.000000,0.000000,'Desktop Store','Stefano patrizi<br />Località il leccio, 10<br />58033 Castel del piano<br />Italia','Stefano patrizi<br />Località il leccio, 10<br />58033 Castel del piano<br />Italia','','2016-10-27 12:01:52'),(292,300,292,0,'0000-00-00 00:00:00',0.000000,0.000000,3.054098,3.440000,1.754098,2.140000,1.300000,1.300000,0,0.000000,0.000000,'Desktop Store','NUNZIO SAMBATARO<br />VIA VITTORIO EMANUELE , 476<br />95032 BELPASSO<br />Italia','NUNZIO SAMBATARO<br />VIA VITTORIO EMANUELE , 476<br />95032 BELPASSO<br />Italia','','2016-10-27 12:01:58'),(293,301,293,0,'0000-00-00 00:00:00',0.000000,0.000000,2.480328,2.740000,1.180328,1.440000,1.300000,1.300000,0,0.000000,0.000000,'Desktop Store','alessia scano<br />piazza santa maria maddalena<br />4<br />09099 URAS<br />Italia','alessia scano<br />piazza santa maria maddalena<br />4<br />09099 URAS<br />Italia','','2016-10-27 12:02:01'),(294,302,294,0,'0000-00-00 00:00:00',0.000000,0.000000,2.529508,2.800000,1.229508,1.500000,1.300000,1.300000,0,0.000000,0.000000,'Desktop Store','Vincenzo Sentina<br />via la lumia n° 22<br />via la lumia n° 22<br />93015 Niscemi<br />Italia','Vincenzo Sentina<br />via la lumia n° 22<br />via la lumia n° 22<br />93015 Niscemi<br />Italia','','2016-10-27 12:02:04'),(295,303,295,0,'0000-00-00 00:00:00',0.000000,0.000000,2.881967,3.230000,1.581967,1.930000,1.300000,1.300000,0,0.000000,0.000000,'Desktop Store','Tommaso Marziliano<br />Via montegrappa    N 5<br />70028 Sannicandro di Bari<br />Italia','Tommaso Marziliano<br />Via montegrappa    N 5<br />70028 Sannicandro di Bari<br />Italia','','2016-10-27 12:02:07'),(296,304,296,0,'0000-00-00 00:00:00',0.000000,0.000000,4.398361,4.860000,2.098361,2.560000,2.300000,2.300000,0,0.000000,0.000000,'Desktop Store','Gianfranco Grande<br />Via Agostino Stellato C.I.S. \"SE.GE.STA.\"<br />81054 San Prisco<br />Italia','Gianfranco Grande<br />Via Agostino Stellato C.I.S. \"SE.GE.STA.\"<br />81054 San Prisco<br />Italia','','2016-10-27 12:02:11'),(297,305,297,0,'0000-00-00 00:00:00',0.000000,0.000000,4.778689,5.280000,2.278689,2.780000,2.500000,2.500000,0,0.000000,0.000000,'Desktop Store','Mattia Niccolai<br />Via Aurelia Sud 205 B<br />San Benedetto<br />19020 Ricco\' del Golfo di Spezia, San Benedetto<br />Italia','Mattia Niccolai<br />Via Aurelia Sud 205 B<br />San Benedetto<br />19020 Ricco\' del Golfo di Spezia, San Benedetto<br />Italia','','2016-10-27 12:02:15'),(298,306,298,0,'0000-00-00 00:00:00',0.000000,0.000000,2.349180,2.580000,1.049180,1.280000,1.300000,1.300000,0,0.000000,0.000000,'Desktop Store','Gaetano Costa<br />VIA MISURATA 26 C/O POSTA EXPRESS<br />92014 porto empedocle<br />Italia','Gaetano Costa<br />VIA MISURATA 26 C/O POSTA EXPRESS<br />92014 porto empedocle<br />Italia','','2016-10-27 12:02:18'),(299,307,299,0,'0000-00-00 00:00:00',0.000000,0.000000,6.713115,7.640000,4.213115,5.140000,2.500000,2.500000,0,0.000000,0.000000,'Desktop Store','Michele Badillo P.iva<br />Via Recca 70<br />80016 Marano Di Napoli<br />Italia','Michele Badillo P.iva<br />Via Recca 70<br />80016 Marano Di Napoli<br />Italia','','2016-10-27 12:02:21'),(300,308,300,0,'0000-00-00 00:00:00',0.000000,0.000000,2.619672,2.910000,1.319672,1.610000,1.300000,1.300000,0,0.000000,0.000000,'Desktop Store','SPEED GLASS MARCO INNOCENTI<br />VIA FABIO SEVERO 22/C<br />34100 TRIESTE<br />Italia','SPEED GLASS MARCO INNOCENTI<br />VIA FABIO SEVERO 22/C<br />34100 TRIESTE<br />Italia','','2016-10-27 12:02:24'),(301,309,301,0,'0000-00-00 00:00:00',0.000000,0.000000,2.619672,2.910000,1.319672,1.610000,1.300000,1.300000,0,0.000000,0.000000,'Desktop Store','vincenzo marangoni cod. fis. CMRNCHF<br />Vittorio carpaccio 27 presso fam. tola tronci<br />FAM TOLA TRONCI<br />09121 CAGLIARI<br />Italia','vincenzo marangoni cod. fis. CMRNCHF<br />Vittorio carpaccio 27 presso fam. tola tronci<br />FAM TOLA TRONCI<br />09121 CAGLIARI<br />Italia','','2016-10-27 12:02:27'),(302,310,302,0,'0000-00-00 00:00:00',0.000000,0.000000,3.931148,4.510000,2.631148,3.210000,1.300000,1.300000,0,0.000000,0.000000,'Desktop Store','Infantino Marco c/o il mercante in fiera<br />via d\'acquisto S. SN<br />93100 CALTANISSETTA<br />Italia','Infantino Marco c/o il mercante in fiera<br />via d\'acquisto S. SN<br />93100 CALTANISSETTA<br />Italia','','2016-10-27 12:02:31'),(303,311,303,0,'0000-00-00 00:00:00',0.000000,0.000000,9.636066,11.470000,8.336066,10.170000,1.300000,1.300000,0,0.000000,0.000000,'Desktop Store','di risio giovanni<br />via g. marconi, 5<br />66031 casalanguida<br />Italia','di risio giovanni<br />via g. marconi, 5<br />66031 casalanguida<br />Italia','','2016-10-27 12:02:34'),(304,312,304,0,'0000-00-00 00:00:00',0.000000,0.000000,9.193443,10.930000,7.893443,9.630000,1.300000,1.300000,0,0.000000,0.000000,'Desktop Store','GIUSEPPE VERDE<br />VIA COL. DE CRISITOFORIS, 14<br />71014 SAN MARCO IN LAMIS<br />Italia','GIUSEPPE VERDE<br />VIA COL. DE CRISITOFORIS, 14<br />71014 SAN MARCO IN LAMIS<br />Italia','','2016-10-27 12:02:37'),(305,313,305,0,'0000-00-00 00:00:00',0.000000,0.000000,2.611475,2.900000,1.311475,1.600000,1.300000,1.300000,0,0.000000,0.000000,'Desktop Store','Gesualdo Riso<br />Adda,2<br />20815 Cogliate<br />Italia','Gesualdo Riso<br />Adda,2<br />20815 Cogliate<br />Italia','','2016-10-27 12:02:40'),(306,314,306,0,'0000-00-00 00:00:00',0.000000,0.000000,2.619672,2.910000,1.319672,1.610000,1.300000,1.300000,0,0.000000,0.000000,'Desktop Store','Davide Corradino<br />Via piola interna 13<br />28013 Gattico<br />Italia','Davide Corradino<br />Via piola interna 13<br />28013 Gattico<br />Italia','','2016-10-27 12:02:43'),(307,315,307,0,'0000-00-00 00:00:00',0.000000,0.000000,1.877049,2.070000,0.877049,1.070000,1.000000,1.000000,0,0.000000,0.000000,'Desktop Store','maurizio arleo<br />corso aldo moro 79<br />87020 tortora<br />Italia','maurizio arleo<br />corso aldo moro 79<br />87020 tortora<br />Italia','','2016-10-27 12:02:46'),(308,316,308,0,'0000-00-00 00:00:00',0.000000,0.000000,4.959016,5.500000,2.459016,3.000000,2.500000,2.500000,0,0.000000,0.000000,'Desktop Store','Isel s.n.c.<br />via trieste 25<br />20096 pioltello<br />Italia','Isel s.n.c.<br />via trieste 25<br />20096 pioltello<br />Italia','','2016-10-27 12:02:49'),(309,317,309,0,'0000-00-00 00:00:00',0.000000,0.000000,12.775410,15.300000,11.475410,14.000000,1.300000,1.300000,0,0.000000,0.000000,'Desktop Store','daniele minonni<br />corso umberto primo 237<br />73056 taurisano<br />Italia','daniele minonni<br />corso umberto primo 237<br />73056 taurisano<br />Italia','','2016-10-27 12:02:53'),(310,318,310,0,'0000-00-00 00:00:00',0.000000,0.000000,2.619672,2.910000,1.319672,1.610000,1.300000,1.300000,0,0.000000,0.000000,'Desktop Store','Massimiliano Stanco<br />Via Boccaccio,3<br />42018 San Martino In Rio<br />Italia','Massimiliano Stanco<br />Via Boccaccio,3<br />42018 San Martino In Rio<br />Italia','','2016-10-27 12:02:56'),(311,319,311,0,'0000-00-00 00:00:00',0.000000,0.000000,3.377049,3.570000,0.877049,1.070000,2.500000,2.500000,0,0.000000,0.000000,'Desktop Store','Davide Fantinato  RiparoExpress<br />Piazzale Cadorna 4<br />36061 Bassano del Grappa<br />Italia','Davide Fantinato  RiparoExpress<br />Piazzale Cadorna 4<br />36061 Bassano del Grappa<br />Italia','','2016-10-27 12:02:59'),(312,320,312,0,'0000-00-00 00:00:00',0.000000,0.000000,6.985246,13.510000,4.385246,10.910000,2.600000,2.600000,0,0.000000,0.000000,'Desktop Store','antonio chichi<br />via valdemone n30<br />90010 finale pollina<br />Italia','antonio chichi<br />via valdemone n30<br />90010 finale pollina<br />Italia','','2016-10-27 12:03:04'),(313,321,313,0,'0000-00-00 00:00:00',0.000000,0.000000,5.040984,5.600000,2.540984,3.100000,2.500000,2.500000,0,0.000000,0.000000,'Desktop Store','GIAN PIERO REGINALI<br />VIA MONTEXI 36<br />09010 VILLAMASSARGIA<br />Italia','GIAN PIERO REGINALI<br />VIA MONTEXI 36<br />09010 VILLAMASSARGIA<br />Italia','','2016-11-05 10:17:18'),(314,322,314,0,'0000-00-00 00:00:00',0.000000,0.000000,5.565574,6.240000,3.065574,3.740000,2.500000,2.500000,0,0.000000,0.000000,'Desktop Store','Wolftecnostore Piccirillo Antonio<br />Via principe umberto 10<br />Carinola<br />81030 Carinola<br />Italia','Wolftecnostore Piccirillo Antonio<br />Via principe umberto 10<br />Carinola<br />81030 Carinola<br />Italia','','2016-11-05 10:17:22'),(315,323,315,0,'0000-00-00 00:00:00',0.000000,0.000000,2.439344,2.690000,1.139344,1.390000,1.300000,1.300000,0,0.000000,0.000000,'Desktop Store','centro riparazione telefonia e computer<br />torino 107r<br />17100 savona<br />Italia','centro riparazione telefonia e computer<br />torino 107r<br />17100 savona<br />Italia','','2016-11-05 10:17:52'),(316,324,316,0,'0000-00-00 00:00:00',0.000000,0.000000,13.311475,14.700000,6.311475,7.700000,7.000000,7.000000,0,0.000000,0.000000,'Desktop Store','Roberta Sala<br />Via Umberto I, 68<br />26025 Pandino<br />Italia','Roberta Sala<br />Via Umberto I, 68<br />26025 Pandino<br />Italia','','2016-11-05 10:18:01'),(317,325,317,0,'0000-00-00 00:00:00',0.000000,0.000000,4.283607,4.940000,2.983607,3.640000,1.300000,1.300000,0,0.000000,0.000000,'Desktop Store','Martin Kostadinov<br />Strada baldissero 29<br />10023 Chieri<br />Italia','Martin Kostadinov<br />Strada baldissero 29<br />10023 Chieri<br />Italia','','2016-11-05 10:18:08'),(318,326,318,0,'0000-00-00 00:00:00',0.000000,0.000000,4.365574,5.040000,3.065574,3.740000,1.300000,1.300000,0,0.000000,0.000000,'Desktop Store','Yahia Abdalla<br />Via Pacinotti 28<br />10144 Torino<br />Italia','Yahia Abdalla<br />Via Pacinotti 28<br />10144 Torino<br />Italia','','2016-11-05 10:18:22'),(319,327,319,0,'0000-00-00 00:00:00',0.000000,0.000000,3.054098,3.440000,1.754098,2.140000,1.300000,1.300000,0,0.000000,0.000000,'Desktop Store','carmelo mocenigo<br />via stradone<br />04020 ss cosma e damiano<br />Italia','carmelo mocenigo<br />via stradone<br />04020 ss cosma e damiano<br />Italia','','2016-11-05 10:18:25'),(320,328,320,0,'0000-00-00 00:00:00',0.000000,0.000000,3.054098,3.440000,1.754098,2.140000,1.300000,1.300000,0,0.000000,0.000000,'Desktop Store','Gaetano D\\\'Aquila C/O GiPStech Srl<br />Incub. Technest - Università della Calabria -Piazza Vermicelli 1<br />87036 Arcavacata di Rende<br />Italia','Gaetano D\\\'Aquila C/O GiPStech Srl<br />Incub. Technest - Università della Calabria -Piazza Vermicelli 1<br />87036 Arcavacata di Rende<br />Italia','','2016-11-05 10:18:29'),(321,329,321,0,'0000-00-00 00:00:00',0.000000,0.000000,6.127869,7.190000,4.827869,5.890000,1.300000,1.300000,0,0.000000,0.000000,'Desktop Store','Danovaro Franco<br />Via Lucio Sestio, 27 scala D int. 9<br />00174 Roma<br />Italia','Danovaro Franco<br />Via Lucio Sestio, 27 scala D int. 9<br />00174 Roma<br />Italia','','2016-11-05 10:18:34'),(322,330,322,0,'0000-00-00 00:00:00',0.000000,0.000000,2.619672,2.910000,1.319672,1.610000,1.300000,1.300000,0,0.000000,0.000000,'Desktop Store','Greta Magoni<br />via cavamento<br />40017 san Giovanni in persiceto<br />Italia','Greta Magoni<br />via cavamento<br />40017 san Giovanni in persiceto<br />Italia','','2016-11-05 10:18:43'),(323,331,323,0,'0000-00-00 00:00:00',0.000000,0.000000,16.432787,19.520000,14.032787,17.120000,2.400000,2.400000,0,0.000000,0.000000,'Desktop Store','Francesco Fusco<br />via feroni n°10<br />81037 Carano di Sessa Aurunca<br />Italia','Francesco Fusco<br />via feroni n°10<br />81037 Carano di Sessa Aurunca<br />Italia','','2016-11-05 10:18:48'),(324,332,324,0,'0000-00-00 00:00:00',0.000000,0.000000,7.611475,9.000000,6.311475,7.700000,1.300000,1.300000,0,0.000000,0.000000,'Desktop Store','giuseppe leone<br />via cb 21 numero 6<br />91021 campobello di mazara<br />Italia','giuseppe leone<br />via cb 21 numero 6<br />91021 campobello di mazara<br />Italia','','2016-11-05 10:18:52');

--
-- Table structure for table `ps_order_invoice_payment`
--

CREATE TABLE `ps_order_invoice_payment` (
  `id_order_invoice` int(11) unsigned NOT NULL,
  `id_order_payment` int(11) unsigned NOT NULL,
  `id_order` int(11) unsigned NOT NULL,
  PRIMARY KEY (`id_order_invoice`,`id_order_payment`),
  KEY `order_payment` (`id_order_payment`),
  KEY `id_order` (`id_order`)
) ENGINE=InnoDB DEFAULT CHARSET=utf8;

--
-- Dumping data for table `ps_order_invoice_payment`
--

INSERT INTO `ps_order_invoice_payment` VALUES (1,1,8),(2,2,9),(3,4,10),(4,3,11),(5,5,12),(6,6,13),(7,7,14),(8,8,15),(9,9,16),(10,10,17),(11,11,18),(12,12,19),(13,13,20),(14,14,21),(15,15,22),(16,16,23),(17,17,24),(18,18,25),(19,19,26),(20,20,27),(21,21,28),(22,22,29),(23,23,30),(24,24,31),(25,25,32),(26,26,33),(27,27,34),(28,28,35),(29,29,36),(30,30,37),(31,31,38),(32,32,39),(33,33,40),(34,34,41),(35,35,42),(36,36,43),(37,37,44),(38,38,45),(39,39,46),(40,40,47),(41,41,48),(42,42,49),(43,43,50),(44,44,51),(45,45,52),(46,46,53),(47,47,54),(48,48,55),(49,49,56),(50,50,57),(51,51,58),(52,52,59),(53,53,60),(54,54,61),(55,55,62),(56,56,63),(57,57,64),(58,58,65),(59,59,66),(60,60,67),(61,61,68),(62,62,69),(63,63,70),(64,64,71),(65,65,72),(66,66,73),(67,67,74),(68,68,75),(69,69,76),(70,70,77),(71,71,78),(72,72,79),(73,73,80),(74,74,81),(75,75,82),(76,76,83),(77,77,84),(78,78,85),(79,79,86),(80,80,87),(81,81,88),(82,82,89),(83,83,90),(84,84,91),(85,85,92),(86,86,93),(87,87,94),(88,88,95),(89,89,96),(90,90,97),(91,91,98),(92,92,99),(93,93,100),(94,94,101),(95,95,102),(96,96,103),(97,97,104),(98,98,105),(99,99,106),(100,100,107),(101,101,108),(102,102,109),(103,103,110),(104,104,111),(105,105,112),(106,106,113),(107,107,114),(108,108,115),(109,109,116),(110,110,117),(111,111,118),(112,112,119),(113,113,120),(114,114,121),(115,115,122),(116,116,123),(117,117,124),(118,118,125),(119,119,126),(120,120,127),(121,121,128),(122,122,129),(123,123,130),(124,124,131),(125,125,132),(126,126,133),(127,127,134),(128,128,135),(129,129,136),(130,130,137),(131,131,138),(132,132,139),(133,133,140),(134,134,141),(135,135,142),(136,136,143),(137,137,144),(138,138,145),(139,139,146),(140,140,147),(141,141,148),(142,142,149),(143,143,150),(144,144,151),(145,145,152),(146,146,153),(147,147,154),(148,148,155),(149,149,156),(150,150,157),(151,151,158),(152,152,159),(153,153,160),(154,154,161),(155,155,162),(156,156,163),(157,157,164),(158,158,165),(159,159,166),(160,160,167),(161,161,168),(162,162,169),(163,163,170),(164,164,171),(165,165,172),(166,166,173),(167,167,174),(168,168,175),(169,169,176),(170,170,177),(171,171,178),(172,172,179),(173,173,180),(174,174,181),(175,175,182),(176,176,183),(177,177,184),(178,178,185),(179,179,186),(180,180,187),(181,181,188),(182,182,189),(183,183,190),(184,184,191),(185,185,192),(186,186,193),(187,187,194),(188,188,195),(189,189,196),(190,190,197),(191,191,198),(192,192,199),(193,193,200),(194,194,201),(195,195,202),(196,196,203),(197,197,204),(198,198,205),(199,199,206),(200,200,207),(201,201,208),(202,202,209),(203,203,210),(204,204,211),(205,205,212),(206,206,213),(207,207,214),(208,208,215),(209,209,216),(210,210,217),(211,211,218),(212,212,219),(213,213,220),(214,214,221),(215,215,222),(216,216,223),(217,217,224),(218,218,225),(219,219,226),(220,220,227),(221,221,228),(222,222,229),(223,223,231),(224,224,232),(225,225,233),(226,226,234),(227,227,235),(228,228,236),(229,229,237),(230,230,238),(231,231,239),(232,232,240),(233,233,241),(234,234,242),(235,235,243),(236,236,244),(237,237,245),(238,238,246),(239,239,247),(240,240,248),(241,241,249),(242,242,250),(243,243,251),(244,244,252),(245,245,253),(246,246,254),(247,247,255),(248,248,256),(249,249,257),(250,250,258),(251,251,259),(252,252,260),(253,253,261),(254,254,262),(255,255,263),(256,256,264),(257,257,265),(258,258,266),(259,259,267),(260,260,268),(261,261,269),(262,262,270),(263,263,271),(264,264,272),(265,265,273),(266,266,274),(267,267,275),(268,268,276),(269,269,277),(270,270,278),(271,271,279),(272,272,280),(273,273,281),(274,274,282),(275,275,283),(276,276,284),(277,277,285),(278,278,286),(279,279,287),(280,280,288),(281,281,289),(282,282,290),(283,283,291),(284,284,292),(285,285,293),(286,286,294),(287,287,295),(288,288,296),(289,289,297),(290,290,298),(291,291,299),(292,292,300),(293,293,301),(294,294,302),(295,295,303),(296,296,304),(297,297,305),(298,298,306),(299,299,307),(300,300,308),(301,301,309),(302,302,310),(303,303,311),(304,304,312),(305,305,313),(306,306,314),(307,307,315),(308,308,316),(309,309,317),(310,310,318),(311,311,319),(312,312,320),(313,313,321),(314,314,322),(315,315,323),(316,316,324),(317,317,325),(318,318,326),(319,319,327),(320,320,328),(321,321,329),(322,322,330),(323,323,331),(324,324,332);

--
-- Table structure for table `ps_order_invoice_tax`
--

CREATE TABLE `ps_order_invoice_tax` (
  `id_order_invoice` int(11) NOT NULL,
  `type` varchar(15) NOT NULL,
  `id_tax` int(11) NOT NULL,
  `amount` decimal(10,6) NOT NULL DEFAULT '0.000000',
  KEY `id_tax` (`id_tax`)
) ENGINE=InnoDB DEFAULT CHARSET=utf8;

--
-- Dumping data for table `ps_order_invoice_tax`
--

INSERT INTO `ps_order_invoice_tax` VALUES (19,'shipping',1,0.000000),(22,'shipping',1,0.000000),(23,'shipping',1,0.000000),(25,'shipping',1,0.000000),(26,'shipping',1,0.000000),(27,'shipping',1,0.000000),(28,'shipping',1,0.000000),(30,'shipping',1,0.000000),(32,'shipping',1,0.000000),(34,'shipping',1,0.000000),(35,'shipping',1,0.000000),(36,'shipping',1,0.000000),(37,'shipping',1,0.000000),(39,'shipping',1,0.000000),(41,'shipping',1,0.000000),(63,'shipping',1,0.000000),(67,'shipping',1,0.000000),(77,'shipping',1,0.000000),(85,'shipping',1,0.000000),(87,'shipping',1,0.000000),(89,'shipping',1,0.000000),(92,'shipping',1,0.000000),(93,'shipping',1,0.000000),(94,'shipping',1,0.000000),(95,'shipping',1,0.000000),(96,'shipping',1,0.000000),(100,'shipping',1,0.000000),(101,'shipping',1,0.000000),(103,'shipping',1,0.000000),(104,'shipping',1,0.000000),(106,'shipping',1,0.000000),(111,'shipping',1,0.000000),(113,'shipping',1,0.000000),(117,'shipping',1,0.000000),(119,'shipping',1,0.000000),(120,'shipping',1,0.000000),(122,'shipping',1,0.000000),(125,'shipping',1,0.000000),(126,'shipping',1,0.000000),(127,'shipping',1,0.000000),(131,'shipping',1,0.000000),(132,'shipping',1,0.000000),(133,'shipping',1,0.000000),(134,'shipping',1,0.000000),(135,'shipping',1,0.000000),(136,'shipping',1,0.000000),(137,'shipping',1,0.000000),(139,'shipping',1,0.000000),(140,'shipping',1,0.000000),(142,'shipping',1,0.000000),(143,'shipping',1,0.000000),(146,'shipping',1,0.000000),(147,'shipping',1,0.000000),(148,'shipping',1,0.000000),(149,'shipping',1,0.000000),(151,'shipping',1,0.000000),(152,'shipping',1,0.000000),(154,'shipping',1,0.000000),(155,'shipping',1,0.000000),(156,'shipping',1,0.000000),(157,'shipping',1,0.000000),(160,'shipping',1,0.000000),(161,'shipping',1,0.000000),(162,'shipping',1,0.000000),(163,'shipping',1,0.000000),(165,'shipping',1,0.000000),(166,'shipping',1,0.000000),(167,'shipping',1,0.000000),(168,'shipping',1,0.000000),(169,'shipping',1,0.000000),(170,'shipping',1,0.000000),(171,'shipping',1,0.000000),(172,'shipping',1,0.000000),(173,'shipping',1,0.000000),(175,'shipping',1,0.000000),(176,'shipping',1,0.000000),(177,'shipping',1,0.000000),(178,'shipping',1,0.000000),(179,'shipping',1,0.000000),(181,'shipping',1,0.000000),(182,'shipping',1,0.000000),(185,'shipping',1,0.000000),(186,'shipping',1,0.000000),(188,'shipping',1,0.000000),(189,'shipping',1,0.000000),(190,'shipping',1,0.000000),(191,'shipping',1,0.000000),(192,'shipping',1,0.000000),(194,'shipping',1,0.000000),(196,'shipping',1,0.000000),(198,'shipping',1,0.000000),(199,'shipping',1,0.000000),(200,'shipping',1,0.000000),(201,'shipping',1,0.000000),(203,'shipping',1,0.000000),(205,'shipping',1,0.000000),(206,'shipping',1,0.000000),(207,'shipping',1,0.000000),(208,'shipping',1,0.000000),(210,'shipping',1,0.000000),(211,'shipping',1,0.000000),(214,'shipping',1,0.000000),(215,'shipping',1,0.000000),(216,'shipping',1,0.000000),(219,'shipping',1,0.000000),(220,'shipping',1,0.000000),(221,'shipping',1,0.000000),(222,'shipping',1,0.000000),(225,'shipping',1,0.000000),(226,'shipping',1,0.000000),(228,'shipping',1,0.000000),(229,'shipping',1,0.000000),(230,'shipping',1,0.000000),(232,'shipping',1,0.000000),(233,'shipping',1,0.000000),(234,'shipping',1,0.000000),(235,'shipping',1,0.000000),(236,'shipping',1,0.000000),(238,'shipping',1,0.000000),(239,'shipping',1,0.000000),(242,'shipping',1,0.000000),(243,'shipping',1,0.000000),(244,'shipping',1,0.000000),(245,'shipping',1,0.000000),(246,'shipping',1,0.000000),(248,'shipping',1,0.000000),(249,'shipping',1,0.000000),(250,'shipping',1,0.000000),(251,'shipping',1,0.000000),(252,'shipping',1,0.000000),(253,'shipping',1,0.000000),(254,'shipping',1,0.000000),(255,'shipping',1,0.000000),(256,'shipping',1,0.000000),(257,'shipping',1,0.000000),(258,'shipping',1,0.000000),(260,'shipping',1,0.000000),(261,'shipping',1,0.000000),(262,'shipping',1,0.000000),(263,'shipping',1,0.000000),(264,'shipping',1,0.000000),(267,'shipping',1,0.000000),(268,'shipping',1,0.000000),(269,'shipping',1,0.000000),(270,'shipping',1,0.000000),(272,'shipping',1,0.000000),(274,'shipping',1,0.000000),(275,'shipping',1,0.000000),(278,'shipping',1,0.000000),(280,'shipping',1,0.000000),(281,'shipping',1,0.000000),(282,'shipping',1,0.000000),(285,'shipping',1,0.000000),(291,'shipping',1,0.000000),(292,'shipping',1,0.000000),(293,'shipping',1,0.000000),(294,'shipping',1,0.000000),(295,'shipping',1,0.000000),(296,'shipping',1,0.000000),(298,'shipping',1,0.000000),(300,'shipping',1,0.000000),(301,'shipping',1,0.000000),(302,'shipping',1,0.000000),(303,'shipping',1,0.000000),(304,'shipping',1,0.000000),(305,'shipping',1,0.000000),(306,'shipping',1,0.000000),(307,'shipping',1,0.000000),(309,'shipping',1,0.000000),(310,'shipping',1,0.000000),(312,'shipping',1,0.000000),(315,'shipping',1,0.000000),(317,'shipping',1,0.000000),(318,'shipping',1,0.000000),(319,'shipping',1,0.000000),(320,'shipping',1,0.000000),(321,'shipping',1,0.000000),(322,'shipping',1,0.000000),(324,'shipping',1,0.000000);

--
-- Table structure for table `ps_order_message`
--

CREATE TABLE `ps_order_message` (
  `id_order_message` int(10) unsigned NOT NULL AUTO_INCREMENT,
  `date_add` datetime NOT NULL,
  PRIMARY KEY (`id_order_message`)
) ENGINE=InnoDB AUTO_INCREMENT=2 DEFAULT CHARSET=utf8;

--
-- Dumping data for table `ps_order_message`
--

INSERT INTO `ps_order_message` VALUES (1,'2016-02-15 10:48:14');

--
-- Table structure for table `ps_order_message_lang`
--

CREATE TABLE `ps_order_message_lang` (
  `id_order_message` int(10) unsigned NOT NULL,
  `id_lang` int(10) unsigned NOT NULL,
  `name` varchar(128) NOT NULL,
  `message` text NOT NULL,
  PRIMARY KEY (`id_order_message`,`id_lang`)
) ENGINE=InnoDB DEFAULT CHARSET=utf8;

--
-- Dumping data for table `ps_order_message_lang`
--

INSERT INTO `ps_order_message_lang` VALUES (1,1,'Ritardo','Buongiorno,\n\npurtroppo un articolo che hai ordinato è momentaneamente esaurito. Potrebbe pertanto verificarsi un leggero ritardo nella consegna.\nScusandoci per l\'inconveniente, ti assicuriamo che stiamo facendo del nostro meglio per risolverlo.\n\nCordiali saluti,');

--
-- Table structure for table `ps_order_payment`
--

CREATE TABLE `ps_order_payment` (
  `id_order_payment` int(11) NOT NULL AUTO_INCREMENT,
  `order_reference` varchar(9) DEFAULT NULL,
  `id_currency` int(10) unsigned NOT NULL,
  `amount` decimal(10,2) NOT NULL,
  `payment_method` varchar(255) NOT NULL,
  `conversion_rate` decimal(13,6) NOT NULL DEFAULT '1.000000',
  `transaction_id` varchar(254) DEFAULT NULL,
  `card_number` varchar(254) DEFAULT NULL,
  `card_brand` varchar(254) DEFAULT NULL,
  `card_expiration` char(7) DEFAULT NULL,
  `card_holder` varchar(254) DEFAULT NULL,
  `date_add` datetime NOT NULL,
  PRIMARY KEY (`id_order_payment`),
  KEY `order_reference` (`order_reference`)
) ENGINE=InnoDB AUTO_INCREMENT=325 DEFAULT CHARSET=utf8;

--
-- Dumping data for table `ps_order_payment`
--

INSERT INTO `ps_order_payment` VALUES (1,'THLQGWMAK',1,19.00,'eBay PayPal 557',1.000000,'','','','','','2016-04-05 19:34:55'),(2,'EVRFPWTJD',1,8.80,'eBay PayPal 558',1.000000,'','','','','','2016-04-06 12:59:41'),(3,'IYJFSDNFZ',1,5.80,'eBay PayPal 559',1.000000,'','','','','','2016-04-08 02:01:59'),(4,'HUXMJUUCW',1,5.80,'eBay PayPal 559',1.000000,'','','','','','2016-04-08 02:01:59'),(5,'YNFSFJBGZ',1,15.00,'eBay PayPal 561',1.000000,'','','','','','2016-04-11 14:29:07'),(6,'JNVFTCRWK',1,7.00,'eBay PayPal 562',1.000000,'','','','','','2016-04-11 19:15:07'),(7,'ELPZWLPTH',1,9.00,'eBay PayPal 563',1.000000,'','','','','','2016-04-11 21:51:33'),(8,'IUVENISSU',1,7.00,'eBay PayPal 565',1.000000,'','','','','','2016-04-12 11:51:51'),(9,'ZPQYCJAPT',1,24.00,'eBay PayPal 564',1.000000,'','','','','','2016-04-12 11:51:57'),(10,'UKYCWTCYZ',1,19.00,'eBay PayPal 566',1.000000,'','','','','','2016-04-12 18:08:34'),(11,'DDMYNWIGR',1,24.00,'eBay PayPal 568',1.000000,'','','','','','2016-04-13 11:00:23'),(12,'SDMPAHRWR',1,5.74,'eBay PayPal 570',1.000000,'','','','','','2016-04-15 09:11:39'),(13,'XDXTRWVIS',1,2.00,'eBay PayPal 571',1.000000,'','','','','','2016-04-16 15:52:18'),(14,'ARXVMSJLE',1,20.00,'eBay PayPal 572',1.000000,'','','','','','2016-04-16 17:43:00'),(15,'XLZWSEYKW',1,1.90,'eBay PayPal 573',1.000000,'','','','','','2016-04-16 19:06:28'),(16,'ANRDAQNCI',1,2.18,'eBay PayPal 574',1.000000,'','','','','','2016-04-17 10:38:41'),(17,'MJWKXKLYP',1,12.52,'eBay PayPal 576',1.000000,'','','','','','2016-04-17 19:59:38'),(18,'XIYMAZKNB',1,2.18,'eBay PayPal 577',1.000000,'','','','','','2016-04-17 22:04:58'),(19,'OLGTNSVXP',1,9.23,'eBay PayPal 578',1.000000,'','','','','','2016-04-17 23:10:13'),(20,'QSSVWJZPL',1,10.24,'eBay PayPal 579',1.000000,'','','','','','2016-04-18 15:50:27'),(21,'EKWMFCEFG',1,12.63,'eBay PayPal 580',1.000000,'','','','','','2016-04-18 18:18:30'),(22,'GNFQVTNYK',1,4.00,'eBay PayPal 581',1.000000,'','','','','','2016-04-18 20:23:56'),(23,'RKDPRCKRD',1,7.00,'eBay PayPal 582',1.000000,'','','','','','2016-04-18 23:59:16'),(24,'KVKLNYYDC',1,11.77,'eBay PayPal 583',1.000000,'','','','','','2016-04-19 09:03:13'),(25,'TZBNGBTJU',1,7.00,'eBay PayPal 584',1.000000,'','','','','','2016-04-19 11:32:32'),(26,'JCUJDZUPW',1,11.00,'eBay PayPal 586',1.000000,'','','','','','2016-04-19 20:43:41'),(27,'AYXAVFDOA',1,5.00,'eBay PayPal 587',1.000000,'','','','','','2016-04-19 20:43:43'),(28,'XCQRDXYVT',1,4.74,'eBay PayPal 585',1.000000,'','','','','','2016-04-19 22:34:15'),(29,'SIBCWXAFC',1,9.50,'eBay PayPal 588',1.000000,'','','','','','2016-04-20 11:13:38'),(30,'MNTCTFCAB',1,7.62,'eBay PayPal 589',1.000000,'','','','','','2016-04-20 18:53:21'),(31,'TMNEJZBYU',1,9.50,'eBay PayPal 591',1.000000,'','','','','','2016-04-21 11:43:32'),(32,'ZEDQIBAOU',1,2.20,'eBay PayPal 592',1.000000,'','','','','','2016-04-21 12:24:09'),(33,'LEGXJAXFJ',1,16.13,'eBay PayPal 593',1.000000,'','','','','','2016-04-21 17:07:14'),(34,'GVSORYZZR',1,6.28,'eBay PayPal 595',1.000000,'','','','','','2016-04-22 23:00:07'),(35,'CETWJOKTO',1,4.00,'eBay PayPal 596',1.000000,'','','','','','2016-04-24 12:17:49'),(36,'PJVLWMPJY',1,3.14,'eBay PayPal 597',1.000000,'','','','','','2016-04-24 20:10:36'),(37,'QFSPURBSX',1,3.14,'eBay PayPal 598',1.000000,'','','','','','2016-04-26 02:12:41'),(38,'FOMASZPCK',1,5.50,'eBay PayPal 599',1.000000,'','','','','','2016-04-26 17:08:59'),(39,'VQGMRYYNM',1,4.74,'eBay PayPal 600',1.000000,'','','','','','2016-04-27 00:39:30'),(40,'WKQALSBZD',1,5.14,'eBay PayPal 602',1.000000,'','','','','','2016-04-27 19:58:45'),(41,'QPYGNGSFZ',1,3.14,'eBay PayPal 603',1.000000,'','','','','','2016-04-28 09:40:05'),(42,'TQLFVWTOV',1,9.89,'eBay PayPal 604',1.000000,'','','','','','2016-04-28 19:46:46'),(43,'MHRHNAUEC',1,24.00,'eBay PayPal 606',1.000000,'','','','','','2016-04-29 14:24:35'),(44,'OSWLNHKCW',1,23.00,'eBay PayPal 608',1.000000,'','','','','','2016-04-29 17:07:22'),(45,'XEDZAFSPK',1,4.54,'eBay PayPal 605',1.000000,'','','','','','2016-04-29 19:15:49'),(46,'CRXMMRKCQ',1,4.54,'eBay PayPal 611',1.000000,'','','','','','2016-04-29 20:05:20'),(47,'NTICIAPRF',1,10.20,'eBay PayPal 614',1.000000,'','','','','','2016-04-30 10:32:31'),(48,'ETONBDLGB',1,24.00,'eBay PayPal 615',1.000000,'','','','','','2016-04-30 13:33:54'),(49,'WXMEUZYBP',1,8.29,'eBay PayPal 618',1.000000,'','','','','','2016-05-01 09:57:33'),(50,'YRPTLUBIC',1,20.00,'eBay PayPal 601',1.000000,'','','','','','2016-05-01 18:47:10'),(51,'OHRQBJORH',1,4.40,'eBay PayPal 621',1.000000,'','','','','','2016-05-01 23:44:22'),(52,'KGSCMIUUR',1,14.40,'eBay PayPal 623',1.000000,'','','','','','2016-05-02 13:07:02'),(53,'VUKNYFHOR',1,6.40,'eBay PayPal 624',1.000000,'','','','','','2016-05-02 13:07:04'),(54,'QWVGMJCYG',1,7.68,'eBay PayPal 625',1.000000,'','','','','','2016-05-02 16:31:07'),(55,'NWTVHLZEP',1,6.14,'eBay PayPal 626',1.000000,'','','','','','2016-05-02 21:35:21'),(56,'IMHBPTHZG',1,7.40,'eBay PayPal 628',1.000000,'','','','','','2016-05-02 22:53:23'),(57,'UWLCVBEAX',1,14.40,'eBay PayPal 629',1.000000,'','','','','','2016-05-03 10:12:28'),(58,'FDDRXCCPC',1,22.50,'PayPal',1.000000,'8RK12651V9227590J','','','','','2016-05-03 10:25:21'),(59,'GUAUPBDDO',1,7.40,'eBay PayPal 631',1.000000,'','','','','','2016-05-04 15:06:34'),(60,'OOEDPGWWB',1,12.03,'eBay PayPal 632',1.000000,'','','','','','2016-05-04 22:09:16'),(61,'LLSIUOLNB',1,4.01,'eBay PayPal 636',1.000000,'','','','','','2016-05-08 11:47:03'),(62,'BFCPWGVVN',1,3.68,'eBay PayPal 637',1.000000,'','','','','','2016-05-08 22:40:20'),(63,'CQLXODBIS',1,15.24,'eBay PayPal 638',1.000000,'','','','','','2016-05-09 11:28:04'),(64,'OEJNDYYOA',1,6.25,'eBay PayPal 639',1.000000,'','','','','','2016-05-09 22:57:13'),(65,'QDWVQJUWU',1,11.92,'eBay PayPal 641',1.000000,'','','','','','2016-05-10 19:38:45'),(66,'TVTDKCBSP',1,5.61,'eBay PayPal 643',1.000000,'','','','','','2016-05-12 09:44:01'),(67,'ATAMMQRYA',1,15.24,'eBay PayPal 645',1.000000,'','','','','','2016-05-12 11:27:12'),(68,'PSXIHSFKT',1,5.61,'eBay PayPal 647',1.000000,'','','','','','2016-05-14 19:24:54'),(69,'MRCVECQIN',1,8.82,'eBay PayPal 648',1.000000,'','','','','','2016-05-15 11:28:54'),(70,'NKFPUHCUI',1,5.61,'eBay PayPal 649',1.000000,'','','','','','2016-05-15 12:27:45'),(71,'HLUMHNSJJ',1,23.00,'eBay PayPal 650',1.000000,'','','','','','2016-05-15 12:27:51'),(72,'ULFURJVSQ',1,2.60,'eBay PayPal 651',1.000000,'','','','','','2016-05-15 18:10:24'),(73,'CSMAUDTPI',1,7.75,'eBay PayPal 653',1.000000,'','','','','','2016-05-17 09:33:48'),(74,'LEWTDEXMO',1,5.18,'eBay PayPal 654',1.000000,'','','','','','2016-05-17 18:05:28'),(75,'LMENTOPNE',1,5.61,'eBay PayPal 655',1.000000,'','','','','','2016-05-18 10:17:42'),(76,'DUTIOSZSB',1,5.61,'eBay PayPal 656',1.000000,'','','','','','2016-05-18 11:08:31'),(77,'RLUTBIRWJ',1,9.89,'eBay PayPal 657',1.000000,'','','','','','2016-05-18 13:46:28'),(78,'WYTLSKVQW',1,5.08,'eBay PayPal 658',1.000000,'','','','','','2016-05-18 18:16:24'),(79,'MQFVSPACV',1,13.10,'eBay PayPal 659',1.000000,'','','','','','2016-05-19 09:44:40'),(80,'ZLFHRKVIV',1,5.08,'eBay PayPal 660',1.000000,'','','','','','2016-05-19 09:44:41'),(81,'YXBDSWPXM',1,10.43,'eBay PayPal 666',1.000000,'','','','','','2016-05-19 22:56:13'),(82,'EHJVWQVDC',1,4.75,'eBay PayPal 667',1.000000,'','','','','','2016-05-20 10:48:15'),(83,'XMADRAEFV',1,9.82,'eBay PayPal 665',1.000000,'','','','','','2016-05-21 16:19:11'),(84,'HHMDTOVLL',1,4.40,'eBay PayPal 668',1.000000,'','','','','','2016-05-22 10:52:42'),(85,'AXNBJPHFO',1,2.91,'eBay PayPal 669',1.000000,'','','','','','2016-05-23 23:48:43'),(86,'FRRVRXZTB',1,10.30,'eBay PayPal 670',1.000000,'','','','','','2016-05-24 01:20:31'),(87,'TQOKRVGLP',1,18.42,'eBay PayPal 671',1.000000,'','','','','','2016-05-24 14:38:55'),(88,'TNKEHOPGI',1,16.63,'eBay PayPal 672',1.000000,'','','','','','2016-05-24 20:18:34'),(89,'FHUNQDMGX',1,2.69,'eBay PayPal 673',1.000000,'','','','','','2016-05-25 13:19:08'),(90,'TMTIPOCQJ',1,10.40,'eBay PayPal 674',1.000000,'','','','','','2016-05-25 15:10:39'),(91,'COTBTVNQJ',1,5.71,'eBay PayPal 675',1.000000,'','','','','','2016-05-25 17:29:29'),(92,'SUBJTHXZP',1,2.69,'eBay PayPal 677',1.000000,'','','','','','2016-05-26 12:47:32'),(93,'OTNVSMJCR',1,7.72,'eBay PayPal 678',1.000000,'','','','','','2016-05-26 13:45:18'),(94,'TORNWCEOT',1,8.79,'eBay PayPal 679',1.000000,'','','','','','2016-05-27 11:52:05'),(95,'QTGDPTXHS',1,6.86,'eBay PayPal 680',1.000000,'','','','','','2016-05-28 09:50:44'),(96,'DOTDGVXCU',1,3.98,'eBay PayPal 681',1.000000,'','','','','','2016-05-28 15:06:02'),(97,'PEDBSOQCI',1,3.89,'eBay PayPal 682',1.000000,'','','','','','2016-05-29 10:59:58'),(98,'VGJYSHQCQ',1,7.00,'eBay PayPal 683',1.000000,'','','','','','2016-05-30 09:25:49'),(99,'QLJMTNQRX',1,3.89,'eBay PayPal 684',1.000000,'','','','','','2016-05-31 19:45:18'),(100,'MCAMDIIRR',1,8.79,'eBay PayPal 685',1.000000,'','','','','','2016-06-03 09:22:38'),(101,'ZUOFOBBRX',1,3.33,'eBay PayPal 686',1.000000,'','','','','','2016-06-03 09:22:40'),(102,'BCOHFMMMF',1,4.10,'eBay PayPal 687',1.000000,'','','','','','2016-06-03 09:22:44'),(103,'HKMFUVZKR',1,2.58,'eBay PayPal 688',1.000000,'','','','','','2016-06-03 10:26:45'),(104,'CBSWMISSB',1,3.98,'eBay PayPal 689',1.000000,'','','','','','2016-06-03 15:50:36'),(105,'ASTWXDUXT',1,8.07,'eBay PayPal 690',1.000000,'','','','','','2016-06-03 18:05:46'),(106,'ICCMXRRMT',1,3.33,'eBay PayPal 691',1.000000,'','','','','','2016-06-07 15:01:55'),(107,'TFVCDVKNZ',1,25.90,'eBay PayPal 692',1.000000,'','','','','','2016-06-07 19:58:39'),(108,'JURTPBEUH',1,16.63,'eBay PayPal 693',1.000000,'','','','','','2016-06-08 21:40:29'),(109,'HKTUCUACU',1,12.30,'eBay PayPal 694',1.000000,'','','','','','2016-06-11 09:11:43'),(110,'AJJBOICFI',1,4.43,'eBay PayPal 696',1.000000,'','','','','','2016-06-14 15:00:17'),(111,'QFHXCVVWK',1,8.04,'eBay PayPal 697',1.000000,'','','','','','2016-06-14 20:00:38'),(112,'NNNXIWJIC',1,9.24,'eBay PayPal 698',1.000000,'','','','','','2016-06-15 20:29:14'),(113,'EUYILEQMU',1,13.07,'eBay PayPal 700',1.000000,'','','','','','2016-06-16 18:35:15'),(114,'NPSDMFWHP',1,12.57,'eBay PayPal 701',1.000000,'','','','','','2016-06-17 17:08:14'),(115,'HYGEOARKK',1,7.85,'eBay PayPal 702',1.000000,'','','','','','2016-06-19 22:04:35'),(116,'WWJVFWMLF',1,7.75,'eBay PayPal 695',1.000000,'','','','','','2016-06-20 10:04:02'),(117,'EKTYWEQRU',1,4.51,'eBay PayPal 703',1.000000,'','','','','','2016-06-20 10:04:09'),(118,'INMPJMORM',1,12.13,'eBay PayPal 705',1.000000,'','','','','','2016-06-21 17:35:33'),(119,'PMUIZNOUI',1,3.76,'eBay PayPal 706',1.000000,'','','','','','2016-06-22 19:46:21'),(120,'NLUNHFSAZ',1,2.58,'eBay PayPal 707',1.000000,'','','','','','2016-06-24 18:38:49'),(121,'NJBJSBOPT',1,5.40,'PayPal',1.000000,'64L80935P23731202','','','','','2016-06-25 07:24:47'),(122,'UMGHPIHCW',1,21.00,'eBay PayPal 708',1.000000,'','','','','','2016-06-26 17:31:34'),(123,'FUGWVCHVF',1,24.12,'eBay PayPal 709',1.000000,'','','','','','2016-06-27 10:22:45'),(124,'IXPQJRYXD',1,23.50,'eBay PayPal 713',1.000000,'','','','','','2016-07-02 08:43:32'),(125,'TYUPLBIOT',1,5.79,'eBay PayPal 715',1.000000,'','','','','','2016-07-05 12:42:27'),(126,'LXPJWPYOE',1,3.44,'eBay PayPal 716',1.000000,'','','','','','2016-07-06 17:15:17'),(127,'YYJFGZUYQ',1,5.04,'eBay PayPal 717',1.000000,'','','','','','2016-07-07 12:17:19'),(128,'QZJTXSVPN',1,16.31,'eBay PayPal 718',1.000000,'','','','','','2016-07-07 13:47:58'),(129,'CAAITPAGE',1,4.11,'eBay PayPal 720',1.000000,'','','','','','2016-07-08 18:41:15'),(130,'EPYBMWJZS',1,7.90,'PayPal',1.000000,'6M842637TM055004E','','','','','2016-07-09 00:03:24'),(131,'OXSXLXNDR',1,3.44,'eBay PayPal 721',1.000000,'','','','','','2016-07-11 17:58:12'),(132,'LQOVCQUFG',1,18.42,'eBay PayPal 723',1.000000,'','','','','','2016-07-13 00:11:41'),(133,'ZCXCHAMXC',1,2.91,'eBay PayPal 724',1.000000,'','','','','','2016-07-13 00:11:43'),(134,'UCHKCVHYN',1,5.04,'eBay PayPal 725',1.000000,'','','','','','2016-07-13 22:07:16'),(135,'FBBSXSMSY',1,7.72,'eBay PayPal 726',1.000000,'','','','','','2016-07-14 18:35:03'),(136,'SBUSUCFRU',1,4.51,'eBay PayPal 727',1.000000,'','','','','','2016-07-15 01:01:13'),(137,'PYNQHUCIX',1,9.00,'eBay PayPal 728',1.000000,'','','','','','2016-07-15 02:22:39'),(138,'OYJICBXJX',1,10.43,'eBay PayPal 729',1.000000,'','','','','','2016-07-15 13:47:41'),(139,'RDYDSORHW',1,5.58,'eBay PayPal 722',1.000000,'','','','','','2016-07-15 14:21:12'),(140,'ECHZMHTCV',1,4.94,'eBay PayPal 730',1.000000,'','','','','','2016-07-15 16:10:08'),(141,'KKYMBTKGP',1,23.59,'eBay PayPal 731',1.000000,'','','','','','2016-07-16 14:30:49'),(142,'CQGFKCKDQ',1,2.91,'eBay PayPal 732',1.000000,'','','','','','2016-07-18 20:50:07'),(143,'WVDPJHQSI',1,2.69,'eBay PayPal 733',1.000000,'','','','','','2016-07-19 06:26:36'),(144,'DAUHXCWFY',1,5.28,'eBay PayPal 734',1.000000,'','','','','','2016-07-19 10:43:01'),(145,'DNWOZDZUL',1,7.75,'eBay PayPal 735',1.000000,'','','','','','2016-07-19 17:23:03'),(146,'SYACXFEEI',1,9.00,'eBay PayPal 736',1.000000,'','','','','','2016-07-20 12:13:34'),(147,'IAVZZOHNQ',1,4.72,'eBay PayPal 738',1.000000,'','','','','','2016-07-20 23:12:14'),(148,'KDYKKIKZG',1,3.44,'eBay PayPal 739',1.000000,'','','','','','2016-07-21 03:15:10'),(149,'HAXXLMVMD',1,4.51,'eBay PayPal 740',1.000000,'','','','','','2016-07-21 10:33:50'),(150,'QWMMMSKUY',1,7.52,'eBay PayPal 741',1.000000,'','','','','','2016-07-21 13:35:07'),(151,'VXVHIXZCH',1,15.18,'eBay PayPal 742',1.000000,'','','','','','2016-07-21 15:57:41'),(152,'SCSLBLDZN',1,3.44,'eBay PayPal 745',1.000000,'','','','','','2016-07-21 20:45:38'),(153,'VWUFUMFDX',1,5.71,'eBay PayPal 746',1.000000,'','','','','','2016-07-22 11:41:49'),(154,'QNHEQRHWX',1,4.08,'eBay PayPal 747',1.000000,'','','','','','2016-07-22 14:48:14'),(155,'FVVMYYKKJ',1,3.76,'eBay PayPal 748',1.000000,'','','','','','2016-07-22 15:57:26'),(156,'YKPFKTWXA',1,4.08,'eBay PayPal 744',1.000000,'','','','','','2016-07-22 21:03:20'),(157,'RGLRXMORR',1,6.33,'eBay PayPal 749',1.000000,'','','','','','2016-07-22 21:03:26'),(158,'PTOWHHZIJ',1,10.96,'eBay PayPal 750',1.000000,'','','','','','2016-07-22 21:03:35'),(159,'UCGKFKZHS',1,13.20,'eBay PayPal 751',1.000000,'','','','','','2016-07-22 22:16:08'),(160,'FOQNBLDQB',1,6.12,'eBay PayPal 752',1.000000,'','','','','','2016-07-22 22:46:54'),(161,'TORVFDQXC',1,4.08,'eBay PayPal 753',1.000000,'','','','','','2016-07-22 23:19:59'),(162,'LVBGISIBT',1,4.51,'eBay PayPal 754',1.000000,'','','','','','2016-07-23 03:14:25'),(163,'BLGOIZUFS',1,2.91,'eBay PayPal 755',1.000000,'','','','','','2016-07-23 14:30:31'),(164,'IXAYGVLBR',1,24.12,'eBay PayPal 756',1.000000,'','','','','','2016-07-23 18:40:08'),(165,'AVPNVOYLC',1,2.91,'eBay PayPal 757',1.000000,'','','','','','2016-07-23 19:29:35'),(166,'OWMLWMYGH',1,4.08,'eBay PayPal 743',1.000000,'','','','','','2016-07-24 02:45:09'),(167,'EXCHMHKWG',1,3.98,'eBay PayPal 758',1.000000,'','','','','','2016-07-25 01:45:47'),(168,'MFTDSBDYD',1,4.51,'eBay PayPal 759',1.000000,'','','','','','2016-07-25 14:34:20'),(169,'RIQVJMZPC',1,8.59,'eBay PayPal 762',1.000000,'','','','','','2016-07-25 15:42:41'),(170,'AJVOIJYTF',1,3.98,'eBay PayPal 763',1.000000,'','','','','','2016-07-26 13:08:45'),(171,'ZNZJUSMRG',1,8.68,'eBay PayPal 764',1.000000,'','','','','','2016-07-27 00:56:45'),(172,'QBWXZTWRM',1,2.07,'eBay PayPal 765',1.000000,'','','','','','2016-07-27 01:36:56'),(173,'FIXWNBSHS',1,3.44,'eBay PayPal 766',1.000000,'','','','','','2016-07-27 07:53:27'),(174,'UDRNUOHCM',1,10.20,'eBay PayPal 767',1.000000,'','','','','','2016-07-28 00:13:15'),(175,'TYKDYYPUM',1,6.33,'eBay PayPal 768',1.000000,'','','','','','2016-07-28 09:45:27'),(176,'ZCGYWDGSW',1,3.98,'eBay PayPal 769',1.000000,'','','','','','2016-07-28 11:44:45'),(177,'VAHILTOFO',1,4.51,'eBay PayPal 770',1.000000,'','','','','','2016-07-28 15:14:27'),(178,'AWYQLNWDS',1,2.91,'eBay PayPal 771',1.000000,'','','','','','2016-07-29 11:31:27'),(179,'VCPISDEXZ',1,5.26,'eBay PayPal 772',1.000000,'','','','','','2016-07-29 19:34:41'),(180,'YAGYSMYTV',1,14.38,'eBay PayPal 773',1.000000,'','','','','','2016-07-30 00:29:39'),(181,'RHZQADYEN',1,2.69,'eBay PayPal 774',1.000000,'','','','','','2016-07-30 13:11:00'),(182,'BXFUPKFDX',1,2.91,'eBay PayPal 775',1.000000,'','','','','','2016-07-30 15:50:42'),(183,'PMZKKZXEE',1,5.18,'eBay PayPal 778',1.000000,'','','','','','2016-07-31 10:13:58'),(184,'QXFZDNGFN',1,10.53,'eBay PayPal 779',1.000000,'','','','','','2016-07-31 17:34:10'),(185,'DBHZYTSHJ',1,4.51,'eBay PayPal 782',1.000000,'','','','','','2016-08-01 12:52:38'),(186,'UWADHICQX',1,5.04,'eBay PayPal 783',1.000000,'','','','','','2016-08-01 16:42:44'),(187,'MYQBTZRRP',1,7.32,'eBay PayPal 784',1.000000,'','','','','','2016-08-01 18:37:32'),(188,'NEXIKENZH',1,3.44,'eBay PayPal 785',1.000000,'','','','','','2016-08-01 22:22:41'),(189,'HSOVQCEKX',1,8.18,'eBay PayPal 788',1.000000,'','','','','','2016-08-02 11:56:12'),(190,'BSFOIJHJH',1,10.18,'eBay PayPal 791',1.000000,'','','','','','2016-08-02 17:56:43'),(191,'NESCYRFXS',1,2.69,'eBay PayPal 792',1.000000,'','','','','','2016-08-02 18:28:19'),(192,'JKRIKQPQL',1,5.04,'eBay PayPal 790',1.000000,'','','','','','2016-08-02 18:28:21'),(193,'IZAAJOZEY',1,6.03,'eBay PayPal 793',1.000000,'','','','','','2016-08-02 21:06:00'),(194,'QTZLTRPHT',1,4.94,'eBay PayPal 794',1.000000,'','','','','','2016-08-03 15:04:49'),(195,'LDMFQZGNH',1,10.96,'eBay PayPal 795',1.000000,'','','','','','2016-08-03 19:50:36'),(196,'XUXRESFJN',1,4.51,'eBay PayPal 796',1.000000,'','','','','','2016-08-04 10:08:36'),(197,'WWQAVFVNA',1,10.74,'eBay PayPal 797',1.000000,'','','','','','2016-08-05 08:09:31'),(198,'NFEKKDJNN',1,18.42,'eBay PayPal 798',1.000000,'','','','','','2016-08-05 15:05:50'),(199,'MKKTXSQLN',1,2.91,'eBay PayPal 799',1.000000,'','','','','','2016-08-05 15:05:52'),(200,'FJWIFBOQV',1,508.72,'eBay PayPal 801',1.000000,'','','','','','2016-08-06 14:24:18'),(201,'KQTWZRFNI',1,4.51,'eBay PayPal 802',1.000000,'','','','','','2016-08-06 18:25:25'),(202,'NVAGNWIUJ',1,13.10,'eBay PayPal 803',1.000000,'','','','','','2016-08-06 23:17:03'),(203,'IMGTBKHQV',1,5.04,'eBay PayPal 806',1.000000,'','','','','','2016-08-07 18:14:07'),(204,'BDQHCJLZT',1,4.40,'eBay PayPal 813',1.000000,'','','','','','2016-08-07 21:04:02'),(205,'KTKWHBYRD',1,3.44,'eBay PayPal 804',1.000000,'','','','','','2016-08-08 10:38:14'),(206,'EZKKXQVSY',1,2.69,'eBay PayPal 814',1.000000,'','','','','','2016-08-08 11:10:23'),(207,'WOEOSVBOY',1,2.91,'eBay PayPal 815',1.000000,'','','','','','2016-08-08 14:53:57'),(208,'XNIZPCCHR',1,5.04,'eBay PayPal 816',1.000000,'','','','','','2016-08-08 21:07:06'),(209,'MEQWQRYFZ',1,8.39,'eBay PayPal 817',1.000000,'','','','','','2016-08-08 23:29:02'),(210,'PESWXTLLM',1,4.14,'eBay PayPal 818',1.000000,'','','','','','2016-08-09 17:03:37'),(211,'SFADWHGNN',1,2.69,'eBay PayPal 805',1.000000,'','','','','','2016-08-09 18:30:07'),(212,'CSDHMNVNR',1,5.71,'eBay PayPal 819',1.000000,'','','','','','2016-08-10 10:38:00'),(213,'BXUZXZJHS',1,8.58,'eBay PayPal 820',1.000000,'','','','','','2016-08-10 12:50:53'),(214,'MPTCWRQWZ',1,3.44,'eBay PayPal 821',1.000000,'','','','','','2016-08-11 12:30:52'),(215,'DNVZSBCDA',1,17.28,'eBay PayPal 822',1.000000,'','','','','','2016-08-11 19:40:25'),(216,'NSOVMBUDX',1,5.04,'eBay PayPal 823',1.000000,'','','','','','2016-08-11 20:49:50'),(217,'NPHSDXFNY',1,14.82,'eBay PayPal 824',1.000000,'','','','','','2016-08-12 00:16:40'),(218,'UJPJOBYTF',1,4.40,'eBay PayPal 825',1.000000,'','','','','','2016-08-12 07:18:23'),(219,'QRBKSQRUL',1,5.04,'eBay PayPal 826',1.000000,'','','','','','2016-08-12 11:18:56'),(220,'JYYPNYTXN',1,15.21,'eBay PayPal 827',1.000000,'','','','','','2016-08-12 11:18:58'),(221,'OYXLFLCBT',1,5.47,'eBay PayPal 828',1.000000,'','','','','','2016-08-12 11:19:00'),(222,'OIHHPSDOR',1,4.94,'eBay PayPal 829',1.000000,'','','','','','2016-08-12 15:09:19'),(223,'UJTXQLKDF',1,6.03,'eBay PayPal 830',1.000000,'','','','','','2016-08-13 18:07:16'),(224,'CPMVZCGBP',1,12.03,'eBay PayPal 831',1.000000,'','','','','','2016-08-15 15:13:40'),(225,'WRJVGGGVP',1,3.44,'eBay PayPal 832',1.000000,'','','','','','2016-08-16 19:46:34'),(226,'ERUFCSKMA',1,10.93,'eBay PayPal 833',1.000000,'','','','','','2016-08-16 22:07:54'),(227,'JLEFOILEV',1,11.92,'eBay PayPal 834',1.000000,'','','','','','2016-08-17 17:22:28'),(228,'KPDTGAYMR',1,6.12,'eBay PayPal 835',1.000000,'','','','','','2016-08-17 17:22:30'),(229,'UIIBHSVTN',1,6.97,'eBay PayPal 836',1.000000,'','','','','','2016-08-17 22:28:59'),(230,'DTLIYVLCM',1,6.65,'eBay PayPal 837',1.000000,'','','','','','2016-08-18 15:12:41'),(231,'OEDCJBNKM',1,4.54,'eBay PayPal 838',1.000000,'','','','','','2016-08-18 17:42:51'),(232,'BJJEPBXYT',1,4.08,'eBay PayPal 839',1.000000,'','','','','','2016-08-18 17:42:53'),(233,'PWQVWFJVG',1,9.36,'eBay PayPal 840',1.000000,'','','','','','2016-08-18 19:39:34'),(234,'UKDMPVJFW',1,6.65,'eBay PayPal 841',1.000000,'','','','','','2016-08-18 19:39:36'),(235,'PPPSODSJM',1,2.91,'eBay PayPal 842',1.000000,'','','','','','2016-08-18 23:38:20'),(236,'VRVRTSHOF',1,4.51,'eBay PayPal 843',1.000000,'','','','','','2016-08-19 11:15:17'),(237,'LFJDVOSKA',1,6.14,'eBay PayPal 844',1.000000,'','','','','','2016-08-19 11:15:27'),(238,'JBLOOFLEC',1,4.83,'eBay PayPal 845',1.000000,'','','','','','2016-08-19 11:50:42'),(239,'REZKJQDHR',1,9.00,'eBay PayPal 847',1.000000,'','','','','','2016-08-19 19:25:34'),(240,'APWEVHXJN',1,14.82,'eBay PayPal 849',1.000000,'','','','','','2016-08-19 21:52:53'),(241,'MSXLBIJDR',1,6.03,'eBay PayPal 846',1.000000,'','','','','','2016-08-20 11:10:46'),(242,'WZBPAGRYP',1,6.86,'eBay PayPal 850',1.000000,'','','','','','2016-08-20 12:24:41'),(243,'ISOEFLXPP',1,3.44,'eBay PayPal 851',1.000000,'','','','','','2016-08-20 15:39:51'),(244,'AGXEQFYAD',1,4.08,'eBay PayPal 852',1.000000,'','','','','','2016-08-20 18:29:58'),(245,'FVFTYJTMX',1,5.47,'eBay PayPal 853',1.000000,'','','','','','2016-08-21 11:51:04'),(246,'ZYHWYOWLW',1,2.07,'eBay PayPal 854',1.000000,'','','','','','2016-08-21 16:54:34'),(247,'NEMJCYHVN',1,5.61,'eBay PayPal 855',1.000000,'','','','','','2016-08-21 16:54:36'),(248,'MSBFKVGCG',1,2.91,'eBay PayPal 856',1.000000,'','','','','','2016-08-21 17:25:17'),(249,'ANSFREVXS',1,2.58,'eBay PayPal 857',1.000000,'','','','','','2016-08-21 22:45:11'),(250,'CGTULMKFY',1,3.76,'eBay PayPal 858',1.000000,'','','','','','2016-08-22 11:00:13'),(251,'LHVQXWDQT',1,2.91,'eBay PayPal 859',1.000000,'','','','','','2016-08-22 12:02:09'),(252,'OHIJCTOSC',1,9.00,'eBay PayPal 864',1.000000,'','','','','','2016-08-23 14:11:33'),(253,'WECJRVAGG',1,3.23,'eBay PayPal 865',1.000000,'','','','','','2016-08-23 14:11:35'),(254,'PHMGIMHUF',1,5.58,'eBay PayPal 866',1.000000,'','','','','','2016-08-23 18:18:10'),(255,'BBFWLSDHE',1,4.72,'eBay PayPal 869',1.000000,'','','','','','2016-08-23 22:32:48'),(256,'BZOSEQBJY',1,22.01,'eBay PayPal 872',1.000000,'','','','','','2016-08-24 13:01:03'),(257,'DMEZKYGUS',1,4.08,'eBay PayPal 873',1.000000,'','','','','','2016-08-24 14:53:33'),(258,'RUOFDFPAT',1,4.40,'eBay PayPal 874',1.000000,'','','','','','2016-08-24 15:32:31'),(259,'VCADRMTYH',1,9.82,'eBay PayPal 875',1.000000,'','','','','','2016-08-24 16:05:00'),(260,'EMXJWKTIS',1,6.33,'eBay PayPal 877',1.000000,'','','','','','2016-08-24 18:43:48'),(261,'TTMTZLQMC',1,4.08,'eBay PayPal 876',1.000000,'','','','','','2016-08-24 18:43:50'),(262,'RWVYOOFOP',1,3.44,'eBay PayPal 878',1.000000,'','','','','','2016-08-25 10:54:01'),(263,'FUKFJFHTY',1,5.58,'eBay PayPal 879',1.000000,'','','','','','2016-08-25 12:21:31'),(264,'AGSTAQFMT',1,3.44,'eBay PayPal 880',1.000000,'','','','','','2016-08-25 13:01:19'),(265,'HOLVUFMGV',1,6.24,'eBay PayPal 881',1.000000,'','','','','','2016-08-25 19:55:14'),(266,'JRONAKMHL',1,4.11,'eBay PayPal 882',1.000000,'','','','','','2016-08-25 21:59:42'),(267,'CXUOTCKTY',1,3.98,'eBay PayPal 868',1.000000,'','','','','','2016-08-25 23:57:17'),(268,'LJIABDLAL',1,2.91,'eBay PayPal 885',1.000000,'','','','','','2016-08-26 21:51:01'),(269,'PNTTXUUFH',1,3.98,'eBay PayPal 883',1.000000,'','','','','','2016-08-28 19:41:21'),(270,'JNMOWGMKX',1,8.16,'eBay PayPal 888',1.000000,'','','','','','2016-08-29 12:16:13'),(271,'KWIFWNJMZ',1,5.61,'eBay PayPal 889',1.000000,'','','','','','2016-08-29 12:16:16'),(272,'SYUQFTUSI',1,4.08,'eBay PayPal 890',1.000000,'','','','','','2016-08-29 15:16:48'),(273,'FGTQKSCJZ',1,5.71,'eBay PayPal 891',1.000000,'','','','','','2016-08-30 11:13:33'),(274,'PUKRFIQEC',1,5.04,'eBay PayPal 892',1.000000,'','','','','','2016-08-30 16:35:30'),(275,'BTIRQZTHB',1,10.14,'eBay PayPal 895',1.000000,'','','','','','2016-08-30 18:00:00'),(276,'PHBIZOJTR',1,5.61,'eBay PayPal 896',1.000000,'','','','','','2016-08-30 21:10:57'),(277,'FKXCAGIPJ',1,4.40,'eBay PayPal 897',1.000000,'','','','','','2016-08-30 23:55:20'),(278,'SURZBYIYQ',1,2.69,'eBay PayPal 898',1.000000,'','','','','','2016-08-31 14:41:34'),(279,'NOOKMOZSB',1,10.20,'eBay PayPal 899',1.000000,'','','','','','2016-09-01 10:18:54'),(280,'VLBPHRTQQ',1,5.79,'eBay PayPal 900',1.000000,'','','','','','2016-09-01 12:35:03'),(281,'RYNZIWHDB',1,2.58,'eBay PayPal 901',1.000000,'','','','','','2016-09-01 19:05:43'),(282,'PSFRZHUET',1,13.89,'eBay PayPal 902',1.000000,'','','','','','2016-09-01 21:11:37'),(283,'TYSQJVQVG',1,13.10,'eBay PayPal 903',1.000000,'','','','','','2016-09-02 16:50:17'),(284,'DZZZAXKLU',1,5.61,'eBay PayPal 904',1.000000,'','','','','','2016-09-02 16:50:20'),(285,'AATBQXVYD',1,11.89,'eBay PayPal 905',1.000000,'','','','','','2016-09-02 18:08:48'),(286,'GHJPHQRBS',1,5.61,'eBay PayPal 906',1.000000,'','','','','','2016-09-03 20:27:57'),(287,'GHVPRZJYG',1,6.14,'eBay PayPal 907',1.000000,'','','','','','2016-09-03 23:09:21'),(288,'BTBKUUQNG',1,7.75,'eBay PayPal 908',1.000000,'','','','','','2016-09-04 11:21:05'),(289,'AUHXWTMKT',1,4.54,'eBay PayPal 909',1.000000,'','','','','','2016-09-04 15:40:59'),(290,'DXHEMOUCJ',1,10.74,'eBay PayPal 910',1.000000,'','','','','','2016-09-05 04:14:40'),(291,'WXHUAXPKX',1,6.22,'eBay PayPal 1048',1.000000,'','','','','','2016-10-27 12:01:50'),(292,'CICBSEIFO',1,3.44,'eBay PayPal 1053',1.000000,'','','','','','2016-10-27 12:01:57'),(293,'WAQVYUHAY',1,2.74,'eBay PayPal 1054',1.000000,'','','','','','2016-10-27 12:02:00'),(294,'SNBOVCZAU',1,2.80,'eBay PayPal 1055',1.000000,'','','','','','2016-10-27 12:02:03'),(295,'OYGJHUIQS',1,3.23,'eBay PayPal 1057',1.000000,'','','','','','2016-10-27 12:02:06'),(296,'LJNWXFLLB',1,4.86,'eBay PayPal 1062',1.000000,'','','','','','2016-10-27 12:02:10'),(297,'AJXMWXWYG',1,5.28,'eBay PayPal 1060',1.000000,'','','','','','2016-10-27 12:02:14'),(298,'ATKZFCVBO',1,2.58,'eBay PayPal 1059',1.000000,'','','','','','2016-10-27 12:02:17'),(299,'UQVZVOBOI',1,7.64,'eBay PayPal 1065',1.000000,'','','','','','2016-10-27 12:02:20'),(300,'UQKKIEFQE',1,2.91,'eBay PayPal 1066',1.000000,'','','','','','2016-10-27 12:02:23'),(301,'HZKFBEHUU',1,2.91,'eBay PayPal 1071',1.000000,'','','','','','2016-10-27 12:02:26'),(302,'NOTVFTQGC',1,4.51,'eBay PayPal 1068',1.000000,'','','','','','2016-10-27 12:02:30'),(303,'AHUZMOZKE',1,11.47,'eBay PayPal 1067',1.000000,'','','','','','2016-10-27 12:02:33'),(304,'PHDHQCKPV',1,10.93,'eBay PayPal 1070',1.000000,'','','','','','2016-10-27 12:02:36'),(305,'GNYJYCQKY',1,2.90,'eBay PayPal 1069',1.000000,'','','','','','2016-10-27 12:02:39'),(306,'SDZOULAST',1,2.91,'eBay PayPal 1076',1.000000,'','','','','','2016-10-27 12:02:42'),(307,'HIZXVJABL',1,2.07,'eBay PayPal 1074',1.000000,'','','','','','2016-10-27 12:02:45'),(308,'LISRZZDKY',1,5.50,'eBay PayPal 1073',1.000000,'','','','','','2016-10-27 12:02:48'),(309,'APVKGVDUK',1,15.30,'eBay PayPal 1078',1.000000,'','','','','','2016-10-27 12:02:53'),(310,'SSGREHSHR',1,2.91,'eBay PayPal 1077',1.000000,'','','','','','2016-10-27 12:02:55'),(311,'VHGRCXQVK',1,3.57,'eBay PayPal 1081',1.000000,'','','','','','2016-10-27 12:02:59'),(312,'PRHSYHSWM',1,13.51,'eBay PayPal 1089',1.000000,'','','','','','2016-10-27 12:03:03'),(313,'RPMTZDHAE',1,5.60,'eBay PayPal 1098',1.000000,'','','','','','2016-11-05 10:17:16'),(314,'HIDMNTRXZ',1,6.24,'eBay PayPal 1097',1.000000,'','','','','','2016-11-05 10:17:22'),(315,'AKIUJIMFC',1,2.69,'eBay PayPal 1099',1.000000,'','','','','','2016-11-05 10:17:42'),(316,'ENSGQNYYY',1,14.70,'eBay PayPal 1101',1.000000,'','','','','','2016-11-05 10:18:00'),(317,'EHYRYOWBW',1,4.94,'eBay PayPal 1100',1.000000,'','','','','','2016-11-05 10:18:06'),(318,'AYCIRTFVU',1,5.04,'eBay PayPal 1102',1.000000,'','','','','','2016-11-05 10:18:17'),(319,'KAJWWXZZR',1,3.44,'eBay PayPal 1103',1.000000,'','','','','','2016-11-05 10:18:24'),(320,'YTGCOFXNR',1,3.44,'eBay PayPal 1104',1.000000,'','','','','','2016-11-05 10:18:28'),(321,'ZLQKXWQAT',1,7.19,'eBay PayPal 1107',1.000000,'','','','','','2016-11-05 10:18:32'),(322,'GNCNVUFXR',1,2.91,'eBay PayPal 1108',1.000000,'','','','','','2016-11-05 10:18:40'),(323,'TDZOORCNU',1,19.52,'eBay PayPal 1111',1.000000,'','','','','','2016-11-05 10:18:47'),(324,'KNFDWOGYC',1,9.00,'eBay PayPal 1112',1.000000,'','','','','','2016-11-05 10:18:51');

--
-- Table structure for table `ps_order_return`
--

CREATE TABLE `ps_order_return` (
  `id_order_return` int(10) unsigned NOT NULL AUTO_INCREMENT,
  `id_customer` int(10) unsigned NOT NULL,
  `id_order` int(10) unsigned NOT NULL,
  `state` tinyint(1) unsigned NOT NULL DEFAULT '1',
  `question` text NOT NULL,
  `date_add` datetime NOT NULL,
  `date_upd` datetime NOT NULL,
  PRIMARY KEY (`id_order_return`),
  KEY `order_return_customer` (`id_customer`),
  KEY `id_order` (`id_order`)
) ENGINE=InnoDB DEFAULT CHARSET=utf8;

--
-- Dumping data for table `ps_order_return`
--


--
-- Table structure for table `ps_order_return_detail`
--

CREATE TABLE `ps_order_return_detail` (
  `id_order_return` int(10) unsigned NOT NULL,
  `id_order_detail` int(10) unsigned NOT NULL,
  `id_customization` int(10) unsigned NOT NULL DEFAULT '0',
  `product_quantity` int(10) unsigned NOT NULL DEFAULT '0',
  PRIMARY KEY (`id_order_return`,`id_order_detail`,`id_customization`)
) ENGINE=InnoDB DEFAULT CHARSET=utf8;

--
-- Dumping data for table `ps_order_return_detail`
--


--
-- Table structure for table `ps_order_return_state`
--

CREATE TABLE `ps_order_return_state` (
  `id_order_return_state` int(10) unsigned NOT NULL AUTO_INCREMENT,
  `color` varchar(32) DEFAULT NULL,
  PRIMARY KEY (`id_order_return_state`)
) ENGINE=InnoDB AUTO_INCREMENT=6 DEFAULT CHARSET=utf8;

--
-- Dumping data for table `ps_order_return_state`
--

INSERT INTO `ps_order_return_state` VALUES (1,'#4169E1'),(2,'#8A2BE2'),(3,'#32CD32'),(4,'#DC143C'),(5,'#108510');

--
-- Table structure for table `ps_order_return_state_lang`
--

CREATE TABLE `ps_order_return_state_lang` (
  `id_order_return_state` int(10) unsigned NOT NULL,
  `id_lang` int(10) unsigned NOT NULL,
  `name` varchar(64) NOT NULL,
  PRIMARY KEY (`id_order_return_state`,`id_lang`)
) ENGINE=InnoDB DEFAULT CHARSET=utf8;

--
-- Dumping data for table `ps_order_return_state_lang`
--

INSERT INTO `ps_order_return_state_lang` VALUES (1,1,'In attesa di conferma'),(2,1,'In attesa del pacco'),(3,1,'Pacco ricevuto'),(4,1,'Reso rifiutato'),(5,1,'Reso completato');

--
-- Table structure for table `ps_order_slip`
--

CREATE TABLE `ps_order_slip` (
  `id_order_slip` int(10) unsigned NOT NULL AUTO_INCREMENT,
  `conversion_rate` decimal(13,6) NOT NULL DEFAULT '1.000000',
  `id_customer` int(10) unsigned NOT NULL,
  `id_order` int(10) unsigned NOT NULL,
  `total_products_tax_excl` decimal(20,6) DEFAULT NULL,
  `total_products_tax_incl` decimal(20,6) DEFAULT NULL,
  `total_shipping_tax_excl` decimal(20,6) DEFAULT NULL,
  `total_shipping_tax_incl` decimal(20,6) DEFAULT NULL,
  `shipping_cost` tinyint(3) unsigned NOT NULL DEFAULT '0',
  `amount` decimal(10,2) NOT NULL,
  `shipping_cost_amount` decimal(10,2) NOT NULL,
  `partial` tinyint(1) NOT NULL,
  `order_slip_type` tinyint(1) unsigned NOT NULL DEFAULT '0',
  `date_add` datetime NOT NULL,
  `date_upd` datetime NOT NULL,
  PRIMARY KEY (`id_order_slip`),
  KEY `order_slip_customer` (`id_customer`),
  KEY `id_order` (`id_order`)
) ENGINE=InnoDB DEFAULT CHARSET=utf8;

--
-- Dumping data for table `ps_order_slip`
--


--
-- Table structure for table `ps_order_slip_detail`
--

CREATE TABLE `ps_order_slip_detail` (
  `id_order_slip` int(10) unsigned NOT NULL,
  `id_order_detail` int(10) unsigned NOT NULL,
  `product_quantity` int(10) unsigned NOT NULL DEFAULT '0',
  `unit_price_tax_excl` decimal(20,6) DEFAULT NULL,
  `unit_price_tax_incl` decimal(20,6) DEFAULT NULL,
  `total_price_tax_excl` decimal(20,6) DEFAULT NULL,
  `total_price_tax_incl` decimal(20,6) DEFAULT NULL,
  `amount_tax_excl` decimal(20,6) DEFAULT NULL,
  `amount_tax_incl` decimal(20,6) DEFAULT NULL,
  PRIMARY KEY (`id_order_slip`,`id_order_detail`)
) ENGINE=InnoDB DEFAULT CHARSET=utf8;

--
-- Dumping data for table `ps_order_slip_detail`
--


--
-- Table structure for table `ps_order_slip_detail_tax`
--

CREATE TABLE `ps_order_slip_detail_tax` (
  `id_order_slip_detail` int(11) unsigned NOT NULL,
  `id_tax` int(11) unsigned NOT NULL,
  `unit_amount` decimal(16,6) NOT NULL DEFAULT '0.000000',
  `total_amount` decimal(16,6) NOT NULL DEFAULT '0.000000',
  KEY `id_order_slip_detail` (`id_order_slip_detail`),
  KEY `id_tax` (`id_tax`)
) ENGINE=InnoDB DEFAULT CHARSET=utf8;

--
-- Dumping data for table `ps_order_slip_detail_tax`
--


--
-- Table structure for table `ps_order_state`
--

CREATE TABLE `ps_order_state` (
  `id_order_state` int(10) unsigned NOT NULL AUTO_INCREMENT,
  `invoice` tinyint(1) unsigned DEFAULT '0',
  `send_email` tinyint(1) unsigned NOT NULL DEFAULT '0',
  `module_name` varchar(255) DEFAULT NULL,
  `color` varchar(32) DEFAULT NULL,
  `unremovable` tinyint(1) unsigned NOT NULL,
  `hidden` tinyint(1) unsigned NOT NULL DEFAULT '0',
  `logable` tinyint(1) NOT NULL DEFAULT '0',
  `delivery` tinyint(1) unsigned NOT NULL DEFAULT '0',
  `shipped` tinyint(1) unsigned NOT NULL DEFAULT '0',
  `paid` tinyint(1) unsigned NOT NULL DEFAULT '0',
  `pdf_invoice` tinyint(1) unsigned NOT NULL DEFAULT '0',
  `pdf_delivery` tinyint(1) unsigned NOT NULL DEFAULT '0',
  `deleted` tinyint(1) unsigned NOT NULL DEFAULT '0',
  PRIMARY KEY (`id_order_state`),
  KEY `module_name` (`module_name`)
) ENGINE=InnoDB AUTO_INCREMENT=16 DEFAULT CHARSET=utf8;

--
-- Dumping data for table `ps_order_state`
--

INSERT INTO `ps_order_state` VALUES (1,0,1,'cheque','#4169E1',1,0,0,0,0,0,0,0,0),(2,1,1,'','#32CD32',1,0,1,0,0,1,1,0,0),(3,1,1,'','#FF8C00',1,0,1,1,0,1,0,0,0),(4,1,1,'','#8A2BE2',1,0,1,1,1,1,0,0,0),(5,1,0,'','#108510',1,0,1,1,1,1,0,0,0),(6,0,1,'','#DC143C',1,0,0,0,0,0,0,0,0),(7,1,1,'','#ec2e15',1,0,0,0,0,0,0,0,0),(8,0,1,'','#8f0621',1,0,0,0,0,0,0,0,0),(9,1,1,'','#FF69B4',1,0,0,0,0,1,0,0,0),(10,0,1,'bankwire','#4169E1',1,0,0,0,0,0,0,0,0),(11,0,0,'','#4169E1',1,0,0,0,0,0,0,0,0),(12,1,1,'','#32CD32',1,0,1,0,0,1,0,0,0),(13,0,1,'','#FF69B4',1,0,0,0,0,0,0,0,0),(14,0,0,'cashondelivery','#4169E1',1,0,0,0,0,0,0,0,0),(15,1,0,'','#DDEEFF',0,0,1,0,0,0,0,0,0);

--
-- Table structure for table `ps_order_state_lang`
--

CREATE TABLE `ps_order_state_lang` (
  `id_order_state` int(10) unsigned NOT NULL,
  `id_lang` int(10) unsigned NOT NULL,
  `name` varchar(64) NOT NULL,
  `template` varchar(64) NOT NULL,
  PRIMARY KEY (`id_order_state`,`id_lang`)
) ENGINE=InnoDB DEFAULT CHARSET=utf8;

--
-- Dumping data for table `ps_order_state_lang`
--

INSERT INTO `ps_order_state_lang` VALUES (1,1,'In attesa di pagamento con assegno','cheque'),(2,1,'Pagamento accettato','payment'),(3,1,'Preparazione in corso','preparation'),(4,1,'Spedito','shipped'),(5,1,'Consegnato',''),(6,1,'Annullato','order_canceled'),(7,1,'Rimborso','refund'),(8,1,'Errore di pagamento','payment_error'),(9,1,'In attesa di rifornimento','outofstock'),(10,1,'In attesa di pagamento con bonifico bancario','bankwire'),(11,1,'In attesa di pagamento con PayPal',''),(12,1,'Pagamento remoto accettato','payment'),(13,1,'In attesa di rifornimento','outofstock'),(14,1,'Awaiting cod validation','cashondelivery'),(15,1,'Authorization accepted from PayPal','');

--
-- Table structure for table `ps_orders`
--

CREATE TABLE `ps_orders` (
  `id_order` int(10) unsigned NOT NULL AUTO_INCREMENT,
  `reference` varchar(9) DEFAULT NULL,
  `id_shop_group` int(11) unsigned NOT NULL DEFAULT '1',
  `id_shop` int(11) unsigned NOT NULL DEFAULT '1',
  `id_carrier` int(10) unsigned NOT NULL,
  `id_lang` int(10) unsigned NOT NULL,
  `id_customer` int(10) unsigned NOT NULL,
  `id_cart` int(10) unsigned NOT NULL,
  `id_currency` int(10) unsigned NOT NULL,
  `id_address_delivery` int(10) unsigned NOT NULL,
  `id_address_invoice` int(10) unsigned NOT NULL,
  `current_state` int(10) unsigned NOT NULL,
  `secure_key` varchar(32) NOT NULL DEFAULT '-1',
  `payment` varchar(255) NOT NULL,
  `conversion_rate` decimal(13,6) NOT NULL DEFAULT '1.000000',
  `module` varchar(255) DEFAULT NULL,
  `recyclable` tinyint(1) unsigned NOT NULL DEFAULT '0',
  `gift` tinyint(1) unsigned NOT NULL DEFAULT '0',
  `gift_message` text,
  `mobile_theme` tinyint(1) NOT NULL DEFAULT '0',
  `shipping_number` varchar(64) DEFAULT NULL,
  `total_discounts` decimal(20,6) NOT NULL DEFAULT '0.000000',
  `total_discounts_tax_incl` decimal(20,6) NOT NULL DEFAULT '0.000000',
  `total_discounts_tax_excl` decimal(20,6) NOT NULL DEFAULT '0.000000',
  `total_paid` decimal(20,6) NOT NULL DEFAULT '0.000000',
  `total_paid_tax_incl` decimal(20,6) NOT NULL DEFAULT '0.000000',
  `total_paid_tax_excl` decimal(20,6) NOT NULL DEFAULT '0.000000',
  `total_paid_real` decimal(20,6) NOT NULL DEFAULT '0.000000',
  `total_products` decimal(20,6) NOT NULL DEFAULT '0.000000',
  `total_products_wt` decimal(20,6) NOT NULL DEFAULT '0.000000',
  `total_shipping` decimal(20,6) NOT NULL DEFAULT '0.000000',
  `total_shipping_tax_incl` decimal(20,6) NOT NULL DEFAULT '0.000000',
  `total_shipping_tax_excl` decimal(20,6) NOT NULL DEFAULT '0.000000',
  `carrier_tax_rate` decimal(10,3) NOT NULL DEFAULT '0.000',
  `total_wrapping` decimal(20,6) NOT NULL DEFAULT '0.000000',
  `total_wrapping_tax_incl` decimal(20,6) NOT NULL DEFAULT '0.000000',
  `total_wrapping_tax_excl` decimal(20,6) NOT NULL DEFAULT '0.000000',
  `round_mode` tinyint(1) NOT NULL DEFAULT '2',
  `round_type` tinyint(1) NOT NULL DEFAULT '1',
  `invoice_number` int(10) unsigned NOT NULL DEFAULT '0',
  `delivery_number` int(10) unsigned NOT NULL DEFAULT '0',
  `invoice_date` datetime NOT NULL,
  `delivery_date` datetime NOT NULL,
  `valid` int(1) unsigned NOT NULL DEFAULT '0',
  `date_add` datetime NOT NULL,
  `date_upd` datetime NOT NULL,
  PRIMARY KEY (`id_order`),
  KEY `reference` (`reference`),
  KEY `id_customer` (`id_customer`),
  KEY `id_cart` (`id_cart`),
  KEY `invoice_number` (`invoice_number`),
  KEY `id_carrier` (`id_carrier`),
  KEY `id_lang` (`id_lang`),
  KEY `id_currency` (`id_currency`),
  KEY `id_address_delivery` (`id_address_delivery`),
  KEY `id_address_invoice` (`id_address_invoice`),
  KEY `id_shop_group` (`id_shop_group`),
  KEY `current_state` (`current_state`),
  KEY `id_shop` (`id_shop`),
  KEY `date_add` (`date_add`)
) ENGINE=InnoDB AUTO_INCREMENT=333 DEFAULT CHARSET=utf8;

--
-- Dumping data for table `ps_orders`
--

INSERT INTO `ps_orders` VALUES (1,'XKBKNABJK',1,1,2,1,1,1,1,4,4,6,'b44a6d9efd7a0076a0fbce6b15eaf3b1','Payment by check',1.000000,'cheque',0,0,'',0,'',0.000000,0.000000,0.000000,55.000000,55.000000,55.000000,0.000000,53.000000,53.000000,2.000000,2.000000,2.000000,0.000,0.000000,0.000000,0.000000,0,0,0,0,'0000-00-00 00:00:00','0000-00-00 00:00:00',0,'2016-02-15 10:48:13','2016-02-15 10:48:14'),(2,'OHSATSERP',1,1,2,1,1,2,1,4,4,1,'b44a6d9efd7a0076a0fbce6b15eaf3b1','Payment by check',1.000000,'cheque',0,0,'',0,'',0.000000,0.000000,0.000000,75.900000,75.900000,75.900000,0.000000,73.900000,73.900000,2.000000,2.000000,2.000000,0.000,0.000000,0.000000,0.000000,0,0,0,0,'0000-00-00 00:00:00','0000-00-00 00:00:00',0,'2016-02-15 10:48:13','2016-02-15 10:48:14'),(3,'UOYEVOLI',1,1,2,1,1,3,1,4,4,8,'b44a6d9efd7a0076a0fbce6b15eaf3b1','Payment by check',1.000000,'cheque',0,0,'',0,'',0.000000,0.000000,0.000000,76.010000,76.010000,76.010000,0.000000,74.010000,74.010000,2.000000,2.000000,2.000000,0.000,0.000000,0.000000,0.000000,0,0,0,0,'0000-00-00 00:00:00','0000-00-00 00:00:00',0,'2016-02-15 10:48:13','2016-02-15 10:48:14'),(4,'FFATNOMMJ',1,1,2,1,1,4,1,4,4,1,'b44a6d9efd7a0076a0fbce6b15eaf3b1','Payment by check',1.000000,'cheque',0,0,'',0,'',0.000000,0.000000,0.000000,89.890000,89.890000,89.890000,0.000000,87.890000,87.890000,2.000000,2.000000,2.000000,0.000,0.000000,0.000000,0.000000,0,0,0,0,'0000-00-00 00:00:00','0000-00-00 00:00:00',0,'2016-02-15 10:48:13','2016-02-15 10:48:14'),(5,'KHWLILZLL',1,1,2,1,1,5,1,4,4,10,'b44a6d9efd7a0076a0fbce6b15eaf3b1','Bank wire',1.000000,'bankwire',0,0,'',0,'',0.000000,0.000000,0.000000,71.510000,71.510000,71.510000,0.000000,69.510000,69.510000,2.000000,2.000000,2.000000,0.000,0.000000,0.000000,0.000000,0,0,0,0,'0000-00-00 00:00:00','0000-00-00 00:00:00',0,'2016-02-15 10:48:13','2016-02-15 10:48:14'),(6,'HARUHNGYB',1,1,1,1,2,8,1,5,5,6,'807b05f022181b56f6bd7f9554efcb74','Assegno',1.000000,'cheque',0,0,'',0,'',0.000000,0.000000,0.000000,94.000000,94.000000,77.050000,0.000000,77.050000,94.000000,0.000000,0.000000,0.000000,22.000,0.000000,0.000000,0.000000,2,2,0,0,'0000-00-00 00:00:00','0000-00-00 00:00:00',0,'2016-03-08 16:09:58','2016-04-04 22:25:38'),(7,'OIBGQRCNF',1,1,14,1,2,10,1,5,5,6,'807b05f022181b56f6bd7f9554efcb74','Bonifico bancario',1.000000,'bankwire',0,0,'',0,'',0.000000,0.000000,0.000000,12.000000,12.000000,11.100000,0.000000,4.100000,5.000000,7.000000,7.000000,7.000000,0.000,0.000000,0.000000,0.000000,2,2,0,0,'0000-00-00 00:00:00','0000-00-00 00:00:00',0,'2016-03-12 15:41:50','2016-04-04 22:25:37'),(8,'THLQGWMAK',1,1,17,1,5,15,1,6,6,2,'58c1ae64ec3c52df768ac723a9693d18','eBay PayPal 557',1.000000,'ebay',0,0,'',0,'',0.000000,0.000000,0.000000,19.000000,19.000000,16.114754,19.000000,13.114754,16.000000,3.000000,3.000000,3.000000,0.000,0.000000,0.000000,0.000000,2,2,1,0,'2016-04-05 19:34:59','0000-00-00 00:00:00',1,'2016-04-05 16:14:54','2016-04-05 19:34:59'),(9,'EVRFPWTJD',1,1,17,1,6,16,1,7,7,2,'e640286c479b5156c05da91b5a9fc082','eBay PayPal 558',1.000000,'ebay',0,0,'',0,'',0.000000,0.000000,0.000000,8.800000,8.800000,7.934426,8.800000,3.934426,4.800000,4.000000,4.000000,4.000000,0.000,0.000000,0.000000,0.000000,2,2,2,0,'2016-04-06 12:59:43','0000-00-00 00:00:00',1,'2016-04-06 10:53:37','2016-04-06 12:59:43'),(10,'HUXMJUUCW',1,1,17,1,7,17,1,8,8,2,'ae611d29eab6a03a1f99d33437ed3dbd','eBay PayPal 559',1.000000,'ebay',0,0,'',0,'',0.000000,0.000000,0.000000,5.800000,5.800000,5.114754,5.800000,3.114754,3.800000,2.000000,2.000000,2.000000,0.000,0.000000,0.000000,0.000000,2,2,4,0,'2016-04-08 02:02:02','0000-00-00 00:00:00',1,'2016-04-07 21:42:52','2016-04-08 02:02:02'),(11,'IYJFSDNFZ',1,1,17,1,8,18,1,9,9,2,'1c5282b1c08cb4609104b8de8432caac','eBay PayPal 559',1.000000,'ebay',0,0,'',0,'',0.000000,0.000000,0.000000,5.800000,5.800000,5.114754,5.800000,3.114754,3.800000,2.000000,2.000000,2.000000,0.000,0.000000,0.000000,0.000000,2,2,3,0,'2016-04-08 02:02:02','0000-00-00 00:00:00',1,'2016-04-07 21:42:52','2016-04-08 02:02:02'),(12,'YNFSFJBGZ',1,1,14,1,9,19,1,10,10,2,'45c6797ef830b5ba0f239d6d02202419','eBay PayPal 561',1.000000,'ebay',0,0,'',0,'',0.000000,0.000000,0.000000,15.000000,15.000000,12.655738,15.000000,10.655738,13.000000,2.000000,2.000000,2.000000,0.000,0.000000,0.000000,0.000000,2,2,5,0,'2016-04-11 14:29:12','0000-00-00 00:00:00',1,'2016-04-11 11:59:22','2016-04-11 14:29:12'),(13,'JNVFTCRWK',1,1,17,1,10,21,1,11,11,2,'5a6d42494ccb782cac1c299eb8c8e563','eBay PayPal 562',1.000000,'ebay',0,0,'',0,'',0.000000,0.000000,0.000000,7.000000,7.000000,6.098361,7.000000,4.098361,5.000000,2.000000,2.000000,2.000000,0.000,0.000000,0.000000,0.000000,2,2,6,0,'2016-04-11 19:15:07','0000-00-00 00:00:00',1,'2016-04-11 15:19:51','2016-04-11 19:15:07'),(14,'ELPZWLPTH',1,1,17,1,11,23,1,12,12,2,'6a0d99065f04a9c7aef8144d6a674076','eBay PayPal 563',1.000000,'ebay',0,0,'',0,'',0.000000,0.000000,0.000000,9.000000,9.000000,7.737705,9.000000,5.737705,7.000000,2.000000,2.000000,2.000000,0.000,0.000000,0.000000,0.000000,2,2,7,0,'2016-04-11 21:51:33','0000-00-00 00:00:00',1,'2016-04-11 19:48:02','2016-04-11 21:51:33'),(15,'IUVENISSU',1,1,17,1,12,24,1,13,13,2,'ba123cb539e907047ee1dbfb43bd23a9','eBay PayPal 565',1.000000,'ebay',0,0,'',0,'',0.000000,0.000000,0.000000,7.000000,7.000000,6.098361,7.000000,4.098361,5.000000,2.000000,2.000000,2.000000,0.000,0.000000,0.000000,0.000000,2,2,8,0,'2016-04-12 11:51:51','0000-00-00 00:00:00',1,'2016-04-12 08:49:12','2016-04-12 11:51:51'),(16,'ZPQYCJAPT',1,1,14,1,13,25,1,14,14,2,'b077d6407b5479d4cb622bebbe6e3681','eBay PayPal 564',1.000000,'ebay',0,0,'',0,'',0.000000,0.000000,0.000000,24.000000,24.000000,20.934426,24.000000,13.934426,17.000000,7.000000,7.000000,7.000000,0.000,0.000000,0.000000,0.000000,2,2,9,0,'2016-04-12 11:52:01','0000-00-00 00:00:00',1,'2016-04-12 08:02:26','2016-04-12 11:52:01'),(17,'UKYCWTCYZ',1,1,14,1,14,26,1,15,15,2,'d94933935c9942b5981a4426fc7f1656','eBay PayPal 566',1.000000,'ebay',0,0,'',0,'',0.000000,0.000000,0.000000,19.000000,19.000000,15.934426,19.000000,13.934426,17.000000,2.000000,2.000000,2.000000,0.000,0.000000,0.000000,0.000000,2,2,10,0,'2016-04-12 18:08:39','0000-00-00 00:00:00',1,'2016-04-12 16:06:23','2016-04-12 18:08:39'),(18,'DDMYNWIGR',1,1,14,1,14,27,1,15,15,2,'d94933935c9942b5981a4426fc7f1656','eBay PayPal 568',1.000000,'ebay',0,0,'',0,'',0.000000,0.000000,0.000000,24.000000,24.000000,20.934426,24.000000,13.934426,17.000000,7.000000,7.000000,7.000000,0.000,0.000000,0.000000,0.000000,2,2,11,0,'2016-04-13 11:00:28','0000-00-00 00:00:00',1,'2016-04-13 08:49:26','2016-04-13 11:00:28'),(19,'SDMPAHRWR',1,1,17,1,15,28,1,16,16,2,'07f6a23493508de71d6f0a0d77812875','eBay PayPal 570',1.000000,'ebay',0,0,'',0,'',0.000000,0.000000,0.000000,5.740000,5.740000,5.065574,5.740000,3.065574,3.740000,2.000000,2.000000,2.000000,0.000,0.000000,0.000000,0.000000,2,2,12,0,'2016-04-15 09:11:40','0000-00-00 00:00:00',1,'2016-04-15 06:40:09','2016-04-15 09:11:40'),(20,'XDXTRWVIS',1,1,24,1,16,29,1,17,17,2,'afce19f12f6c5678fcae3a736e042d2e','eBay PayPal 571',1.000000,'ebay',0,0,'',0,'',0.000000,0.000000,0.000000,2.000000,2.000000,1.819672,2.000000,0.819672,1.000000,1.000000,1.000000,1.000000,0.000,0.000000,0.000000,0.000000,2,2,13,0,'2016-04-16 15:52:24','0000-00-00 00:00:00',1,'2016-04-16 12:11:29','2016-04-16 15:52:24'),(21,'ARXVMSJLE',1,1,14,1,17,30,1,18,18,2,'3cbdff60dffb1c9debf99b089330f3a2','eBay PayPal 572',1.000000,'ebay',0,0,'',0,'',0.000000,0.000000,0.000000,20.000000,20.000000,17.655738,20.000000,10.655738,13.000000,7.000000,7.000000,7.000000,0.000,0.000000,0.000000,0.000000,2,2,14,0,'2016-04-16 17:43:01','0000-00-00 00:00:00',1,'2016-04-16 14:59:54','2016-04-16 17:43:01'),(22,'XLZWSEYKW',1,1,14,1,18,31,1,19,19,2,'977f24abc638b6abcda2f958380d8baa','eBay PayPal 573',1.000000,'ebay',0,0,'',0,'',0.000000,0.000000,0.000000,1.900000,1.900000,1.557377,1.900000,1.557377,1.900000,0.000000,0.000000,0.000000,0.000,0.000000,0.000000,0.000000,2,2,15,0,'2016-04-16 19:06:29','0000-00-00 00:00:00',1,'2016-04-16 16:10:53','2016-04-16 19:06:29'),(23,'ANRDAQNCI',1,1,24,1,20,33,1,21,21,2,'db69d536d8fc58438bf38d755ff1ad8e','eBay PayPal 574',1.000000,'ebay',0,0,'',0,'',0.000000,0.000000,0.000000,2.180000,2.180000,1.967213,2.180000,0.967213,1.180000,1.000000,1.000000,1.000000,0.000,0.000000,0.000000,0.000000,2,2,16,0,'2016-04-17 10:38:41','0000-00-00 00:00:00',1,'2016-04-17 06:29:54','2016-04-17 10:38:41'),(24,'MJWKXKLYP',1,1,31,1,21,35,1,22,22,2,'bd5eae864d5811e2119666d8405d2e25','eBay PayPal 576',1.000000,'ebay',0,0,'',0,'',0.000000,0.000000,0.000000,12.520000,12.520000,10.803279,12.520000,7.803279,9.520000,3.000000,3.000000,3.000000,0.000,0.000000,0.000000,0.000000,2,2,17,0,'2016-04-17 19:59:38','0000-00-00 00:00:00',1,'2016-04-17 17:50:00','2016-04-17 19:59:38'),(25,'XIYMAZKNB',1,1,37,1,22,36,1,23,23,2,'49b1a949fbc02585dd37507306e3f257','eBay PayPal 577',1.000000,'ebay',0,0,'',0,'',0.000000,0.000000,0.000000,2.180000,2.180000,1.967213,2.180000,0.967213,1.180000,1.000000,1.000000,1.000000,0.000,0.000000,0.000000,0.000000,2,2,18,0,'2016-04-17 22:04:58','0000-00-00 00:00:00',1,'2016-04-17 19:52:27','2016-04-17 22:04:59'),(26,'OLGTNSVXP',1,1,5,1,23,37,1,24,24,2,'ea09b96c75cada866dbd3c69012bd871','eBay PayPal 578',1.000000,'ebay',0,0,'',0,'',0.000000,0.000000,0.000000,9.230000,9.230000,7.781967,9.230000,6.581967,8.030000,1.200000,1.200000,1.200000,22.000,0.000000,0.000000,0.000000,2,2,19,0,'2016-04-17 23:10:13','0000-00-00 00:00:00',1,'2016-04-17 20:54:14','2016-04-17 23:10:13'),(27,'QSSVWJZPL',1,1,32,1,24,38,1,25,25,2,'99c1587c4622a1200be44ed6dbc51be0','eBay PayPal 579',1.000000,'ebay',0,0,'',0,'',0.000000,0.000000,0.000000,10.240000,10.240000,9.565574,10.240000,3.065574,3.740000,6.500000,6.500000,6.500000,0.000,0.000000,0.000000,0.000000,2,2,20,0,'2016-04-18 15:50:27','0000-00-00 00:00:00',1,'2016-04-18 12:46:45','2016-04-18 15:50:27'),(28,'EKWMFCEFG',1,1,36,1,25,39,1,26,26,2,'65d65ce142d130524ed50e4523d823b5','eBay PayPal 580',1.000000,'ebay',0,0,'',0,'',0.000000,0.000000,0.000000,12.630000,12.630000,10.893443,12.630000,7.893443,9.630000,3.000000,3.000000,3.000000,0.000,0.000000,0.000000,0.000000,2,2,21,0,'2016-04-18 18:18:31','0000-00-00 00:00:00',1,'2016-04-18 15:01:43','2016-04-18 18:18:31'),(29,'GNFQVTNYK',1,1,5,1,26,40,1,27,27,2,'8dd5840bcb0cdef32d9b432347a01f8e','eBay PayPal 581',1.000000,'ebay',0,0,'',0,'',0.000000,0.000000,0.000000,4.000000,4.000000,3.639344,4.000000,1.639344,2.000000,2.000000,2.000000,2.000000,22.000,0.000000,0.000000,0.000000,2,2,22,0,'2016-04-18 20:23:56','0000-00-00 00:00:00',1,'2016-04-18 18:23:03','2016-04-18 20:23:56'),(30,'RKDPRCKRD',1,1,5,1,27,41,1,28,28,2,'f73bf629084f86f31b094f0c4582a0cf','eBay PayPal 582',1.000000,'ebay',0,0,'',0,'',0.000000,0.000000,0.000000,7.000000,7.000000,6.278689,7.000000,3.278689,4.000000,3.000000,3.000000,3.000000,22.000,0.000000,0.000000,0.000000,2,2,23,0,'2016-04-18 23:59:16','0000-00-00 00:00:00',1,'2016-04-18 21:43:49','2016-04-18 23:59:16'),(31,'KVKLNYYDC',1,1,36,1,28,42,1,29,29,2,'6f59b3065fd9b2c5f0cca357bb56700a','eBay PayPal 583',1.000000,'ebay',0,0,'',0,'',0.000000,0.000000,0.000000,11.770000,11.770000,10.188525,11.770000,7.188525,8.770000,3.000000,3.000000,3.000000,0.000,0.000000,0.000000,0.000000,2,2,24,0,'2016-04-19 09:03:13','0000-00-00 00:00:00',1,'2016-04-19 06:46:13','2016-04-19 09:03:13'),(32,'TZBNGBTJU',1,1,5,1,29,43,1,30,30,2,'f6aa1a9812d2c7797e4309439e91bef6','eBay PayPal 584',1.000000,'ebay',0,0,'',0,'',0.000000,0.000000,0.000000,7.000000,7.000000,6.098361,7.000000,4.098361,5.000000,2.000000,2.000000,2.000000,22.000,0.000000,0.000000,0.000000,2,2,25,0,'2016-04-19 11:32:32','0000-00-00 00:00:00',1,'2016-04-19 08:49:32','2016-04-19 11:32:33'),(33,'JCUJDZUPW',1,1,5,1,30,45,1,31,31,2,'93f23e8b05bc38ff1a870f18b7970c02','eBay PayPal 586',1.000000,'ebay',0,0,'',0,'',0.000000,0.000000,0.000000,11.000000,11.000000,9.918033,11.000000,4.918033,6.000000,5.000000,5.000000,5.000000,22.000,0.000000,0.000000,0.000000,2,2,26,0,'2016-04-19 20:43:42','0000-00-00 00:00:00',1,'2016-04-19 17:22:01','2016-04-19 20:43:42'),(34,'AYXAVFDOA',1,1,5,1,31,46,1,32,32,2,'741778aae2f92fca5c6ef9db0176eb90','eBay PayPal 587',1.000000,'ebay',0,0,'',0,'',0.000000,0.000000,0.000000,5.000000,5.000000,4.459016,5.000000,2.459016,3.000000,2.000000,2.000000,2.000000,22.000,0.000000,0.000000,0.000000,2,2,27,0,'2016-04-19 20:43:44','0000-00-00 00:00:00',1,'2016-04-19 17:25:51','2016-04-19 20:43:44'),(35,'XCQRDXYVT',1,1,5,1,32,47,1,33,33,2,'f8a764e8421963bc1e95c19e06ccda2d','eBay PayPal 585',1.000000,'ebay',0,0,'',0,'',0.000000,0.000000,0.000000,4.740000,4.740000,4.065574,4.740000,3.065574,3.740000,1.000000,1.000000,1.000000,22.000,0.000000,0.000000,0.000000,2,2,28,0,'2016-04-19 22:34:15','0000-00-00 00:00:00',1,'2016-04-19 16:18:07','2016-04-19 22:34:15'),(36,'SIBCWXAFC',1,1,32,1,33,48,1,34,34,2,'c1b2494e6f3a4bb24f188e111449ad23','eBay PayPal 588',1.000000,'ebay',0,0,'',0,'',0.000000,0.000000,0.000000,9.500000,9.500000,8.327869,9.500000,5.327869,6.500000,3.000000,3.000000,3.000000,0.000,0.000000,0.000000,0.000000,2,2,29,0,'2016-04-20 11:13:38','0000-00-00 00:00:00',1,'2016-04-20 08:51:53','2016-04-20 11:13:38'),(37,'MNTCTFCAB',1,1,5,1,34,49,1,35,35,2,'b620ee6fc28f0a403830c83efc76d937','eBay PayPal 589',1.000000,'ebay',0,0,'',0,'',0.000000,0.000000,0.000000,7.620000,7.620000,6.462295,7.620000,5.262295,6.420000,1.200000,1.200000,1.200000,22.000,0.000000,0.000000,0.000000,2,2,30,0,'2016-04-20 18:53:21','0000-00-00 00:00:00',1,'2016-04-20 16:35:04','2016-04-20 18:53:21'),(38,'TMNEJZBYU',1,1,32,1,35,50,1,36,36,2,'dd36721225f331885966b38630c8a0a2','eBay PayPal 591',1.000000,'ebay',0,0,'',0,'',0.000000,0.000000,0.000000,9.500000,9.500000,8.327869,9.500000,5.327869,6.500000,3.000000,3.000000,3.000000,0.000,0.000000,0.000000,0.000000,2,2,31,0,'2016-04-21 11:43:32','0000-00-00 00:00:00',1,'2016-04-21 09:40:19','2016-04-21 11:43:32'),(39,'ZEDQIBAOU',1,1,5,1,36,51,1,37,37,2,'c9983d99b04e2fe89787f0905725bcf0','eBay PayPal 592',1.000000,'ebay',0,0,'',0,'',0.000000,0.000000,0.000000,2.200000,2.200000,1.983607,2.200000,0.983607,1.200000,1.000000,1.000000,1.000000,22.000,0.000000,0.000000,0.000000,2,2,32,0,'2016-04-21 12:24:09','0000-00-00 00:00:00',1,'2016-04-21 10:14:24','2016-04-21 12:24:09'),(40,'LEGXJAXFJ',1,1,32,1,37,52,1,38,38,2,'d5267bae11b638fed40ca18ccab3e5ec','eBay PayPal 593',1.000000,'ebay',0,0,'',0,'',0.000000,0.000000,0.000000,16.130000,16.130000,14.393443,16.130000,7.893443,9.630000,6.500000,6.500000,6.500000,0.000,0.000000,0.000000,0.000000,2,2,33,0,'2016-04-21 17:07:14','0000-00-00 00:00:00',1,'2016-04-21 15:07:06','2016-04-21 17:07:14'),(41,'GVSORYZZR',1,1,5,1,38,54,1,39,39,2,'cdb93740bd740d6def3195d39380b584','eBay PayPal 595',1.000000,'ebay',0,0,'',0,'',0.000000,0.000000,0.000000,6.280000,6.280000,5.508197,6.280000,3.508197,4.280000,2.000000,2.000000,2.000000,22.000,0.000000,0.000000,0.000000,2,2,34,0,'2016-04-22 23:00:07','0000-00-00 00:00:00',1,'2016-04-22 20:31:31','2016-04-22 23:00:08'),(42,'CETWJOKTO',1,1,5,1,39,55,1,40,40,2,'d5bf10ddb8907f743761099cafd321e6','eBay PayPal 596',1.000000,'ebay',0,0,'',0,'',0.000000,0.000000,0.000000,4.000000,4.000000,3.639344,4.000000,1.639344,2.000000,2.000000,2.000000,2.000000,22.000,0.000000,0.000000,0.000000,2,2,35,0,'2016-04-24 12:17:49','0000-00-00 00:00:00',1,'2016-04-24 10:16:39','2016-04-24 12:17:49'),(43,'PJVLWMPJY',1,1,5,1,40,56,1,41,41,2,'e09ccf23b6a4031e93d94bafd625a443','eBay PayPal 597',1.000000,'ebay',0,0,'',0,'',0.000000,0.000000,0.000000,3.140000,3.140000,2.754098,3.140000,1.754098,2.140000,1.000000,1.000000,1.000000,22.000,0.000000,0.000000,0.000000,2,2,36,0,'2016-04-24 20:10:37','0000-00-00 00:00:00',1,'2016-04-24 18:03:06','2016-04-24 20:10:37'),(44,'QFSPURBSX',1,1,5,1,41,57,1,42,42,2,'f9edc1ae5e39b5983482ae80695a7d3a','eBay PayPal 598',1.000000,'ebay',0,0,'',0,'',0.000000,0.000000,0.000000,3.140000,3.140000,2.754098,3.140000,1.754098,2.140000,1.000000,1.000000,1.000000,22.000,0.000000,0.000000,0.000000,2,2,37,0,'2016-04-26 02:12:42','0000-00-00 00:00:00',1,'2016-04-25 22:34:59','2016-04-26 02:12:42'),(45,'FOMASZPCK',1,1,36,1,42,58,1,43,43,2,'befb7e718294f30a7cf0676466fd11a1','eBay PayPal 599',1.000000,'ebay',0,0,'',0,'',0.000000,0.000000,0.000000,5.500000,5.500000,5.067213,5.500000,1.967213,2.400000,3.100000,3.100000,3.100000,0.000,0.000000,0.000000,0.000000,2,2,38,0,'2016-04-26 17:09:00','0000-00-00 00:00:00',1,'2016-04-26 13:29:52','2016-04-26 17:09:00'),(46,'VQGMRYYNM',1,1,5,1,43,59,1,44,44,2,'985a9ae77ea02ddf5c8f3ee433233e57','eBay PayPal 600',1.000000,'ebay',0,0,'',0,'',0.000000,0.000000,0.000000,4.740000,4.740000,4.065574,4.740000,3.065574,3.740000,1.000000,1.000000,1.000000,22.000,0.000000,0.000000,0.000000,2,2,39,0,'2016-04-27 00:39:30','0000-00-00 00:00:00',1,'2016-04-26 20:47:21','2016-04-27 00:39:31'),(47,'WKQALSBZD',1,1,36,1,44,60,1,45,45,2,'cec268c45eaa9b44caad7c8bf89ee6c1','eBay PayPal 602',1.000000,'ebay',0,0,'',0,'',0.000000,0.000000,0.000000,5.140000,5.140000,4.754098,5.140000,1.754098,2.140000,3.000000,3.000000,3.000000,0.000,0.000000,0.000000,0.000000,2,2,40,0,'2016-04-27 19:58:46','0000-00-00 00:00:00',1,'2016-04-27 16:55:20','2016-04-27 19:58:46'),(48,'QPYGNGSFZ',1,1,5,1,45,61,1,46,46,2,'5618931d04f41dbd3ffe6c069e780980','eBay PayPal 603',1.000000,'ebay',0,0,'',0,'',0.000000,0.000000,0.000000,3.140000,3.140000,2.754098,3.140000,1.754098,2.140000,1.000000,1.000000,1.000000,22.000,0.000000,0.000000,0.000000,2,2,41,0,'2016-04-28 09:40:06','0000-00-00 00:00:00',1,'2016-04-28 06:12:45','2016-04-28 09:40:06'),(49,'TQLFVWTOV',1,1,42,1,46,62,1,47,47,2,'947364c02a3d61f59acc323a84608ecb','eBay PayPal 604',1.000000,'ebay',0,0,'',0,'',0.000000,0.000000,0.000000,9.890000,9.890000,8.539344,9.890000,6.139344,7.490000,2.400000,2.400000,2.400000,0.000,0.000000,0.000000,0.000000,2,2,42,0,'2016-04-28 19:46:46','0000-00-00 00:00:00',1,'2016-04-28 17:16:03','2016-04-28 19:46:46'),(50,'MHRHNAUEC',1,1,32,1,47,63,1,48,48,2,'d77eed6a8c79e7f521de4e0fff5caaa7','eBay PayPal 606',1.000000,'ebay',0,0,'',0,'',0.000000,0.000000,0.000000,24.000000,24.000000,20.934426,24.000000,13.934426,17.000000,7.000000,7.000000,7.000000,0.000,0.000000,0.000000,0.000000,2,2,43,0,'2016-04-29 14:24:36','0000-00-00 00:00:00',1,'2016-04-29 09:42:42','2016-04-29 14:24:36'),(51,'OSWLNHKCW',1,1,32,1,48,64,1,49,49,2,'e3391e37d757d95b04eb18f302c8226e','eBay PayPal 608',1.000000,'ebay',0,0,'',0,'',0.000000,0.000000,0.000000,23.000000,23.000000,20.114754,23.000000,13.114754,16.000000,7.000000,7.000000,7.000000,0.000,0.000000,0.000000,0.000000,2,2,44,0,'2016-04-29 17:07:22','0000-00-00 00:00:00',1,'2016-04-29 13:46:36','2016-04-29 17:07:22'),(52,'XEDZAFSPK',1,1,42,1,49,65,1,50,50,2,'deb2992793d7ab93082606287b67aa48','eBay PayPal 605',1.000000,'ebay',0,0,'',0,'',0.000000,0.000000,0.000000,4.540000,4.540000,4.154098,4.540000,1.754098,2.140000,2.400000,2.400000,2.400000,0.000,0.000000,0.000000,0.000000,2,2,45,0,'2016-04-29 19:15:49','0000-00-00 00:00:00',1,'2016-04-28 20:38:28','2016-04-29 19:15:49'),(53,'CRXMMRKCQ',1,1,42,1,49,66,1,50,50,2,'deb2992793d7ab93082606287b67aa48','eBay PayPal 611',1.000000,'ebay',0,0,'',0,'',0.000000,0.000000,0.000000,4.540000,4.540000,4.154098,4.540000,1.754098,2.140000,2.400000,2.400000,2.400000,0.000,0.000000,0.000000,0.000000,2,2,46,0,'2016-04-29 20:05:21','0000-00-00 00:00:00',1,'2016-04-29 16:39:18','2016-04-29 20:05:21'),(54,'NTICIAPRF',1,1,42,1,51,68,1,52,52,2,'999d13e1bd442e4d96c0e0dcd7da6827','eBay PayPal 614',1.000000,'ebay',0,0,'',0,'',0.000000,0.000000,0.000000,10.200000,10.200000,9.334426,10.200000,3.934426,4.800000,5.400000,5.400000,5.400000,0.000,0.000000,0.000000,0.000000,2,2,47,0,'2016-04-30 10:32:32','0000-00-00 00:00:00',1,'2016-04-30 08:13:38','2016-04-30 10:32:32'),(55,'ETONBDLGB',1,1,32,1,52,69,1,53,53,2,'528d46acc252b9d280aa20b8b56b698b','eBay PayPal 615',1.000000,'ebay',0,0,'',0,'',0.000000,0.000000,0.000000,24.000000,24.000000,20.934426,24.000000,13.934426,17.000000,7.000000,7.000000,7.000000,0.000,0.000000,0.000000,0.000000,2,2,48,0,'2016-04-30 13:33:55','0000-00-00 00:00:00',1,'2016-04-30 10:17:31','2016-04-30 13:33:55'),(56,'WXMEUZYBP',1,1,42,1,53,70,1,54,54,2,'3a72774301bb011b4ef6cd6b7fc47171','eBay PayPal 618',1.000000,'ebay',0,0,'',0,'',0.000000,0.000000,0.000000,8.290000,8.290000,7.227869,8.290000,4.827869,5.890000,2.400000,2.400000,2.400000,0.000,0.000000,0.000000,0.000000,2,2,49,0,'2016-05-01 09:57:33','0000-00-00 00:00:00',1,'2016-05-01 00:11:12','2016-05-01 09:57:34'),(57,'YRPTLUBIC',1,1,32,1,56,73,1,57,57,2,'a8749e352f75b594615f620b0b5d7648','eBay PayPal 601',1.000000,'ebay',0,0,'',0,'',0.000000,0.000000,0.000000,20.000000,20.000000,17.655738,20.000000,10.655738,13.000000,7.000000,7.000000,7.000000,0.000,0.000000,0.000000,0.000000,2,2,50,0,'2016-05-01 18:47:10','0000-00-00 00:00:00',1,'2016-04-27 11:55:45','2016-05-01 18:47:10'),(58,'OHRQBJORH',1,1,42,1,57,74,1,58,58,2,'0b48c6cc4ad6dd9244859fd22bcf23ca','eBay PayPal 621',1.000000,'ebay',0,0,'',0,'',0.000000,0.000000,0.000000,4.400000,4.400000,4.039344,4.400000,1.639344,2.000000,2.400000,2.400000,2.400000,0.000,0.000000,0.000000,0.000000,2,2,51,0,'2016-05-01 23:44:22','0000-00-00 00:00:00',1,'2016-05-01 18:39:57','2016-05-01 23:44:22'),(59,'KGSCMIUUR',1,1,32,1,59,76,1,60,60,2,'180de05452ce736166f6e572b6015c12','eBay PayPal 623',1.000000,'ebay',0,0,'',0,'',0.000000,0.000000,0.000000,14.400000,14.400000,12.236066,14.400000,9.836066,12.000000,2.400000,2.400000,2.400000,0.000,0.000000,0.000000,0.000000,2,2,52,0,'2016-05-02 13:07:03','0000-00-00 00:00:00',1,'2016-05-02 10:06:45','2016-05-02 13:07:03'),(60,'VUKNYFHOR',1,1,42,1,60,77,1,61,61,2,'14ad5ebf5cef66fd5268645cfcf72131','eBay PayPal 624',1.000000,'ebay',0,0,'',0,'',0.000000,0.000000,0.000000,6.400000,6.400000,5.678689,6.400000,3.278689,4.000000,2.400000,2.400000,2.400000,0.000,0.000000,0.000000,0.000000,2,2,53,0,'2016-05-02 13:07:05','0000-00-00 00:00:00',1,'2016-05-02 10:16:18','2016-05-02 13:07:05'),(61,'QWVGMJCYG',1,1,42,1,61,78,1,62,62,2,'9fa59346a7f4e38b67220088116d1b2c','eBay PayPal 625',1.000000,'ebay',0,0,'',0,'',0.000000,0.000000,0.000000,7.680000,7.680000,6.908197,7.680000,3.508197,4.280000,3.400000,3.400000,3.400000,0.000,0.000000,0.000000,0.000000,2,2,54,0,'2016-05-02 16:31:07','0000-00-00 00:00:00',1,'2016-05-02 14:08:32','2016-05-02 16:31:07'),(62,'NWTVHLZEP',1,1,42,1,62,79,1,63,63,2,'78b90ec5b314c5c5b316c1c952e1be05','eBay PayPal 626',1.000000,'ebay',0,0,'',0,'',0.000000,0.000000,0.000000,6.140000,6.140000,5.465574,6.140000,3.065574,3.740000,2.400000,2.400000,2.400000,0.000,0.000000,0.000000,0.000000,2,2,55,0,'2016-05-02 21:35:21','0000-00-00 00:00:00',1,'2016-05-02 14:29:35','2016-05-02 21:35:22'),(63,'IMHBPTHZG',1,1,42,1,64,81,1,65,65,2,'7fd9971d2bdaf4384ec57b1d2ce2249c','eBay PayPal 628',1.000000,'ebay',0,0,'',0,'',0.000000,0.000000,0.000000,7.400000,7.400000,6.498361,7.400000,4.098361,5.000000,2.400000,2.400000,2.400000,0.000,0.000000,0.000000,0.000000,2,2,56,0,'2016-05-02 22:53:23','0000-00-00 00:00:00',1,'2016-05-02 20:00:32','2016-05-02 22:53:23'),(64,'UWLCVBEAX',1,1,32,1,65,82,1,66,66,2,'9636711b881e4388b8df58e0962b2dc9','eBay PayPal 629',1.000000,'ebay',0,0,'',0,'',0.000000,0.000000,0.000000,14.400000,14.400000,12.236066,14.400000,9.836066,12.000000,2.400000,2.400000,2.400000,0.000,0.000000,0.000000,0.000000,2,2,57,0,'2016-05-03 10:12:29','0000-00-00 00:00:00',1,'2016-05-03 07:36:52','2016-05-03 10:12:29'),(65,'FDDRXCCPC',1,1,32,1,66,83,1,67,67,2,'66730f1b237559219255332bd3616b8a','PayPal',1.000000,'paypal',0,0,'',0,'',0.000000,0.000000,0.000000,22.500000,22.500000,19.610000,22.500000,13.110000,16.000000,6.500000,6.500000,6.500000,0.000,0.000000,0.000000,0.000000,2,2,58,0,'2016-05-03 10:25:21','0000-00-00 00:00:00',1,'2016-05-03 10:25:21','2016-05-03 10:25:21'),(66,'GUAUPBDDO',1,1,42,1,68,85,1,69,69,2,'7e6f20ec335cd55f78a25b3fbc091f09','eBay PayPal 631',1.000000,'ebay',0,0,'',0,'',0.000000,0.000000,0.000000,7.400000,7.400000,6.678689,7.400000,3.278689,4.000000,3.400000,3.400000,3.400000,0.000,0.000000,0.000000,0.000000,2,2,59,0,'2016-05-04 15:06:34','0000-00-00 00:00:00',1,'2016-05-04 12:52:44','2016-05-04 15:06:34'),(67,'OOEDPGWWB',1,1,32,1,69,86,1,70,70,2,'3c80d8b9e46b619a28b8c53b50e381b5','eBay PayPal 632',1.000000,'ebay',0,0,'',0,'',0.000000,0.000000,0.000000,12.030000,12.030000,10.293443,12.030000,7.893443,9.630000,2.400000,2.400000,2.400000,0.000,0.000000,0.000000,0.000000,2,2,60,0,'2016-05-04 22:09:16','0000-00-00 00:00:00',1,'2016-05-04 19:46:59','2016-05-04 22:09:16'),(68,'LLSIUOLNB',1,1,42,1,70,88,1,71,71,2,'e5245ed008b3d14010a4fcbb966375f7','eBay PayPal 636',1.000000,'ebay',0,0,'',0,'',0.000000,0.000000,0.000000,4.010000,4.010000,3.719672,4.010000,1.319672,1.610000,2.400000,2.400000,2.400000,0.000,0.000000,0.000000,0.000000,2,2,61,0,'2016-05-08 11:47:07','0000-00-00 00:00:00',1,'2016-05-08 09:07:22','2016-05-08 11:47:07'),(69,'BFCPWGVVN',1,1,42,1,71,89,1,72,72,2,'c99b09580226703bb54fac8b9679602f','eBay PayPal 637',1.000000,'ebay',0,0,'',0,'',0.000000,0.000000,0.000000,3.680000,3.680000,3.449180,3.680000,1.049180,1.280000,2.400000,2.400000,2.400000,0.000,0.000000,0.000000,0.000000,2,2,62,0,'2016-05-08 22:40:23','0000-00-00 00:00:00',1,'2016-05-08 18:57:11','2016-05-08 22:40:23'),(70,'CQLXODBIS',1,1,5,1,72,90,1,73,73,2,'06c02325c1ceffda8f9646de3fe3aca4','eBay PayPal 638',1.000000,'ebay',0,0,'',0,'',0.000000,0.000000,0.000000,15.240000,15.240000,12.924590,15.240000,10.524590,12.840000,2.400000,2.400000,2.400000,22.000,0.000000,0.000000,0.000000,2,2,63,0,'2016-05-09 11:28:08','0000-00-00 00:00:00',1,'2016-05-09 09:18:51','2016-05-09 11:28:08'),(71,'OEJNDYYOA',1,1,42,1,73,91,1,74,74,2,'bf1721285cef85a0cf4d78b0a732d608','eBay PayPal 639',1.000000,'ebay',0,0,'',0,'',0.000000,0.000000,0.000000,6.250000,6.250000,5.555738,6.250000,3.155738,3.850000,2.400000,2.400000,2.400000,0.000,0.000000,0.000000,0.000000,2,2,64,0,'2016-05-09 22:57:16','0000-00-00 00:00:00',1,'2016-05-09 20:40:02','2016-05-09 22:57:16'),(72,'QDWVQJUWU',1,1,42,1,74,92,1,75,75,2,'25871336802c3181a56966b96f81b2c8','eBay PayPal 641',1.000000,'ebay',0,0,'',0,'',0.000000,0.000000,0.000000,11.920000,11.920000,10.203279,11.920000,7.803279,9.520000,2.400000,2.400000,2.400000,0.000,0.000000,0.000000,0.000000,2,2,65,0,'2016-05-10 19:38:50','0000-00-00 00:00:00',1,'2016-05-10 17:34:05','2016-05-10 19:38:50'),(73,'TVTDKCBSP',1,1,42,1,75,93,1,76,76,2,'c52c19fe6d855edf9928160ceb5f2b61','eBay PayPal 643',1.000000,'ebay',0,0,'',0,'',0.000000,0.000000,0.000000,5.610000,5.610000,5.031148,5.610000,2.631148,3.210000,2.400000,2.400000,2.400000,0.000,0.000000,0.000000,0.000000,2,2,66,0,'2016-05-12 09:44:05','0000-00-00 00:00:00',1,'2016-05-11 20:21:42','2016-05-12 09:44:05'),(74,'ATAMMQRYA',1,1,5,1,76,94,1,77,77,2,'f736ca3ec8ef3fb37fd9404570ae941c','eBay PayPal 645',1.000000,'ebay',0,0,'',0,'',0.000000,0.000000,0.000000,15.240000,15.240000,12.924590,15.240000,10.524590,12.840000,2.400000,2.400000,2.400000,22.000,0.000000,0.000000,0.000000,2,2,67,0,'2016-05-12 11:27:14','0000-00-00 00:00:00',1,'2016-05-12 09:05:06','2016-05-12 11:27:15'),(75,'PSXIHSFKT',1,1,42,1,77,98,1,78,78,2,'6ee8b2135fe842a3b6ae04aeab82d6e4','eBay PayPal 647',1.000000,'ebay',0,0,'',0,'',0.000000,0.000000,0.000000,5.610000,5.610000,5.031148,5.610000,2.631148,3.210000,2.400000,2.400000,2.400000,0.000,0.000000,0.000000,0.000000,2,2,68,0,'2016-05-14 19:24:58','0000-00-00 00:00:00',1,'2016-05-14 16:49:21','2016-05-14 19:24:58'),(76,'MRCVECQIN',1,1,42,1,78,101,1,79,79,2,'b620a72f017fe7f8706e2e2ac43bc24d','eBay PayPal 648',1.000000,'ebay',0,0,'',0,'',0.000000,0.000000,0.000000,8.820000,8.820000,7.662295,8.820000,5.262295,6.420000,2.400000,2.400000,2.400000,0.000,0.000000,0.000000,0.000000,2,2,69,0,'2016-05-15 11:28:58','0000-00-00 00:00:00',1,'2016-05-15 09:23:12','2016-05-15 11:28:58'),(77,'NKFPUHCUI',1,1,42,1,79,102,1,80,80,2,'f0bb0ead1d9d45fe0abcd4fa3ba51755','eBay PayPal 649',1.000000,'ebay',0,0,'',0,'',0.000000,0.000000,0.000000,5.610000,5.610000,5.031148,5.610000,2.631148,3.210000,2.400000,2.400000,2.400000,0.000,0.000000,0.000000,0.000000,2,2,70,0,'2016-05-15 12:27:49','0000-00-00 00:00:00',1,'2016-05-15 10:18:21','2016-05-15 12:27:49'),(78,'HLUMHNSJJ',1,1,42,1,80,103,1,81,81,2,'f9dc6586b3a681000c76f178783eb2fc','eBay PayPal 650',1.000000,'ebay',0,0,'',0,'',0.000000,0.000000,0.000000,23.000000,23.000000,19.285246,23.000000,16.885246,20.600000,2.400000,2.400000,2.400000,0.000,0.000000,0.000000,0.000000,2,2,71,0,'2016-05-15 12:27:51','0000-00-00 00:00:00',1,'2016-05-15 10:25:07','2016-05-15 12:27:51'),(79,'ULFURJVSQ',1,1,32,1,81,104,1,82,82,2,'f03cb38ea5483765bde630003e5ab14e','eBay PayPal 651',1.000000,'ebay',0,0,'',0,'',0.000000,0.000000,0.000000,2.600000,2.600000,2.311475,2.600000,1.311475,1.600000,1.000000,1.000000,1.000000,0.000,0.000000,0.000000,0.000000,2,2,72,0,'2016-05-15 18:10:24','0000-00-00 00:00:00',1,'2016-05-15 15:20:15','2016-05-15 18:10:24'),(80,'CSMAUDTPI',1,1,42,1,82,105,1,83,83,2,'5c561741229a9d91d2eaf20ce054bfeb','eBay PayPal 653',1.000000,'ebay',0,0,'',0,'',0.000000,0.000000,0.000000,7.750000,7.750000,6.785246,7.750000,4.385246,5.350000,2.400000,2.400000,2.400000,0.000,0.000000,0.000000,0.000000,2,2,73,0,'2016-05-17 09:33:53','0000-00-00 00:00:00',1,'2016-05-17 06:51:05','2016-05-17 09:33:54'),(81,'LEWTDEXMO',1,1,42,1,83,106,1,84,84,2,'f8e99347ddb7b2445e1f8d002fcdaed5','eBay PayPal 654',1.000000,'ebay',0,0,'',0,'',0.000000,0.000000,0.000000,5.180000,5.180000,4.678689,5.180000,2.278689,2.780000,2.400000,2.400000,2.400000,0.000,0.000000,0.000000,0.000000,2,2,74,0,'2016-05-17 18:05:28','0000-00-00 00:00:00',1,'2016-05-17 15:28:47','2016-05-17 18:05:28'),(82,'LMENTOPNE',1,1,42,1,84,107,1,85,85,2,'7414f6f623761ffd7380de2ec4a7ca85','eBay PayPal 655',1.000000,'ebay',0,0,'',0,'',0.000000,0.000000,0.000000,5.610000,5.610000,5.031148,5.610000,2.631148,3.210000,2.400000,2.400000,2.400000,0.000,0.000000,0.000000,0.000000,2,2,75,0,'2016-05-18 10:17:42','0000-00-00 00:00:00',1,'2016-05-18 07:50:18','2016-05-18 10:17:43'),(83,'DUTIOSZSB',1,1,42,1,85,108,1,86,86,2,'91ff1a86093c5a9b5a7c060d5b5336e3','eBay PayPal 656',1.000000,'ebay',0,0,'',0,'',0.000000,0.000000,0.000000,5.610000,5.610000,5.031148,5.610000,2.631148,3.210000,2.400000,2.400000,2.400000,0.000,0.000000,0.000000,0.000000,2,2,76,0,'2016-05-18 11:08:31','0000-00-00 00:00:00',1,'2016-05-18 08:43:01','2016-05-18 11:08:31'),(84,'RLUTBIRWJ',1,1,5,1,86,109,1,87,87,2,'f15d51c2439a7e7ec547cad0d577d57c','eBay PayPal 657',1.000000,'ebay',0,0,'',0,'',0.000000,0.000000,0.000000,9.890000,9.890000,8.539344,9.890000,6.139344,7.490000,2.400000,2.400000,2.400000,22.000,0.000000,0.000000,0.000000,2,2,77,0,'2016-05-18 13:46:28','0000-00-00 00:00:00',1,'2016-05-18 11:40:54','2016-05-18 13:46:29'),(85,'WYTLSKVQW',1,1,42,1,87,110,1,88,88,2,'c74cc91f1e70052afd1c4c3d2e3444e1','eBay PayPal 658',1.000000,'ebay',0,0,'',0,'',0.000000,0.000000,0.000000,5.080000,5.080000,4.596721,5.080000,2.196721,2.680000,2.400000,2.400000,2.400000,0.000,0.000000,0.000000,0.000000,2,2,78,0,'2016-05-18 18:16:24','0000-00-00 00:00:00',1,'2016-05-18 14:05:31','2016-05-18 18:16:24'),(86,'MQFVSPACV',1,1,42,1,88,111,1,89,89,2,'c948935483a027a9be73ef8378e31516','eBay PayPal 659',1.000000,'ebay',0,0,'',0,'',0.000000,0.000000,0.000000,13.100000,13.100000,11.170492,13.100000,8.770492,10.700000,2.400000,2.400000,2.400000,0.000,0.000000,0.000000,0.000000,2,2,79,0,'2016-05-19 09:44:40','0000-00-00 00:00:00',1,'2016-05-18 20:06:52','2016-05-19 09:44:40'),(87,'ZLFHRKVIV',1,1,42,1,89,112,1,90,90,2,'04241a5ffb449f3fa4ba2434dd065099','eBay PayPal 660',1.000000,'ebay',0,0,'',0,'',0.000000,0.000000,0.000000,5.080000,5.080000,4.596721,5.080000,2.196721,2.680000,2.400000,2.400000,2.400000,0.000,0.000000,0.000000,0.000000,2,2,80,0,'2016-05-19 09:44:42','0000-00-00 00:00:00',1,'2016-05-18 22:48:54','2016-05-19 09:44:42'),(88,'YXBDSWPXM',1,1,42,1,90,113,1,91,91,2,'a6e99c7a4f741eb8cb1541b3845afb9b','eBay PayPal 666',1.000000,'ebay',0,0,'',0,'',0.000000,0.000000,0.000000,10.430000,10.430000,8.981967,10.430000,6.581967,8.030000,2.400000,2.400000,2.400000,0.000,0.000000,0.000000,0.000000,2,2,81,0,'2016-05-19 22:56:14','0000-00-00 00:00:00',1,'2016-05-19 20:37:48','2016-05-19 22:56:14'),(89,'EHJVWQVDC',1,1,42,1,91,114,1,92,92,2,'79bf241d273168229be27b1ba2789030','eBay PayPal 667',1.000000,'ebay',0,0,'',0,'',0.000000,0.000000,0.000000,4.750000,4.750000,4.326230,4.750000,1.926230,2.350000,2.400000,2.400000,2.400000,0.000,0.000000,0.000000,0.000000,2,2,82,0,'2016-05-20 10:48:15','0000-00-00 00:00:00',1,'2016-05-20 08:24:57','2016-05-20 10:48:16'),(90,'XMADRAEFV',1,1,42,1,92,115,1,93,93,2,'6b9636a85b476b5c58f2a315eb867b84','eBay PayPal 665',1.000000,'ebay',0,0,'',0,'',0.000000,0.000000,0.000000,9.820000,9.820000,8.662295,9.820000,5.262295,6.420000,3.400000,3.400000,3.400000,0.000,0.000000,0.000000,0.000000,2,2,83,0,'2016-05-21 16:19:12','0000-00-00 00:00:00',1,'2016-05-19 13:48:39','2016-05-21 16:19:12'),(91,'HHMDTOVLL',1,1,42,1,93,116,1,94,94,2,'59fe9bd06c353ae15635f06171a9dd02','eBay PayPal 668',1.000000,'ebay',0,0,'',0,'',0.000000,0.000000,0.000000,4.400000,4.400000,4.039344,4.400000,1.639344,2.000000,2.400000,2.400000,2.400000,0.000,0.000000,0.000000,0.000000,2,2,84,0,'2016-05-22 10:52:43','0000-00-00 00:00:00',1,'2016-05-22 00:26:23','2016-05-22 10:52:43'),(92,'AXNBJPHFO',1,1,5,1,94,117,1,95,95,2,'7eae5c840733f2daa43acb106706f397','eBay PayPal 669',1.000000,'ebay',0,0,'',0,'',0.000000,0.000000,0.000000,2.910000,2.910000,2.619672,2.910000,1.319672,1.610000,1.300000,1.300000,1.300000,22.000,0.000000,0.000000,0.000000,2,2,85,0,'2016-05-23 23:48:43','0000-00-00 00:00:00',1,'2016-05-23 21:17:26','2016-05-23 23:48:43'),(93,'FRRVRXZTB',1,1,42,1,95,118,1,96,96,2,'c1f67f11f36ec6d8e3693144bf5ffaa9','eBay PayPal 670',1.000000,'ebay',0,0,'',0,'',0.000000,0.000000,0.000000,10.300000,10.300000,9.398361,10.300000,4.098361,5.000000,5.300000,5.300000,5.300000,0.000,0.000000,0.000000,0.000000,2,2,86,0,'2016-05-24 01:20:31','0000-00-00 00:00:00',1,'2016-05-23 21:47:16','2016-05-24 01:20:31'),(94,'TQOKRVGLP',1,1,5,1,96,119,1,97,97,2,'18f0f6040ac8fcc1944ee384e979d500','eBay PayPal 671',1.000000,'ebay',0,0,'',0,'',0.000000,0.000000,0.000000,18.420000,18.420000,15.332787,18.420000,14.032787,17.120000,1.300000,1.300000,1.300000,22.000,0.000000,0.000000,0.000000,2,2,87,0,'2016-05-24 14:38:55','0000-00-00 00:00:00',1,'2016-05-24 12:11:24','2016-05-24 14:38:55'),(95,'TNKEHOPGI',1,1,32,1,97,120,1,98,98,2,'4b82362dbb374b9b90def77f2ec1f572','eBay PayPal 672',1.000000,'ebay',0,0,'',0,'',0.000000,0.000000,0.000000,16.630000,16.630000,14.893443,16.630000,7.893443,9.630000,7.000000,7.000000,7.000000,0.000,0.000000,0.000000,0.000000,2,2,88,0,'2016-05-24 20:18:35','0000-00-00 00:00:00',1,'2016-05-24 16:10:56','2016-05-24 20:18:35'),(96,'FHUNQDMGX',1,1,5,1,98,121,1,99,99,2,'18d6526c69bb17caf84ec4e34496f700','eBay PayPal 673',1.000000,'ebay',0,0,'',0,'',0.000000,0.000000,0.000000,2.690000,2.690000,2.439344,2.690000,1.139344,1.390000,1.300000,1.300000,1.300000,22.000,0.000000,0.000000,0.000000,2,2,89,0,'2016-05-25 13:19:09','0000-00-00 00:00:00',1,'2016-05-25 10:00:13','2016-05-25 13:19:09'),(97,'TMTIPOCQJ',1,1,42,1,99,122,1,100,100,2,'8c0159efe23cde8e8659f6d0029d4ba9','eBay PayPal 674',1.000000,'ebay',0,0,'',0,'',0.000000,0.000000,0.000000,10.400000,10.400000,8.957377,10.400000,6.557377,8.000000,2.400000,2.400000,2.400000,0.000,0.000000,0.000000,0.000000,2,2,90,0,'2016-05-25 15:10:39','0000-00-00 00:00:00',1,'2016-05-25 12:45:54','2016-05-25 15:10:39'),(98,'COTBTVNQJ',1,1,42,1,100,123,1,101,101,2,'de178df9f0e007831646c4c7fe5a83fe','eBay PayPal 675',1.000000,'ebay',0,0,'',0,'',0.000000,0.000000,0.000000,5.710000,5.710000,5.131148,5.710000,2.631148,3.210000,2.500000,2.500000,2.500000,0.000,0.000000,0.000000,0.000000,2,2,91,0,'2016-05-25 17:29:29','0000-00-00 00:00:00',1,'2016-05-25 14:32:01','2016-05-25 17:29:29'),(99,'SUBJTHXZP',1,1,5,1,102,125,1,103,103,2,'d70208f1f3f38f3df94f94fcbf48121b','eBay PayPal 677',1.000000,'ebay',0,0,'',0,'',0.000000,0.000000,0.000000,2.690000,2.690000,2.439344,2.690000,1.139344,1.390000,1.300000,1.300000,1.300000,22.000,0.000000,0.000000,0.000000,2,2,92,0,'2016-05-26 12:47:32','0000-00-00 00:00:00',1,'2016-05-26 10:15:50','2016-05-26 12:47:32'),(100,'OTNVSMJCR',1,1,5,1,103,126,1,104,104,2,'e91952b4c1dc6746aeddd9277df89798','eBay PayPal 678',1.000000,'ebay',0,0,'',0,'',0.000000,0.000000,0.000000,7.720000,7.720000,6.562295,7.720000,5.262295,6.420000,1.300000,1.300000,1.300000,22.000,0.000000,0.000000,0.000000,2,2,93,0,'2016-05-26 13:45:18','0000-00-00 00:00:00',1,'2016-05-26 10:59:52','2016-05-26 13:45:18'),(101,'TORNWCEOT',1,1,5,1,104,127,1,105,105,2,'59a4681a47cf5588d3bc84b1f58bf94e','eBay PayPal 679',1.000000,'ebay',0,0,'',0,'',0.000000,0.000000,0.000000,8.790000,8.790000,7.439344,8.790000,6.139344,7.490000,1.300000,1.300000,1.300000,22.000,0.000000,0.000000,0.000000,2,2,94,0,'2016-05-27 11:52:06','0000-00-00 00:00:00',1,'2016-05-27 09:01:50','2016-05-27 11:52:06'),(102,'QTGDPTXHS',1,1,5,1,105,128,1,106,106,2,'80fe1988ff9bc353750fc0326e1f5c4a','eBay PayPal 680',1.000000,'ebay',0,0,'',0,'',0.000000,0.000000,0.000000,6.860000,6.860000,5.857377,6.860000,4.557377,5.560000,1.300000,1.300000,1.300000,22.000,0.000000,0.000000,0.000000,2,2,95,0,'2016-05-28 09:50:44','0000-00-00 00:00:00',1,'2016-05-27 20:50:45','2016-05-28 09:50:44'),(103,'DOTDGVXCU',1,1,5,1,106,129,1,107,107,2,'9af0f7dd180460690ac7169661be5b16','eBay PayPal 681',1.000000,'ebay',0,0,'',0,'',0.000000,0.000000,0.000000,3.980000,3.980000,3.496721,3.980000,2.196721,2.680000,1.300000,1.300000,1.300000,22.000,0.000000,0.000000,0.000000,2,2,96,0,'2016-05-28 15:06:02','0000-00-00 00:00:00',1,'2016-05-28 13:04:24','2016-05-28 15:06:02'),(104,'PEDBSOQCI',1,1,42,1,107,131,1,108,108,2,'181ccc3fd6e75f91ce88e45f42abbf81','eBay PayPal 682',1.000000,'ebay',0,0,'',0,'',0.000000,0.000000,0.000000,3.890000,3.890000,3.639344,3.890000,1.139344,1.390000,2.500000,2.500000,2.500000,0.000,0.000000,0.000000,0.000000,2,2,97,0,'2016-05-29 10:59:59','0000-00-00 00:00:00',1,'2016-05-28 17:41:16','2016-05-29 10:59:59'),(105,'VGJYSHQCQ',1,1,42,1,108,132,1,109,109,2,'9bcd0916ced0405a04711dfba91d62e8','eBay PayPal 683',1.000000,'ebay',0,0,'',0,'',0.000000,0.000000,0.000000,7.000000,7.000000,6.170492,7.000000,3.770492,4.600000,2.400000,2.400000,2.400000,0.000,0.000000,0.000000,0.000000,2,2,98,0,'2016-05-30 09:25:49','0000-00-00 00:00:00',1,'2016-05-29 16:03:42','2016-05-30 09:25:49'),(106,'QLJMTNQRX',1,1,42,1,109,133,1,110,110,2,'dae6077dc70821224d90cf2ae0044fbd','eBay PayPal 684',1.000000,'ebay',0,0,'',0,'',0.000000,0.000000,0.000000,3.890000,3.890000,3.639344,3.890000,1.139344,1.390000,2.500000,2.500000,2.500000,0.000,0.000000,0.000000,0.000000,2,2,99,0,'2016-05-31 19:45:19','0000-00-00 00:00:00',1,'2016-05-31 17:29:13','2016-05-31 19:45:19'),(107,'MCAMDIIRR',1,1,5,1,111,134,1,111,111,2,'f89a834eee4b4c3e855ce78c61abb991','eBay PayPal 685',1.000000,'ebay',0,0,'',0,'',0.000000,0.000000,0.000000,8.790000,8.790000,7.439344,8.790000,6.139344,7.490000,1.300000,1.300000,1.300000,22.000,0.000000,0.000000,0.000000,2,2,100,0,'2016-06-03 09:22:38','0000-00-00 00:00:00',1,'2016-06-02 10:36:36','2016-06-03 09:22:38'),(108,'ZUOFOBBRX',1,1,5,1,112,135,1,112,112,2,'a6747e25d71f5d9619fae5e2f982a619','eBay PayPal 686',1.000000,'ebay',0,0,'',0,'',0.000000,0.000000,0.000000,3.330000,3.330000,2.963934,3.330000,1.663934,2.030000,1.300000,1.300000,1.300000,22.000,0.000000,0.000000,0.000000,2,2,101,0,'2016-06-03 09:22:42','0000-00-00 00:00:00',1,'2016-06-02 17:00:44','2016-06-03 09:22:42'),(109,'BCOHFMMMF',1,1,32,1,113,136,1,113,113,2,'c189385ef0b1e62928ea8d3da41aebcd','eBay PayPal 687',1.000000,'ebay',0,0,'',0,'',0.000000,0.000000,0.000000,4.100000,4.100000,3.811475,4.100000,1.311475,1.600000,2.500000,2.500000,2.500000,0.000,0.000000,0.000000,0.000000,2,2,102,0,'2016-06-03 09:22:44','0000-00-00 00:00:00',1,'2016-06-03 06:45:01','2016-06-03 09:22:44'),(110,'HKMFUVZKR',1,1,5,1,114,137,1,114,114,2,'d32760d920727c094f59416dfb46d5de','eBay PayPal 688',1.000000,'ebay',0,0,'',0,'',0.000000,0.000000,0.000000,2.580000,2.580000,2.349180,2.580000,1.049180,1.280000,1.300000,1.300000,1.300000,22.000,0.000000,0.000000,0.000000,2,2,103,0,'2016-06-03 10:26:45','0000-00-00 00:00:00',1,'2016-06-03 08:28:16','2016-06-03 10:26:45'),(111,'CBSWMISSB',1,1,5,1,115,138,1,115,115,2,'fdc3c9b19af2e9822754e221c4c87e68','eBay PayPal 689',1.000000,'ebay',0,0,'',0,'',0.000000,0.000000,0.000000,3.980000,3.980000,3.496721,3.980000,2.196721,2.680000,1.300000,1.300000,1.300000,22.000,0.000000,0.000000,0.000000,2,2,104,0,'2016-06-03 15:50:37','0000-00-00 00:00:00',1,'2016-06-03 13:49:55','2016-06-03 15:50:37'),(112,'ASTWXDUXT',1,1,42,1,116,139,1,116,116,2,'de0e436c04c4ddd2b222e44bc88ad430','eBay PayPal 690',1.000000,'ebay',0,0,'',0,'',0.000000,0.000000,0.000000,8.070000,8.070000,7.047541,8.070000,4.647541,5.670000,2.400000,2.400000,2.400000,0.000,0.000000,0.000000,0.000000,2,2,105,0,'2016-06-03 18:05:47','0000-00-00 00:00:00',1,'2016-06-03 15:14:46','2016-06-03 18:05:47'),(113,'ICCMXRRMT',1,1,5,1,118,140,1,117,117,2,'352dddffe840bef6e576cb9783de049a','eBay PayPal 691',1.000000,'ebay',0,0,'',0,'',0.000000,0.000000,0.000000,3.330000,3.330000,2.963934,3.330000,1.663934,2.030000,1.300000,1.300000,1.300000,22.000,0.000000,0.000000,0.000000,2,2,106,0,'2016-06-07 15:01:56','0000-00-00 00:00:00',1,'2016-06-07 11:26:58','2016-06-07 15:01:56'),(114,'TFVCDVKNZ',1,1,32,1,119,141,1,118,118,2,'43c89d6477508d156b89d28f0c8ab3da','eBay PayPal 692',1.000000,'ebay',0,0,'',0,'',0.000000,0.000000,0.000000,25.900000,25.900000,22.491803,25.900000,15.491803,18.900000,7.000000,7.000000,7.000000,0.000,0.000000,0.000000,0.000000,2,2,107,0,'2016-06-07 19:58:39','0000-00-00 00:00:00',1,'2016-06-07 15:53:50','2016-06-07 19:58:39'),(115,'JURTPBEUH',1,1,32,1,97,142,1,98,98,2,'4b82362dbb374b9b90def77f2ec1f572','eBay PayPal 693',1.000000,'ebay',0,0,'',0,'',0.000000,0.000000,0.000000,16.630000,16.630000,14.893443,16.630000,7.893443,9.630000,7.000000,7.000000,7.000000,0.000,0.000000,0.000000,0.000000,2,2,108,0,'2016-06-08 21:40:30','0000-00-00 00:00:00',1,'2016-06-08 16:58:38','2016-06-08 21:40:30'),(116,'HKTUCUACU',1,1,42,1,120,143,1,119,119,2,'cbd981394dd442754a6b5dc3bffdef1c','eBay PayPal 694',1.000000,'ebay',0,0,'',0,'',0.000000,0.000000,0.000000,12.300000,12.300000,11.037705,12.300000,5.737705,7.000000,5.300000,5.300000,5.300000,0.000,0.000000,0.000000,0.000000,2,2,109,0,'2016-06-11 09:11:44','0000-00-00 00:00:00',1,'2016-06-10 19:48:35','2016-06-11 09:11:44'),(117,'AJJBOICFI',1,1,42,1,121,146,1,120,120,2,'9c6b5d277741316d02c87ae71b2b84fb','eBay PayPal 696',1.000000,'ebay',0,0,'',0,'',0.000000,0.000000,0.000000,4.430000,4.430000,4.081967,4.430000,1.581967,1.930000,2.500000,2.500000,2.500000,0.000,0.000000,0.000000,0.000000,2,2,110,0,'2016-06-14 15:00:17','0000-00-00 00:00:00',1,'2016-06-14 12:55:37','2016-06-14 15:00:17'),(118,'QFHXCVVWK',1,1,5,1,122,147,1,121,121,2,'71edcfbb5d543cd2ec16322a7b3c209c','eBay PayPal 697',1.000000,'ebay',0,0,'',0,'',0.000000,0.000000,0.000000,8.040000,8.040000,6.824590,8.040000,5.524590,6.740000,1.300000,1.300000,1.300000,22.000,0.000000,0.000000,0.000000,2,2,111,0,'2016-06-14 20:00:39','0000-00-00 00:00:00',1,'2016-06-14 17:09:44','2016-06-14 20:00:39'),(119,'NNNXIWJIC',1,1,42,1,123,148,1,122,122,2,'274d59b2384fc39ba860c430e5fde41a','eBay PayPal 698',1.000000,'ebay',0,0,'',0,'',0.000000,0.000000,0.000000,9.240000,9.240000,8.024590,9.240000,5.524590,6.740000,2.500000,2.500000,2.500000,0.000,0.000000,0.000000,0.000000,2,2,112,0,'2016-06-15 20:29:14','0000-00-00 00:00:00',1,'2016-06-15 17:34:16','2016-06-15 20:29:14'),(120,'EUYILEQMU',1,1,5,1,124,149,1,123,123,2,'60ecd220f5d2152242be015d401f658a','eBay PayPal 700',1.000000,'ebay',0,0,'',0,'',0.000000,0.000000,0.000000,13.070000,13.070000,10.947541,13.070000,9.647541,11.770000,1.300000,1.300000,1.300000,22.000,0.000000,0.000000,0.000000,2,2,113,0,'2016-06-16 18:35:15','0000-00-00 00:00:00',1,'2016-06-16 15:51:50','2016-06-16 18:35:15'),(121,'NPSDMFWHP',1,1,42,1,125,150,1,124,124,2,'56f7b8c62f8d97fa4353d40cf977868c','eBay PayPal 701',1.000000,'ebay',0,0,'',0,'',0.000000,0.000000,0.000000,12.570000,12.570000,10.736066,12.570000,8.336066,10.170000,2.400000,2.400000,2.400000,0.000,0.000000,0.000000,0.000000,2,2,114,0,'2016-06-17 17:08:18','0000-00-00 00:00:00',1,'2016-06-17 14:31:37','2016-06-17 17:08:18'),(122,'HYGEOARKK',1,1,42,1,126,154,1,125,125,2,'6e74420cc159eb1b13d967f6e47297ac','eBay PayPal 702',1.000000,'ebay',0,0,'',0,'',0.000000,0.000000,0.000000,7.850000,7.850000,6.885246,7.850000,4.385246,5.350000,2.500000,2.500000,2.500000,0.000,0.000000,0.000000,0.000000,2,2,115,0,'2016-06-19 22:04:36','0000-00-00 00:00:00',1,'2016-06-19 19:08:39','2016-06-19 22:04:36'),(123,'WWJVFWMLF',1,1,42,1,127,155,1,126,126,2,'bb0a05365fa3b415d9caa5897d7d54e4','eBay PayPal 695',1.000000,'ebay',0,0,'',0,'',0.000000,0.000000,0.000000,7.750000,7.750000,6.785246,7.750000,4.385246,5.350000,2.400000,2.400000,2.400000,0.000,0.000000,0.000000,0.000000,2,2,116,0,'2016-06-20 10:04:02','0000-00-00 00:00:00',1,'2016-06-13 18:05:07','2016-06-20 10:04:03'),(124,'EKTYWEQRU',1,1,5,1,128,156,1,127,127,2,'a9edaf638f1fe5ddc5f893dd809abd43','eBay PayPal 703',1.000000,'ebay',0,0,'',0,'',0.000000,0.000000,0.000000,4.510000,4.510000,3.931148,4.510000,2.631148,3.210000,1.300000,1.300000,1.300000,22.000,0.000000,0.000000,0.000000,2,2,117,0,'2016-06-20 10:04:12','0000-00-00 00:00:00',1,'2016-06-20 07:50:06','2016-06-20 10:04:12'),(125,'INMPJMORM',1,1,42,1,129,157,1,128,128,2,'75d758ff299f690ac8c48ee158d38c42','eBay PayPal 705',1.000000,'ebay',0,0,'',0,'',0.000000,0.000000,0.000000,12.130000,12.130000,10.393443,12.130000,7.893443,9.630000,2.500000,2.500000,2.500000,0.000,0.000000,0.000000,0.000000,2,2,118,0,'2016-06-21 17:35:33','0000-00-00 00:00:00',1,'2016-06-21 15:12:24','2016-06-21 17:35:33'),(126,'PMUIZNOUI',1,1,5,1,130,158,1,129,129,2,'fb0c8ff8e6375e43f51798714e97e98e','eBay PayPal 706',1.000000,'ebay',0,0,'',0,'',0.000000,0.000000,0.000000,3.760000,3.760000,3.316393,3.760000,2.016393,2.460000,1.300000,1.300000,1.300000,22.000,0.000000,0.000000,0.000000,2,2,119,0,'2016-06-22 19:46:21','0000-00-00 00:00:00',1,'2016-06-22 17:27:14','2016-06-22 19:46:21'),(127,'NLUNHFSAZ',1,1,5,1,131,159,1,130,130,2,'57236ea7a6dd27277d01840572e681df','eBay PayPal 707',1.000000,'ebay',0,0,'',0,'',0.000000,0.000000,0.000000,2.580000,2.580000,2.349180,2.580000,1.049180,1.280000,1.300000,1.300000,1.300000,22.000,0.000000,0.000000,0.000000,2,2,120,0,'2016-06-24 18:38:49','0000-00-00 00:00:00',1,'2016-06-24 15:34:17','2016-06-24 18:38:49'),(128,'NJBJSBOPT',1,1,42,1,132,160,1,131,131,2,'dae06c911729ae66e55774f65a23355d','PayPal',1.000000,'paypal',0,0,'',0,'',0.000000,0.000000,0.000000,5.400000,5.400000,4.860000,5.400000,2.460000,3.000000,2.400000,2.400000,2.400000,0.000,0.000000,0.000000,0.000000,2,2,121,0,'2016-06-25 07:24:51','0000-00-00 00:00:00',1,'2016-06-25 07:24:43','2016-06-25 07:24:51'),(129,'UMGHPIHCW',1,1,5,1,133,161,1,132,132,2,'66f0e5d31621bc5789c35189b51886bd','eBay PayPal 708',1.000000,'ebay',0,0,'',0,'',0.000000,0.000000,0.000000,21.000000,21.000000,17.573770,21.000000,15.573770,19.000000,2.000000,2.000000,2.000000,22.000,0.000000,0.000000,0.000000,2,2,122,0,'2016-06-26 17:31:35','0000-00-00 00:00:00',1,'2016-06-26 10:11:19','2016-06-26 17:31:35'),(130,'FUGWVCHVF',1,1,32,1,134,162,1,133,133,2,'3c7ac957aeb9d401b4871466e802576c','eBay PayPal 709',1.000000,'ebay',0,0,'',0,'',0.000000,0.000000,0.000000,24.120000,24.120000,21.032787,24.120000,14.032787,17.120000,7.000000,7.000000,7.000000,0.000,0.000000,0.000000,0.000000,2,2,123,0,'2016-06-27 10:22:45','0000-00-00 00:00:00',1,'2016-06-27 08:20:31','2016-06-27 10:22:45'),(131,'IXPQJRYXD',1,1,32,1,138,166,1,137,137,2,'b148be668bb549b713e00aa8172dd362','eBay PayPal 713',1.000000,'ebay',0,0,'',0,'',0.000000,0.000000,0.000000,23.500000,23.500000,20.524590,23.500000,13.524590,16.500000,7.000000,7.000000,7.000000,0.000,0.000000,0.000000,0.000000,2,2,124,0,'2016-07-02 08:43:33','0000-00-00 00:00:00',1,'2016-07-02 06:21:37','2016-07-02 08:43:33'),(132,'TYUPLBIOT',1,1,5,1,139,167,1,138,138,2,'781443121869e83269b734e1de1e9d29','eBay PayPal 715',1.000000,'ebay',0,0,'',0,'',0.000000,0.000000,0.000000,5.790000,5.790000,4.980328,5.790000,3.680328,4.490000,1.300000,1.300000,1.300000,22.000,0.000000,0.000000,0.000000,2,2,125,0,'2016-07-05 12:42:27','0000-00-00 00:00:00',1,'2016-07-05 09:06:06','2016-07-05 12:42:27'),(133,'LXPJWPYOE',1,1,5,1,140,168,1,139,139,2,'5839e0b401ceb9e35b9084f4af610c7f','eBay PayPal 716',1.000000,'ebay',0,0,'',0,'',0.000000,0.000000,0.000000,3.440000,3.440000,3.054098,3.440000,1.754098,2.140000,1.300000,1.300000,1.300000,22.000,0.000000,0.000000,0.000000,2,2,126,0,'2016-07-06 17:15:18','0000-00-00 00:00:00',1,'2016-07-06 15:08:34','2016-07-06 17:15:18'),(134,'YYJFGZUYQ',1,1,5,1,141,169,1,140,140,2,'f9c10a155203ee9e74e18417cf0495e8','eBay PayPal 717',1.000000,'ebay',0,0,'',0,'',0.000000,0.000000,0.000000,5.040000,5.040000,4.365574,5.040000,3.065574,3.740000,1.300000,1.300000,1.300000,22.000,0.000000,0.000000,0.000000,2,2,127,0,'2016-07-07 12:17:20','0000-00-00 00:00:00',1,'2016-07-07 09:57:20','2016-07-07 12:17:20'),(135,'QZJTXSVPN',1,1,32,1,142,170,1,141,141,2,'dbd061f2343f820f8d9db48b6fb4570a','eBay PayPal 718',1.000000,'ebay',0,0,'',0,'',0.000000,0.000000,0.000000,16.310000,16.310000,13.801639,16.310000,11.401639,13.910000,2.400000,2.400000,2.400000,0.000,0.000000,0.000000,0.000000,2,2,128,0,'2016-07-07 13:47:58','0000-00-00 00:00:00',1,'2016-07-07 10:43:04','2016-07-07 13:47:58'),(136,'CAAITPAGE',1,1,42,1,144,172,1,143,143,2,'b24d15bf759d28154803a8ed89d5c44d','eBay PayPal 720',1.000000,'ebay',0,0,'',0,'',0.000000,0.000000,0.000000,4.110000,4.110000,3.819672,4.110000,1.319672,1.610000,2.500000,2.500000,2.500000,0.000,0.000000,0.000000,0.000000,2,2,129,0,'2016-07-08 18:41:15','0000-00-00 00:00:00',1,'2016-07-08 16:41:24','2016-07-08 18:41:15'),(137,'EPYBMWJZS',1,1,42,1,145,173,1,144,144,2,'70d67bac785574071440f213429e5a01','PayPal',1.000000,'paypal',0,0,'',1,'',0.000000,0.000000,0.000000,7.900000,7.900000,6.910000,7.900000,4.510000,5.500000,2.400000,2.400000,2.400000,0.000,0.000000,0.000000,0.000000,2,2,130,0,'2016-07-09 00:03:25','0000-00-00 00:00:00',1,'2016-07-09 00:03:24','2016-07-09 00:03:25'),(138,'OXSXLXNDR',1,1,5,1,147,175,1,146,146,2,'e5d980b5b7b736df520151f36428bcd7','eBay PayPal 721',1.000000,'ebay',0,0,'',0,'',0.000000,0.000000,0.000000,3.440000,3.440000,3.054098,3.440000,1.754098,2.140000,1.300000,1.300000,1.300000,22.000,0.000000,0.000000,0.000000,2,2,131,0,'2016-07-11 17:58:13','0000-00-00 00:00:00',1,'2016-07-11 15:43:40','2016-07-11 17:58:13'),(139,'LQOVCQUFG',1,1,5,1,148,176,1,147,147,2,'75dce023b49c8794132c0004ca1c9a59','eBay PayPal 723',1.000000,'ebay',0,0,'',0,'',0.000000,0.000000,0.000000,18.420000,18.420000,15.332787,18.420000,14.032787,17.120000,1.300000,1.300000,1.300000,22.000,0.000000,0.000000,0.000000,2,2,132,0,'2016-07-13 00:11:42','0000-00-00 00:00:00',1,'2016-07-12 20:15:34','2016-07-13 00:11:42'),(140,'ZCXCHAMXC',1,1,5,1,149,177,1,148,148,2,'c2140bf6dc002c4e76a82d0c8071bfd4','eBay PayPal 724',1.000000,'ebay',0,0,'',0,'',0.000000,0.000000,0.000000,2.910000,2.910000,2.619672,2.910000,1.319672,1.610000,1.300000,1.300000,1.300000,22.000,0.000000,0.000000,0.000000,2,2,133,0,'2016-07-13 00:11:44','0000-00-00 00:00:00',1,'2016-07-12 20:36:49','2016-07-13 00:11:44'),(141,'UCHKCVHYN',1,1,5,1,150,178,1,149,149,2,'f12c259d51d00b3a88385ce3e44c1c98','eBay PayPal 725',1.000000,'ebay',0,0,'',0,'',0.000000,0.000000,0.000000,5.040000,5.040000,4.365574,5.040000,3.065574,3.740000,1.300000,1.300000,1.300000,22.000,0.000000,0.000000,0.000000,2,2,134,0,'2016-07-13 22:07:16','0000-00-00 00:00:00',1,'2016-07-13 19:57:14','2016-07-13 22:07:16'),(142,'FBBSXSMSY',1,1,5,1,151,179,1,150,150,2,'ba45a45bcc936464de4a0ae3c6e63605','eBay PayPal 726',1.000000,'ebay',0,0,'',0,'',0.000000,0.000000,0.000000,7.720000,7.720000,6.562295,7.720000,5.262295,6.420000,1.300000,1.300000,1.300000,22.000,0.000000,0.000000,0.000000,2,2,135,0,'2016-07-14 18:35:03','0000-00-00 00:00:00',1,'2016-07-14 16:21:52','2016-07-14 18:35:03'),(143,'SBUSUCFRU',1,1,5,1,152,180,1,151,151,2,'a04a8227ef4657f316692119cc9bb444','eBay PayPal 727',1.000000,'ebay',0,0,'',0,'',0.000000,0.000000,0.000000,4.510000,4.510000,3.931148,4.510000,2.631148,3.210000,1.300000,1.300000,1.300000,22.000,0.000000,0.000000,0.000000,2,2,136,0,'2016-07-15 01:01:14','0000-00-00 00:00:00',1,'2016-07-14 22:36:30','2016-07-15 01:01:15'),(144,'PYNQHUCIX',1,1,5,1,153,181,1,152,152,2,'3d38e0cbfd7d228bac2f2e3e0a7f76f0','eBay PayPal 728',1.000000,'ebay',0,0,'',0,'',0.000000,0.000000,0.000000,9.000000,9.000000,7.611475,9.000000,6.311475,7.700000,1.300000,1.300000,1.300000,22.000,0.000000,0.000000,0.000000,2,2,137,0,'2016-07-15 02:22:40','0000-00-00 00:00:00',1,'2016-07-14 23:40:31','2016-07-15 02:22:40'),(145,'OYJICBXJX',1,1,42,1,154,182,1,153,153,2,'cadbd98ba6a81c18154c3b801b771a9e','eBay PayPal 729',1.000000,'ebay',0,0,'',0,'',0.000000,0.000000,0.000000,10.430000,10.430000,8.981967,10.430000,6.581967,8.030000,2.400000,2.400000,2.400000,0.000,0.000000,0.000000,0.000000,2,2,138,0,'2016-07-15 13:47:42','0000-00-00 00:00:00',1,'2016-07-15 11:41:20','2016-07-15 13:47:42'),(146,'RDYDSORHW',1,1,5,1,155,183,1,154,154,2,'7a05d8eb5efc777f6688b864053728b4','eBay PayPal 722',1.000000,'ebay',0,0,'',0,'',0.000000,0.000000,0.000000,5.580000,5.580000,4.808197,5.580000,3.508197,4.280000,1.300000,1.300000,1.300000,22.000,0.000000,0.000000,0.000000,2,2,139,0,'2016-07-15 14:21:13','0000-00-00 00:00:00',1,'2016-07-12 17:19:43','2016-07-15 14:21:13'),(147,'ECHZMHTCV',1,1,5,1,156,184,1,155,155,2,'b1258847fc2e96dc6c1c5117b37e28b8','eBay PayPal 730',1.000000,'ebay',0,0,'',0,'',0.000000,0.000000,0.000000,4.940000,4.940000,4.283607,4.940000,2.983607,3.640000,1.300000,1.300000,1.300000,22.000,0.000000,0.000000,0.000000,2,2,140,0,'2016-07-15 16:10:09','0000-00-00 00:00:00',1,'2016-07-15 13:47:03','2016-07-15 16:10:09'),(148,'KKYMBTKGP',1,1,32,1,157,185,1,156,156,2,'6ee17acf1c9758b22be9bf9f19d272a5','eBay PayPal 731',1.000000,'ebay',0,0,'',0,'',0.000000,0.000000,0.000000,23.590000,23.590000,20.598361,23.590000,13.598361,16.590000,7.000000,7.000000,7.000000,0.000,0.000000,0.000000,0.000000,2,2,141,0,'2016-07-16 14:30:49','0000-00-00 00:00:00',1,'2016-07-16 11:53:39','2016-07-16 14:30:50'),(149,'CQGFKCKDQ',1,1,5,1,158,187,1,157,157,2,'30e413eae24c01c68f332a0a61f2b0f6','eBay PayPal 732',1.000000,'ebay',0,0,'',0,'',0.000000,0.000000,0.000000,2.910000,2.910000,2.619672,2.910000,1.319672,1.610000,1.300000,1.300000,1.300000,22.000,0.000000,0.000000,0.000000,2,2,142,0,'2016-07-18 20:50:07','0000-00-00 00:00:00',1,'2016-07-18 18:22:02','2016-07-18 20:50:07'),(150,'WVDPJHQSI',1,1,5,1,159,188,1,158,158,2,'521c6f364d5928311f54e54c71337b3e','eBay PayPal 733',1.000000,'ebay',0,0,'',0,'',0.000000,0.000000,0.000000,2.690000,2.690000,2.439344,2.690000,1.139344,1.390000,1.300000,1.300000,1.300000,22.000,0.000000,0.000000,0.000000,2,2,143,0,'2016-07-19 06:26:37','0000-00-00 00:00:00',1,'2016-07-19 03:58:37','2016-07-19 06:26:37'),(151,'DAUHXCWFY',1,1,42,1,160,189,1,159,159,2,'4c989182d151d87a80f279b4049ee0ad','eBay PayPal 734',1.000000,'ebay',0,0,'',0,'',0.000000,0.000000,0.000000,5.280000,5.280000,4.778689,5.280000,2.278689,2.780000,2.500000,2.500000,2.500000,0.000,0.000000,0.000000,0.000000,2,2,144,0,'2016-07-19 10:43:02','0000-00-00 00:00:00',1,'2016-07-19 08:28:06','2016-07-19 10:43:02'),(152,'DNWOZDZUL',1,1,42,1,161,190,1,160,160,2,'5f72753230b57973cc509772b29367c1','eBay PayPal 735',1.000000,'ebay',0,0,'',0,'',0.000000,0.000000,0.000000,7.750000,7.750000,6.785246,7.750000,4.385246,5.350000,2.400000,2.400000,2.400000,0.000,0.000000,0.000000,0.000000,2,2,145,0,'2016-07-19 17:23:04','0000-00-00 00:00:00',1,'2016-07-19 14:00:21','2016-07-19 17:23:04'),(153,'SYACXFEEI',1,1,5,1,162,191,1,161,161,2,'b0fb02a67a59bf8f07037391116269b5','eBay PayPal 736',1.000000,'ebay',0,0,'',0,'',0.000000,0.000000,0.000000,9.000000,9.000000,7.611475,9.000000,6.311475,7.700000,1.300000,1.300000,1.300000,22.000,0.000000,0.000000,0.000000,2,2,146,0,'2016-07-20 12:13:34','0000-00-00 00:00:00',1,'2016-07-20 10:09:40','2016-07-20 12:13:34'),(154,'IAVZZOHNQ',1,1,5,1,164,194,1,163,163,2,'94adf47e72efe99fd5850dd70456c565','eBay PayPal 738',1.000000,'ebay',0,0,'',0,'',0.000000,0.000000,0.000000,4.720000,4.720000,4.103279,4.720000,2.803279,3.420000,1.300000,1.300000,1.300000,22.000,0.000000,0.000000,0.000000,2,2,147,0,'2016-07-20 23:12:14','0000-00-00 00:00:00',1,'2016-07-20 20:41:07','2016-07-20 23:12:14'),(155,'KDYKKIKZG',1,1,5,1,165,195,1,164,164,2,'c43195c10ce9b27e25c1928552cc9370','eBay PayPal 739',1.000000,'ebay',0,0,'',0,'',0.000000,0.000000,0.000000,3.440000,3.440000,3.054098,3.440000,1.754098,2.140000,1.300000,1.300000,1.300000,22.000,0.000000,0.000000,0.000000,2,2,148,0,'2016-07-21 03:15:10','0000-00-00 00:00:00',1,'2016-07-21 00:54:58','2016-07-21 03:15:10'),(156,'HAXXLMVMD',1,1,5,1,166,196,1,165,165,2,'d11283e63a54e01c2c40e4e1275e70e1','eBay PayPal 740',1.000000,'ebay',0,0,'',0,'',0.000000,0.000000,0.000000,4.510000,4.510000,3.931148,4.510000,2.631148,3.210000,1.300000,1.300000,1.300000,22.000,0.000000,0.000000,0.000000,2,2,149,0,'2016-07-21 10:33:50','0000-00-00 00:00:00',1,'2016-07-21 08:27:31','2016-07-21 10:33:50'),(157,'QWMMMSKUY',1,1,42,1,167,197,1,166,166,2,'1d1cd1647b9c930e86eee15613ec2c3d','eBay PayPal 741',1.000000,'ebay',0,0,'',0,'',0.000000,0.000000,0.000000,7.520000,7.520000,6.777049,7.520000,3.377049,4.120000,3.400000,3.400000,3.400000,0.000,0.000000,0.000000,0.000000,2,2,150,0,'2016-07-21 13:35:07','0000-00-00 00:00:00',1,'2016-07-21 10:44:27','2016-07-21 13:35:07'),(158,'VXVHIXZCH',1,1,5,1,168,198,1,167,167,2,'80dcd309102ad61c4f91b98daa049484','eBay PayPal 742',1.000000,'ebay',0,0,'',0,'',0.000000,0.000000,0.000000,15.180000,15.180000,14.065574,15.180000,5.065574,6.180000,9.000000,9.000000,9.000000,22.000,0.000000,0.000000,0.000000,2,2,151,0,'2016-07-21 15:57:41','0000-00-00 00:00:00',1,'2016-07-21 13:23:17','2016-07-21 15:57:41'),(159,'SCSLBLDZN',1,1,5,1,169,199,1,168,168,2,'c5ad33135864d720dc8142829d0202a7','eBay PayPal 745',1.000000,'ebay',0,0,'',0,'',0.000000,0.000000,0.000000,3.440000,3.440000,3.054098,3.440000,1.754098,2.140000,1.300000,1.300000,1.300000,22.000,0.000000,0.000000,0.000000,2,2,152,0,'2016-07-21 20:45:38','0000-00-00 00:00:00',1,'2016-07-21 18:03:47','2016-07-21 20:45:38'),(160,'VWUFUMFDX',1,1,42,1,170,200,1,169,169,2,'6c2ebcebb5f3cf4dc0886b67938ed3de','eBay PayPal 746',1.000000,'ebay',0,0,'',0,'',0.000000,0.000000,0.000000,5.710000,5.710000,5.131148,5.710000,2.631148,3.210000,2.500000,2.500000,2.500000,0.000,0.000000,0.000000,0.000000,2,2,153,0,'2016-07-22 11:41:49','0000-00-00 00:00:00',1,'2016-07-22 09:27:37','2016-07-22 11:41:49'),(161,'QNHEQRHWX',1,1,5,1,171,201,1,170,170,2,'ed7baa759dd69d445374feb0ed6dd80f','eBay PayPal 747',1.000000,'ebay',0,0,'',0,'',0.000000,0.000000,0.000000,4.080000,4.080000,3.578689,4.080000,2.278689,2.780000,1.300000,1.300000,1.300000,22.000,0.000000,0.000000,0.000000,2,2,154,0,'2016-07-22 14:48:15','0000-00-00 00:00:00',1,'2016-07-22 12:37:21','2016-07-22 14:48:15'),(162,'FVVMYYKKJ',1,1,5,1,172,202,1,171,171,2,'6a6df542434629d3d831ffcd10794d71','eBay PayPal 748',1.000000,'ebay',0,0,'',0,'',0.000000,0.000000,0.000000,3.760000,3.760000,3.316393,3.760000,2.016393,2.460000,1.300000,1.300000,1.300000,22.000,0.000000,0.000000,0.000000,2,2,155,0,'2016-07-22 15:57:26','0000-00-00 00:00:00',1,'2016-07-22 12:48:04','2016-07-22 15:57:26'),(163,'YKPFKTWXA',1,1,5,1,173,203,1,172,172,2,'b102b37feace3f03a75b60f7f0a8984d','eBay PayPal 744',1.000000,'ebay',0,0,'',0,'',0.000000,0.000000,0.000000,4.080000,4.080000,3.578689,4.080000,2.278689,2.780000,1.300000,1.300000,1.300000,22.000,0.000000,0.000000,0.000000,2,2,156,0,'2016-07-22 21:03:21','0000-00-00 00:00:00',1,'2016-07-21 15:56:29','2016-07-22 21:03:21'),(164,'RGLRXMORR',1,1,5,1,174,204,1,173,173,2,'67794f7db9a718fd2f0cdf9934247610','eBay PayPal 749',1.000000,'ebay',0,0,'',0,'',0.000000,0.000000,0.000000,6.330000,6.330000,5.422951,6.330000,4.122951,5.030000,1.300000,1.300000,1.300000,22.000,0.000000,0.000000,0.000000,2,2,157,0,'2016-07-22 21:03:30','0000-00-00 00:00:00',1,'2016-07-22 18:01:54','2016-07-22 21:03:30'),(165,'PTOWHHZIJ',1,1,32,1,174,205,1,173,173,2,'67794f7db9a718fd2f0cdf9934247610','eBay PayPal 750',1.000000,'ebay',0,0,'',0,'',0.000000,0.000000,0.000000,10.960000,10.960000,10.245902,10.960000,3.245902,3.960000,7.000000,7.000000,7.000000,0.000,0.000000,0.000000,0.000000,2,2,158,0,'2016-07-22 21:03:39','0000-00-00 00:00:00',1,'2016-07-22 18:02:12','2016-07-22 21:03:39'),(166,'UCGKFKZHS',1,1,42,1,175,206,1,174,174,2,'feada76ce9fe56cef9bc7d61887ef5b1','eBay PayPal 751',1.000000,'ebay',0,0,'',0,'',0.000000,0.000000,0.000000,13.200000,13.200000,11.270492,13.200000,8.770492,10.700000,2.500000,2.500000,2.500000,0.000,0.000000,0.000000,0.000000,2,2,159,0,'2016-07-22 22:16:12','0000-00-00 00:00:00',1,'2016-07-22 19:44:06','2016-07-22 22:16:12'),(167,'FOQNBLDQB',1,1,5,1,176,207,1,175,175,2,'7869f9994dcf204be401bc8975662791','eBay PayPal 752',1.000000,'ebay',0,0,'',0,'',0.000000,0.000000,0.000000,6.120000,6.120000,5.250820,6.120000,3.950820,4.820000,1.300000,1.300000,1.300000,22.000,0.000000,0.000000,0.000000,2,2,160,0,'2016-07-22 22:46:58','0000-00-00 00:00:00',1,'2016-07-22 20:35:30','2016-07-22 22:46:58'),(168,'TORVFDQXC',1,1,5,1,177,208,1,176,176,2,'82e6faae51be3775b2076ca98b1c9f15','eBay PayPal 753',1.000000,'ebay',0,0,'',0,'',0.000000,0.000000,0.000000,4.080000,4.080000,3.578689,4.080000,2.278689,2.780000,1.300000,1.300000,1.300000,22.000,0.000000,0.000000,0.000000,2,2,161,0,'2016-07-22 23:19:59','0000-00-00 00:00:00',1,'2016-07-22 21:12:43','2016-07-22 23:19:59'),(169,'LVBGISIBT',1,1,5,1,178,209,1,177,177,2,'2df5cee81ef27b55080cfa83beb12038','eBay PayPal 754',1.000000,'ebay',0,0,'',0,'',0.000000,0.000000,0.000000,4.510000,4.510000,3.931148,4.510000,2.631148,3.210000,1.300000,1.300000,1.300000,22.000,0.000000,0.000000,0.000000,2,2,162,0,'2016-07-23 03:14:25','0000-00-00 00:00:00',1,'2016-07-23 00:04:35','2016-07-23 03:14:26'),(170,'BLGOIZUFS',1,1,5,1,179,210,1,178,178,2,'01891be2a10b7686a78f17dfaf52b13d','eBay PayPal 755',1.000000,'ebay',0,0,'',0,'',0.000000,0.000000,0.000000,2.910000,2.910000,2.619672,2.910000,1.319672,1.610000,1.300000,1.300000,1.300000,22.000,0.000000,0.000000,0.000000,2,2,163,0,'2016-07-23 14:30:31','0000-00-00 00:00:00',1,'2016-07-23 12:03:04','2016-07-23 14:30:31'),(171,'IXAYGVLBR',1,1,32,1,180,211,1,179,179,2,'363018537af4b9dc29210b6daf28d866','eBay PayPal 756',1.000000,'ebay',0,0,'',0,'',0.000000,0.000000,0.000000,24.120000,24.120000,21.032787,24.120000,14.032787,17.120000,7.000000,7.000000,7.000000,0.000,0.000000,0.000000,0.000000,2,2,164,0,'2016-07-23 18:40:08','0000-00-00 00:00:00',1,'2016-07-23 16:22:10','2016-07-23 18:40:08'),(172,'AVPNVOYLC',1,1,5,1,181,212,1,180,180,2,'1ad6b5bef3797f8a3b0d164bfe379daa','eBay PayPal 757',1.000000,'ebay',0,0,'',0,'',0.000000,0.000000,0.000000,2.910000,2.910000,2.619672,2.910000,1.319672,1.610000,1.300000,1.300000,1.300000,22.000,0.000000,0.000000,0.000000,2,2,165,0,'2016-07-23 19:29:36','0000-00-00 00:00:00',1,'2016-07-23 16:49:19','2016-07-23 19:29:36'),(173,'OWMLWMYGH',1,1,5,1,182,213,1,181,181,2,'1da55782db6d4684bcec3c3f4d517979','eBay PayPal 743',1.000000,'ebay',0,0,'',0,'',0.000000,0.000000,0.000000,4.080000,4.080000,3.578689,4.080000,2.278689,2.780000,1.300000,1.300000,1.300000,22.000,0.000000,0.000000,0.000000,2,2,166,0,'2016-07-24 02:45:10','0000-00-00 00:00:00',1,'2016-07-21 14:06:16','2016-07-24 02:45:10'),(174,'EXCHMHKWG',1,1,5,1,183,214,1,182,182,2,'b7ce8b0796e319c22ad7ee7cc40328a0','eBay PayPal 758',1.000000,'ebay',0,0,'',0,'',0.000000,0.000000,0.000000,3.980000,3.980000,3.496721,3.980000,2.196721,2.680000,1.300000,1.300000,1.300000,22.000,0.000000,0.000000,0.000000,2,2,167,0,'2016-07-25 01:45:48','0000-00-00 00:00:00',1,'2016-07-24 23:01:25','2016-07-25 01:45:48'),(175,'MFTDSBDYD',1,1,5,1,184,215,1,183,183,2,'d21fea8017abc8bea38deb1e4bc24762','eBay PayPal 759',1.000000,'ebay',0,0,'',0,'',0.000000,0.000000,0.000000,4.510000,4.510000,3.931148,4.510000,2.631148,3.210000,1.300000,1.300000,1.300000,22.000,0.000000,0.000000,0.000000,2,2,168,0,'2016-07-25 14:34:20','0000-00-00 00:00:00',1,'2016-07-25 12:05:01','2016-07-25 14:34:20'),(176,'RIQVJMZPC',1,1,5,1,185,216,1,184,184,2,'19931d3803e960c983e203125df64904','eBay PayPal 762',1.000000,'ebay',0,0,'',0,'',0.000000,0.000000,0.000000,8.590000,8.590000,7.509836,8.590000,4.909836,5.990000,2.600000,2.600000,2.600000,22.000,0.000000,0.000000,0.000000,2,2,169,0,'2016-07-25 15:42:45','0000-00-00 00:00:00',1,'2016-07-25 13:40:09','2016-07-25 15:42:45'),(177,'AJVOIJYTF',1,1,5,1,186,217,1,185,185,2,'a5ec47fd6df0cb7346c98144c63fda17','eBay PayPal 763',1.000000,'ebay',0,0,'',0,'',0.000000,0.000000,0.000000,3.980000,3.980000,3.496721,3.980000,2.196721,2.680000,1.300000,1.300000,1.300000,22.000,0.000000,0.000000,0.000000,2,2,170,0,'2016-07-26 13:08:45','0000-00-00 00:00:00',1,'2016-07-26 10:55:49','2016-07-26 13:08:45'),(178,'ZNZJUSMRG',1,1,5,1,187,218,1,186,186,2,'70cfb4775f14c692bfc83ab2c8a84f3e','eBay PayPal 764',1.000000,'ebay',0,0,'',0,'',0.000000,0.000000,0.000000,8.680000,8.680000,7.349180,8.680000,6.049180,7.380000,1.300000,1.300000,1.300000,22.000,0.000000,0.000000,0.000000,2,2,171,0,'2016-07-27 00:56:45','0000-00-00 00:00:00',1,'2016-07-26 22:47:14','2016-07-27 00:56:45'),(179,'QBWXZTWRM',1,1,5,1,188,219,1,187,187,2,'8dfb798f2a3c0b5fab96bda17d94324b','eBay PayPal 765',1.000000,'ebay',0,0,'',0,'',0.000000,0.000000,0.000000,2.070000,2.070000,1.877049,2.070000,0.877049,1.070000,1.000000,1.000000,1.000000,22.000,0.000000,0.000000,0.000000,2,2,172,0,'2016-07-27 01:36:57','0000-00-00 00:00:00',1,'2016-07-26 23:21:35','2016-07-27 01:36:57'),(180,'FIXWNBSHS',1,1,5,1,189,220,1,188,188,2,'0107e40801fa03566f179ba809f37393','eBay PayPal 766',1.000000,'ebay',0,0,'',0,'',0.000000,0.000000,0.000000,3.440000,3.440000,3.054098,3.440000,1.754098,2.140000,1.300000,1.300000,1.300000,22.000,0.000000,0.000000,0.000000,2,2,173,0,'2016-07-27 07:53:29','0000-00-00 00:00:00',1,'2016-07-27 05:36:46','2016-07-27 07:53:29'),(181,'UDRNUOHCM',1,1,42,1,190,221,1,189,189,2,'14e6c0a6b166ff1f8a0caadb7a3a9f9e','eBay PayPal 767',1.000000,'ebay',0,0,'',0,'',0.000000,0.000000,0.000000,10.200000,10.200000,8.811475,10.200000,6.311475,7.700000,2.500000,2.500000,2.500000,0.000,0.000000,0.000000,0.000000,2,2,174,0,'2016-07-28 00:13:15','0000-00-00 00:00:00',1,'2016-07-27 22:01:39','2016-07-28 00:13:15'),(182,'TYKDYYPUM',1,1,5,1,191,222,1,190,190,2,'964ec808a389cdf4bf047bbab7ca8e11','eBay PayPal 768',1.000000,'ebay',0,0,'',0,'',0.000000,0.000000,0.000000,6.330000,6.330000,5.422951,6.330000,4.122951,5.030000,1.300000,1.300000,1.300000,22.000,0.000000,0.000000,0.000000,2,2,175,0,'2016-07-28 09:45:27','0000-00-00 00:00:00',1,'2016-07-28 07:22:39','2016-07-28 09:45:28'),(183,'ZCGYWDGSW',1,1,5,1,192,223,1,191,191,2,'2c2c04d98e8457acd9b05329c9cd0f02','eBay PayPal 769',1.000000,'ebay',0,0,'',0,'',0.000000,0.000000,0.000000,3.980000,3.980000,3.496721,3.980000,2.196721,2.680000,1.300000,1.300000,1.300000,22.000,0.000000,0.000000,0.000000,2,2,176,0,'2016-07-28 11:44:46','0000-00-00 00:00:00',1,'2016-07-28 09:26:08','2016-07-28 11:44:46'),(184,'VAHILTOFO',1,1,5,1,193,225,1,192,192,2,'1b05a791b6976567000ff77c6c212ccd','eBay PayPal 770',1.000000,'ebay',0,0,'',0,'',0.000000,0.000000,0.000000,4.510000,4.510000,3.931148,4.510000,2.631148,3.210000,1.300000,1.300000,1.300000,22.000,0.000000,0.000000,0.000000,2,2,177,0,'2016-07-28 15:14:28','0000-00-00 00:00:00',1,'2016-07-28 13:06:22','2016-07-28 15:14:28'),(185,'AWYQLNWDS',1,1,5,1,194,226,1,193,193,2,'a8ed92534a2d65941de8c40b48b0609e','eBay PayPal 771',1.000000,'ebay',0,0,'',0,'',0.000000,0.000000,0.000000,2.910000,2.910000,2.619672,2.910000,1.319672,1.610000,1.300000,1.300000,1.300000,22.000,0.000000,0.000000,0.000000,2,2,178,0,'2016-07-29 11:31:28','0000-00-00 00:00:00',1,'2016-07-29 08:56:54','2016-07-29 11:31:28'),(186,'VCPISDEXZ',1,1,5,1,195,227,1,194,194,2,'dca79dd39313f3f389587ffe48f7202b','eBay PayPal 772',1.000000,'ebay',0,0,'',0,'',0.000000,0.000000,0.000000,5.260000,5.260000,4.545902,5.260000,3.245902,3.960000,1.300000,1.300000,1.300000,22.000,0.000000,0.000000,0.000000,2,2,179,0,'2016-07-29 19:34:41','0000-00-00 00:00:00',1,'2016-07-29 16:49:40','2016-07-29 19:34:41'),(187,'YAGYSMYTV',1,1,32,1,196,228,1,195,195,2,'a8de8b6fa8cb4a7aaf94945f474aa56e','eBay PayPal 773',1.000000,'ebay',0,0,'',0,'',0.000000,0.000000,0.000000,14.380000,14.380000,13.049180,14.380000,6.049180,7.380000,7.000000,7.000000,7.000000,0.000,0.000000,0.000000,0.000000,2,2,180,0,'2016-07-30 00:29:39','0000-00-00 00:00:00',1,'2016-07-29 22:05:56','2016-07-30 00:29:39'),(188,'RHZQADYEN',1,1,5,1,197,229,1,196,196,2,'9c269e2259edb44c049fc58952b9630c','eBay PayPal 774',1.000000,'ebay',0,0,'',0,'',0.000000,0.000000,0.000000,2.690000,2.690000,2.439344,2.690000,1.139344,1.390000,1.300000,1.300000,1.300000,22.000,0.000000,0.000000,0.000000,2,2,181,0,'2016-07-30 13:11:00','0000-00-00 00:00:00',1,'2016-07-30 10:48:41','2016-07-30 13:11:00'),(189,'BXFUPKFDX',1,1,5,1,198,230,1,197,197,2,'880c4b9080e3f53bd93708cf5ef14185','eBay PayPal 775',1.000000,'ebay',0,0,'',0,'',0.000000,0.000000,0.000000,2.910000,2.910000,2.619672,2.910000,1.319672,1.610000,1.300000,1.300000,1.300000,22.000,0.000000,0.000000,0.000000,2,2,182,0,'2016-07-30 15:50:43','0000-00-00 00:00:00',1,'2016-07-30 13:37:17','2016-07-30 15:50:43'),(190,'PMZKKZXEE',1,1,42,1,199,231,1,198,198,2,'4389869bfa9ad50fd66c2348d3a852dc','eBay PayPal 778',1.000000,'ebay',0,0,'',0,'',0.000000,0.000000,0.000000,5.180000,5.180000,4.696721,5.180000,2.196721,2.680000,2.500000,2.500000,2.500000,0.000,0.000000,0.000000,0.000000,2,2,183,0,'2016-07-31 10:13:58','0000-00-00 00:00:00',1,'2016-07-31 07:32:26','2016-07-31 10:13:59'),(191,'QXFZDNGFN',1,1,42,1,200,232,1,199,199,2,'122a475e90ae3dce993eee386f1bc630','eBay PayPal 779',1.000000,'ebay',0,0,'',0,'',0.000000,0.000000,0.000000,10.530000,10.530000,9.081967,10.530000,6.581967,8.030000,2.500000,2.500000,2.500000,0.000,0.000000,0.000000,0.000000,2,2,184,0,'2016-07-31 17:34:11','0000-00-00 00:00:00',1,'2016-07-31 15:05:44','2016-07-31 17:34:11'),(192,'DBHZYTSHJ',1,1,5,1,201,233,1,200,200,2,'5a0e87fd3d950c465ab766b000f26844','eBay PayPal 782',1.000000,'ebay',0,0,'',0,'',0.000000,0.000000,0.000000,4.510000,4.510000,3.931148,4.510000,2.631148,3.210000,1.300000,1.300000,1.300000,22.000,0.000000,0.000000,0.000000,2,2,185,0,'2016-08-01 12:52:39','0000-00-00 00:00:00',1,'2016-08-01 10:14:37','2016-08-01 12:52:39'),(193,'UWADHICQX',1,1,5,1,202,234,1,201,201,2,'36192595c8cf46fe59867d7e8c028ae4','eBay PayPal 783',1.000000,'ebay',0,0,'',0,'',0.000000,0.000000,0.000000,5.040000,5.040000,4.365574,5.040000,3.065574,3.740000,1.300000,1.300000,1.300000,22.000,0.000000,0.000000,0.000000,2,2,186,0,'2016-08-01 16:42:48','0000-00-00 00:00:00',1,'2016-08-01 12:36:21','2016-08-01 16:42:48'),(194,'MYQBTZRRP',1,1,42,1,203,235,1,202,202,2,'3ed172cb9f2fbb220b4d7356dd7aa6b7','eBay PayPal 784',1.000000,'ebay',0,0,'',0,'',0.000000,0.000000,0.000000,7.320000,7.320000,6.450820,7.320000,3.950820,4.820000,2.500000,2.500000,2.500000,0.000,0.000000,0.000000,0.000000,2,2,187,0,'2016-08-01 18:37:32','0000-00-00 00:00:00',1,'2016-08-01 16:26:49','2016-08-01 18:37:32'),(195,'NEXIKENZH',1,1,5,1,204,236,1,203,203,2,'01e18d9cc51884715bcfc92f9e9fa3ac','eBay PayPal 785',1.000000,'ebay',0,0,'',0,'',0.000000,0.000000,0.000000,3.440000,3.440000,3.054098,3.440000,1.754098,2.140000,1.300000,1.300000,1.300000,22.000,0.000000,0.000000,0.000000,2,2,188,0,'2016-08-01 22:22:42','0000-00-00 00:00:00',1,'2016-08-01 20:02:52','2016-08-01 22:22:42'),(196,'HSOVQCEKX',1,1,5,1,205,237,1,204,204,2,'16f5e35c23674fbb49de2801b9012aba','eBay PayPal 788',1.000000,'ebay',0,0,'',0,'',0.000000,0.000000,0.000000,8.180000,8.180000,7.119672,8.180000,4.819672,5.880000,2.300000,2.300000,2.300000,22.000,0.000000,0.000000,0.000000,2,2,189,0,'2016-08-02 11:56:12','0000-00-00 00:00:00',1,'2016-08-02 06:42:30','2016-08-02 11:56:13'),(197,'BSFOIJHJH',1,1,5,1,206,239,1,205,205,2,'71082c4e18258f81f8902eb16956d233','eBay PayPal 791',1.000000,'ebay',0,0,'',0,'',0.000000,0.000000,0.000000,10.180000,10.180000,8.578689,10.180000,7.278689,8.880000,1.300000,1.300000,1.300000,22.000,0.000000,0.000000,0.000000,2,2,190,0,'2016-08-02 17:56:43','0000-00-00 00:00:00',1,'2016-08-02 14:07:15','2016-08-02 17:56:43'),(198,'NESCYRFXS',1,1,5,1,207,240,1,206,206,2,'52ca2f29138c21359aad1bfde4ba879f','eBay PayPal 792',1.000000,'ebay',0,0,'',0,'',0.000000,0.000000,0.000000,2.690000,2.690000,2.439344,2.690000,1.139344,1.390000,1.300000,1.300000,1.300000,22.000,0.000000,0.000000,0.000000,2,2,191,0,'2016-08-02 18:28:20','0000-00-00 00:00:00',1,'2016-08-02 15:57:28','2016-08-02 18:28:20'),(199,'JKRIKQPQL',1,1,5,1,208,241,1,207,207,2,'226e468978c0a7d28a3818a5c2130ff9','eBay PayPal 790',1.000000,'ebay',0,0,'',0,'',0.000000,0.000000,0.000000,5.040000,5.040000,4.365574,5.040000,3.065574,3.740000,1.300000,1.300000,1.300000,22.000,0.000000,0.000000,0.000000,2,2,192,0,'2016-08-02 18:28:21','0000-00-00 00:00:00',1,'2016-08-02 12:37:41','2016-08-02 18:28:21'),(200,'IZAAJOZEY',1,1,42,1,209,242,1,208,208,2,'ce5664a2e6ad0c42df38273f72820915','eBay PayPal 793',1.000000,'ebay',0,0,'',0,'',0.000000,0.000000,0.000000,6.030000,6.030000,5.393443,6.030000,2.893443,3.530000,2.500000,2.500000,2.500000,0.000,0.000000,0.000000,0.000000,2,2,193,0,'2016-08-02 21:06:00','0000-00-00 00:00:00',1,'2016-08-02 18:40:37','2016-08-02 21:06:00'),(201,'QTZLTRPHT',1,1,5,1,210,243,1,209,209,2,'5e9a2608350bc6b74e313cdc632a002c','eBay PayPal 794',1.000000,'ebay',0,0,'',0,'',0.000000,0.000000,0.000000,4.940000,4.940000,4.283607,4.940000,2.983607,3.640000,1.300000,1.300000,1.300000,22.000,0.000000,0.000000,0.000000,2,2,194,0,'2016-08-03 15:04:50','0000-00-00 00:00:00',1,'2016-08-03 12:00:46','2016-08-03 15:04:50'),(202,'LDMFQZGNH',1,1,42,1,211,245,1,210,210,2,'84d8371d796560c0c242ffc89f867639','eBay PayPal 795',1.000000,'ebay',0,0,'',0,'',0.000000,0.000000,0.000000,10.960000,10.960000,9.416393,10.960000,7.016393,8.560000,2.400000,2.400000,2.400000,0.000,0.000000,0.000000,0.000000,2,2,195,0,'2016-08-03 19:50:36','0000-00-00 00:00:00',1,'2016-08-03 17:38:33','2016-08-03 19:50:36'),(203,'XUXRESFJN',1,1,5,1,212,246,1,211,211,2,'b843ffa29e3cb07187e8b6f1f3ce43fe','eBay PayPal 796',1.000000,'ebay',0,0,'',0,'',0.000000,0.000000,0.000000,4.510000,4.510000,3.931148,4.510000,2.631148,3.210000,1.300000,1.300000,1.300000,22.000,0.000000,0.000000,0.000000,2,2,196,0,'2016-08-04 10:08:37','0000-00-00 00:00:00',1,'2016-08-04 07:29:26','2016-08-04 10:08:37'),(204,'WWQAVFVNA',1,1,32,1,213,247,1,212,212,2,'1cd413f28603a8ee927916b1d27c1aac','eBay PayPal 797',1.000000,'ebay',0,0,'',0,'',0.000000,0.000000,0.000000,10.740000,10.740000,10.065574,10.740000,3.065574,3.740000,7.000000,7.000000,7.000000,0.000,0.000000,0.000000,0.000000,2,2,197,0,'2016-08-05 08:09:36','0000-00-00 00:00:00',1,'2016-08-04 21:13:04','2016-08-05 08:09:36'),(205,'NFEKKDJNN',1,1,5,1,214,248,1,213,213,2,'36b05e1e9d8a07f217220b200bf32286','eBay PayPal 798',1.000000,'ebay',0,0,'',0,'',0.000000,0.000000,0.000000,18.420000,18.420000,15.332787,18.420000,14.032787,17.120000,1.300000,1.300000,1.300000,22.000,0.000000,0.000000,0.000000,2,2,198,0,'2016-08-05 15:05:51','0000-00-00 00:00:00',1,'2016-08-05 12:40:40','2016-08-05 15:05:51'),(206,'MKKTXSQLN',1,1,5,1,215,249,1,214,214,2,'5d3cd5f12b8bd53be337ab4397eda6ed','eBay PayPal 799',1.000000,'ebay',0,0,'',0,'',0.000000,0.000000,0.000000,2.910000,2.910000,2.619672,2.910000,1.319672,1.610000,1.300000,1.300000,1.300000,22.000,0.000000,0.000000,0.000000,2,2,199,0,'2016-08-05 15:05:52','0000-00-00 00:00:00',1,'2016-08-05 12:47:59','2016-08-05 15:05:52'),(207,'FJWIFBOQV',1,1,5,1,216,251,1,215,215,2,'2b3859bbc38963315bd73e6b413b6915','eBay PayPal 801',1.000000,'ebay',0,0,'',0,'',0.000000,0.000000,0.000000,508.720000,508.720000,418.245902,508.720000,411.245902,501.720000,7.000000,7.000000,7.000000,22.000,0.000000,0.000000,0.000000,2,2,200,0,'2016-08-06 14:24:18','0000-00-00 00:00:00',1,'2016-08-06 12:22:32','2016-08-06 14:24:18'),(208,'KQTWZRFNI',1,1,5,1,217,252,1,216,216,2,'321059f243f6657be10ed413aba9d0d3','eBay PayPal 802',1.000000,'ebay',0,0,'',0,'',0.000000,0.000000,0.000000,4.510000,4.510000,3.931148,4.510000,2.631148,3.210000,1.300000,1.300000,1.300000,22.000,0.000000,0.000000,0.000000,2,2,201,0,'2016-08-06 18:25:25','0000-00-00 00:00:00',1,'2016-08-06 16:04:29','2016-08-06 18:25:25'),(209,'NVAGNWIUJ',1,1,42,1,180,253,1,179,179,2,'363018537af4b9dc29210b6daf28d866','eBay PayPal 803',1.000000,'ebay',0,0,'',0,'',0.000000,0.000000,0.000000,13.100000,13.100000,11.170492,13.100000,8.770492,10.700000,2.400000,2.400000,2.400000,0.000,0.000000,0.000000,0.000000,2,2,202,0,'2016-08-06 23:17:03','0000-00-00 00:00:00',1,'2016-08-06 20:57:28','2016-08-06 23:17:03'),(210,'IMGTBKHQV',1,1,5,1,218,254,1,217,217,2,'d262a50ffc4b62380ef5f1240a556dc5','eBay PayPal 806',1.000000,'ebay',0,0,'',0,'',0.000000,0.000000,0.000000,5.040000,5.040000,4.365574,5.040000,3.065574,3.740000,1.300000,1.300000,1.300000,22.000,0.000000,0.000000,0.000000,2,2,203,0,'2016-08-07 18:14:08','0000-00-00 00:00:00',1,'2016-08-07 15:36:58','2016-08-07 18:14:08'),(211,'BDQHCJLZT',1,1,42,1,219,255,1,218,218,2,'fb6ea803fffde9fe69a71e4f53468e52','eBay PayPal 813',1.000000,'ebay',0,0,'',0,'',0.000000,0.000000,0.000000,4.400000,4.400000,4.039344,4.400000,1.639344,2.000000,2.400000,2.400000,2.400000,0.000,0.000000,0.000000,0.000000,2,2,204,0,'2016-08-07 21:04:03','0000-00-00 00:00:00',1,'2016-08-07 17:48:20','2016-08-07 21:04:03'),(212,'KTKWHBYRD',1,1,5,1,220,256,1,219,219,2,'4ee30e947aa0cc40755f41fe7aad5f9a','eBay PayPal 804',1.000000,'ebay',0,0,'',0,'',0.000000,0.000000,0.000000,3.440000,3.440000,3.054098,3.440000,1.754098,2.140000,1.300000,1.300000,1.300000,22.000,0.000000,0.000000,0.000000,2,2,205,0,'2016-08-08 10:38:14','0000-00-00 00:00:00',1,'2016-08-07 00:53:40','2016-08-08 10:38:14'),(213,'EZKKXQVSY',1,1,5,1,221,257,1,220,220,2,'3e016dff34b6d761e67a3d278b2e856b','eBay PayPal 814',1.000000,'ebay',0,0,'',0,'',0.000000,0.000000,0.000000,2.690000,2.690000,2.439344,2.690000,1.139344,1.390000,1.300000,1.300000,1.300000,22.000,0.000000,0.000000,0.000000,2,2,206,0,'2016-08-08 11:10:23','0000-00-00 00:00:00',1,'2016-08-08 08:40:10','2016-08-08 11:10:23'),(214,'WOEOSVBOY',1,1,5,1,222,258,1,221,221,2,'de922002d9e51162ae1ecd9d5ec01be7','eBay PayPal 815',1.000000,'ebay',0,0,'',0,'',0.000000,0.000000,0.000000,2.910000,2.910000,2.619672,2.910000,1.319672,1.610000,1.300000,1.300000,1.300000,22.000,0.000000,0.000000,0.000000,2,2,207,0,'2016-08-08 14:53:58','0000-00-00 00:00:00',1,'2016-08-08 12:40:42','2016-08-08 14:53:58'),(215,'XNIZPCCHR',1,1,5,1,223,259,1,222,222,2,'c3f3d33b7ffac420c6a12ec473697f58','eBay PayPal 816',1.000000,'ebay',0,0,'',0,'',0.000000,0.000000,0.000000,5.040000,5.040000,4.365574,5.040000,3.065574,3.740000,1.300000,1.300000,1.300000,22.000,0.000000,0.000000,0.000000,2,2,208,0,'2016-08-08 21:07:06','0000-00-00 00:00:00',1,'2016-08-08 18:41:09','2016-08-08 21:07:06'),(216,'MEQWQRYFZ',1,1,32,1,224,260,1,223,223,2,'d6b66d602f64ee5915d142d62e6a1017','eBay PayPal 817',1.000000,'ebay',0,0,'',0,'',0.000000,0.000000,0.000000,8.390000,8.390000,8.139344,8.390000,1.139344,1.390000,7.000000,7.000000,7.000000,0.000,0.000000,0.000000,0.000000,2,2,209,0,'2016-08-08 23:29:03','0000-00-00 00:00:00',1,'2016-08-08 20:55:42','2016-08-08 23:29:03'),(217,'PESWXTLLM',1,1,5,1,225,261,1,224,224,2,'2ac0901bf944100bc29ec22a19248dbc','eBay PayPal 818',1.000000,'ebay',0,0,'',0,'',0.000000,0.000000,0.000000,4.140000,4.140000,3.754098,4.140000,1.754098,2.140000,2.000000,2.000000,2.000000,22.000,0.000000,0.000000,0.000000,2,2,210,0,'2016-08-09 17:03:37','0000-00-00 00:00:00',1,'2016-08-09 14:24:41','2016-08-09 17:03:37'),(218,'SFADWHGNN',1,1,5,1,226,262,1,225,225,2,'e527cea09e60deb6d64dc740b945bebb','eBay PayPal 805',1.000000,'ebay',0,0,'',0,'',0.000000,0.000000,0.000000,2.690000,2.690000,2.439344,2.690000,1.139344,1.390000,1.300000,1.300000,1.300000,22.000,0.000000,0.000000,0.000000,2,2,211,0,'2016-08-09 18:30:07','0000-00-00 00:00:00',1,'2016-08-07 12:08:14','2016-08-09 18:30:07'),(219,'CSDHMNVNR',1,1,42,1,227,263,1,226,226,2,'5bb2da96587cd6ab10f5e9886cebeb0f','eBay PayPal 819',1.000000,'ebay',0,0,'',0,'',0.000000,0.000000,0.000000,5.710000,5.710000,5.131148,5.710000,2.631148,3.210000,2.500000,2.500000,2.500000,0.000,0.000000,0.000000,0.000000,2,2,212,0,'2016-08-10 10:38:00','0000-00-00 00:00:00',1,'2016-08-10 08:04:07','2016-08-10 10:38:00'),(220,'BXUZXZJHS',1,1,42,1,228,264,1,227,227,2,'be14ed7d3716ba233cc9d993f3c751e1','eBay PayPal 820',1.000000,'ebay',0,0,'',0,'',0.000000,0.000000,0.000000,8.580000,8.580000,7.465574,8.580000,5.065574,6.180000,2.400000,2.400000,2.400000,0.000,0.000000,0.000000,0.000000,2,2,213,0,'2016-08-10 12:50:53','0000-00-00 00:00:00',1,'2016-08-10 10:41:18','2016-08-10 12:50:53'),(221,'MPTCWRQWZ',1,1,5,1,229,265,1,228,228,2,'d246d64f859a99f9a3317986978bcbd4','eBay PayPal 821',1.000000,'ebay',0,0,'',0,'',0.000000,0.000000,0.000000,3.440000,3.440000,3.054098,3.440000,1.754098,2.140000,1.300000,1.300000,1.300000,22.000,0.000000,0.000000,0.000000,2,2,214,0,'2016-08-11 12:30:52','0000-00-00 00:00:00',1,'2016-08-11 09:54:21','2016-08-11 12:30:52'),(222,'DNVZSBCDA',1,1,5,1,230,267,1,229,229,2,'6a3e64eff5ffd466965f9399d634476b','eBay PayPal 822',1.000000,'ebay',0,0,'',0,'',0.000000,0.000000,0.000000,17.280000,17.280000,14.578689,17.280000,12.278689,14.980000,2.300000,2.300000,2.300000,22.000,0.000000,0.000000,0.000000,2,2,215,0,'2016-08-11 19:40:26','0000-00-00 00:00:00',1,'2016-08-11 16:58:26','2016-08-11 19:40:26'),(223,'NSOVMBUDX',1,1,5,1,231,268,1,230,230,2,'9acedfdd4c8dc5e417604f56361b20df','eBay PayPal 823',1.000000,'ebay',0,0,'',0,'',0.000000,0.000000,0.000000,5.040000,5.040000,4.365574,5.040000,3.065574,3.740000,1.300000,1.300000,1.300000,22.000,0.000000,0.000000,0.000000,2,2,216,0,'2016-08-11 20:49:50','0000-00-00 00:00:00',1,'2016-08-11 18:46:52','2016-08-11 20:49:50'),(224,'NPHSDXFNY',1,1,42,1,232,269,1,231,231,2,'a8e3b680659b347f52de294e42fd190e','eBay PayPal 824',1.000000,'ebay',0,0,'',0,'',0.000000,0.000000,0.000000,14.820000,14.820000,13.103279,14.820000,7.803279,9.520000,5.300000,5.300000,5.300000,0.000,0.000000,0.000000,0.000000,2,2,217,0,'2016-08-12 00:16:42','0000-00-00 00:00:00',1,'2016-08-11 22:13:14','2016-08-12 00:16:42'),(225,'UJPJOBYTF',1,1,42,1,233,270,1,232,232,2,'935c46fdac220565d7c35761eae94bc9','eBay PayPal 825',1.000000,'ebay',0,0,'',0,'',0.000000,0.000000,0.000000,4.400000,4.400000,4.039344,4.400000,1.639344,2.000000,2.400000,2.400000,2.400000,0.000,0.000000,0.000000,0.000000,2,2,218,0,'2016-08-12 07:18:24','0000-00-00 00:00:00',1,'2016-08-12 04:51:44','2016-08-12 07:18:24'),(226,'QRBKSQRUL',1,1,5,1,234,271,1,233,233,2,'bb335c41544b302d903038a2749f5fd2','eBay PayPal 826',1.000000,'ebay',0,0,'',0,'',0.000000,0.000000,0.000000,5.040000,5.040000,4.365574,5.040000,3.065574,3.740000,1.300000,1.300000,1.300000,22.000,0.000000,0.000000,0.000000,2,2,219,0,'2016-08-12 11:18:57','0000-00-00 00:00:00',1,'2016-08-12 08:34:54','2016-08-12 11:18:57'),(227,'JYYPNYTXN',1,1,5,1,235,272,1,234,234,2,'563d09f5705a2109966e8cfbe2ffe3ec','eBay PayPal 827',1.000000,'ebay',0,0,'',0,'',0.000000,0.000000,0.000000,15.210000,15.210000,12.701639,15.210000,11.401639,13.910000,1.300000,1.300000,1.300000,22.000,0.000000,0.000000,0.000000,2,2,220,0,'2016-08-12 11:18:59','0000-00-00 00:00:00',1,'2016-08-12 08:57:01','2016-08-12 11:18:59'),(228,'OYXLFLCBT',1,1,5,1,236,273,1,235,235,2,'f93d65d23c993817bd501e3ef77da463','eBay PayPal 828',1.000000,'ebay',0,0,'',0,'',0.000000,0.000000,0.000000,5.470000,5.470000,4.718033,5.470000,3.418033,4.170000,1.300000,1.300000,1.300000,22.000,0.000000,0.000000,0.000000,2,2,221,0,'2016-08-12 11:19:00','0000-00-00 00:00:00',1,'2016-08-12 09:10:58','2016-08-12 11:19:01'),(229,'OIHHPSDOR',1,1,5,1,237,274,1,236,236,2,'3a650edafb3db283b1d2f325840a6bb3','eBay PayPal 829',1.000000,'ebay',0,0,'',0,'',0.000000,0.000000,0.000000,4.940000,4.940000,4.283607,4.940000,2.983607,3.640000,1.300000,1.300000,1.300000,22.000,0.000000,0.000000,0.000000,2,2,222,0,'2016-08-12 15:09:20','0000-00-00 00:00:00',1,'2016-08-12 12:37:50','2016-08-12 15:09:20'),(230,'EHVRAQRON',1,1,43,1,238,275,1,237,237,10,'9dead641793f0bed20e0d11742b0504b','Bonifico bancario',1.000000,'bankwire',0,0,'',0,'',0.000000,0.000000,0.000000,27.500000,27.500000,23.800000,0.000000,16.800000,20.500000,7.000000,7.000000,7.000000,0.000,0.000000,0.000000,0.000000,2,2,0,0,'0000-00-00 00:00:00','0000-00-00 00:00:00',0,'2016-08-12 18:47:54','2016-08-12 18:47:55'),(231,'UJTXQLKDF',1,1,42,1,13,276,1,14,14,2,'b077d6407b5479d4cb622bebbe6e3681','eBay PayPal 830',1.000000,'ebay',0,0,'',0,'',0.000000,0.000000,0.000000,6.030000,6.030000,5.393443,6.030000,2.893443,3.530000,2.500000,2.500000,2.500000,0.000,0.000000,0.000000,0.000000,2,2,223,0,'2016-08-13 18:07:17','0000-00-00 00:00:00',1,'2016-08-13 13:52:00','2016-08-13 18:07:17'),(232,'CPMVZCGBP',1,1,42,1,239,277,1,238,238,2,'b6272628d19eb228414f490805b10e6c','eBay PayPal 831',1.000000,'ebay',0,0,'',0,'',0.000000,0.000000,0.000000,12.030000,12.030000,10.293443,12.030000,7.893443,9.630000,2.400000,2.400000,2.400000,0.000,0.000000,0.000000,0.000000,2,2,224,0,'2016-08-15 15:13:40','0000-00-00 00:00:00',1,'2016-08-15 12:30:51','2016-08-15 15:13:41'),(233,'WRJVGGGVP',1,1,5,1,240,278,1,239,239,2,'854f509c89a49706267511b613e19f5d','eBay PayPal 832',1.000000,'ebay',0,0,'',0,'',0.000000,0.000000,0.000000,3.440000,3.440000,3.054098,3.440000,1.754098,2.140000,1.300000,1.300000,1.300000,22.000,0.000000,0.000000,0.000000,2,2,225,0,'2016-08-16 19:46:34','0000-00-00 00:00:00',1,'2016-08-16 17:41:50','2016-08-16 19:46:34'),(234,'ERUFCSKMA',1,1,5,1,241,279,1,240,240,2,'2fedbef64bc9f8730490bcd564ad19a5','eBay PayPal 833',1.000000,'ebay',0,0,'',0,'',0.000000,0.000000,0.000000,10.930000,10.930000,9.193443,10.930000,7.893443,9.630000,1.300000,1.300000,1.300000,22.000,0.000000,0.000000,0.000000,2,2,226,0,'2016-08-16 22:07:54','0000-00-00 00:00:00',1,'2016-08-16 19:55:29','2016-08-16 22:07:54'),(235,'JLEFOILEV',1,1,42,1,243,281,1,242,242,2,'da88342e3a39b760e22e05457bcf63b5','eBay PayPal 834',1.000000,'ebay',0,0,'',0,'',0.000000,0.000000,0.000000,11.920000,11.920000,10.203279,11.920000,7.803279,9.520000,2.400000,2.400000,2.400000,0.000,0.000000,0.000000,0.000000,2,2,227,0,'2016-08-17 17:22:28','0000-00-00 00:00:00',1,'2016-08-17 14:48:29','2016-08-17 17:22:28'),(236,'KPDTGAYMR',1,1,5,1,244,282,1,243,243,2,'8233c3fbe4a5d23e89a2118c348be7b9','eBay PayPal 835',1.000000,'ebay',0,0,'',0,'',0.000000,0.000000,0.000000,6.120000,6.120000,5.250820,6.120000,3.950820,4.820000,1.300000,1.300000,1.300000,22.000,0.000000,0.000000,0.000000,2,2,228,0,'2016-08-17 17:22:30','0000-00-00 00:00:00',1,'2016-08-17 15:02:54','2016-08-17 17:22:30'),(237,'UIIBHSVTN',1,1,5,1,245,283,1,244,244,2,'c8ff76e991f36266a29dec66a10a9127','eBay PayPal 836',1.000000,'ebay',0,0,'',0,'',0.000000,0.000000,0.000000,6.970000,6.970000,5.947541,6.970000,4.647541,5.670000,1.300000,1.300000,1.300000,22.000,0.000000,0.000000,0.000000,2,2,229,0,'2016-08-17 22:28:59','0000-00-00 00:00:00',1,'2016-08-17 19:58:36','2016-08-17 22:28:59'),(238,'DTLIYVLCM',1,1,5,1,246,284,1,245,245,2,'d87cf3acd019a32e427e3a76d7230e97','eBay PayPal 837',1.000000,'ebay',0,0,'',0,'',0.000000,0.000000,0.000000,6.650000,6.650000,5.685246,6.650000,4.385246,5.350000,1.300000,1.300000,1.300000,22.000,0.000000,0.000000,0.000000,2,2,230,0,'2016-08-18 15:12:42','0000-00-00 00:00:00',1,'2016-08-18 13:01:36','2016-08-18 15:12:42'),(239,'OEDCJBNKM',1,1,42,1,247,285,1,246,246,2,'118d15783ad89e60751b0f07dfe964b1','eBay PayPal 838',1.000000,'ebay',0,0,'',0,'',0.000000,0.000000,0.000000,4.540000,4.540000,4.154098,4.540000,1.754098,2.140000,2.400000,2.400000,2.400000,0.000,0.000000,0.000000,0.000000,2,2,231,0,'2016-08-18 17:42:51','0000-00-00 00:00:00',1,'2016-08-18 14:29:09','2016-08-18 17:42:52'),(240,'BJJEPBXYT',1,1,5,1,141,286,1,140,140,2,'f9c10a155203ee9e74e18417cf0495e8','eBay PayPal 839',1.000000,'ebay',0,0,'',0,'',0.000000,0.000000,0.000000,4.080000,4.080000,3.578689,4.080000,2.278689,2.780000,1.300000,1.300000,1.300000,22.000,0.000000,0.000000,0.000000,2,2,232,0,'2016-08-18 17:42:53','0000-00-00 00:00:00',1,'2016-08-18 15:35:12','2016-08-18 17:42:53'),(241,'PWQVWFJVG',1,1,5,1,248,287,1,247,247,2,'ff38732947b6d8377fe8ab72368efa15','eBay PayPal 840',1.000000,'ebay',0,0,'',0,'',0.000000,0.000000,0.000000,9.360000,9.360000,8.086885,9.360000,5.786885,7.060000,2.300000,2.300000,2.300000,22.000,0.000000,0.000000,0.000000,2,2,233,0,'2016-08-18 19:39:34','0000-00-00 00:00:00',1,'2016-08-18 16:45:07','2016-08-18 19:39:34'),(242,'UKDMPVJFW',1,1,5,1,249,288,1,248,248,2,'a9c6a68c070fc4d7d61ab34bb7a0d63c','eBay PayPal 841',1.000000,'ebay',0,0,'',0,'',0.000000,0.000000,0.000000,6.650000,6.650000,5.685246,6.650000,4.385246,5.350000,1.300000,1.300000,1.300000,22.000,0.000000,0.000000,0.000000,2,2,234,0,'2016-08-18 19:39:36','0000-00-00 00:00:00',1,'2016-08-18 17:01:08','2016-08-18 19:39:36'),(243,'PPPSODSJM',1,1,5,1,250,289,1,249,249,2,'5d88e1488e22fe6957574750a2410184','eBay PayPal 842',1.000000,'ebay',0,0,'',0,'',0.000000,0.000000,0.000000,2.910000,2.910000,2.619672,2.910000,1.319672,1.610000,1.300000,1.300000,1.300000,22.000,0.000000,0.000000,0.000000,2,2,235,0,'2016-08-18 23:38:21','0000-00-00 00:00:00',1,'2016-08-18 20:12:31','2016-08-18 23:38:21'),(244,'VRVRTSHOF',1,1,5,1,251,290,1,250,250,2,'1626c13522522b532bd143b70bbc3702','eBay PayPal 843',1.000000,'ebay',0,0,'',0,'',0.000000,0.000000,0.000000,4.510000,4.510000,3.931148,4.510000,2.631148,3.210000,1.300000,1.300000,1.300000,22.000,0.000000,0.000000,0.000000,2,2,236,0,'2016-08-19 11:15:18','0000-00-00 00:00:00',1,'2016-08-19 08:07:08','2016-08-19 11:15:18'),(245,'LFJDVOSKA',1,1,42,1,252,291,1,251,251,2,'67c5d302e6dc724dbffdc8f662f3e36d','eBay PayPal 844',1.000000,'ebay',0,0,'',0,'',0.000000,0.000000,0.000000,6.140000,6.140000,5.465574,6.140000,3.065574,3.740000,2.400000,2.400000,2.400000,0.000,0.000000,0.000000,0.000000,2,2,237,0,'2016-08-19 11:15:38','0000-00-00 00:00:00',1,'2016-08-19 08:54:12','2016-08-19 11:15:40'),(246,'JBLOOFLEC',1,1,5,1,252,292,1,251,251,2,'67c5d302e6dc724dbffdc8f662f3e36d','eBay PayPal 845',1.000000,'ebay',0,0,'',0,'',0.000000,0.000000,0.000000,4.830000,4.830000,4.193443,4.830000,2.893443,3.530000,1.300000,1.300000,1.300000,22.000,0.000000,0.000000,0.000000,2,2,238,0,'2016-08-19 11:50:42','0000-00-00 00:00:00',1,'2016-08-19 09:33:50','2016-08-19 11:50:42'),(247,'REZKJQDHR',1,1,5,1,254,294,1,253,253,2,'b6c1eacaf4c5ea53ff75a561a0bfaae8','eBay PayPal 847',1.000000,'ebay',0,0,'',0,'',0.000000,0.000000,0.000000,9.000000,9.000000,7.611475,9.000000,6.311475,7.700000,1.300000,1.300000,1.300000,22.000,0.000000,0.000000,0.000000,2,2,239,0,'2016-08-19 19:25:35','0000-00-00 00:00:00',1,'2016-08-19 16:50:55','2016-08-19 19:25:35'),(248,'APWEVHXJN',1,1,42,1,256,296,1,255,255,2,'6faef7f2560f7e7a3b60b4694aa78578','eBay PayPal 849',1.000000,'ebay',0,0,'',0,'',0.000000,0.000000,0.000000,14.820000,14.820000,13.103279,14.820000,7.803279,9.520000,5.300000,5.300000,5.300000,0.000,0.000000,0.000000,0.000000,2,2,240,0,'2016-08-19 21:52:54','0000-00-00 00:00:00',1,'2016-08-19 19:21:15','2016-08-19 21:52:54'),(249,'MSXLBIJDR',1,1,42,1,257,297,1,256,256,2,'da1016c546c12bad2a4d04ca74e660c6','eBay PayPal 846',1.000000,'ebay',0,0,'',0,'',0.000000,0.000000,0.000000,6.030000,6.030000,5.393443,6.030000,2.893443,3.530000,2.500000,2.500000,2.500000,0.000,0.000000,0.000000,0.000000,2,2,241,0,'2016-08-20 11:10:47','0000-00-00 00:00:00',1,'2016-08-19 14:27:14','2016-08-20 11:10:47'),(250,'WZBPAGRYP',1,1,5,1,258,298,1,257,257,2,'3c7a4834dfdb50d2d9682b369076a2b7','eBay PayPal 850',1.000000,'ebay',0,0,'',0,'',0.000000,0.000000,0.000000,6.860000,6.860000,5.857377,6.860000,4.557377,5.560000,1.300000,1.300000,1.300000,22.000,0.000000,0.000000,0.000000,2,2,242,0,'2016-08-20 12:24:41','0000-00-00 00:00:00',1,'2016-08-20 09:54:01','2016-08-20 12:24:41'),(251,'ISOEFLXPP',1,1,5,1,259,299,1,258,258,2,'9bc6a292592dce5253b198df523a3578','eBay PayPal 851',1.000000,'ebay',0,0,'',0,'',0.000000,0.000000,0.000000,3.440000,3.440000,3.054098,3.440000,1.754098,2.140000,1.300000,1.300000,1.300000,22.000,0.000000,0.000000,0.000000,2,2,243,0,'2016-08-20 15:39:52','0000-00-00 00:00:00',1,'2016-08-20 13:08:38','2016-08-20 15:39:52'),(252,'AGXEQFYAD',1,1,5,1,260,300,1,259,259,2,'081f62cd24110f709d724df383fc0b40','eBay PayPal 852',1.000000,'ebay',0,0,'',0,'',0.000000,0.000000,0.000000,4.080000,4.080000,3.578689,4.080000,2.278689,2.780000,1.300000,1.300000,1.300000,22.000,0.000000,0.000000,0.000000,2,2,244,0,'2016-08-20 18:29:58','0000-00-00 00:00:00',1,'2016-08-20 16:06:58','2016-08-20 18:29:58'),(253,'FVFTYJTMX',1,1,5,1,261,301,1,260,260,2,'721ceeeeaf328dc97c2fdaf6671a5035','eBay PayPal 853',1.000000,'ebay',0,0,'',0,'',0.000000,0.000000,0.000000,5.470000,5.470000,4.718033,5.470000,3.418033,4.170000,1.300000,1.300000,1.300000,22.000,0.000000,0.000000,0.000000,2,2,245,0,'2016-08-21 11:51:05','0000-00-00 00:00:00',1,'2016-08-21 09:28:44','2016-08-21 11:51:05'),(254,'ZYHWYOWLW',1,1,5,1,262,302,1,261,261,2,'4f3c1883ac900a5f82ec789f474e9afc','eBay PayPal 854',1.000000,'ebay',0,0,'',0,'',0.000000,0.000000,0.000000,2.070000,2.070000,1.877049,2.070000,0.877049,1.070000,1.000000,1.000000,1.000000,22.000,0.000000,0.000000,0.000000,2,2,246,0,'2016-08-21 16:54:34','0000-00-00 00:00:00',1,'2016-08-21 14:23:10','2016-08-21 16:54:34'),(255,'NEMJCYHVN',1,1,42,1,263,303,1,262,262,2,'c52ebdc7de3dc8d1a17b982a68042947','eBay PayPal 855',1.000000,'ebay',0,0,'',0,'',0.000000,0.000000,0.000000,5.610000,5.610000,5.031148,5.610000,2.631148,3.210000,2.400000,2.400000,2.400000,0.000,0.000000,0.000000,0.000000,2,2,247,0,'2016-08-21 16:54:36','0000-00-00 00:00:00',1,'2016-08-21 14:45:01','2016-08-21 16:54:36'),(256,'MSBFKVGCG',1,1,5,1,264,304,1,263,263,2,'619b14fdd406d44e88768c68a14a271f','eBay PayPal 856',1.000000,'ebay',0,0,'',0,'',0.000000,0.000000,0.000000,2.910000,2.910000,2.619672,2.910000,1.319672,1.610000,1.300000,1.300000,1.300000,22.000,0.000000,0.000000,0.000000,2,2,248,0,'2016-08-21 17:25:17','0000-00-00 00:00:00',1,'2016-08-21 15:16:57','2016-08-21 17:25:17'),(257,'ANSFREVXS',1,1,5,1,265,305,1,264,264,2,'0d22e8ca900529921d4f02db5b9da63f','eBay PayPal 857',1.000000,'ebay',0,0,'',0,'',0.000000,0.000000,0.000000,2.580000,2.580000,2.349180,2.580000,1.049180,1.280000,1.300000,1.300000,1.300000,22.000,0.000000,0.000000,0.000000,2,2,249,0,'2016-08-21 22:45:12','0000-00-00 00:00:00',1,'2016-08-21 20:20:27','2016-08-21 22:45:12'),(258,'CGTULMKFY',1,1,5,1,266,306,1,265,265,2,'57f97e88dc0e852f6fea4cbd4f3f5061','eBay PayPal 858',1.000000,'ebay',0,0,'',0,'',0.000000,0.000000,0.000000,3.760000,3.760000,3.316393,3.760000,2.016393,2.460000,1.300000,1.300000,1.300000,22.000,0.000000,0.000000,0.000000,2,2,250,0,'2016-08-22 11:00:14','0000-00-00 00:00:00',1,'2016-08-22 08:26:27','2016-08-22 11:00:14'),(259,'LHVQXWDQT',1,1,5,1,267,307,1,266,266,2,'f81c51a45c47852372e0a0be116d4b45','eBay PayPal 859',1.000000,'ebay',0,0,'',0,'',0.000000,0.000000,0.000000,2.910000,2.910000,2.619672,2.910000,1.319672,1.610000,1.300000,1.300000,1.300000,22.000,0.000000,0.000000,0.000000,2,2,251,0,'2016-08-22 12:02:09','0000-00-00 00:00:00',1,'2016-08-22 09:20:50','2016-08-22 12:02:09'),(260,'OHIJCTOSC',1,1,5,1,269,309,1,268,268,2,'627a5abae16c2787549d4e2f790de319','eBay PayPal 864',1.000000,'ebay',0,0,'',0,'',0.000000,0.000000,0.000000,9.000000,9.000000,7.611475,9.000000,6.311475,7.700000,1.300000,1.300000,1.300000,22.000,0.000000,0.000000,0.000000,2,2,252,0,'2016-08-23 14:11:33','0000-00-00 00:00:00',1,'2016-08-23 11:22:36','2016-08-23 14:11:33'),(261,'WECJRVAGG',1,1,5,1,270,310,1,269,269,2,'b3fd26663b2be359bdb110b7916b047b','eBay PayPal 865',1.000000,'ebay',0,0,'',0,'',0.000000,0.000000,0.000000,3.230000,3.230000,2.881967,3.230000,1.581967,1.930000,1.300000,1.300000,1.300000,22.000,0.000000,0.000000,0.000000,2,2,253,0,'2016-08-23 14:11:35','0000-00-00 00:00:00',1,'2016-08-23 11:34:56','2016-08-23 14:11:35'),(262,'PHMGIMHUF',1,1,5,1,271,311,1,270,270,2,'fdaccc1529498f0ee8f66dc99d211b16','eBay PayPal 866',1.000000,'ebay',0,0,'',0,'',0.000000,0.000000,0.000000,5.580000,5.580000,4.808197,5.580000,3.508197,4.280000,1.300000,1.300000,1.300000,22.000,0.000000,0.000000,0.000000,2,2,254,0,'2016-08-23 18:18:10','0000-00-00 00:00:00',1,'2016-08-23 16:08:39','2016-08-23 18:18:10'),(263,'BBFWLSDHE',1,1,5,1,272,312,1,271,271,2,'5f6bdd8f78c668837bca428fc2368bc1','eBay PayPal 869',1.000000,'ebay',0,0,'',0,'',0.000000,0.000000,0.000000,4.720000,4.720000,4.103279,4.720000,2.803279,3.420000,1.300000,1.300000,1.300000,22.000,0.000000,0.000000,0.000000,2,2,255,0,'2016-08-23 22:32:48','0000-00-00 00:00:00',1,'2016-08-23 20:19:53','2016-08-23 22:32:48'),(264,'BZOSEQBJY',1,1,5,1,273,313,1,272,272,2,'a019ff76c55181298da3af7e898d912e','eBay PayPal 872',1.000000,'ebay',0,0,'',0,'',0.000000,0.000000,0.000000,22.010000,22.010000,19.663934,22.010000,10.663934,13.010000,9.000000,9.000000,9.000000,22.000,0.000000,0.000000,0.000000,2,2,256,0,'2016-08-24 13:01:03','0000-00-00 00:00:00',1,'2016-08-24 09:26:46','2016-08-24 13:01:03'),(265,'DMEZKYGUS',1,1,5,1,274,314,1,273,273,2,'7e8f50df936f8b4ec80dd88efdf311e3','eBay PayPal 873',1.000000,'ebay',0,0,'',0,'',0.000000,0.000000,0.000000,4.080000,4.080000,3.578689,4.080000,2.278689,2.780000,1.300000,1.300000,1.300000,22.000,0.000000,0.000000,0.000000,2,2,257,0,'2016-08-24 14:53:34','0000-00-00 00:00:00',1,'2016-08-24 12:24:48','2016-08-24 14:53:34'),(266,'RUOFDFPAT',1,1,5,1,275,315,1,274,274,2,'909e081d3f16920e99ef9d1319d5da49','eBay PayPal 874',1.000000,'ebay',0,0,'',0,'',0.000000,0.000000,0.000000,4.400000,4.400000,3.840984,4.400000,2.540984,3.100000,1.300000,1.300000,1.300000,22.000,0.000000,0.000000,0.000000,2,2,258,0,'2016-08-24 15:32:31','0000-00-00 00:00:00',1,'2016-08-24 13:14:45','2016-08-24 15:32:31'),(267,'VCADRMTYH',1,1,42,1,47,316,1,48,48,2,'d77eed6a8c79e7f521de4e0fff5caaa7','eBay PayPal 875',1.000000,'ebay',0,0,'',0,'',0.000000,0.000000,0.000000,9.820000,9.820000,8.662295,9.820000,5.262295,6.420000,3.400000,3.400000,3.400000,0.000,0.000000,0.000000,0.000000,2,2,259,0,'2016-08-24 16:05:01','0000-00-00 00:00:00',1,'2016-08-24 13:50:03','2016-08-24 16:05:01'),(268,'EMXJWKTIS',1,1,5,1,276,317,1,275,275,2,'d280f8bb97bad004df96166fcd855569','eBay PayPal 877',1.000000,'ebay',0,0,'',0,'',0.000000,0.000000,0.000000,6.330000,6.330000,5.422951,6.330000,4.122951,5.030000,1.300000,1.300000,1.300000,22.000,0.000000,0.000000,0.000000,2,2,260,0,'2016-08-24 18:43:49','0000-00-00 00:00:00',1,'2016-08-24 16:37:06','2016-08-24 18:43:49'),(269,'TTMTZLQMC',1,1,5,1,277,318,1,276,276,2,'a439754d028443c57883d632f466f26c','eBay PayPal 876',1.000000,'ebay',0,0,'',0,'',0.000000,0.000000,0.000000,4.080000,4.080000,3.578689,4.080000,2.278689,2.780000,1.300000,1.300000,1.300000,22.000,0.000000,0.000000,0.000000,2,2,261,0,'2016-08-24 18:43:50','0000-00-00 00:00:00',1,'2016-08-24 16:34:58','2016-08-24 18:43:50'),(270,'RWVYOOFOP',1,1,5,1,169,319,1,168,168,2,'c5ad33135864d720dc8142829d0202a7','eBay PayPal 878',1.000000,'ebay',0,0,'',0,'',0.000000,0.000000,0.000000,3.440000,3.440000,3.054098,3.440000,1.754098,2.140000,1.300000,1.300000,1.300000,22.000,0.000000,0.000000,0.000000,2,2,262,0,'2016-08-25 10:54:01','0000-00-00 00:00:00',1,'2016-08-25 08:14:11','2016-08-25 10:54:01'),(271,'FUKFJFHTY',1,1,5,1,278,320,1,277,277,2,'cbe06b846ef0ad47e6813e391cba8d66','eBay PayPal 879',1.000000,'ebay',0,0,'',0,'',0.000000,0.000000,0.000000,5.580000,5.580000,4.808197,5.580000,3.508197,4.280000,1.300000,1.300000,1.300000,22.000,0.000000,0.000000,0.000000,2,2,263,0,'2016-08-25 12:21:31','0000-00-00 00:00:00',1,'2016-08-25 10:00:47','2016-08-25 12:21:31'),(272,'AGSTAQFMT',1,1,5,1,279,321,1,278,278,2,'335a4770e9d937d4c847e8db54bc9a31','eBay PayPal 880',1.000000,'ebay',0,0,'',0,'',0.000000,0.000000,0.000000,3.440000,3.440000,3.054098,3.440000,1.754098,2.140000,1.300000,1.300000,1.300000,22.000,0.000000,0.000000,0.000000,2,2,264,0,'2016-08-25 13:01:19','0000-00-00 00:00:00',1,'2016-08-25 10:49:52','2016-08-25 13:01:19'),(273,'HOLVUFMGV',1,1,42,1,280,322,1,279,279,2,'17fb73320f75adea6e77752f5b4aed26','eBay PayPal 881',1.000000,'ebay',0,0,'',0,'',0.000000,0.000000,0.000000,6.240000,6.240000,5.565574,6.240000,3.065574,3.740000,2.500000,2.500000,2.500000,0.000,0.000000,0.000000,0.000000,2,2,265,0,'2016-08-25 19:55:14','0000-00-00 00:00:00',1,'2016-08-25 17:31:20','2016-08-25 19:55:14'),(274,'JRONAKMHL',1,1,42,1,281,323,1,280,280,2,'71c78f0be453d51259a66e3e3a9b4990','eBay PayPal 882',1.000000,'ebay',0,0,'',0,'',0.000000,0.000000,0.000000,4.110000,4.110000,3.819672,4.110000,1.319672,1.610000,2.500000,2.500000,2.500000,0.000,0.000000,0.000000,0.000000,2,2,266,0,'2016-08-25 21:59:42','0000-00-00 00:00:00',1,'2016-08-25 19:30:56','2016-08-25 21:59:42'),(275,'CXUOTCKTY',1,1,5,1,282,324,1,281,281,2,'78a75d6e1d99cb311ee05b948ac7101d','eBay PayPal 868',1.000000,'ebay',0,0,'',0,'',0.000000,0.000000,0.000000,3.980000,3.980000,3.496721,3.980000,2.196721,2.680000,1.300000,1.300000,1.300000,22.000,0.000000,0.000000,0.000000,2,2,267,0,'2016-08-25 23:57:17','0000-00-00 00:00:00',1,'2016-08-23 19:26:18','2016-08-25 23:57:17'),(276,'LJIABDLAL',1,1,5,1,283,325,1,282,282,2,'a6413e43ae74c1929f458255d041652f','eBay PayPal 885',1.000000,'ebay',0,0,'',0,'',0.000000,0.000000,0.000000,2.910000,2.910000,2.619672,2.910000,1.319672,1.610000,1.300000,1.300000,1.300000,22.000,0.000000,0.000000,0.000000,2,2,268,0,'2016-08-26 21:51:02','0000-00-00 00:00:00',1,'2016-08-26 19:10:33','2016-08-26 21:51:02'),(277,'PNTTXUUFH',1,1,5,1,284,326,1,283,283,2,'6127d58bcabd82d0169ebbdb141bbe8b','eBay PayPal 883',1.000000,'ebay',0,0,'',0,'',0.000000,0.000000,0.000000,3.980000,3.980000,3.496721,3.980000,2.196721,2.680000,1.300000,1.300000,1.300000,22.000,0.000000,0.000000,0.000000,2,2,269,0,'2016-08-28 19:41:21','0000-00-00 00:00:00',1,'2016-08-26 16:45:58','2016-08-28 19:41:21'),(278,'JNMOWGMKX',1,1,5,1,285,327,1,284,284,2,'d693d5b466b5e5dd22fe089d6ac7140c','eBay PayPal 888',1.000000,'ebay',0,0,'',0,'',0.000000,0.000000,0.000000,8.160000,8.160000,7.157377,8.160000,4.557377,5.560000,2.600000,2.600000,2.600000,22.000,0.000000,0.000000,0.000000,2,2,270,0,'2016-08-29 12:16:14','0000-00-00 00:00:00',1,'2016-08-29 09:58:52','2016-08-29 12:16:14'),(279,'KWIFWNJMZ',1,1,42,1,286,328,1,285,285,2,'35de30ac3c903575140a2f0f45557e72','eBay PayPal 889',1.000000,'ebay',0,0,'',0,'',0.000000,0.000000,0.000000,5.610000,5.610000,5.031148,5.610000,2.631148,3.210000,2.400000,2.400000,2.400000,0.000,0.000000,0.000000,0.000000,2,2,271,0,'2016-08-29 12:16:16','0000-00-00 00:00:00',1,'2016-08-29 10:13:32','2016-08-29 12:16:16'),(280,'SYUQFTUSI',1,1,5,1,287,329,1,286,286,2,'0df6b0d62c78d4ef4ddeb5ea6123d339','eBay PayPal 890',1.000000,'ebay',0,0,'',0,'',0.000000,0.000000,0.000000,4.080000,4.080000,3.578689,4.080000,2.278689,2.780000,1.300000,1.300000,1.300000,22.000,0.000000,0.000000,0.000000,2,2,272,0,'2016-08-29 15:16:49','0000-00-00 00:00:00',1,'2016-08-29 13:07:40','2016-08-29 15:16:49'),(281,'FGTQKSCJZ',1,1,42,1,160,330,1,159,159,2,'4c989182d151d87a80f279b4049ee0ad','eBay PayPal 891',1.000000,'ebay',0,0,'',0,'',0.000000,0.000000,0.000000,5.710000,5.710000,5.131148,5.710000,2.631148,3.210000,2.500000,2.500000,2.500000,0.000,0.000000,0.000000,0.000000,2,2,273,0,'2016-08-30 11:13:33','0000-00-00 00:00:00',1,'2016-08-30 08:54:10','2016-08-30 11:13:33'),(282,'PUKRFIQEC',1,1,5,1,288,332,1,287,287,2,'3d58e25e058d5c3e4f845ad3c8dd53da','eBay PayPal 892',1.000000,'ebay',0,0,'',0,'',0.000000,0.000000,0.000000,5.040000,5.040000,4.365574,5.040000,3.065574,3.740000,1.300000,1.300000,1.300000,22.000,0.000000,0.000000,0.000000,2,2,274,0,'2016-08-30 16:35:30','0000-00-00 00:00:00',1,'2016-08-30 14:24:55','2016-08-30 16:35:30'),(283,'BTIRQZTHB',1,1,5,1,289,333,1,288,288,2,'4bd8d3d4c79f78967099f940e4860468','eBay PayPal 895',1.000000,'ebay',0,0,'',0,'',0.000000,0.000000,0.000000,10.140000,10.140000,8.780328,10.140000,6.180328,7.540000,2.600000,2.600000,2.600000,22.000,0.000000,0.000000,0.000000,2,2,275,0,'2016-08-30 18:00:00','0000-00-00 00:00:00',1,'2016-08-30 14:37:29','2016-08-30 18:00:00'),(284,'PHBIZOJTR',1,1,42,1,290,335,1,289,289,2,'13c40ecd0c38f84fa6390ce0ce2b496c','eBay PayPal 896',1.000000,'ebay',0,0,'',0,'',0.000000,0.000000,0.000000,5.610000,5.610000,5.031148,5.610000,2.631148,3.210000,2.400000,2.400000,2.400000,0.000,0.000000,0.000000,0.000000,2,2,276,0,'2016-08-30 21:10:57','0000-00-00 00:00:00',1,'2016-08-30 18:48:24','2016-08-30 21:10:57'),(285,'FKXCAGIPJ',1,1,42,1,291,336,1,290,290,2,'fbc81af116d3275195d3978c5320f8e2','eBay PayPal 897',1.000000,'ebay',0,0,'',0,'',0.000000,0.000000,0.000000,4.400000,4.400000,4.039344,4.400000,1.639344,2.000000,2.400000,2.400000,2.400000,0.000,0.000000,0.000000,0.000000,2,2,277,0,'2016-08-30 23:55:20','0000-00-00 00:00:00',1,'2016-08-30 21:31:36','2016-08-30 23:55:20'),(286,'SURZBYIYQ',1,1,5,1,292,338,1,291,291,2,'fbe618908db8c6f502e300eae658ecb0','eBay PayPal 898',1.000000,'ebay',0,0,'',0,'',0.000000,0.000000,0.000000,2.690000,2.690000,2.439344,2.690000,1.139344,1.390000,1.300000,1.300000,1.300000,22.000,0.000000,0.000000,0.000000,2,2,278,0,'2016-08-31 14:41:34','0000-00-00 00:00:00',1,'2016-08-31 12:09:11','2016-08-31 14:41:34'),(287,'NOOKMOZSB',1,1,42,1,293,339,1,292,292,2,'34a5a7682e07fc954fb7885d8dd076c1','eBay PayPal 899',1.000000,'ebay',0,0,'',0,'',0.000000,0.000000,0.000000,10.200000,10.200000,8.811475,10.200000,6.311475,7.700000,2.500000,2.500000,2.500000,0.000,0.000000,0.000000,0.000000,2,2,279,0,'2016-09-01 10:18:55','0000-00-00 00:00:00',1,'2016-09-01 07:57:42','2016-09-01 10:18:55'),(288,'VLBPHRTQQ',1,1,5,1,294,340,1,293,293,2,'6d3b3654a9753e1ab71916b588743cbe','eBay PayPal 900',1.000000,'ebay',0,0,'',0,'',0.000000,0.000000,0.000000,5.790000,5.790000,4.980328,5.790000,3.680328,4.490000,1.300000,1.300000,1.300000,22.000,0.000000,0.000000,0.000000,2,2,280,0,'2016-09-01 12:35:03','0000-00-00 00:00:00',1,'2016-09-01 10:33:11','2016-09-01 12:35:03'),(289,'RYNZIWHDB',1,1,5,1,295,341,1,294,294,2,'8c1ff59ffe8b8976bca3f5c68ef5d49a','eBay PayPal 901',1.000000,'ebay',0,0,'',0,'',0.000000,0.000000,0.000000,2.580000,2.580000,2.349180,2.580000,1.049180,1.280000,1.300000,1.300000,1.300000,22.000,0.000000,0.000000,0.000000,2,2,281,0,'2016-09-01 19:05:43','0000-00-00 00:00:00',1,'2016-09-01 15:31:28','2016-09-01 19:05:44'),(290,'PSFRZHUET',1,1,5,1,296,342,1,295,295,2,'fe57ee6bcd43092b005a40634ddc2dc2','eBay PayPal 902',1.000000,'ebay',0,0,'',0,'',0.000000,0.000000,0.000000,13.890000,13.890000,11.980328,13.890000,8.680328,10.590000,3.300000,3.300000,3.300000,22.000,0.000000,0.000000,0.000000,2,2,282,0,'2016-09-01 21:11:37','0000-00-00 00:00:00',1,'2016-09-01 18:39:20','2016-09-01 21:11:37'),(291,'TYSQJVQVG',1,1,42,1,116,343,1,116,116,2,'de0e436c04c4ddd2b222e44bc88ad430','eBay PayPal 903',1.000000,'ebay',0,0,'',0,'',0.000000,0.000000,0.000000,13.100000,13.100000,11.170492,13.100000,8.770492,10.700000,2.400000,2.400000,2.400000,0.000,0.000000,0.000000,0.000000,2,2,283,0,'2016-09-02 16:50:18','0000-00-00 00:00:00',1,'2016-09-02 13:26:06','2016-09-02 16:50:18'),(292,'DZZZAXKLU',1,1,42,1,297,344,1,296,296,2,'1844a7eea1ef2c399e8d647213b82cb4','eBay PayPal 904',1.000000,'ebay',0,0,'',0,'',0.000000,0.000000,0.000000,5.610000,5.610000,5.031148,5.610000,2.631148,3.210000,2.400000,2.400000,2.400000,0.000,0.000000,0.000000,0.000000,2,2,284,0,'2016-09-02 16:50:20','0000-00-00 00:00:00',1,'2016-09-02 13:37:17','2016-09-02 16:50:20'),(293,'AATBQXVYD',1,1,5,1,298,345,1,297,297,2,'b942587e8bb028de0c1adcd65770a6f4','eBay PayPal 905',1.000000,'ebay',0,0,'',0,'',0.000000,0.000000,0.000000,11.890000,11.890000,9.980328,11.890000,8.680328,10.590000,1.300000,1.300000,1.300000,22.000,0.000000,0.000000,0.000000,2,2,285,0,'2016-09-02 18:08:49','0000-00-00 00:00:00',1,'2016-09-02 15:50:53','2016-09-02 18:08:49'),(294,'GHJPHQRBS',1,1,42,1,299,346,1,298,298,2,'34dfc1434a733764fc964cfca96730a1','eBay PayPal 906',1.000000,'ebay',0,0,'',0,'',0.000000,0.000000,0.000000,5.610000,5.610000,5.031148,5.610000,2.631148,3.210000,2.400000,2.400000,2.400000,0.000,0.000000,0.000000,0.000000,2,2,286,0,'2016-09-03 20:27:58','0000-00-00 00:00:00',1,'2016-09-03 16:00:18','2016-09-03 20:27:58'),(295,'GHVPRZJYG',1,1,42,1,300,347,1,299,299,2,'053e59cadbe121282d10532d7e35e10a','eBay PayPal 907',1.000000,'ebay',0,0,'',0,'',0.000000,0.000000,0.000000,6.140000,6.140000,5.465574,6.140000,3.065574,3.740000,2.400000,2.400000,2.400000,0.000,0.000000,0.000000,0.000000,2,2,287,0,'2016-09-03 23:09:26','0000-00-00 00:00:00',1,'2016-09-03 20:12:13','2016-09-03 23:09:26'),(296,'BTBKUUQNG',1,1,42,1,301,348,1,300,300,2,'665a7b2c74bcf6925773331f58545a39','eBay PayPal 908',1.000000,'ebay',0,0,'',0,'',0.000000,0.000000,0.000000,7.750000,7.750000,6.785246,7.750000,4.385246,5.350000,2.400000,2.400000,2.400000,0.000,0.000000,0.000000,0.000000,2,2,288,0,'2016-09-04 11:21:06','0000-00-00 00:00:00',1,'2016-09-04 09:11:14','2016-09-04 11:21:06'),(297,'AUHXWTMKT',1,1,42,1,302,350,1,301,301,2,'c3f9131c6970456be016b2f542ed5542','eBay PayPal 909',1.000000,'ebay',0,0,'',0,'',0.000000,0.000000,0.000000,4.540000,4.540000,4.154098,4.540000,1.754098,2.140000,2.400000,2.400000,2.400000,0.000,0.000000,0.000000,0.000000,2,2,289,0,'2016-09-04 15:40:59','0000-00-00 00:00:00',1,'2016-09-04 13:36:21','2016-09-04 15:40:59'),(298,'DXHEMOUCJ',1,1,43,1,303,351,1,302,302,2,'98d0dccfab440791f3752f3c127296b3','eBay PayPal 910',1.000000,'ebay',0,0,'',0,'',0.000000,0.000000,0.000000,10.740000,10.740000,10.065574,10.740000,3.065574,3.740000,7.000000,7.000000,7.000000,0.000,0.000000,0.000000,0.000000,2,2,290,0,'2016-09-05 04:14:45','0000-00-00 00:00:00',1,'2016-09-05 02:07:19','2016-09-05 04:14:45'),(299,'WXHUAXPKX',1,1,5,1,304,352,1,303,303,2,'768d6d4d51eec963a4200899292dd626','eBay PayPal 1048',1.000000,'ebay',0,0,'',0,'',0.000000,0.000000,0.000000,6.220000,6.220000,5.332787,6.220000,4.032787,4.920000,1.300000,1.300000,1.300000,22.000,0.000000,0.000000,0.000000,2,2,291,0,'2016-10-27 12:01:52','0000-00-00 00:00:00',1,'2016-10-13 10:28:28','2016-10-27 12:01:52'),(300,'CICBSEIFO',1,1,5,1,306,354,1,305,305,2,'ce832166825e4461fb444e303ac8c600','eBay PayPal 1053',1.000000,'ebay',0,0,'',0,'',0.000000,0.000000,0.000000,3.440000,3.440000,3.054098,3.440000,1.754098,2.140000,1.300000,1.300000,1.300000,22.000,0.000000,0.000000,0.000000,2,2,292,0,'2016-10-27 12:01:58','0000-00-00 00:00:00',1,'2016-10-15 15:59:46','2016-10-27 12:01:58'),(301,'WAQVYUHAY',1,1,5,1,307,355,1,306,306,2,'914a9cc92aca16f15520be7ea70cbc84','eBay PayPal 1054',1.000000,'ebay',0,0,'',0,'',0.000000,0.000000,0.000000,2.740000,2.740000,2.480328,2.740000,1.180328,1.440000,1.300000,1.300000,1.300000,22.000,0.000000,0.000000,0.000000,2,2,293,0,'2016-10-27 12:02:01','0000-00-00 00:00:00',1,'2016-10-15 17:06:04','2016-10-27 12:02:01'),(302,'SNBOVCZAU',1,1,5,1,308,356,1,307,307,2,'b44bc8c257fed8398b52b808539c176d','eBay PayPal 1055',1.000000,'ebay',0,0,'',0,'',0.000000,0.000000,0.000000,2.800000,2.800000,2.529508,2.800000,1.229508,1.500000,1.300000,1.300000,1.300000,22.000,0.000000,0.000000,0.000000,2,2,294,0,'2016-10-27 12:02:04','0000-00-00 00:00:00',1,'2016-10-15 18:32:05','2016-10-27 12:02:04'),(303,'OYGJHUIQS',1,1,5,1,309,357,1,308,308,2,'a3605d1d16f3368950f7369e9edfd0a3','eBay PayPal 1057',1.000000,'ebay',0,0,'',0,'',0.000000,0.000000,0.000000,3.230000,3.230000,2.881967,3.230000,1.581967,1.930000,1.300000,1.300000,1.300000,22.000,0.000000,0.000000,0.000000,2,2,295,0,'2016-10-27 12:02:07','0000-00-00 00:00:00',1,'2016-10-16 11:02:18','2016-10-27 12:02:07'),(304,'LJNWXFLLB',1,1,5,1,312,360,1,311,311,2,'af104c1d0d5fe0ab168fc8c796da0d27','eBay PayPal 1062',1.000000,'ebay',0,0,'',0,'',0.000000,0.000000,0.000000,4.860000,4.860000,4.398361,4.860000,2.098361,2.560000,2.300000,2.300000,2.300000,22.000,0.000000,0.000000,0.000000,2,2,296,0,'2016-10-27 12:02:11','0000-00-00 00:00:00',1,'2016-10-17 18:21:30','2016-10-27 12:02:12'),(305,'AJXMWXWYG',1,1,42,1,314,362,1,313,313,2,'7f4d5772fbfb6540fcf8602176477816','eBay PayPal 1060',1.000000,'ebay',0,0,'',0,'',0.000000,0.000000,0.000000,5.280000,5.280000,4.778689,5.280000,2.278689,2.780000,2.500000,2.500000,2.500000,0.000,0.000000,0.000000,0.000000,2,2,297,0,'2016-10-27 12:02:15','0000-00-00 00:00:00',1,'2016-10-17 11:12:31','2016-10-27 12:02:15'),(306,'ATKZFCVBO',1,1,5,1,315,363,1,314,314,2,'27274d1c500cdc52cb8c8edb453be84e','eBay PayPal 1059',1.000000,'ebay',0,0,'',0,'',0.000000,0.000000,0.000000,2.580000,2.580000,2.349180,2.580000,1.049180,1.280000,1.300000,1.300000,1.300000,22.000,0.000000,0.000000,0.000000,2,2,298,0,'2016-10-27 12:02:18','0000-00-00 00:00:00',1,'2016-10-17 10:01:40','2016-10-27 12:02:18'),(307,'UQVZVOBOI',1,1,42,1,316,364,1,315,315,2,'625f6c98de33c6ecf815b146c4f6f7c3','eBay PayPal 1065',1.000000,'ebay',0,0,'',0,'',0.000000,0.000000,0.000000,7.640000,7.640000,6.713115,7.640000,4.213115,5.140000,2.500000,2.500000,2.500000,0.000,0.000000,0.000000,0.000000,2,2,299,0,'2016-10-27 12:02:21','0000-00-00 00:00:00',1,'2016-10-19 10:32:28','2016-10-27 12:02:22'),(308,'UQKKIEFQE',1,1,5,1,317,365,1,316,316,2,'de807d0d4e107061876107182eaabf4a','eBay PayPal 1066',1.000000,'ebay',0,0,'',0,'',0.000000,0.000000,0.000000,2.910000,2.910000,2.619672,2.910000,1.319672,1.610000,1.300000,1.300000,1.300000,22.000,0.000000,0.000000,0.000000,2,2,300,0,'2016-10-27 12:02:24','0000-00-00 00:00:00',1,'2016-10-19 11:57:48','2016-10-27 12:02:25'),(309,'HZKFBEHUU',1,1,5,1,318,366,1,317,317,2,'0657b113e87f2078e1421d76bc4e61fa','eBay PayPal 1071',1.000000,'ebay',0,0,'',0,'',0.000000,0.000000,0.000000,2.910000,2.910000,2.619672,2.910000,1.319672,1.610000,1.300000,1.300000,1.300000,22.000,0.000000,0.000000,0.000000,2,2,301,0,'2016-10-27 12:02:27','0000-00-00 00:00:00',1,'2016-10-22 11:16:27','2016-10-27 12:02:28'),(310,'NOTVFTQGC',1,1,5,1,319,367,1,318,318,2,'1638d65433b7e9f0977b6d8df3ba5e37','eBay PayPal 1068',1.000000,'ebay',0,0,'',0,'',0.000000,0.000000,0.000000,4.510000,4.510000,3.931148,4.510000,2.631148,3.210000,1.300000,1.300000,1.300000,22.000,0.000000,0.000000,0.000000,2,2,302,0,'2016-10-27 12:02:31','0000-00-00 00:00:00',1,'2016-10-20 09:02:21','2016-10-27 12:02:31'),(311,'AHUZMOZKE',1,1,5,1,320,368,1,319,319,2,'487320fa1684728a2b91a2b8d11a7353','eBay PayPal 1067',1.000000,'ebay',0,0,'',0,'',0.000000,0.000000,0.000000,11.470000,11.470000,9.636066,11.470000,8.336066,10.170000,1.300000,1.300000,1.300000,22.000,0.000000,0.000000,0.000000,2,2,303,0,'2016-10-27 12:02:34','0000-00-00 00:00:00',1,'2016-10-19 20:08:51','2016-10-27 12:02:34'),(312,'PHDHQCKPV',1,1,5,1,321,369,1,320,320,2,'5025c400ec02960d65250140d5e317d9','eBay PayPal 1070',1.000000,'ebay',0,0,'',0,'',0.000000,0.000000,0.000000,10.930000,10.930000,9.193443,10.930000,7.893443,9.630000,1.300000,1.300000,1.300000,22.000,0.000000,0.000000,0.000000,2,2,304,0,'2016-10-27 12:02:37','0000-00-00 00:00:00',1,'2016-10-22 08:32:12','2016-10-27 12:02:37'),(313,'GNYJYCQKY',1,1,5,1,322,370,1,321,321,2,'ccc6295b66f09ca21c457d4ffdfd8e76','eBay PayPal 1069',1.000000,'ebay',0,0,'',0,'',0.000000,0.000000,0.000000,2.900000,2.900000,2.611475,2.900000,1.311475,1.600000,1.300000,1.300000,1.300000,22.000,0.000000,0.000000,0.000000,2,2,305,0,'2016-10-27 12:02:40','0000-00-00 00:00:00',1,'2016-10-20 10:32:35','2016-10-27 12:02:40'),(314,'SDZOULAST',1,1,5,1,323,371,1,322,322,2,'dd580771d72e97158327ab61d86faa6c','eBay PayPal 1076',1.000000,'ebay',0,0,'',0,'',0.000000,0.000000,0.000000,2.910000,2.910000,2.619672,2.910000,1.319672,1.610000,1.300000,1.300000,1.300000,22.000,0.000000,0.000000,0.000000,2,2,306,0,'2016-10-27 12:02:43','0000-00-00 00:00:00',1,'2016-10-23 14:28:48','2016-10-27 12:02:43'),(315,'HIZXVJABL',1,1,5,1,324,372,1,323,323,2,'b8d41e725bc94badb0b88217a67f295a','eBay PayPal 1074',1.000000,'ebay',0,0,'',0,'',0.000000,0.000000,0.000000,2.070000,2.070000,1.877049,2.070000,0.877049,1.070000,1.000000,1.000000,1.000000,22.000,0.000000,0.000000,0.000000,2,2,307,0,'2016-10-27 12:02:46','0000-00-00 00:00:00',1,'2016-10-22 17:57:26','2016-10-27 12:02:46'),(316,'LISRZZDKY',1,1,42,1,325,373,1,324,324,2,'a7a90bf86a43ac38d3152b6de4060060','eBay PayPal 1073',1.000000,'ebay',0,0,'',0,'',0.000000,0.000000,0.000000,5.500000,5.500000,4.959016,5.500000,2.459016,3.000000,2.500000,2.500000,2.500000,0.000,0.000000,0.000000,0.000000,2,2,308,0,'2016-10-27 12:02:49','0000-00-00 00:00:00',1,'2016-10-22 17:22:41','2016-10-27 12:02:49'),(317,'APVKGVDUK',1,1,5,1,328,376,1,327,327,2,'e7a054fa2b04fe8934f3417e7b5d5142','eBay PayPal 1078',1.000000,'ebay',0,0,'',0,'',0.000000,0.000000,0.000000,15.300000,15.300000,12.775410,15.300000,11.475410,14.000000,1.300000,1.300000,1.300000,22.000,0.000000,0.000000,0.000000,2,2,309,0,'2016-10-27 12:02:53','0000-00-00 00:00:00',1,'2016-10-24 08:05:14','2016-10-27 12:02:54'),(318,'SSGREHSHR',1,1,5,1,329,377,1,328,328,2,'5b3f5b2e110b88db5da9fe560380830a','eBay PayPal 1077',1.000000,'ebay',0,0,'',0,'',0.000000,0.000000,0.000000,2.910000,2.910000,2.619672,2.910000,1.319672,1.610000,1.300000,1.300000,1.300000,22.000,0.000000,0.000000,0.000000,2,2,310,0,'2016-10-27 12:02:56','0000-00-00 00:00:00',1,'2016-10-23 20:46:46','2016-10-27 12:02:57'),(319,'VHGRCXQVK',1,1,42,1,330,378,1,329,329,2,'8c9c79b07a17e2b1ec32bacc37f4b2ab','eBay PayPal 1081',1.000000,'ebay',0,0,'',0,'',0.000000,0.000000,0.000000,3.570000,3.570000,3.377049,3.570000,0.877049,1.070000,2.500000,2.500000,2.500000,0.000,0.000000,0.000000,0.000000,2,2,311,0,'2016-10-27 12:02:59','0000-00-00 00:00:00',1,'2016-10-24 16:40:19','2016-10-27 12:03:00'),(320,'PRHSYHSWM',1,1,5,1,333,381,1,332,332,2,'df44d0dc25ef1e17647d3884149c570d','eBay PayPal 1089',1.000000,'ebay',0,0,'',0,'',0.000000,0.000000,0.000000,13.510000,13.510000,6.985246,13.510000,4.385246,10.910000,2.600000,2.600000,2.600000,22.000,0.000000,0.000000,0.000000,2,2,312,0,'2016-10-27 12:03:04','0000-00-00 00:00:00',1,'2016-10-26 15:06:29','2016-10-27 12:03:04'),(321,'RPMTZDHAE',1,1,42,1,337,383,1,336,336,2,'dc60489dd910af97ead942aaa4c5619c','eBay PayPal 1098',1.000000,'ebay',0,0,'',0,'',0.000000,0.000000,0.000000,5.600000,5.600000,5.040984,5.600000,2.540984,3.100000,2.500000,2.500000,2.500000,0.000,0.000000,0.000000,0.000000,2,2,313,0,'2016-11-05 10:17:18','0000-00-00 00:00:00',1,'2016-11-01 10:26:57','2016-11-05 10:17:19'),(322,'HIDMNTRXZ',1,1,42,1,338,384,1,337,337,2,'578aeeb67b6efac1f8c99737cffe14f3','eBay PayPal 1097',1.000000,'ebay',0,0,'',0,'',0.000000,0.000000,0.000000,6.240000,6.240000,5.565574,6.240000,3.065574,3.740000,2.500000,2.500000,2.500000,0.000,0.000000,0.000000,0.000000,2,2,314,0,'2016-11-05 10:17:22','0000-00-00 00:00:00',1,'2016-10-31 20:36:51','2016-11-05 10:17:23'),(323,'AKIUJIMFC',1,1,5,1,339,385,1,338,338,2,'cea1eec3b15aeefe071d3fc6a09aa9e5','eBay PayPal 1099',1.000000,'ebay',0,0,'',0,'',0.000000,0.000000,0.000000,2.690000,2.690000,2.439344,2.690000,1.139344,1.390000,1.300000,1.300000,1.300000,22.000,0.000000,0.000000,0.000000,2,2,315,0,'2016-11-05 10:17:52','0000-00-00 00:00:00',1,'2016-11-02 14:23:26','2016-11-05 10:17:53'),(324,'ENSGQNYYY',1,1,43,1,340,386,1,339,339,2,'1c87c2e29a46f5966b0a8fb6d7446de6','eBay PayPal 1101',1.000000,'ebay',0,0,'',0,'',0.000000,0.000000,0.000000,14.700000,14.700000,13.311475,14.700000,6.311475,7.700000,7.000000,7.000000,7.000000,0.000,0.000000,0.000000,0.000000,2,2,316,0,'2016-11-05 10:18:01','0000-00-00 00:00:00',1,'2016-11-02 15:53:01','2016-11-05 10:18:02'),(325,'EHYRYOWBW',1,1,5,1,341,387,1,340,340,2,'5fa4dd1056fba225961c5f4ff1f59c09','eBay PayPal 1100',1.000000,'ebay',0,0,'',0,'',0.000000,0.000000,0.000000,4.940000,4.940000,4.283607,4.940000,2.983607,3.640000,1.300000,1.300000,1.300000,22.000,0.000000,0.000000,0.000000,2,2,317,0,'2016-11-05 10:18:08','0000-00-00 00:00:00',1,'2016-11-02 14:34:58','2016-11-05 10:18:08'),(326,'AYCIRTFVU',1,1,5,1,342,388,1,341,341,2,'10b8d27e209124d25b0d1d0dd64fa844','eBay PayPal 1102',1.000000,'ebay',0,0,'',0,'',0.000000,0.000000,0.000000,5.040000,5.040000,4.365574,5.040000,3.065574,3.740000,1.300000,1.300000,1.300000,22.000,0.000000,0.000000,0.000000,2,2,318,0,'2016-11-05 10:18:22','0000-00-00 00:00:00',1,'2016-11-02 22:30:53','2016-11-05 10:18:22'),(327,'KAJWWXZZR',1,1,5,1,343,389,1,342,342,2,'9b85e68341cba799455d982307ba88a8','eBay PayPal 1103',1.000000,'ebay',0,0,'',0,'',0.000000,0.000000,0.000000,3.440000,3.440000,3.054098,3.440000,1.754098,2.140000,1.300000,1.300000,1.300000,22.000,0.000000,0.000000,0.000000,2,2,319,0,'2016-11-05 10:18:25','0000-00-00 00:00:00',1,'2016-11-02 23:06:29','2016-11-05 10:18:26'),(328,'YTGCOFXNR',1,1,5,1,344,390,1,343,343,2,'0b490d3ab7145a9794c32956a5763366','eBay PayPal 1104',1.000000,'ebay',0,0,'',0,'',0.000000,0.000000,0.000000,3.440000,3.440000,3.054098,3.440000,1.754098,2.140000,1.300000,1.300000,1.300000,22.000,0.000000,0.000000,0.000000,2,2,320,0,'2016-11-05 10:18:29','0000-00-00 00:00:00',1,'2016-11-03 08:19:54','2016-11-05 10:18:29'),(329,'ZLQKXWQAT',1,1,5,1,346,392,1,345,345,2,'b35ddd866a5482a0c8e6baf8786f6bb9','eBay PayPal 1107',1.000000,'ebay',0,0,'',0,'',0.000000,0.000000,0.000000,7.190000,7.190000,6.127869,7.190000,4.827869,5.890000,1.300000,1.300000,1.300000,22.000,0.000000,0.000000,0.000000,2,2,321,0,'2016-11-05 10:18:34','0000-00-00 00:00:00',1,'2016-11-03 21:14:07','2016-11-05 10:18:34'),(330,'GNCNVUFXR',1,1,5,1,347,393,1,346,346,2,'d694dd0b1cac43698da1928803236b46','eBay PayPal 1108',1.000000,'ebay',0,0,'',0,'',0.000000,0.000000,0.000000,2.910000,2.910000,2.619672,2.910000,1.319672,1.610000,1.300000,1.300000,1.300000,22.000,0.000000,0.000000,0.000000,2,2,322,0,'2016-11-05 10:18:43','0000-00-00 00:00:00',1,'2016-11-04 09:04:42','2016-11-05 10:18:44'),(331,'TDZOORCNU',1,1,42,1,348,394,1,347,347,2,'96bcb1362fecc7b1e2fab1e493347c34','eBay PayPal 1111',1.000000,'ebay',0,0,'',0,'',0.000000,0.000000,0.000000,19.520000,19.520000,16.432787,19.520000,14.032787,17.120000,2.400000,2.400000,2.400000,0.000,0.000000,0.000000,0.000000,2,2,323,0,'2016-11-05 10:18:48','0000-00-00 00:00:00',1,'2016-11-04 15:05:15','2016-11-05 10:18:49'),(332,'KNFDWOGYC',1,1,5,1,349,395,1,348,348,2,'b15a81836ac293a416afbe9e80310b12','eBay PayPal 1112',1.000000,'ebay',0,0,'',0,'',0.000000,0.000000,0.000000,9.000000,9.000000,7.611475,9.000000,6.311475,7.700000,1.300000,1.300000,1.300000,22.000,0.000000,0.000000,0.000000,2,2,324,0,'2016-11-05 10:18:52','0000-00-00 00:00:00',1,'2016-11-04 16:52:33','2016-11-05 10:18:53');

--
