CREATE TABLE `ps_address_format` (
  `id_country` int(10) UNSIGNED NOT NULL,
  `format` varchar(255) NOT NULL DEFAULT ''
) ENGINE=InnoDB DEFAULT CHARSET=utf8;

--
-- Dump dei dati per la tabella `ps_address_format`
--

INSERT INTO `ps_address_format` (`id_country`, `format`) VALUES
(1, 'firstname lastname\ncompany\nvat_number\naddress1\naddress2\npostcode city\nCountry:name\nphone\nphone_mobile'),
(2, 'firstname lastname\ncompany\nvat_number\naddress1\naddress2\npostcode city\nCountry:name\nphone\nphone_mobile'),
(3, 'firstname lastname\ncompany\nvat_number\naddress1\naddress2\npostcode city\nCountry:name\nphone\nphone_mobile'),
(4, 'firstname lastname\ncompany\naddress1\naddress2\ncity State:name postcode\nCountry:name\nphone\nphone_mobile'),
(5, 'firstname lastname\ncompany\nvat_number\naddress1\naddress2\npostcode city\nCountry:name\nphone\nphone_mobile'),
(6, 'firstname lastname\ncompany\nvat_number\naddress1\naddress2\npostcode city\nCountry:name\nphone\nphone_mobile'),
(7, 'firstname lastname\ncompany\nvat_number\naddress1\naddress2\npostcode city\nCountry:name\nphone\nphone_mobile'),
(8, 'firstname lastname\ncompany\nvat_number\naddress1\naddress2\npostcode city\nCountry:name\nphone\nphone_mobile'),
(9, 'firstname lastname\ncompany\nvat_number\naddress1\naddress2\npostcode city\nCountry:name\nphone\nphone_mobile'),
(10, 'firstname lastname\ncompany\nvat_number\naddress1\naddress2\npostcode city\nState:name\nCountry:name\nphone\nphone_mobile'),
(11, 'firstname lastname\ncompany\nvat_number\naddress1\naddress2\npostcode city\nState:name\nCountry:name\nphone\nphone_mobile'),
(12, 'firstname lastname\ncompany\nvat_number\naddress1\naddress2\npostcode city\nCountry:name\nphone\nphone_mobile'),
(13, 'firstname lastname\ncompany\nvat_number\naddress1\naddress2\npostcode city\nCountry:name\nphone\nphone_mobile'),
(14, 'firstname lastname\ncompany\nvat_number\naddress1\naddress2\npostcode city\nCountry:name\nphone\nphone_mobile'),
(15, 'firstname lastname\ncompany\nvat_number\naddress1\naddress2\npostcode city\nCountry:name\nphone\nphone_mobile'),
(16, 'firstname lastname\ncompany\nvat_number\naddress1\naddress2\npostcode city\nCountry:name\nphone\nphone_mobile'),
(17, 'firstname lastname\ncompany\nvat_number\naddress1\naddress2\ncity\npostcode\nCountry:name\nphone\nphone_mobile'),
(18, 'firstname lastname\ncompany\nvat_number\naddress1\naddress2\npostcode city\nCountry:name\nphone\nphone_mobile'),
(19, 'firstname lastname\ncompany\nvat_number\naddress1\naddress2\npostcode city\nCountry:name\nphone\nphone_mobile'),
(20, 'firstname lastname\ncompany\nvat_number\naddress1\naddress2\npostcode city\nCountry:name\nphone\nphone_mobile'),
(21, 'firstname lastname\ncompany\naddress1 address2\ncity, State:name postcode\nCountry:name\nphone\nphone_mobile'),
(22, 'firstname lastname\ncompany\nvat_number\naddress1\naddress2\npostcode city\nCountry:name\nphone\nphone_mobile'),
(23, 'firstname lastname\ncompany\nvat_number\naddress1\naddress2\npostcode city\nCountry:name\nphone\nphone_mobile'),
(24, 'firstname lastname\ncompany\nvat_number\naddress1\naddress2\npostcode city\nCountry:name\nphone\nphone_mobile'),
(25, 'firstname lastname\ncompany\nvat_number\naddress1\naddress2\npostcode city\nCountry:name\nphone\nphone_mobile'),
(26, 'firstname lastname\ncompany\nvat_number\naddress1\naddress2\npostcode city\nCountry:name\nphone\nphone_mobile'),
(27, 'firstname lastname\ncompany\nvat_number\naddress1\naddress2\npostcode city\nCountry:name\nphone\nphone_mobile'),
(28, 'firstname lastname\ncompany\nvat_number\naddress1\naddress2\npostcode city\nCountry:name\nphone\nphone_mobile'),
(29, 'firstname lastname\ncompany\nvat_number\naddress1\naddress2\npostcode city\nCountry:name\nphone\nphone_mobile'),
(30, 'firstname lastname\ncompany\nvat_number\naddress1\naddress2\npostcode city\nCountry:name\nphone\nphone_mobile'),
(31, 'firstname lastname\ncompany\nvat_number\naddress1\naddress2\npostcode city\nCountry:name\nphone\nphone_mobile'),
(32, 'firstname lastname\ncompany\nvat_number\naddress1\naddress2\npostcode city\nCountry:name\nphone\nphone_mobile'),
(33, 'firstname lastname\ncompany\nvat_number\naddress1\naddress2\npostcode city\nCountry:name\nphone\nphone_mobile'),
(34, 'firstname lastname\ncompany\nvat_number\naddress1\naddress2\npostcode city\nCountry:name\nphone\nphone_mobile'),
(35, 'firstname lastname\ncompany\nvat_number\naddress1\naddress2\npostcode city\nCountry:name\nphone\nphone_mobile'),
(36, 'firstname lastname\ncompany\nvat_number\naddress1\naddress2\npostcode city\nCountry:name\nphone\nphone_mobile'),
(37, 'firstname lastname\ncompany\nvat_number\naddress1\naddress2\npostcode city\nCountry:name\nphone\nphone_mobile'),
(38, 'firstname lastname\ncompany\nvat_number\naddress1\naddress2\npostcode city\nCountry:name\nphone\nphone_mobile'),
(39, 'firstname lastname\ncompany\nvat_number\naddress1\naddress2\npostcode city\nCountry:name\nphone\nphone_mobile'),
(40, 'firstname lastname\ncompany\nvat_number\naddress1\naddress2\npostcode city\nCountry:name\nphone\nphone_mobile'),
(41, 'firstname lastname\ncompany\nvat_number\naddress1\naddress2\npostcode city\nCountry:name\nphone\nphone_mobile'),
(42, 'firstname lastname\ncompany\nvat_number\naddress1\naddress2\npostcode city\nCountry:name\nphone\nphone_mobile'),
(43, 'firstname lastname\ncompany\nvat_number\naddress1\naddress2\npostcode city\nCountry:name\nphone\nphone_mobile'),
(44, 'firstname lastname\ncompany\nvat_number\naddress1\naddress2\npostcode city\nState:name\nCountry:name\nphone\nphone_mobile'),
(45, 'firstname lastname\ncompany\nvat_number\naddress1\naddress2\npostcode city\nCountry:name\nphone\nphone_mobile'),
(46, 'firstname lastname\ncompany\nvat_number\naddress1\naddress2\npostcode city\nCountry:name\nphone\nphone_mobile'),
(47, 'firstname lastname\ncompany\nvat_number\naddress1\naddress2\npostcode city\nCountry:name\nphone\nphone_mobile'),
(48, 'firstname lastname\ncompany\nvat_number\naddress1\naddress2\npostcode city\nCountry:name\nphone\nphone_mobile'),
(49, 'firstname lastname\ncompany\nvat_number\naddress1\naddress2\npostcode city\nCountry:name\nphone\nphone_mobile'),
(50, 'firstname lastname\ncompany\nvat_number\naddress1\naddress2\npostcode city\nCountry:name\nphone\nphone_mobile'),
(51, 'firstname lastname\ncompany\nvat_number\naddress1\naddress2\npostcode city\nCountry:name\nphone\nphone_mobile'),
(52, 'firstname lastname\ncompany\nvat_number\naddress1\naddress2\npostcode city\nCountry:name\nphone\nphone_mobile'),
(53, 'firstname lastname\ncompany\nvat_number\naddress1\naddress2\npostcode city\nCountry:name\nphone\nphone_mobile'),
(54, 'firstname lastname\ncompany\nvat_number\naddress1\naddress2\npostcode city\nCountry:name\nphone\nphone_mobile'),
(55, 'firstname lastname\ncompany\nvat_number\naddress1\naddress2\npostcode city\nCountry:name\nphone\nphone_mobile'),
(56, 'firstname lastname\ncompany\nvat_number\naddress1\naddress2\npostcode city\nCountry:name\nphone\nphone_mobile'),
(57, 'firstname lastname\ncompany\nvat_number\naddress1\naddress2\npostcode city\nCountry:name\nphone\nphone_mobile'),
(58, 'firstname lastname\ncompany\nvat_number\naddress1\naddress2\npostcode city\nCountry:name\nphone\nphone_mobile'),
(59, 'firstname lastname\ncompany\nvat_number\naddress1\naddress2\npostcode city\nCountry:name\nphone\nphone_mobile'),
(60, 'firstname lastname\ncompany\nvat_number\naddress1\naddress2\npostcode city\nCountry:name\nphone\nphone_mobile'),
(61, 'firstname lastname\ncompany\nvat_number\naddress1\naddress2\npostcode city\nCountry:name\nphone\nphone_mobile'),
(62, 'firstname lastname\ncompany\nvat_number\naddress1\naddress2\npostcode city\nCountry:name\nphone\nphone_mobile'),
(63, 'firstname lastname\ncompany\nvat_number\naddress1\naddress2\npostcode city\nCountry:name\nphone\nphone_mobile'),
(64, 'firstname lastname\ncompany\nvat_number\naddress1\naddress2\npostcode city\nCountry:name\nphone\nphone_mobile'),
(65, 'firstname lastname\ncompany\nvat_number\naddress1\naddress2\npostcode city\nCountry:name\nphone\nphone_mobile'),
(66, 'firstname lastname\ncompany\nvat_number\naddress1\naddress2\npostcode city\nCountry:name\nphone\nphone_mobile'),
(67, 'firstname lastname\ncompany\nvat_number\naddress1\naddress2\npostcode city\nCountry:name\nphone\nphone_mobile'),
(68, 'firstname lastname\ncompany\nvat_number\naddress1\naddress2\npostcode city\nCountry:name\nphone\nphone_mobile'),
(69, 'firstname lastname\ncompany\nvat_number\naddress1\naddress2\npostcode city\nCountry:name\nphone\nphone_mobile'),
(70, 'firstname lastname\ncompany\nvat_number\naddress1\naddress2\npostcode city\nCountry:name\nphone\nphone_mobile'),
(71, 'firstname lastname\ncompany\nvat_number\naddress1\naddress2\npostcode city\nCountry:name\nphone\nphone_mobile'),
(72, 'firstname lastname\ncompany\nvat_number\naddress1\naddress2\npostcode city\nCountry:name\nphone\nphone_mobile'),
(73, 'firstname lastname\ncompany\nvat_number\naddress1\naddress2\npostcode city\nCountry:name\nphone\nphone_mobile'),
(74, 'firstname lastname\ncompany\nvat_number\naddress1\naddress2\npostcode city\nCountry:name\nphone\nphone_mobile'),
(75, 'firstname lastname\ncompany\nvat_number\naddress1\naddress2\npostcode city\nCountry:name\nphone\nphone_mobile'),
(76, 'firstname lastname\ncompany\nvat_number\naddress1\naddress2\npostcode city\nCountry:name\nphone\nphone_mobile'),
(77, 'firstname lastname\ncompany\nvat_number\naddress1\naddress2\npostcode city\nCountry:name\nphone\nphone_mobile'),
(78, 'firstname lastname\ncompany\nvat_number\naddress1\naddress2\npostcode city\nCountry:name\nphone\nphone_mobile'),
(79, 'firstname lastname\ncompany\nvat_number\naddress1\naddress2\npostcode city\nCountry:name\nphone\nphone_mobile'),
(80, 'firstname lastname\ncompany\nvat_number\naddress1\naddress2\npostcode city\nCountry:name\nphone\nphone_mobile'),
(81, 'firstname lastname\ncompany\nvat_number\naddress1\naddress2\npostcode city\nCountry:name\nphone\nphone_mobile'),
(82, 'firstname lastname\ncompany\nvat_number\naddress1\naddress2\npostcode city\nCountry:name\nphone\nphone_mobile'),
(83, 'firstname lastname\ncompany\nvat_number\naddress1\naddress2\npostcode city\nCountry:name\nphone\nphone_mobile'),
(84, 'firstname lastname\ncompany\nvat_number\naddress1\naddress2\npostcode city\nCountry:name\nphone\nphone_mobile'),
(85, 'firstname lastname\ncompany\nvat_number\naddress1\naddress2\npostcode city\nCountry:name\nphone\nphone_mobile'),
(86, 'firstname lastname\ncompany\nvat_number\naddress1\naddress2\npostcode city\nCountry:name\nphone\nphone_mobile'),
(87, 'firstname lastname\ncompany\nvat_number\naddress1\naddress2\npostcode city\nCountry:name\nphone\nphone_mobile'),
(88, 'firstname lastname\ncompany\nvat_number\naddress1\naddress2\npostcode city\nCountry:name\nphone\nphone_mobile'),
(89, 'firstname lastname\ncompany\nvat_number\naddress1\naddress2\npostcode city\nCountry:name\nphone\nphone_mobile'),
(90, 'firstname lastname\ncompany\nvat_number\naddress1\naddress2\npostcode city\nCountry:name\nphone\nphone_mobile'),
(91, 'firstname lastname\ncompany\nvat_number\naddress1\naddress2\npostcode city\nCountry:name\nphone\nphone_mobile'),
(92, 'firstname lastname\ncompany\nvat_number\naddress1\naddress2\npostcode city\nCountry:name\nphone\nphone_mobile'),
(93, 'firstname lastname\ncompany\nvat_number\naddress1\naddress2\npostcode city\nCountry:name\nphone\nphone_mobile'),
(94, 'firstname lastname\ncompany\nvat_number\naddress1\naddress2\npostcode city\nCountry:name\nphone\nphone_mobile'),
(95, 'firstname lastname\ncompany\nvat_number\naddress1\naddress2\npostcode city\nCountry:name\nphone\nphone_mobile'),
(96, 'firstname lastname\ncompany\nvat_number\naddress1\naddress2\npostcode city\nCountry:name\nphone\nphone_mobile'),
(97, 'firstname lastname\ncompany\nvat_number\naddress1\naddress2\npostcode city\nCountry:name\nphone\nphone_mobile'),
(98, 'firstname lastname\ncompany\nvat_number\naddress1\naddress2\npostcode city\nCountry:name\nphone\nphone_mobile'),
(99, 'firstname lastname\ncompany\nvat_number\naddress1\naddress2\npostcode city\nCountry:name\nphone\nphone_mobile'),
(100, 'firstname lastname\ncompany\nvat_number\naddress1\naddress2\npostcode city\nCountry:name\nphone\nphone_mobile'),
(101, 'firstname lastname\ncompany\nvat_number\naddress1\naddress2\npostcode city\nCountry:name\nphone\nphone_mobile'),
(102, 'firstname lastname\ncompany\nvat_number\naddress1\naddress2\npostcode city\nCountry:name\nphone\nphone_mobile'),
(103, 'firstname lastname\ncompany\nvat_number\naddress1\naddress2\npostcode city\nCountry:name\nphone\nphone_mobile'),
(104, 'firstname lastname\ncompany\nvat_number\naddress1\naddress2\npostcode city\nCountry:name\nphone\nphone_mobile'),
(105, 'firstname lastname\ncompany\nvat_number\naddress1\naddress2\npostcode city\nCountry:name\nphone\nphone_mobile'),
(106, 'firstname lastname\ncompany\nvat_number\naddress1\naddress2\npostcode city\nCountry:name\nphone\nphone_mobile'),
(107, 'firstname lastname\ncompany\nvat_number\naddress1\naddress2\npostcode city\nCountry:name\nphone\nphone_mobile'),
(108, 'firstname lastname\ncompany\nvat_number\naddress1\naddress2\npostcode city\nCountry:name\nphone\nphone_mobile'),
(109, 'firstname lastname\ncompany\nvat_number\naddress1\naddress2\npostcode city\nCountry:name\nphone\nphone_mobile'),
(110, 'firstname lastname\ncompany\nvat_number\naddress1\naddress2\npostcode city\nCountry:name\nphone\nphone_mobile'),
(111, 'firstname lastname\ncompany\nvat_number\naddress1\naddress2\npostcode city\nState:name\nCountry:name\nphone\nphone_mobile'),
(112, 'firstname lastname\ncompany\nvat_number\naddress1\naddress2\npostcode city\nCountry:name\nphone\nphone_mobile'),
(113, 'firstname lastname\ncompany\nvat_number\naddress1\naddress2\npostcode city\nCountry:name\nphone\nphone_mobile'),
(114, 'firstname lastname\ncompany\nvat_number\naddress1\naddress2\npostcode city\nCountry:name\nphone\nphone_mobile'),
(115, 'firstname lastname\ncompany\nvat_number\naddress1\naddress2\npostcode city\nCountry:name\nphone\nphone_mobile'),
(116, 'firstname lastname\ncompany\nvat_number\naddress1\naddress2\npostcode city\nCountry:name\nphone\nphone_mobile'),
(117, 'firstname lastname\ncompany\nvat_number\naddress1\naddress2\npostcode city\nCountry:name\nphone\nphone_mobile'),
(118, 'firstname lastname\ncompany\nvat_number\naddress1\naddress2\npostcode city\nCountry:name\nphone\nphone_mobile'),
(119, 'firstname lastname\ncompany\nvat_number\naddress1\naddress2\npostcode city\nCountry:name\nphone\nphone_mobile'),
(120, 'firstname lastname\ncompany\nvat_number\naddress1\naddress2\npostcode city\nCountry:name\nphone\nphone_mobile'),
(121, 'firstname lastname\ncompany\nvat_number\naddress1\naddress2\npostcode city\nCountry:name\nphone\nphone_mobile'),
(122, 'firstname lastname\ncompany\nvat_number\naddress1\naddress2\npostcode city\nCountry:name\nphone\nphone_mobile'),
(123, 'firstname lastname\ncompany\nvat_number\naddress1\naddress2\npostcode city\nCountry:name\nphone\nphone_mobile'),
(124, 'firstname lastname\ncompany\nvat_number\naddress1\naddress2\npostcode city\nCountry:name\nphone\nphone_mobile'),
(125, 'firstname lastname\ncompany\nvat_number\naddress1\naddress2\npostcode city\nCountry:name\nphone\nphone_mobile'),
(126, 'firstname lastname\ncompany\nvat_number\naddress1\naddress2\npostcode city\nCountry:name\nphone\nphone_mobile'),
(127, 'firstname lastname\ncompany\nvat_number\naddress1\naddress2\npostcode city\nCountry:name\nphone\nphone_mobile'),
(128, 'firstname lastname\ncompany\nvat_number\naddress1\naddress2\npostcode city\nCountry:name\nphone\nphone_mobile'),
(129, 'firstname lastname\ncompany\nvat_number\naddress1\naddress2\npostcode city\nCountry:name\nphone\nphone_mobile'),
(130, 'firstname lastname\ncompany\nvat_number\naddress1\naddress2\npostcode city\nCountry:name\nphone\nphone_mobile'),
(131, 'firstname lastname\ncompany\nvat_number\naddress1\naddress2\npostcode city\nCountry:name\nphone\nphone_mobile'),
(132, 'firstname lastname\ncompany\nvat_number\naddress1\naddress2\npostcode city\nCountry:name\nphone\nphone_mobile'),
(133, 'firstname lastname\ncompany\nvat_number\naddress1\naddress2\npostcode city\nCountry:name\nphone\nphone_mobile'),
(134, 'firstname lastname\ncompany\nvat_number\naddress1\naddress2\npostcode city\nCountry:name\nphone\nphone_mobile'),
(135, 'firstname lastname\ncompany\nvat_number\naddress1\naddress2\npostcode city\nCountry:name\nphone\nphone_mobile'),
(136, 'firstname lastname\ncompany\nvat_number\naddress1\naddress2\npostcode city\nCountry:name\nphone\nphone_mobile'),
(137, 'firstname lastname\ncompany\nvat_number\naddress1\naddress2\npostcode city\nCountry:name\nphone\nphone_mobile'),
(138, 'firstname lastname\ncompany\nvat_number\naddress1\naddress2\npostcode city\nCountry:name\nphone\nphone_mobile'),
(139, 'firstname lastname\ncompany\nvat_number\naddress1\naddress2\npostcode city\nCountry:name\nphone\nphone_mobile'),
(140, 'firstname lastname\ncompany\nvat_number\naddress1\naddress2\npostcode city\nCountry:name\nphone\nphone_mobile'),
(141, 'firstname lastname\ncompany\nvat_number\naddress1\naddress2\npostcode city\nCountry:name\nphone\nphone_mobile'),
(142, 'firstname lastname\ncompany\nvat_number\naddress1\naddress2\npostcode city\nCountry:name\nphone\nphone_mobile'),
(143, 'firstname lastname\ncompany\nvat_number\naddress1\naddress2\npostcode city\nCountry:name\nphone\nphone_mobile'),
(144, 'firstname lastname\ncompany\nvat_number\naddress1\naddress2\npostcode city\nCountry:name\nphone\nphone_mobile'),
(145, 'firstname lastname\ncompany\nvat_number\naddress1\naddress2\npostcode city\nState:name\nCountry:name\nphone\nphone_mobile'),
(146, 'firstname lastname\ncompany\nvat_number\naddress1\naddress2\npostcode city\nCountry:name\nphone\nphone_mobile'),
(147, 'firstname lastname\ncompany\nvat_number\naddress1\naddress2\npostcode city\nCountry:name\nphone\nphone_mobile'),
(148, 'firstname lastname\ncompany\nvat_number\naddress1\naddress2\npostcode city\nCountry:name\nphone\nphone_mobile'),
(149, 'firstname lastname\ncompany\nvat_number\naddress1\naddress2\npostcode city\nCountry:name\nphone\nphone_mobile'),
(150, 'firstname lastname\ncompany\nvat_number\naddress1\naddress2\npostcode city\nCountry:name\nphone\nphone_mobile'),
(151, 'firstname lastname\ncompany\nvat_number\naddress1\naddress2\npostcode city\nCountry:name\nphone\nphone_mobile'),
(152, 'firstname lastname\ncompany\nvat_number\naddress1\naddress2\npostcode city\nCountry:name\nphone\nphone_mobile'),
(153, 'firstname lastname\ncompany\nvat_number\naddress1\naddress2\npostcode city\nCountry:name\nphone\nphone_mobile'),
(154, 'firstname lastname\ncompany\nvat_number\naddress1\naddress2\npostcode city\nCountry:name\nphone\nphone_mobile'),
(155, 'firstname lastname\ncompany\nvat_number\naddress1\naddress2\npostcode city\nCountry:name\nphone\nphone_mobile'),
(156, 'firstname lastname\ncompany\nvat_number\naddress1\naddress2\npostcode city\nCountry:name\nphone\nphone_mobile'),
(157, 'firstname lastname\ncompany\nvat_number\naddress1\naddress2\npostcode city\nCountry:name\nphone\nphone_mobile'),
(158, 'firstname lastname\ncompany\nvat_number\naddress1\naddress2\npostcode city\nCountry:name\nphone\nphone_mobile'),
(159, 'firstname lastname\ncompany\nvat_number\naddress1\naddress2\npostcode city\nCountry:name\nphone\nphone_mobile'),
(160, 'firstname lastname\ncompany\nvat_number\naddress1\naddress2\npostcode city\nCountry:name\nphone\nphone_mobile'),
(161, 'firstname lastname\ncompany\nvat_number\naddress1\naddress2\npostcode city\nCountry:name\nphone\nphone_mobile'),
(162, 'firstname lastname\ncompany\nvat_number\naddress1\naddress2\npostcode city\nCountry:name\nphone\nphone_mobile'),
(163, 'firstname lastname\ncompany\nvat_number\naddress1\naddress2\npostcode city\nCountry:name\nphone\nphone_mobile'),
(164, 'firstname lastname\ncompany\nvat_number\naddress1\naddress2\npostcode city\nCountry:name\nphone\nphone_mobile'),
(165, 'firstname lastname\ncompany\nvat_number\naddress1\naddress2\npostcode city\nCountry:name\nphone\nphone_mobile'),
(166, 'firstname lastname\ncompany\nvat_number\naddress1\naddress2\npostcode city\nCountry:name\nphone\nphone_mobile'),
(167, 'firstname lastname\ncompany\nvat_number\naddress1\naddress2\npostcode city\nCountry:name\nphone\nphone_mobile'),
(168, 'firstname lastname\ncompany\nvat_number\naddress1\naddress2\npostcode city\nCountry:name\nphone\nphone_mobile'),
(169, 'firstname lastname\ncompany\nvat_number\naddress1\naddress2\npostcode city\nCountry:name\nphone\nphone_mobile'),
(170, 'firstname lastname\ncompany\nvat_number\naddress1\naddress2\npostcode city\nCountry:name\nphone\nphone_mobile'),
(171, 'firstname lastname\ncompany\nvat_number\naddress1\naddress2\npostcode city\nCountry:name\nphone\nphone_mobile'),
(172, 'firstname lastname\ncompany\nvat_number\naddress1\naddress2\npostcode city\nCountry:name\nphone\nphone_mobile'),
(173, 'firstname lastname\ncompany\nvat_number\naddress1\naddress2\npostcode city\nCountry:name\nphone\nphone_mobile'),
(174, 'firstname lastname\ncompany\nvat_number\naddress1\naddress2\npostcode city\nCountry:name\nphone\nphone_mobile'),
(175, 'firstname lastname\ncompany\nvat_number\naddress1\naddress2\npostcode city\nCountry:name\nphone\nphone_mobile'),
(176, 'firstname lastname\ncompany\nvat_number\naddress1\naddress2\npostcode city\nCountry:name\nphone\nphone_mobile'),
(177, 'firstname lastname\ncompany\nvat_number\naddress1\naddress2\npostcode city\nCountry:name\nphone\nphone_mobile'),
(178, 'firstname lastname\ncompany\nvat_number\naddress1\naddress2\npostcode city\nCountry:name\nphone\nphone_mobile'),
(179, 'firstname lastname\ncompany\nvat_number\naddress1\naddress2\npostcode city\nCountry:name\nphone\nphone_mobile'),
(180, 'firstname lastname\ncompany\nvat_number\naddress1\naddress2\npostcode city\nCountry:name\nphone\nphone_mobile'),
(181, 'firstname lastname\ncompany\nvat_number\naddress1\naddress2\npostcode city\nCountry:name\nphone\nphone_mobile'),
(182, 'firstname lastname\ncompany\nvat_number\naddress1\naddress2\npostcode city\nCountry:name\nphone\nphone_mobile'),
(183, 'firstname lastname\ncompany\nvat_number\naddress1\naddress2\npostcode city\nCountry:name\nphone\nphone_mobile'),
(184, 'firstname lastname\ncompany\nvat_number\naddress1\naddress2\npostcode city\nCountry:name\nphone\nphone_mobile'),
(185, 'firstname lastname\ncompany\nvat_number\naddress1\naddress2\npostcode city\nCountry:name\nphone\nphone_mobile'),
(186, 'firstname lastname\ncompany\nvat_number\naddress1\naddress2\npostcode city\nCountry:name\nphone\nphone_mobile'),
(187, 'firstname lastname\ncompany\nvat_number\naddress1\naddress2\npostcode city\nCountry:name\nphone\nphone_mobile'),
(188, 'firstname lastname\ncompany\nvat_number\naddress1\naddress2\npostcode city\nCountry:name\nphone\nphone_mobile'),
(189, 'firstname lastname\ncompany\nvat_number\naddress1\naddress2\npostcode city\nCountry:name\nphone\nphone_mobile'),
(190, 'firstname lastname\ncompany\nvat_number\naddress1\naddress2\npostcode city\nCountry:name\nphone\nphone_mobile'),
(191, 'firstname lastname\ncompany\nvat_number\naddress1\naddress2\npostcode city\nCountry:name\nphone\nphone_mobile'),
(192, 'firstname lastname\ncompany\nvat_number\naddress1\naddress2\npostcode city\nCountry:name\nphone\nphone_mobile'),
(193, 'firstname lastname\ncompany\nvat_number\naddress1\naddress2\npostcode city\nCountry:name\nphone\nphone_mobile'),
(194, 'firstname lastname\ncompany\nvat_number\naddress1\naddress2\npostcode city\nCountry:name\nphone\nphone_mobile'),
(195, 'firstname lastname\ncompany\nvat_number\naddress1\naddress2\npostcode city\nCountry:name\nphone\nphone_mobile'),
(196, 'firstname lastname\ncompany\nvat_number\naddress1\naddress2\npostcode city\nCountry:name\nphone\nphone_mobile'),
(197, 'firstname lastname\ncompany\nvat_number\naddress1\naddress2\npostcode city\nCountry:name\nphone\nphone_mobile'),
(198, 'firstname lastname\ncompany\nvat_number\naddress1\naddress2\npostcode city\nCountry:name\nphone\nphone_mobile'),
(199, 'firstname lastname\ncompany\nvat_number\naddress1\naddress2\npostcode city\nCountry:name\nphone\nphone_mobile'),
(200, 'firstname lastname\ncompany\nvat_number\naddress1\naddress2\npostcode city\nCountry:name\nphone\nphone_mobile'),
(201, 'firstname lastname\ncompany\nvat_number\naddress1\naddress2\npostcode city\nCountry:name\nphone\nphone_mobile'),
(202, 'firstname lastname\ncompany\nvat_number\naddress1\naddress2\npostcode city\nCountry:name\nphone\nphone_mobile'),
(203, 'firstname lastname\ncompany\nvat_number\naddress1\naddress2\npostcode city\nCountry:name\nphone\nphone_mobile'),
(204, 'firstname lastname\ncompany\nvat_number\naddress1\naddress2\npostcode city\nCountry:name\nphone\nphone_mobile'),
(205, 'firstname lastname\ncompany\nvat_number\naddress1\naddress2\npostcode city\nCountry:name\nphone\nphone_mobile'),
(206, 'firstname lastname\ncompany\nvat_number\naddress1\naddress2\npostcode city\nCountry:name\nphone\nphone_mobile'),
(207, 'firstname lastname\ncompany\nvat_number\naddress1\naddress2\npostcode city\nCountry:name\nphone\nphone_mobile'),
(208, 'firstname lastname\ncompany\nvat_number\naddress1\naddress2\npostcode city\nCountry:name\nphone\nphone_mobile'),
(209, 'firstname lastname\ncompany\nvat_number\naddress1\naddress2\npostcode city\nCountry:name\nphone\nphone_mobile'),
(210, 'firstname lastname\ncompany\nvat_number\naddress1\naddress2\npostcode city\nCountry:name\nphone\nphone_mobile'),
(211, 'firstname lastname\ncompany\nvat_number\naddress1\naddress2\npostcode city\nCountry:name\nphone\nphone_mobile'),
(212, 'firstname lastname\ncompany\nvat_number\naddress1\naddress2\npostcode city\nCountry:name\nphone\nphone_mobile'),
(213, 'firstname lastname\ncompany\nvat_number\naddress1\naddress2\npostcode city\nCountry:name\nphone\nphone_mobile'),
(214, 'firstname lastname\ncompany\nvat_number\naddress1\naddress2\npostcode city\nCountry:name\nphone\nphone_mobile'),
(215, 'firstname lastname\ncompany\nvat_number\naddress1\naddress2\npostcode city\nCountry:name\nphone\nphone_mobile'),
(216, 'firstname lastname\ncompany\nvat_number\naddress1\naddress2\npostcode city\nCountry:name\nphone\nphone_mobile'),
(217, 'firstname lastname\ncompany\nvat_number\naddress1\naddress2\npostcode city\nCountry:name\nphone\nphone_mobile'),
(218, 'firstname lastname\ncompany\nvat_number\naddress1\naddress2\npostcode city\nCountry:name\nphone\nphone_mobile'),
(219, 'firstname lastname\ncompany\nvat_number\naddress1\naddress2\npostcode city\nCountry:name\nphone\nphone_mobile'),
(220, 'firstname lastname\ncompany\nvat_number\naddress1\naddress2\npostcode city\nCountry:name\nphone\nphone_mobile'),
(221, 'firstname lastname\ncompany\nvat_number\naddress1\naddress2\npostcode city\nCountry:name\nphone\nphone_mobile'),
(222, 'firstname lastname\ncompany\nvat_number\naddress1\naddress2\npostcode city\nCountry:name\nphone\nphone_mobile'),
(223, 'firstname lastname\ncompany\nvat_number\naddress1\naddress2\npostcode city\nCountry:name\nphone\nphone_mobile'),
(224, 'firstname lastname\ncompany\nvat_number\naddress1\naddress2\npostcode city\nCountry:name\nphone\nphone_mobile'),
(225, 'firstname lastname\ncompany\nvat_number\naddress1\naddress2\npostcode city\nCountry:name\nphone\nphone_mobile'),
(226, 'firstname lastname\ncompany\nvat_number\naddress1\naddress2\npostcode city\nCountry:name\nphone\nphone_mobile'),
(227, 'firstname lastname\ncompany\nvat_number\naddress1\naddress2\npostcode city\nCountry:name\nphone\nphone_mobile'),
(228, 'firstname lastname\ncompany\nvat_number\naddress1\naddress2\npostcode city\nCountry:name\nphone\nphone_mobile'),
(229, 'firstname lastname\ncompany\nvat_number\naddress1\naddress2\npostcode city\nCountry:name\nphone\nphone_mobile'),
(230, 'firstname lastname\ncompany\nvat_number\naddress1\naddress2\npostcode city\nCountry:name\nphone\nphone_mobile'),
(231, 'firstname lastname\ncompany\nvat_number\naddress1\naddress2\npostcode city\nCountry:name\nphone\nphone_mobile'),
(232, 'firstname lastname\ncompany\nvat_number\naddress1\naddress2\npostcode city\nCountry:name\nphone\nphone_mobile'),
(233, 'firstname lastname\ncompany\nvat_number\naddress1\naddress2\npostcode city\nCountry:name\nphone\nphone_mobile'),
(234, 'firstname lastname\ncompany\nvat_number\naddress1\naddress2\npostcode city\nCountry:name\nphone\nphone_mobile'),
(235, 'firstname lastname\ncompany\nvat_number\naddress1\naddress2\npostcode city\nCountry:name\nphone\nphone_mobile'),
(236, 'firstname lastname\ncompany\nvat_number\naddress1\naddress2\npostcode city\nCountry:name\nphone\nphone_mobile'),
(237, 'firstname lastname\ncompany\nvat_number\naddress1\naddress2\npostcode city\nCountry:name\nphone\nphone_mobile'),
(238, 'firstname lastname\ncompany\nvat_number\naddress1\naddress2\npostcode city\nCountry:name\nphone\nphone_mobile'),
(239, 'firstname lastname\ncompany\nvat_number\naddress1\naddress2\npostcode city\nCountry:name\nphone\nphone_mobile'),
(240, 'firstname lastname\ncompany\nvat_number\naddress1\naddress2\npostcode city\nCountry:name\nphone\nphone_mobile'),
(241, 'firstname lastname\ncompany\nvat_number\naddress1\naddress2\npostcode city\nCountry:name\nphone\nphone_mobile'),
(242, 'firstname lastname\ncompany\nvat_number\naddress1\naddress2\npostcode city\nCountry:name\nphone\nphone_mobile'),
(243, 'firstname lastname\ncompany\nvat_number\naddress1\naddress2\npostcode city\nCountry:name\nphone\nphone_mobile'),
(244, 'firstname lastname\ncompany\nvat_number\naddress1\naddress2\npostcode city\nCountry:name\nphone\nphone_mobile');

-- --------------------------------------------------------

--
-- Struttura della tabella `ps_advice`
--

CREATE TABLE `ps_advice` (
  `id_advice` int(11) NOT NULL,
  `id_ps_advice` int(11) NOT NULL,
  `id_tab` int(11) NOT NULL,
  `ids_tab` text,
  `validated` tinyint(1) UNSIGNED NOT NULL DEFAULT '0',
  `hide` tinyint(1) NOT NULL DEFAULT '0',
  `location` enum('after','before') NOT NULL,
  `selector` varchar(255) DEFAULT NULL,
  `start_day` int(11) NOT NULL DEFAULT '0',
  `stop_day` int(11) NOT NULL DEFAULT '0',
  `weight` int(11) DEFAULT '1'
) ENGINE=InnoDB DEFAULT CHARSET=utf8;

--
-- Dump dei dati per la tabella `ps_advice`
--

INSERT INTO `ps_advice` (`id_advice`, `id_ps_advice`, `id_tab`, `ids_tab`, `validated`, `hide`, `location`, `selector`, `start_day`, `stop_day`, `weight`) VALUES
(3818, 27, 1, NULL, 0, 0, 'after', '#dashtrends', 0, 0, 1),
(3819, 353, 59, NULL, 1, 0, 'before', '#typeTranslationForm', 0, 0, 1),
(3820, 354, 1, NULL, 1, 0, 'before', 'addons', 0, 0, 1),
(3821, 376, 53, NULL, 0, 0, 'before', '.leadin:first', 0, 0, 1),
(3822, 378, 63, NULL, 0, 0, 'before', 'div.leadin', 0, 0, 1),
(3823, 379, 65, NULL, 0, 0, 'before', 'form.form-horizontal:first, form.toolbar-placeholder', 0, 0, 1),
(3824, 389, 0, NULL, 1, 0, 'before', '#upgradeButtonBlock', 0, 0, 1),
(3825, 515, 1, NULL, 1, 0, 'after', '.dash_news', 0, 0, 1),
(3826, 518, 1, NULL, 1, 0, 'after', '.dash_news', 0, 0, 1),
(3827, 520, 1, NULL, 1, 0, 'after', '.dash_news', 0, 0, 1),
(3828, 532, 41, NULL, 1, 0, 'before', '.leadin:first', 0, 0, 1),
(3829, 537, 1, NULL, 1, 0, 'after', '.dash_news', 0, 0, 1),
(3830, 540, 30, NULL, 1, 0, 'after', '.leadin:first', 0, 0, 1),
(3831, 541, 21, NULL, 1, 0, 'before', '', 0, 0, 1),
(3832, 548, 21, NULL, 1, 0, 'after', '.leadin:first', 0, 0, 1),
(3833, 556, 1, NULL, 1, 0, 'after', '.dash_news', 0, 0, 1),
(3834, 559, 1, NULL, 1, 0, 'after', '#dashtrends', 0, 0, 1),
(3835, 570, 1, NULL, 1, 0, 'after', '.dash_news', 0, 0, 1),
(3836, 571, 9, NULL, 1, 0, 'before', '.leadin:first', 0, 0, 1),
(3837, 605, 1, NULL, 0, 0, 'after', '#dashtrends', 0, 0, 1),
(3838, 641, 1, NULL, 1, 0, 'after', '#dashtrends', 0, 0, 1),
(3839, 642, 1, NULL, 1, 0, 'after', '#dashtrends', 0, 0, 1),
(3840, 659, 1, NULL, 1, 0, 'after', '#dashtrends', 0, 0, 1),
(3841, 660, 1, NULL, 1, 0, 'after', '#dashtrends', 0, 0, 1),
(3842, 674, 1, NULL, 1, 0, 'after', '#dashtrends', 0, 0, 1),
(3843, 698, 1, NULL, 0, 0, 'after', '.dash_news', 0, 0, 1),
(3844, 708, 1, NULL, 1, 0, 'after', '.dash_news', 0, 0, 1),
(3845, 719, 1, NULL, 1, 0, 'after', '.dash_news', 0, 0, 1),
(3846, 720, 1, NULL, 1, 0, 'after', '.dash_news', 0, 0, 1),
(3847, 725, 1, NULL, 1, 0, 'after', '.dash_news', 0, 0, 1),
(3848, 727, 1, NULL, 1, 0, 'after', '#dashtrends', 0, 0, 1),
(3849, 730, 1, NULL, 1, 0, 'after', '.dash_news', 0, 0, 1),
(3850, 731, 1, NULL, 1, 0, 'after', '.dash_news', 0, 0, 1),
(3851, 732, 1, NULL, 1, 0, 'after', '.dash_news', 0, 0, 1),
(3852, 733, 1, NULL, 1, 0, 'after', '.dash_news', 0, 0, 1),
(3853, 734, 1, NULL, 1, 0, 'after', '.dash_news', 0, 0, 1),
(3854, 735, 1, NULL, 1, 0, 'after', '.dash_news', 0, 0, 1),
(3855, 737, 1, NULL, 1, 0, 'after', '#dashtrends', 0, 0, 1),
(3856, 738, 1, NULL, 1, 0, 'after', '#dashtrends', 0, 0, 1),
(3857, 746, 1, NULL, 1, 0, 'after', '.dash_news', 0, 0, 1),
(3858, 749, 1, NULL, 1, 0, 'after', '.dash_news', 0, 0, 1),
(3859, 762, 1, NULL, 1, 0, 'after', '.dash_news', 0, 0, 1),
(3860, 763, 1, NULL, 1, 0, 'after', '.dash_news', 0, 0, 1),
(3861, 765, 1, NULL, 1, 0, 'after', '#dashtrends', 0, 0, 1);

-- --------------------------------------------------------

--
-- Struttura della tabella `ps_advice_lang`
--

CREATE TABLE `ps_advice_lang` (
  `id_advice` int(11) NOT NULL,
  `id_lang` int(11) NOT NULL,
  `html` text
) ENGINE=InnoDB DEFAULT CHARSET=utf8;

--
-- Dump dei dati per la tabella `ps_advice_lang`
--

INSERT INTO `ps_advice_lang` (`id_advice`, `id_lang`, `html`) VALUES
(3818, 1, '<div id=\"wrap_id_advice_27\" >\n	<div class=\"col-lg-6\">\n		<section id=\"\" class=\"panel panel-advice\">\n			<a href=\"#\" id=\"27\" class=\"close_link gamification_premium_close\">\n				<i class=\"icon-remove\"></i>\n			</a>\n			<span class=\"gamification-close-confirmation hide\">\n				Sei sicuro?\n				<button class=\"btn btn-default btn-sm\" data-advice=\"delete\"><i class=\"icon-trash\"></i> Rimuovere</button>\n				<button class=\"btn btn-default btn-sm\" data-advice=\"cancel\">Cancellare</button>\n			</span>\n			<a class=\"preactivationLink row\" rel=\"paypal\" href=\"{link}AdminModules{/link}&install=paypal&module_name=paypal&redirectconfig\">\n				<img src=\"https://api.prestashop.com/partner/premium/images/paypal.png\" class=\"advice-img img-thumbnail\">\n				<img src=\"https://gamification.prestashop.com/api/getAdviceImg/27.png\"/ class=\"hide\">\n				<p class=\"advice-description\">Accettate da ora i primi pagamenti<br/></p>\n			</a>\n		</section>\n	</div></div>'),
(3819, 1, '<div id=\"wrap_id_advice_353\" ><style>\r\n.hide{display:none}.text-right{text-align:right}.text-left{text-align:left}.text-center{text-align:center}hr.clear{visibility:hidden;margin-bottom:20px}.gamification-tip{width:100%;height:40px;margin:0 0 20px 0;position:relative;line-height:43px;background-color:#f8f8f8;border-bottom:solid 5px #d2d2d2}.gamification-tip div.gamification-tip-title{position:absolute;top:0;left:0;height:40px;width:90px;padding:0 0 0 40px;background:url(\"https://gamification.prestashop.com/images/interface/gamification-lightbulb.png\") 10px 5px no-repeat;color:#556e26;font-size:14px;font-weight:bold}.gamification-tip div.gamification-tip-description-container{height:40px;padding:0 130px 0 130px;display:table-cell;vertical-align:middle;font-size:13px;color:#666666;background:url(\"https://gamification.prestashop.com/images/interface/gamification-tip-bg.png\") 100px top no-repeat}.gamification-tip div.gamification-tip-description-container span.gamification-tip-description{display:inline-block;line-height:15px;max-height:30px;overflow:hidden}.gamification-tip span.gamification-tip-cta{position:absolute;line-height:43px;height:40px;width:70px;top:0;right:0;padding:0 10px 0 30px;border-bottom:solid 5px #739334;background:url(\"https://gamification.prestashop.com/images/interface/gamification-cta-bg.png\") left top no-repeat #a6c964}.gamification-tip span.gamification-tip-cta a{display:inline-block;width:100%;font-size:14px;text-transform:uppercase;font-weight:bold;text-shadow:rgba(255, 255, 255, 0.5) 0 1px 0;color:#556e26;background:url(\"https://gamification.prestashop.com/images/interface/gamification-popin.png\") right 10px no-repeat}.gamification-tip-infobox{padding:0 20px 20px 20px;position:relative}.gamification-tip-infobox .gamification-tip-infobox-title{display:inline-block;margin:0 0 20px -20px;width:100%;padding:10px 20px 5px;border-bottom:solid 3px #739334;font:800 18px/20px arial;text-transform:uppercase;color:#556e26;background-color:#e7f0d6}.gamification-tip-infobox .gamification-tip-infobox-title span.gamification-tip-infobox-title-prefix{display:inline-block;height:40px;padding-left:30px;line-height:40px;text-transform:none;font-size:16px;font-weight:500;margin-right:10px;background:url(\"https://gamification.prestashop.com/images/interface/gamification-lightbulb.png\") left top no-repeat}.gamification-tip-infobox .gamification-tip-infobox-content{display:block;width:100%}.gamification-tip-infobox .gamification-tip-infobox-content .gamification-tip-infobox-content-image{float:left;width:170px;height:200px;background:url(\"https://gamification.prestashop.com/images/interface/gamification-infobox-separator.png\") no-repeat right center}.gamification-tip-infobox .gamification-tip-infobox-content .gamification-tip-infobox-content-description{float:left;width:370px;padding:0 0 25px 25px}.gamification-tip-infobox .gamification-tip-infobox-content .gamification-tip-infobox-content-description p{line-height:20px}.gamification-tip-infobox .gamification-tip-infobox-content .gamification-tip-infobox-content-description ul li{padding:0 0 0 20px;line-height:25px;background:url(\"https://gamification.prestashop.com/images/interface/gamification-bullet-check.png\") left top no-repeat}.gamification-tip-infobox .gamification-tip-infobox-content .gamification-tip-infobox-content-controls{padding:20px 0 0 0}.gamification-tip-infobox .gamification-tip-infobox-content .gamification-tip-infobox-content-controls a.button{display:inline-block;height:30px;padding:0 20px;margin-right:10px;border:none;border-bottom:solid 3px #ababab;line-height:33px;text-transform:uppercase;font-weight:bold;color:#929292;text-shadow:rgba(255, 255, 255, 0.5) 0 1px 0;border-radius:3px;background:#d2d2d2}.gamification-tip-infobox .gamification-tip-infobox-content .gamification-tip-infobox-content-controls a.button.success{color:#384819;background:#a6c964;border-color:#739334;text-shadow:rgba(255, 255, 255, 0.5) 0 1px 0}.gamification-tip-infobox .gamification-tip-infobox-content .gamification-tip-infobox-content-controls a.button:hover{color:#f8f8f8;background:#5f5f5f;border-color:#2c2c2c;text-shadow:rgba(0, 0, 0, 0.5) 0 1px 0}.gamification-tip-infobox .gamification-tip-infobox-content .gamification-tip-infobox-content-controls a.button:active{color:white;background:#2c2c2c;border-color:black;text-shadow:rgba(0, 0, 0, 0.5) 0 1px 0}.gamification-tip-infobox a.infobox-close{display:inline-block;width:14px;height:14px;position:absolute;top:20px;right:20px;text-indent:-9999px;background:url(\"https://gamification.prestashop.com/images/interface/gamification-infobox-close.png\") no-repeat}\r\n</style>\r\n<hr class=\"clear\"/>\r\n<div id=\"advice-16\">\r\n<div class=\"gamification-tip\">\r\n	<div class=\"gamification-tip-title\">Advice</div>\r\n	<span class=\"gamification-tip-cta\"><a class=\"\" href=\"https://gamification.prestashop.com/get_advice_link.php?id_advice=353&url=http%3A%2F%2Fcrowdin.net%2Fproject%2Fprestashop-official%2F\">Join</a><a class=\"gamification_close\" style=\"display:none\"  id=\"353\" href=\"#advice_content_353\">close</a></span>\r\n	<div class=\"gamification-tip-description-container\">\r\n		<span class=\"gamification-tip-description\">\r\n			Help us translate PrestaShop 1.6 into your language by <a href=\"https://gamification.prestashop.com/get_advice_link.php?id_advice=353&url=http%3A%2F%2Fcrowdin.net%2Fproject%2Fprestashop-official%2F\">joining us on Crowdin</a>!\r\n		</span>\r\n<div style=\"display:none\"><img src=\"https://gamification.prestashop.com/api/getAdviceImg/353.png\" /></div>\r\n	</div>\r\n</div>\r\n</div>\r\n</div>'),
(3820, 1, '<div id=\"wrap_id_advice_354\" ><style>\r\n#wrap_id_advice_354 .panel.panel-advice { position: relative; padding: 10px !important; min-height: 75px; }\r\n#wrap_id_advice_354 .panel.panel-advice a.preactivationLink { display: table; margin: 0; text-decoration: none; }\r\n#wrap_id_advice_354 .panel.panel-advice a.preactivationLink p, .panel.panel-advice a.preactivationLink img { display: table-cell; vertical-align: middle; }\r\n#wrap_id_advice_354 .panel.panel-advice a.preactivationLink p { padding: 0 20px; }\r\n#wrap_id_advice_354 .panel.panel-advice .gamification-close-confirmation { position: absolute; top: 4px; right: 5px; background: #FFF; padding: 5px 3px;}\r\n#wrap_id_advice_354 .panel.panel-advice .gamification_premium_close i { color: #00aff0; }\r\n#wrap_id_advice_354 .panel.panel-advice:hover .gamification_premium_close { display: block; }\r\n</style>\r\n<div class=\"col-lg-6\">\r\n	<section id=\"\" class=\"panel panel-advice\">\r\n		\r\n		<a class=\"preactivationLink row\" rel=\"ebay\" href=\"https://gamification.prestashop.com/get_advice_link.php?id_advice=321&url=http%3A%2F%2Faddons.prestashop.com\">\r\n			<img src=\"https://gamification.prestashop.com/api/getAdviceImg/354.png\" class=\"advice-img img-thumbnail\">\r\n			<p class=\"advice-description\">Oltre 3.500 moduli e temi PrestaShop per personalizzare il tuo negozio online!</p>\r\n		</a>\r\n	</section>\r\n</div>\r\n</div>'),
(3821, 1, '<div id=\"wrap_id_advice_376\" ><style>\n.hide{display:none}.text-right{text-align:right}.text-left{text-align:left}.text-center{text-align:center}hr.clear{visibility:hidden;margin-bottom:20px}.gamification-tip{width:100%;height:40px;margin:0 0 20px 0;position:relative;line-height:43px;background-color:#f8f8f8;border-bottom:solid 5px #d2d2d2}.gamification-tip div.gamification-tip-title{position:absolute;top:0;left:0;height:40px;width:90px;padding:0 0 0 40px;background:url(\"https://gamification.prestashop.com/images/interface/gamification-lightbulb.png\") 10px 5px no-repeat;color:#556e26;font-size:14px;font-weight:bold}.gamification-tip div.gamification-tip-description-container{height:40px;padding:0 130px 0 130px;display:table-cell;vertical-align:middle;font-size:13px;color:#666666;background:url(\"https://gamification.prestashop.com/images/interface/gamification-tip-bg.png\") 100px top no-repeat}.gamification-tip div.gamification-tip-description-container span.gamification-tip-description{display:inline-block;line-height:15px;max-height:30px;overflow:hidden}.gamification-tip span.gamification-tip-cta{position:absolute;line-height:43px;height:40px;width:70px;top:0;right:0;padding:0 10px 0 30px;border-bottom:solid 5px #739334;background:url(\"https://gamification.prestashop.com/images/interface/gamification-cta-bg.png\") left top no-repeat #a6c964}.gamification-tip span.gamification-tip-cta a{display:inline-block;width:100%;font-size:14px;text-transform:uppercase;font-weight:bold;text-shadow:rgba(255, 255, 255, 0.5) 0 1px 0;color:#556e26;background:url(\"https://gamification.prestashop.com/images/interface/gamification-popin.png\") right 10px no-repeat}.gamification-tip-infobox{padding:0 20px 20px 20px;position:relative}.gamification-tip-infobox .gamification-tip-infobox-title{display:inline-block;margin:0 0 20px -20px;width:100%;padding:10px 20px 5px;border-bottom:solid 3px #739334;font:800 18px/20px arial;text-transform:uppercase;color:#556e26;background-color:#e7f0d6}.gamification-tip-infobox .gamification-tip-infobox-title span.gamification-tip-infobox-title-prefix{display:inline-block;height:40px;padding-left:30px;line-height:40px;text-transform:none;font-size:16px;font-weight:500;margin-right:10px;background:url(\"https://gamification.prestashop.com/images/interface/gamification-lightbulb.png\") left top no-repeat}.gamification-tip-infobox .gamification-tip-infobox-content{display:block;width:100%}.gamification-tip-infobox .gamification-tip-infobox-content .gamification-tip-infobox-content-image{float:left;width:120px;height:200px;background:url(\"https://gamification.prestashop.com/images/interface/gamification-infobox-separator.png\") no-repeat right center}.gamification-tip-infobox .gamification-tip-infobox-content .gamification-tip-infobox-content-description{float:left;width:430px;padding:0 0 25px 25px}.gamification-tip-infobox .gamification-tip-infobox-content .gamification-tip-infobox-content-description p{line-height:20px}.gamification-tip-infobox .gamification-tip-infobox-content .gamification-tip-infobox-content-description ul li{padding:0 0 0 20px;line-height:25px;background:url(\"https://gamification.prestashop.com/images/interface/gamification-bullet-check.png\") left center no-repeat}.gamification-tip-infobox .gamification-tip-infobox-content .gamification-tip-infobox-content-controls{padding:20px 0 0 0}.gamification-tip-infobox .gamification-tip-infobox-content .gamification-tip-infobox-content-controls a.button{display:inline-block;height:30px;padding:0 20px;margin-right:10px;border:none;border-bottom:solid 3px #ababab;line-height:33px;text-transform:uppercase;font-weight:bold;color:#929292;text-shadow:rgba(255, 255, 255, 0.5) 0 1px 0;border-radius:3px;background:#d2d2d2}.gamification-tip-infobox .gamification-tip-infobox-content .gamification-tip-infobox-content-controls a.button.success{color:#384819;background:#a6c964;border-color:#739334;text-shadow:rgba(255, 255, 255, 0.5) 0 1px 0}.gamification-tip-infobox .gamification-tip-infobox-content .gamification-tip-infobox-content-controls a.button:hover{color:#f8f8f8;background:#5f5f5f;border-color:#2c2c2c;text-shadow:rgba(0, 0, 0, 0.5) 0 1px 0}.gamification-tip-infobox .gamification-tip-infobox-content .gamification-tip-infobox-content-controls a.button:active{color:white;background:#2c2c2c;border-color:black;text-shadow:rgba(0, 0, 0, 0.5) 0 1px 0}.gamification-tip-infobox a.infobox-close{display:inline-block;width:14px;height:14px;position:absolute;top:20px;right:20px;text-indent:-9999px;background:url(\"https://gamification.prestashop.com/images/interface/gamification-infobox-close.png\") no-repeat}\n</style>\n<hr class=\"clear\"/>\n<div id=\"advice-16\">\n<div class=\"gamification-tip\">\n	<div class=\"gamification-tip-title\">Consiglio</div>\n	<span class=\"gamification-tip-cta\"><a class=\"gamification_fancybox\"  id=\"376\" href=\"#advice_content_376\">Leggere</a><a class=\"gamification_close\" style=\"display:none\"  id=\"376\" href=\"#advice_content_376\">Chiudere</a></span>\n\n	<div class=\"gamification-tip-description-container\">\n		<span class=\"gamification-tip-description\">\n			In Europa, un terzo degli acquirenti online europei ha acquistato in un altro Paese dell’Unione europea. Inizia a vendere all’estero. 		</span>\n	</div>\n	<div class=\"hide\">\n		<div id=\"advice_content_376\" class=\"gamification-tip-infobox\">\n			<div class=\"gamification-tip-infobox-title\">\n				<span class=\"gamification-tip-infobox-title-prefix\">Consiglio</span>\n				Paypal			</div>\n			<div class=\"gamification-tip-infobox-content\">\n				<div class=\"gamification-tip-infobox-content-image\">\n					<img src=\"https://gamification.prestashop.com/api/getAdviceImg/376.png\" alt=\"logo\" style=\"max-width: 85%\">\n				</div>\n				<div class=\"gamification-tip-infobox-content-description\">\n					<p><span style=\"font-family: arial, sans, sans-serif; font-size: 12px; white-space: pre-wrap;\">55% di chi acquista online in Italia non avrebbe comprato su un sito straniero se PayPal non fosse stato disponibile.*</span><br style=\"font-family: arial, sans, sans-serif; font-size: 12px; white-space: pre-wrap;\" /><br style=\"font-family: arial, sans, sans-serif; font-size: 12px; white-space: pre-wrap;\" /><span style=\"font-family: arial, sans, sans-serif; font-size: 12px; white-space: pre-wrap;\">I motivi sono ovvi.</span><br style=\"font-family: arial, sans, sans-serif; font-size: 12px; white-space: pre-wrap;\" /><span style=\"font-family: arial, sans, sans-serif; font-size: 12px; white-space: pre-wrap;\">PayPal aumenta la sicurezza del tuo sito agli occhi degli acquirenti di 193 Paesi, che possono pagare in 26 valute diverse. PayPal può accompagnarti nell&#039;avventura in nuovi mercati perché è accettato in quasi tutto il mondo. Gli acquirenti che pagano con PayPal sanno che è più sicuro. E non rinunciano a questa sensazione di sicurezza, sia che paghino dal computer o da dispositivo mobile. Inoltre, gli acquisti idonei dei tuoi clienti sono tutelati dalla nostra Protezione acquisti**. E la comodità di PayPal è apprezzata nel mondo. </span><br style=\"font-family: arial, sans, sans-serif; font-size: 12px; white-space: pre-wrap;\" /><br style=\"font-family: arial, sans, sans-serif; font-size: 12px; white-space: pre-wrap;\" /><span style=\"font-family: arial, sans, sans-serif; font-size: 12px; white-space: pre-wrap;\">*Q4 2013 EUROPEAN SALES LIFT REPORT, PayPal, ITALIA</span><br style=\"font-family: arial, sans, sans-serif; font-size: 12px; white-space: pre-wrap;\" /><span style=\"font-family: arial, sans, sans-serif; font-size: 12px; white-space: pre-wrap;\">** https://www.paypal.com/it/webapps/mpp/paypal-safety-and-security</span></p>					<div class=\"gamification-tip-infobox-content-controls right\">\n						<a href=\"javascript:$.fancybox.close();\" class=\"button\">Cancella</a>\n						<a href=\"{link}AdminModules{/link}&install=paypal&module_name=paypal\" class=\"button success\">Scopri il modulo</a>\n					</div>\n				</div>\n			</div>\n		</div>\n	</div>\n</div>\n</div>\n<script>\n	$(document).ready( function () {\n		$(\'.gamification_fancybox\').bind(\'click\', function () {\n			id_advice = 376;\n			popin_url = \'https://gamification.prestashop.com/get_advice_link.php?id_advice=\'+id_advice+\'&url=\';\n			url = window.location.origin+window.location.pathname.replace(\'index.php\', \'\')+$(\'.gamification-tip-infobox-content-controls a.success\').attr(\'href\');\n			$(\'.gamification-tip-infobox-content-controls a.success\').attr(\'href\', popin_url+encodeURIComponent(url));\n			\n			$(\'.gamification-tip-infobox\').after(\'<img style=\"display:none\" src=\"https://gamification.prestashop.com/api/getAdvicePopinImg/\'+id_advice+\'.png\" />\');\n			\n		});\n	});\n</script></div>'),
(3822, 1, '<div id=\"wrap_id_advice_378\" ><style>\n.hide{display:none}.text-right{text-align:right}.text-left{text-align:left}.text-center{text-align:center}hr.clear{visibility:hidden;margin-bottom:20px}.gamification-tip{width:100%;height:40px;margin:0 0 20px 0;position:relative;line-height:43px;background-color:#f8f8f8;border-bottom:solid 5px #d2d2d2}.gamification-tip div.gamification-tip-title{position:absolute;top:0;left:0;height:40px;width:90px;padding:0 0 0 40px;background:url(\"https://gamification.prestashop.com/images/interface/gamification-lightbulb.png\") 10px 5px no-repeat;color:#556e26;font-size:14px;font-weight:bold}.gamification-tip div.gamification-tip-description-container{height:40px;padding:0 130px 0 130px;display:table-cell;vertical-align:middle;font-size:13px;color:#666666;background:url(\"https://gamification.prestashop.com/images/interface/gamification-tip-bg.png\") 100px top no-repeat}.gamification-tip div.gamification-tip-description-container span.gamification-tip-description{display:inline-block;line-height:15px;max-height:30px;overflow:hidden}.gamification-tip span.gamification-tip-cta{position:absolute;line-height:43px;height:40px;width:70px;top:0;right:0;padding:0 10px 0 30px;border-bottom:solid 5px #739334;background:url(\"https://gamification.prestashop.com/images/interface/gamification-cta-bg.png\") left top no-repeat #a6c964}.gamification-tip span.gamification-tip-cta a{display:inline-block;width:100%;font-size:14px;text-transform:uppercase;font-weight:bold;text-shadow:rgba(255, 255, 255, 0.5) 0 1px 0;color:#556e26;background:url(\"https://gamification.prestashop.com/images/interface/gamification-popin.png\") right 10px no-repeat}.gamification-tip-infobox{padding:0 20px 20px 20px;position:relative}.gamification-tip-infobox .gamification-tip-infobox-title{display:inline-block;margin:0 0 20px -20px;width:100%;padding:10px 20px 5px;border-bottom:solid 3px #739334;font:800 18px/20px arial;text-transform:uppercase;color:#556e26;background-color:#e7f0d6}.gamification-tip-infobox .gamification-tip-infobox-title span.gamification-tip-infobox-title-prefix{display:inline-block;height:40px;padding-left:30px;line-height:40px;text-transform:none;font-size:16px;font-weight:500;margin-right:10px;background:url(\"https://gamification.prestashop.com/images/interface/gamification-lightbulb.png\") left top no-repeat}.gamification-tip-infobox .gamification-tip-infobox-content{display:block;width:100%}.gamification-tip-infobox .gamification-tip-infobox-content .gamification-tip-infobox-content-image{float:left;width:120px;height:200px;background:url(\"https://gamification.prestashop.com/images/interface/gamification-infobox-separator.png\") no-repeat right center}.gamification-tip-infobox .gamification-tip-infobox-content .gamification-tip-infobox-content-description{float:left;width:430px;padding:0 0 25px 25px}.gamification-tip-infobox .gamification-tip-infobox-content .gamification-tip-infobox-content-description p{line-height:20px}.gamification-tip-infobox .gamification-tip-infobox-content .gamification-tip-infobox-content-description ul li{padding:0 0 0 20px;line-height:25px;background:url(\"https://gamification.prestashop.com/images/interface/gamification-bullet-check.png\") left center no-repeat}.gamification-tip-infobox .gamification-tip-infobox-content .gamification-tip-infobox-content-controls{padding:20px 0 0 0}.gamification-tip-infobox .gamification-tip-infobox-content .gamification-tip-infobox-content-controls a.button{display:inline-block;height:30px;padding:0 20px;margin-right:10px;border:none;border-bottom:solid 3px #ababab;line-height:33px;text-transform:uppercase;font-weight:bold;color:#929292;text-shadow:rgba(255, 255, 255, 0.5) 0 1px 0;border-radius:3px;background:#d2d2d2}.gamification-tip-infobox .gamification-tip-infobox-content .gamification-tip-infobox-content-controls a.button.success{color:#384819;background:#a6c964;border-color:#739334;text-shadow:rgba(255, 255, 255, 0.5) 0 1px 0}.gamification-tip-infobox .gamification-tip-infobox-content .gamification-tip-infobox-content-controls a.button:hover{color:#f8f8f8;background:#5f5f5f;border-color:#2c2c2c;text-shadow:rgba(0, 0, 0, 0.5) 0 1px 0}.gamification-tip-infobox .gamification-tip-infobox-content .gamification-tip-infobox-content-controls a.button:active{color:white;background:#2c2c2c;border-color:black;text-shadow:rgba(0, 0, 0, 0.5) 0 1px 0}.gamification-tip-infobox a.infobox-close{display:inline-block;width:14px;height:14px;position:absolute;top:20px;right:20px;text-indent:-9999px;background:url(\"https://gamification.prestashop.com/images/interface/gamification-infobox-close.png\") no-repeat}\n</style>\n<hr class=\"clear\"/>\n<div id=\"advice-16\">\n<div class=\"gamification-tip\">\n	<div class=\"gamification-tip-title\">Consiglio</div>\n	<span class=\"gamification-tip-cta\"><a class=\"gamification_fancybox\"  id=\"378\" href=\"#advice_content_378\">Leggere</a><a class=\"gamification_close\" style=\"display:none\"  id=\"378\" href=\"#advice_content_378\">Chiudere</a></span>\n\n	<div class=\"gamification-tip-description-container\">\n		<span class=\"gamification-tip-description\">\n			Un’ampia offerta di metodi di pagamento è un criterio fondamentale per il successo di un negozio online: più opzioni disponibili significa più probabilità che un visitatore del tuo sito diventi un tuo cliente. 		</span>\n	</div>\n	<div class=\"hide\">\n		<div id=\"advice_content_378\" class=\"gamification-tip-infobox\">\n			<div class=\"gamification-tip-infobox-title\">\n				<span class=\"gamification-tip-infobox-title-prefix\">Consiglio</span>\n							</div>\n			<div class=\"gamification-tip-infobox-content\">\n				<div class=\"gamification-tip-infobox-content-image\">\n					<img src=\"https://gamification.prestashop.com/api/getAdviceImg/378.png\" alt=\"logo\" style=\"max-width: 85%\">\n				</div>\n				<div class=\"gamification-tip-infobox-content-description\">\n					<p><span style=\"font-family: arial, sans, sans-serif; font-size: 12px; white-space: pre-wrap;\">Con PayPal, accetti tutti i principali metodi di pagamento online. i clienti che scelgono di fare acquisti con PayPal non pagano alcuna tariffa per transazione. </span><br style=\"font-family: arial, sans, sans-serif; font-size: 12px; white-space: pre-wrap;\" /><br style=\"font-family: arial, sans, sans-serif; font-size: 12px; white-space: pre-wrap;\" /><span style=\"font-family: arial, sans, sans-serif; font-size: 12px; white-space: pre-wrap;\">Non devono immettere i dati della carta al momento del pagamento. E possono pagare tramite carta di credito, di debito (bancomat) o prepagata e saldo PayPal in una delle 26 valute disponibili. </span><br style=\"font-family: arial, sans, sans-serif; font-size: 12px; white-space: pre-wrap;\" /><br style=\"font-family: arial, sans, sans-serif; font-size: 12px; white-space: pre-wrap;\" /><span style=\"font-family: arial, sans, sans-serif; font-size: 12px; white-space: pre-wrap;\">Pagare con PayPal è così semplice e sicuro che 143 milioni di utenti* nel mondo lo scelgono come metodo di pagamento. In Italia i conti attivi sono più di 3 milioni.</span><br style=\"font-family: arial, sans, sans-serif; font-size: 12px; white-space: pre-wrap;\" /><br style=\"font-family: arial, sans, sans-serif; font-size: 12px; white-space: pre-wrap;\" /><span style=\"font-family: arial, sans, sans-serif; font-size: 12px; white-space: pre-wrap;\">* Fonte: Regole di divulgazione di eBay 2013</span></p>					<div class=\"gamification-tip-infobox-content-controls right\">\n						<a href=\"javascript:$.fancybox.close();\" class=\"button\">Cancella</a>\n						<a href=\"{link}AdminModules{/link}&install=paypal&module_name=paypal\" class=\"button success\">Scopri il modulo</a>\n					</div>\n				</div>\n			</div>\n		</div>\n	</div>\n</div>\n</div>\n<script>\n	$(document).ready( function () {\n		$(\'.gamification_fancybox\').bind(\'click\', function () {\n			id_advice = 378;\n			popin_url = \'https://gamification.prestashop.com/get_advice_link.php?id_advice=\'+id_advice+\'&url=\';\n			url = window.location.origin+window.location.pathname.replace(\'index.php\', \'\')+$(\'.gamification-tip-infobox-content-controls a.success\').attr(\'href\');\n			$(\'.gamification-tip-infobox-content-controls a.success\').attr(\'href\', popin_url+encodeURIComponent(url));\n			\n			$(\'.gamification-tip-infobox\').after(\'<img style=\"display:none\" src=\"https://gamification.prestashop.com/api/getAdvicePopinImg/\'+id_advice+\'.png\" />\');\n			\n		});\n	});\n</script></div>'),
(3823, 1, '<div id=\"wrap_id_advice_379\" ><style>\n.hide{display:none}.text-right{text-align:right}.text-left{text-align:left}.text-center{text-align:center}hr.clear{visibility:hidden;margin-bottom:20px}.gamification-tip{width:100%;height:40px;margin:0 0 20px 0;position:relative;line-height:43px;background-color:#f8f8f8;border-bottom:solid 5px #d2d2d2}.gamification-tip div.gamification-tip-title{position:absolute;top:0;left:0;height:40px;width:90px;padding:0 0 0 40px;background:url(\"https://gamification.prestashop.com/images/interface/gamification-lightbulb.png\") 10px 5px no-repeat;color:#556e26;font-size:14px;font-weight:bold}.gamification-tip div.gamification-tip-description-container{height:40px;padding:0 130px 0 130px;display:table-cell;vertical-align:middle;font-size:13px;color:#666666;background:url(\"https://gamification.prestashop.com/images/interface/gamification-tip-bg.png\") 100px top no-repeat}.gamification-tip div.gamification-tip-description-container span.gamification-tip-description{display:inline-block;line-height:15px;max-height:30px;overflow:hidden}.gamification-tip span.gamification-tip-cta{position:absolute;line-height:43px;height:40px;width:70px;top:0;right:0;padding:0 10px 0 30px;border-bottom:solid 5px #739334;background:url(\"https://gamification.prestashop.com/images/interface/gamification-cta-bg.png\") left top no-repeat #a6c964}.gamification-tip span.gamification-tip-cta a{display:inline-block;width:100%;font-size:14px;text-transform:uppercase;font-weight:bold;text-shadow:rgba(255, 255, 255, 0.5) 0 1px 0;color:#556e26;background:url(\"https://gamification.prestashop.com/images/interface/gamification-popin.png\") right 10px no-repeat}.gamification-tip-infobox{padding:0 20px 20px 20px;position:relative}.gamification-tip-infobox .gamification-tip-infobox-title{display:inline-block;margin:0 0 20px -20px;width:100%;padding:10px 20px 5px;border-bottom:solid 3px #739334;font:800 18px/20px arial;text-transform:uppercase;color:#556e26;background-color:#e7f0d6}.gamification-tip-infobox .gamification-tip-infobox-title span.gamification-tip-infobox-title-prefix{display:inline-block;height:40px;padding-left:30px;line-height:40px;text-transform:none;font-size:16px;font-weight:500;margin-right:10px;background:url(\"https://gamification.prestashop.com/images/interface/gamification-lightbulb.png\") left top no-repeat}.gamification-tip-infobox .gamification-tip-infobox-content{display:block;width:100%}.gamification-tip-infobox .gamification-tip-infobox-content .gamification-tip-infobox-content-image{float:left;width:120px;height:200px;background:url(\"https://gamification.prestashop.com/images/interface/gamification-infobox-separator.png\") no-repeat right center}.gamification-tip-infobox .gamification-tip-infobox-content .gamification-tip-infobox-content-description{float:left;width:430px;padding:0 0 25px 25px}.gamification-tip-infobox .gamification-tip-infobox-content .gamification-tip-infobox-content-description p{line-height:20px}.gamification-tip-infobox .gamification-tip-infobox-content .gamification-tip-infobox-content-description ul li{padding:0 0 0 20px;line-height:25px;background:url(\"https://gamification.prestashop.com/images/interface/gamification-bullet-check.png\") left center no-repeat}.gamification-tip-infobox .gamification-tip-infobox-content .gamification-tip-infobox-content-controls{padding:20px 0 0 0}.gamification-tip-infobox .gamification-tip-infobox-content .gamification-tip-infobox-content-controls a.button{display:inline-block;height:30px;padding:0 20px;margin-right:10px;border:none;border-bottom:solid 3px #ababab;line-height:33px;text-transform:uppercase;font-weight:bold;color:#929292;text-shadow:rgba(255, 255, 255, 0.5) 0 1px 0;border-radius:3px;background:#d2d2d2}.gamification-tip-infobox .gamification-tip-infobox-content .gamification-tip-infobox-content-controls a.button.success{color:#384819;background:#a6c964;border-color:#739334;text-shadow:rgba(255, 255, 255, 0.5) 0 1px 0}.gamification-tip-infobox .gamification-tip-infobox-content .gamification-tip-infobox-content-controls a.button:hover{color:#f8f8f8;background:#5f5f5f;border-color:#2c2c2c;text-shadow:rgba(0, 0, 0, 0.5) 0 1px 0}.gamification-tip-infobox .gamification-tip-infobox-content .gamification-tip-infobox-content-controls a.button:active{color:white;background:#2c2c2c;border-color:black;text-shadow:rgba(0, 0, 0, 0.5) 0 1px 0}.gamification-tip-infobox a.infobox-close{display:inline-block;width:14px;height:14px;position:absolute;top:20px;right:20px;text-indent:-9999px;background:url(\"https://gamification.prestashop.com/images/interface/gamification-infobox-close.png\") no-repeat}\n</style>\n<hr class=\"clear\"/>\n<div id=\"advice-16\">\n<div class=\"gamification-tip\">\n	<div class=\"gamification-tip-title\">Consiglio</div>\n	<span class=\"gamification-tip-cta\"><a class=\"gamification_fancybox\"  id=\"379\" href=\"#advice_content_379\">Leggere</a><a class=\"gamification_close\" style=\"display:none\"  id=\"379\" href=\"#advice_content_379\">Chiudere</a></span>\n\n	<div class=\"gamification-tip-description-container\">\n		<span class=\"gamification-tip-description\">\n			Il 72% delle transazioni online viene abbandonato prima di essere completato. Scopri come ridurre gli abbandoni del carrello e migliorare l&#039;esperienza d’acquisto dei tuoi clienti.		</span>\n	</div>\n	<div class=\"hide\">\n		<div id=\"advice_content_379\" class=\"gamification-tip-infobox\">\n			<div class=\"gamification-tip-infobox-title\">\n				<span class=\"gamification-tip-infobox-title-prefix\">Consiglio</span>\n							</div>\n			<div class=\"gamification-tip-infobox-content\">\n				<div class=\"gamification-tip-infobox-content-image\">\n					<img src=\"https://gamification.prestashop.com/api/getAdviceImg/379.png\" alt=\"logo\" style=\"max-width: 85%\">\n				</div>\n				<div class=\"gamification-tip-infobox-content-description\">\n					<p><span style=\"font-family: arial, sans, sans-serif; font-size: 12px; white-space: pre-wrap;\">38% di chi acquista online in Italia* non completa un acquisto se PayPal non viene offerto come metodo di pagamento.</span><br style=\"font-family: arial, sans, sans-serif; font-size: 12px; white-space: pre-wrap;\" /><br style=\"font-family: arial, sans, sans-serif; font-size: 12px; white-space: pre-wrap;\" /><span style=\"font-family: arial, sans, sans-serif; font-size: 12px; white-space: pre-wrap;\">I motivi sono ovvi. </span><br style=\"font-family: arial, sans, sans-serif; font-size: 12px; white-space: pre-wrap;\" /><br style=\"font-family: arial, sans, sans-serif; font-size: 12px; white-space: pre-wrap;\" /><span style=\"font-family: arial, sans, sans-serif; font-size: 12px; white-space: pre-wrap;\">Il 78% degli acquirenti interpellati residenti in Italia* ha indicato che, per motivi di sicurezza, non completa un acquisto se PayPal non è tra i metodi di pagamento disponibili. Il 22% dei clienti residenti in Italia* preferisce la praticità offerta da PayPal. Gli utenti abituati a fare acquisti con PayPal sanno che è più sicuro. E non rinunciano a questa sensazione di sicurezza, sia che paghino dal computer o da dispositivo mobile. </span><br style=\"font-family: arial, sans, sans-serif; font-size: 12px; white-space: pre-wrap;\" /><br style=\"font-family: arial, sans, sans-serif; font-size: 12px; white-space: pre-wrap;\" /><span style=\"font-family: arial, sans, sans-serif; font-size: 12px; white-space: pre-wrap;\">* REPORT SULL&#039;AUMENTO DELLE VENDITE IN EUROPA NEL 4° TRIMESTRE 2013, ITALIA</span></p>					<div class=\"gamification-tip-infobox-content-controls right\">\n						<a href=\"javascript:$.fancybox.close();\" class=\"button\">Cancella</a>\n						<a href=\"{link}AdminModules{/link}&install=paypal&module_name=paypal\" class=\"button success\">Scopri il modulo</a>\n					</div>\n				</div>\n			</div>\n		</div>\n	</div>\n</div>\n</div>\n<script>\n	$(document).ready( function () {\n		$(\'.gamification_fancybox\').bind(\'click\', function () {\n			id_advice = 379;\n			popin_url = \'https://gamification.prestashop.com/get_advice_link.php?id_advice=\'+id_advice+\'&url=\';\n			url = window.location.origin+window.location.pathname.replace(\'index.php\', \'\')+$(\'.gamification-tip-infobox-content-controls a.success\').attr(\'href\');\n			$(\'.gamification-tip-infobox-content-controls a.success\').attr(\'href\', popin_url+encodeURIComponent(url));\n			\n			$(\'.gamification-tip-infobox\').after(\'<img style=\"display:none\" src=\"https://gamification.prestashop.com/api/getAdvicePopinImg/\'+id_advice+\'.png\" />\');\n			\n		});\n	});\n</script></div>'),
(3824, 1, '<div id=\"wrap_id_advice_389\" ><style>\n.hide{display:none}.text-right{text-align:right}.text-left{text-align:left}.text-center{text-align:center}hr.clear{visibility:hidden;margin-bottom:20px}.gamification-tip{width:100%;height:40px;margin:0 0 20px 0;position:relative;line-height:43px;background-color:#f8f8f8;border-bottom:solid 5px #d2d2d2}.gamification-tip div.gamification-tip-title{position:absolute;top:0;left:0;height:40px;width:90px;padding:0 0 0 40px;background:url(\"https://gamification.prestashop.com/images/interface/gamification-lightbulb.png\") 10px 5px no-repeat;color:#556e26;font-size:14px;font-weight:bold}.gamification-tip div.gamification-tip-description-container{height:40px;padding:0 130px 0 130px;display:table-cell;vertical-align:middle;font-size:13px;color:#666666;background:url(\"https://gamification.prestashop.com/images/interface/gamification-tip-bg.png\") 100px top no-repeat}.gamification-tip div.gamification-tip-description-container span.gamification-tip-description{display:inline-block;line-height:15px;max-height:30px;overflow:hidden}.gamification-tip span.gamification-tip-cta{position:absolute;line-height:43px;height:40px;width:70px;top:0;right:0;padding:0 10px 0 30px;border-bottom:solid 5px #739334;background:url(\"https://gamification.prestashop.com/images/interface/gamification-cta-bg.png\") left top no-repeat #a6c964}.gamification-tip span.gamification-tip-cta a{display:inline-block;width:100%;font-size:14px;text-transform:uppercase;font-weight:bold;text-shadow:rgba(255, 255, 255, 0.5) 0 1px 0;color:#556e26;background:url(\"https://gamification.prestashop.com/images/interface/gamification-popin.png\") right 10px no-repeat}.gamification-tip-infobox{padding:0 20px 20px 20px;position:relative}.gamification-tip-infobox .gamification-tip-infobox-title{display:inline-block;margin:0 0 20px -20px;width:100%;padding:10px 20px 5px;border-bottom:solid 3px #739334;font:800 18px/20px arial;text-transform:uppercase;color:#556e26;background-color:#e7f0d6}.gamification-tip-infobox .gamification-tip-infobox-title span.gamification-tip-infobox-title-prefix{display:inline-block;height:40px;padding-left:30px;line-height:40px;text-transform:none;font-size:16px;font-weight:500;margin-right:10px;background:url(\"https://gamification.prestashop.com/images/interface/gamification-lightbulb.png\") left top no-repeat}.gamification-tip-infobox .gamification-tip-infobox-content{display:block;width:100%}.gamification-tip-infobox .gamification-tip-infobox-content .gamification-tip-infobox-content-image{float:left;width:120px;height:200px;background:url(\"https://gamification.prestashop.com/images/interface/gamification-infobox-separator.png\") no-repeat right center}.gamification-tip-infobox .gamification-tip-infobox-content .gamification-tip-infobox-content-description{float:left;width:430px;padding:0 0 25px 25px}.gamification-tip-infobox .gamification-tip-infobox-content .gamification-tip-infobox-content-description p{line-height:20px}.gamification-tip-infobox .gamification-tip-infobox-content .gamification-tip-infobox-content-description ul li{padding:0 0 0 20px;line-height:25px;background:url(\"https://gamification.prestashop.com/images/interface/gamification-bullet-check.png\") left center no-repeat}.gamification-tip-infobox .gamification-tip-infobox-content .gamification-tip-infobox-content-controls{padding:20px 0 0 0}.gamification-tip-infobox .gamification-tip-infobox-content .gamification-tip-infobox-content-controls a.button{display:inline-block;height:30px;padding:0 20px;margin-right:10px;border:none;border-bottom:solid 3px #ababab;line-height:33px;text-transform:uppercase;font-weight:bold;color:#929292;text-shadow:rgba(255, 255, 255, 0.5) 0 1px 0;border-radius:3px;background:#d2d2d2}.gamification-tip-infobox .gamification-tip-infobox-content .gamification-tip-infobox-content-controls a.button.success{color:#384819;background:#a6c964;border-color:#739334;text-shadow:rgba(255, 255, 255, 0.5) 0 1px 0}.gamification-tip-infobox .gamification-tip-infobox-content .gamification-tip-infobox-content-controls a.button:hover{color:#f8f8f8;background:#5f5f5f;border-color:#2c2c2c;text-shadow:rgba(0, 0, 0, 0.5) 0 1px 0}.gamification-tip-infobox .gamification-tip-infobox-content .gamification-tip-infobox-content-controls a.button:active{color:white;background:#2c2c2c;border-color:black;text-shadow:rgba(0, 0, 0, 0.5) 0 1px 0}.gamification-tip-infobox a.infobox-close{display:inline-block;width:14px;height:14px;position:absolute;top:20px;right:20px;text-indent:-9999px;background:url(\"https://gamification.prestashop.com/images/interface/gamification-infobox-close.png\") no-repeat}\n</style>\n<hr class=\"clear\"/>\n<div id=\"advice-16\">\n<div class=\"gamification-tip\">\n	<img style=\"display:none\" src=\"https://gamification.prestashop.com/api/getAdviceImg/389.png\" />\n	<div class=\"gamification-tip-title\">Consiglio</div>\n	<span class=\"gamification-tip-cta\"><a class=\"gamification_fancybox\"  id=\"389\" href=\"http://www.prestashop.com/club/?utm_source=back-office&utm_medium=gamification\" target=\"_blank\">Learn more</a><a class=\"gamification_close\" style=\"display:none\"  id=\"389\" href=\"#advice_content_389\">Chiudere</a></span>\n	<div class=\"gamification-tip-description-container\">\n		<span class=\"gamification-tip-description\">\n			About to upgrade? How about giving your opinion on future releases before anyone else?		</span>\n	</div>\n</div>\n</div></div>'),
(3825, 1, '<div id=\"wrap_id_advice_515\" >\n		<section id=\"0_ogone\" class=\"panel \" style=\"display:none\">\n			<header class=\"panel-heading\">\n				<span class=\"icon-lightbulb\"></span> Consiglio del giorno</header>\n			<div class=\"panel-body\" style=\"padding:0\">\n				<img class=\"img-responsive\" src=\"https://api.prestashop.com/partner/tipsoftheday/img/logo-ogone.png\" style=\"float:right; margin-left: 5px;\">\n				<img src=\"https://gamification.prestashop.com/api/getAdviceImg/515.png\"/>\n				<p><b>Potenzia le tue vendite all\'estero!</b></p>\n				<p>Dal 30 al 70% degli acquirenti di tutta Europa preferisce pagare con metodi di pagamento locali. Con più di 150 metodi di pagamento, sosteniamo la tua espansione nei mercati di casa tua e oltre. Attiva i metodi di pagamento che ti interessano con un singolo contratto!</p>\n				<span class=\"text-right\" style=\"float:right\">\n					<a class=\"btn btn-default\" target=\"_blank\" href=\"https://gamification.prestashop.com/get_advice_link.php?id_advice=515&url=http%3A%2F%2Faddons.prestashop.com%2Fit%2Fpagamento-prestashop-moduli%2F1798-ogone.html%3Futm_source%3Dback-office%26utm_medium%3Dtipoftheday%26utm_campaign%3Dpartenariats%26utm_content%3Dogone\">Vuoi saperne di più?</a>\n				</span>\n			</div>\n		</section>\n			<script>\n			$(document).ready( function () {\n				$(\'#\'+rand(0)+\'_ogone\').show();\n			});\n\n			function rand(nbr){\n			   return Math.floor(Math.random()*(nbr+1));\n			}\n			</script>\n			</div>');
INSERT INTO `ps_advice_lang` (`id_advice`, `id_lang`, `html`) VALUES
(3826, 1, '<div id=\"wrap_id_advice_518\" >\n		<section id=\"6_paypal\" class=\"panel \" style=\"display:none\">\n			<header class=\"panel-heading\">\n				<span class=\"icon-lightbulb\"></span> Consiglio del giorno</header>\n			<div class=\"panel-body\" style=\"padding:0\">\n				<img class=\"img-responsive\" src=\"https://api.prestashop.com/partner/tipsoftheday/img/logo-paypal.png\" style=\"float:right; margin-left: 5px;\">\n				<img src=\"https://gamification.prestashop.com/api/getAdviceImg/518.png\"/>\n				<p><b>Fai sapere ai tuoi clienti che con PayPal posso accettare diverse modalità di pagamento</b></p>\n				<p>A partire dalla tua home page, i tuoi clienti dovrebbero sapere che possono utilizzare il loro metodo di pagamento preferito.<p align=\"center\"><img src=\"https://api.prestashop.com/partner/tipsoftheday/img/paypal-advise-picto1.png\" style=\"max-width: 100%; padding: 5px 0px 5px 0px;\"></p></p>\n				<span class=\"text-right\" style=\"float:right\">\n					<a class=\"btn btn-default\" target=\"_blank\" href=\"https://gamification.prestashop.com/get_advice_link.php?id_advice=518&url=http%3A%2F%2Faddons.prestashop.com%2Fit%2Fpagamento-prestashop-moduli%2F1748-paypal.html%3Futm_source%3Dback-office%26utm_medium%3Dtipoftheday%26utm_campaign%3Dpartenariats%26utm_content%3Dpaypal\">Vuoi saperne di più?</a>\n				</span>\n			</div>\n		</section>\n		<section id=\"7_paypal\" class=\"panel \" style=\"display:none\">\n			<header class=\"panel-heading\">\n				<span class=\"icon-lightbulb\"></span> Consiglio del giorno</header>\n			<div class=\"panel-body\" style=\"padding:0\">\n				<img class=\"img-responsive\" src=\"https://api.prestashop.com/partner/tipsoftheday/img/logo-paypal.png\" style=\"float:right; margin-left: 5px;\">\n				<img src=\"https://gamification.prestashop.com/api/getAdviceImg/518.png\"/>\n				<p><b>Proponi il massimo della modalità di pagamento</b></p>\n				<p>Più modalità di pagamento offri e più vendite converti. PayPal dispone di 7 modalità di pagamento con l\'installazione di un solo modulo.<p align=\"center\"><img src=\"https://api.prestashop.com/partner/tipsoftheday/img/paypal-advise-picto1.png\" style=\"max-width: 100%; padding: 5px 0px 5px 0px;\"></p></p>\n				<span class=\"text-right\" style=\"float:right\">\n					<a class=\"btn btn-default\" target=\"_blank\" href=\"https://gamification.prestashop.com/get_advice_link.php?id_advice=518&url=http%3A%2F%2Faddons.prestashop.com%2Fit%2Fpagamento-prestashop-moduli%2F1748-paypal.html%3Futm_source%3Dback-office%26utm_medium%3Dtipoftheday%26utm_campaign%3Dpartenariats%26utm_content%3Dpaypal\">Vuoi saperne di più?</a>\n				</span>\n			</div>\n		</section>\n		<section id=\"2_paypal\" class=\"panel \" style=\"display:none\">\n			<header class=\"panel-heading\">\n				<span class=\"icon-lightbulb\"></span> Consiglio del giorno</header>\n			<div class=\"panel-body\" style=\"padding:0\">\n				<img class=\"img-responsive\" src=\"https://api.prestashop.com/partner/tipsoftheday/img/logo-paypal.png\" style=\"float:right; margin-left: 5px;\">\n				<img src=\"https://gamification.prestashop.com/api/getAdviceImg/518.png\"/>\n				<p><b>Tieni traccia delle tue attività online</b></p>\n				<p>PayPal ti invia una notifica via email per ogni transazione sul sito.</p>\n				<span class=\"text-right\" style=\"float:right\">\n					<a class=\"btn btn-default\" target=\"_blank\" href=\"https://gamification.prestashop.com/get_advice_link.php?id_advice=518&url=http%3A%2F%2Faddons.prestashop.com%2Fit%2Fpagamento-prestashop-moduli%2F1748-paypal.html%3Futm_source%3Dback-office%26utm_medium%3Dtipoftheday%26utm_campaign%3Dpartenariats%26utm_content%3Dpaypal\">Vuoi saperne di più?</a>\n				</span>\n			</div>\n		</section>\n		<section id=\"3_paypal\" class=\"panel \" style=\"display:none\">\n			<header class=\"panel-heading\">\n				<span class=\"icon-lightbulb\"></span> Consiglio del giorno</header>\n			<div class=\"panel-body\" style=\"padding:0\">\n				<img class=\"img-responsive\" src=\"https://api.prestashop.com/partner/tipsoftheday/img/logo-paypal.png\" style=\"float:right; margin-left: 5px;\">\n				<img src=\"https://gamification.prestashop.com/api/getAdviceImg/518.png\"/>\n				<p><b>Offri una modalità di pagamento gratuito ai tuoi clienti</b></p>\n				<p>PayPal non comportacosti aggiuntivi per gli acquirenti. Con il modulo PayPal, i tuoi clienti ricevono tutte le garanzie di sicurezza, senza alcun costo aggiuntivo*.<br /><br />* In Euro, all\'interno dello Spazio economico europeo</p>\n				<span class=\"text-right\" style=\"float:right\">\n					<a class=\"btn btn-default\" target=\"_blank\" href=\"https://gamification.prestashop.com/get_advice_link.php?id_advice=518&url=http%3A%2F%2Faddons.prestashop.com%2Fit%2Fpagamento-prestashop-moduli%2F1748-paypal.html%3Futm_source%3Dback-office%26utm_medium%3Dtipoftheday%26utm_campaign%3Dpartenariats%26utm_content%3Dpaypal\">Vuoi saperne di più?</a>\n				</span>\n			</div>\n		</section>\n		<section id=\"4_paypal\" class=\"panel \" style=\"display:none\">\n			<header class=\"panel-heading\">\n				<span class=\"icon-lightbulb\"></span> Consiglio del giorno</header>\n			<div class=\"panel-body\" style=\"padding:0\">\n				<img class=\"img-responsive\" src=\"https://api.prestashop.com/partner/tipsoftheday/img/logo-paypal.png\" style=\"float:right; margin-left: 5px;\">\n				<img src=\"https://gamification.prestashop.com/api/getAdviceImg/518.png\"/>\n				<p><b>Espandi il tuo business a livello internazionale</b></p>\n				<p>Con PayPal sei già presente in 190 paesi e accetti pagamenti in 24 diverse valute!</p>\n				<span class=\"text-right\" style=\"float:right\">\n					<a class=\"btn btn-default\" target=\"_blank\" href=\"https://gamification.prestashop.com/get_advice_link.php?id_advice=518&url=http%3A%2F%2Faddons.prestashop.com%2Fit%2Fpagamento-prestashop-moduli%2F1748-paypal.html%3Futm_source%3Dback-office%26utm_medium%3Dtipoftheday%26utm_campaign%3Dpartenariats%26utm_content%3Dpaypal\">Vuoi saperne di più?</a>\n				</span>\n			</div>\n		</section>\n		<section id=\"5_paypal\" class=\"panel \" style=\"display:none\">\n			<header class=\"panel-heading\">\n				<span class=\"icon-lightbulb\"></span> Consiglio del giorno</header>\n			<div class=\"panel-body\" style=\"padding:0\">\n				<img class=\"img-responsive\" src=\"https://api.prestashop.com/partner/tipsoftheday/img/logo-paypal.png\" style=\"float:right; margin-left: 5px;\">\n				<img src=\"https://gamification.prestashop.com/api/getAdviceImg/518.png\"/>\n				<p><b>Non limitare la tua attività al solo mercato italiano...</b></p>\n				<p>Vendere in Germania, Francia, Spagna... è semplice come la vendita in Italia con PayPal.</p>\n				<span class=\"text-right\" style=\"float:right\">\n					<a class=\"btn btn-default\" target=\"_blank\" href=\"https://gamification.prestashop.com/get_advice_link.php?id_advice=518&url=http%3A%2F%2Faddons.prestashop.com%2Fit%2Fpagamento-prestashop-moduli%2F1748-paypal.html%3Futm_source%3Dback-office%26utm_medium%3Dtipoftheday%26utm_campaign%3Dpartenariats%26utm_content%3Dpaypal\">Vuoi saperne di più?</a>\n				</span>\n			</div>\n		</section>\n		<section id=\"0_paypal\" class=\"panel \" style=\"display:none\">\n			<header class=\"panel-heading\">\n				<span class=\"icon-lightbulb\"></span> Consiglio del giorno</header>\n			<div class=\"panel-body\" style=\"padding:0\">\n				<img class=\"img-responsive\" src=\"https://api.prestashop.com/partner/tipsoftheday/img/logo-paypal.png\" style=\"float:right; margin-left: 5px;\">\n				<img src=\"https://gamification.prestashop.com/api/getAdviceImg/518.png\"/>\n				<p><b>Non perde l/’opportunità del mobile !</b></p>\n				<p>+267% di progressione del Mcommerce in 2 anni ! PayPal e PrestaShop vi propongono questo <a href=\"http://addons.prestashop.com/it/mobile/6165-prestashop-mobile-template-14.html?utm_source=back-office&utm_medium=tipoftheday&utm_campaign=partenariats&utm_content=paypal\" target=\"_blank\">tema gratuito ottimizzato</a> per pagamento via mobile.</p>\n				<span class=\"text-right\" style=\"float:right\">\n					<a class=\"btn btn-default\" target=\"_blank\" href=\"https://gamification.prestashop.com/get_advice_link.php?id_advice=518&url=http%3A%2F%2Faddons.prestashop.com%2Fit%2Fpagamento-prestashop-moduli%2F1748-paypal.html%3Futm_source%3Dback-office%26utm_medium%3Dtipoftheday%26utm_campaign%3Dpartenariats%26utm_content%3Dpaypal\">Vuoi saperne di più?</a>\n				</span>\n			</div>\n		</section>\n		<section id=\"1_paypal\" class=\"panel \" style=\"display:none\">\n			<header class=\"panel-heading\">\n				<span class=\"icon-lightbulb\"></span> Consiglio del giorno</header>\n			<div class=\"panel-body\" style=\"padding:0\">\n				<img class=\"img-responsive\" src=\"https://api.prestashop.com/partner/tipsoftheday/img/logo-paypal.png\" style=\"float:right; margin-left: 5px;\">\n				<img src=\"https://gamification.prestashop.com/api/getAdviceImg/518.png\"/>\n				<p><b>Adotta un approccio multicanale</b></p>\n				<p>Il suo negozio è accessibile in qualsiasi momento e si adatta dunque ai vincoli dei suoi clienti : scopre il <a href=\"http://addons.prestashop.com/it/mobile/6165-prestashop-mobile-template-14.html?utm_source=back-office&utm_medium=tipoftheday&utm_campaign=partenariats&utm_content=paypal\" target=\"_blank\">tema mobile gratuito ottimizzato</a> per PrestaShop.</p>\n				<span class=\"text-right\" style=\"float:right\">\n					<a class=\"btn btn-default\" target=\"_blank\" href=\"https://gamification.prestashop.com/get_advice_link.php?id_advice=518&url=http%3A%2F%2Faddons.prestashop.com%2Fit%2Fpagamento-prestashop-moduli%2F1748-paypal.html%3Futm_source%3Dback-office%26utm_medium%3Dtipoftheday%26utm_campaign%3Dpartenariats%26utm_content%3Dpaypal\">Vuoi saperne di più?</a>\n				</span>\n			</div>\n		</section>\n			<script>\n			$(document).ready( function () {\n				$(\'#\'+rand(7)+\'_paypal\').show();\n			});\n\n			function rand(nbr){\n			   return Math.floor(Math.random()*(nbr+1));\n			}\n			</script>\n			</div>'),
(3827, 1, '<div id=\"wrap_id_advice_520\" >\n		<section id=\"0_sendinblue\" class=\"panel \" style=\"display:none\">\n			<header class=\"panel-heading\">\n				<span class=\"icon-lightbulb\"></span> Consiglio del giorno</header>\n			<div class=\"panel-body\" style=\"padding:0\">\n				<img class=\"img-responsive\" src=\"https://api.prestashop.com/partner/tipsoftheday/img/logo-sendinblue.png\" style=\"float:right; margin-left: 5px;\">\n				<img src=\"https://gamification.prestashop.com/api/getAdviceImg/520.png\"/>\n				<p><b>Sai che fidelizzare i tuoi clienti ti costa 5 volte meno che acquisirne di nuovi ?</b></p>\n				<p>Le campagne di e-marketing e gli SMS sono dei metodi efficaci ed economici per tenere aggiornati i tuoi clienti sulle novità e le offerte. SendinBlue offre un forfait all-inclusive per le mail e gli sms. Provala subito, é gratis !</p>\n				<span class=\"text-right\" style=\"float:right\">\n					<a class=\"btn btn-default\" target=\"_blank\" href=\"https://gamification.prestashop.com/get_advice_link.php?id_advice=520&url=http%3A%2F%2Faddons.prestashop.com%2Fit%2Fpubblicita-marketing-newsletter-moduli%2F8300-sendinblue.html%3Futm_source%3Dback-office%26utm_medium%3Dtipoftheday%26utm_campaign%3Dpartenariats%26utm_content%3Dsendinblue\">Vuoi saperne di più?</a>\n				</span>\n			</div>\n		</section>\n			<script>\n			$(document).ready( function () {\n				$(\'#\'+rand(0)+\'_sendinblue\').show();\n			});\n\n			function rand(nbr){\n			   return Math.floor(Math.random()*(nbr+1));\n			}\n			</script>\n			</div>'),
(3828, 1, '<div id=\"wrap_id_advice_532\" ><style>\n.hide{display:none}.text-right{text-align:right}.text-left{text-align:left}.text-center{text-align:center}hr.clear{visibility:hidden;margin-bottom:20px}.gamification-tip{width:100%;height:40px;margin:0 0 20px 0;position:relative;line-height:43px;background-color:#f8f8f8;border-bottom:solid 5px #d2d2d2}.gamification-tip div.gamification-tip-title{position:absolute;top:0;left:0;height:40px;width:90px;padding:0 0 0 40px;background:url(\"https://gamification.prestashop.com/images/interface/gamification-lightbulb.png\") 10px 5px no-repeat;color:#556e26;font-size:14px;font-weight:bold}.gamification-tip div.gamification-tip-description-container{height:40px;padding:0 130px 0 130px;display:table-cell;vertical-align:middle;font-size:13px;color:#666666;background:url(\"https://gamification.prestashop.com/images/interface/gamification-tip-bg.png\") 100px top no-repeat}.gamification-tip div.gamification-tip-description-container span.gamification-tip-description{display:inline-block;line-height:15px;max-height:30px;overflow:hidden}.gamification-tip span.gamification-tip-cta{position:absolute;line-height:43px;height:40px;width:70px;top:0;right:0;padding:0 10px 0 30px;border-bottom:solid 5px #739334;background:url(\"https://gamification.prestashop.com/images/interface/gamification-cta-bg.png\") left top no-repeat #a6c964}.gamification-tip span.gamification-tip-cta a{display:inline-block;width:100%;font-size:14px;text-transform:uppercase;font-weight:bold;text-shadow:rgba(255, 255, 255, 0.5) 0 1px 0;color:#556e26;background:url(\"https://gamification.prestashop.com/images/interface/gamification-popin.png\") right 10px no-repeat}.gamification-tip-infobox{padding:0 20px 20px 20px;position:relative}.gamification-tip-infobox .gamification-tip-infobox-title{display:inline-block;margin:0 0 20px -20px;width:100%;padding:10px 20px 5px;border-bottom:solid 3px #739334;font:800 18px/20px arial;text-transform:uppercase;color:#556e26;background-color:#e7f0d6}.gamification-tip-infobox .gamification-tip-infobox-title span.gamification-tip-infobox-title-prefix{display:inline-block;height:40px;padding-left:30px;line-height:40px;text-transform:none;font-size:16px;font-weight:500;margin-right:10px;background:url(\"https://gamification.prestashop.com/images/interface/gamification-lightbulb.png\") left top no-repeat}.gamification-tip-infobox .gamification-tip-infobox-content{display:block;width:100%}.gamification-tip-infobox .gamification-tip-infobox-content .gamification-tip-infobox-content-image{float:left;width:120px;height:200px;background:url(\"https://gamification.prestashop.com/images/interface/gamification-infobox-separator.png\") no-repeat right center}.gamification-tip-infobox .gamification-tip-infobox-content .gamification-tip-infobox-content-description{float:left;width:430px;padding:0 0 25px 25px}.gamification-tip-infobox .gamification-tip-infobox-content .gamification-tip-infobox-content-description p{line-height:20px}.gamification-tip-infobox .gamification-tip-infobox-content .gamification-tip-infobox-content-description ul li{padding:0 0 0 20px;line-height:25px;background:url(\"https://gamification.prestashop.com/images/interface/gamification-bullet-check.png\") left center no-repeat}.gamification-tip-infobox .gamification-tip-infobox-content .gamification-tip-infobox-content-controls{padding:20px 0 0 0}.gamification-tip-infobox .gamification-tip-infobox-content .gamification-tip-infobox-content-controls a.button{display:inline-block;height:30px;padding:0 20px;margin-right:10px;border:none;border-bottom:solid 3px #ababab;line-height:33px;text-transform:uppercase;font-weight:bold;color:#929292;text-shadow:rgba(255, 255, 255, 0.5) 0 1px 0;border-radius:3px;background:#d2d2d2}.gamification-tip-infobox .gamification-tip-infobox-content .gamification-tip-infobox-content-controls a.button.success{color:#384819;background:#a6c964;border-color:#739334;text-shadow:rgba(255, 255, 255, 0.5) 0 1px 0}.gamification-tip-infobox .gamification-tip-infobox-content .gamification-tip-infobox-content-controls a.button:hover{color:#f8f8f8;background:#5f5f5f;border-color:#2c2c2c;text-shadow:rgba(0, 0, 0, 0.5) 0 1px 0}.gamification-tip-infobox .gamification-tip-infobox-content .gamification-tip-infobox-content-controls a.button:active{color:white;background:#2c2c2c;border-color:black;text-shadow:rgba(0, 0, 0, 0.5) 0 1px 0}.gamification-tip-infobox a.infobox-close{display:inline-block;width:14px;height:14px;position:absolute;top:20px;right:20px;text-indent:-9999px;background:url(\"https://gamification.prestashop.com/images/interface/gamification-infobox-close.png\") no-repeat}\n</style>\n<hr class=\"clear\"/>\n<div id=\"advice-16\">\n<div class=\"gamification-tip\">\n	<div class=\"gamification-tip-title\">Consiglio</div>\n	<span class=\"gamification-tip-cta\"><a class=\"gamification_fancybox\"  id=\"532\" href=\"#advice_content_532\">Leggere</a><a class=\"gamification_close\" style=\"display:none\"  id=\"532\" href=\"#advice_content_532\">Chiudere</a></span>\n\n	<div class=\"gamification-tip-description-container\">\n		<span class=\"gamification-tip-description\">\n			Aumentare del 5% la fedeltà può migliorare i tuoi profitti dal 25 al 55%: fidelizza i tuoi clienti grazie a efficaci campagne e-mail e SMS		</span>\n	</div>\n	<div class=\"hide\">\n		<div id=\"advice_content_532\" class=\"gamification-tip-infobox\">\n			<div class=\"gamification-tip-infobox-title\">\n				<span class=\"gamification-tip-infobox-title-prefix\">Consiglio</span>\n				SendinBlue			</div>\n			<div class=\"gamification-tip-infobox-content\">\n				<div class=\"gamification-tip-infobox-content-image\">\n					<img src=\"https://gamification.prestashop.com/api/getAdviceImg/532.png\" alt=\"logo\" style=\"max-width: 85%\">\n				</div>\n				<div class=\"gamification-tip-infobox-content-description\">\n					<p>SendinBlue è una soluzione innovativa di invii di e-mail & SMS che ti permette di:</p>\r\n<p>- Sincronizzare automaticamente i tuoi contatti (iscritti e disiscritti) tra il tuo sito e il tuo accountSendinBlue</p>\r\n<p>- Creare magnifiche e-mail senza conoscenza dell&#039;HTML</p>\r\n<p>- Scegliere i tuoi destinatari, grazie a un potente strumento di segmentazione </p>\r\n<p>- Orientare efficacemente le tue e-mail transazionali (conferma dell&#039;ordine, spedizione di pacchi …)</p>\r\n<p>- Ottimizzare la recapitabilità delle tue e-mail</p>\r\n<p>- Seguire i tuoi risultati</p>					<div class=\"gamification-tip-infobox-content-controls right\">\n						<a href=\"javascript:$.fancybox.close();\" class=\"button\">Cancella</a>\n						<a href=\"{link}AdminModules{/link}&install=sendinblue&module_name=sendinblue\" class=\"button success\">Scopri il modulo</a>\n					</div>\n				</div>\n			</div>\n		</div>\n	</div>\n</div>\n</div>\n<script>\n	$(document).ready( function () {\n		$(\'.gamification_fancybox\').bind(\'click\', function () {\n			id_advice = 532;\n			popin_url = \'https://gamification.prestashop.com/get_advice_link.php?id_advice=\'+id_advice+\'&url=\';\n			url = window.location.origin+window.location.pathname.replace(\'index.php\', \'\')+$(\'.gamification-tip-infobox-content-controls a.success\').attr(\'href\');\n			$(\'.gamification-tip-infobox-content-controls a.success\').attr(\'href\', popin_url+encodeURIComponent(url));\n			\n			$(\'.gamification-tip-infobox\').after(\'<img style=\"display:none\" src=\"https://gamification.prestashop.com/api/getAdvicePopinImg/\'+id_advice+\'.png\" />\');\n			\n		});\n	});\n</script></div>'),
(3829, 1, '<div id=\"wrap_id_advice_537\" >\n		<section id=\"0_googleadwords\" class=\"panel \" style=\"display:none\">\n			<header class=\"panel-heading\">\n				<span class=\"icon-lightbulb\"></span> Consiglio del giorno</header>\n			<div class=\"panel-body\" style=\"padding:0\">\n				<img class=\"img-responsive\" src=\"https://api.prestashop.com/partner/tipsoftheday/img/logo-googleadwords.png\" style=\"float:right; margin-left: 5px;\">\n				<img src=\"https://gamification.prestashop.com/api/getAdviceImg/537.png\"/>\n				<p><b>Migliora il posizionamento sui motori di ricerca con un piccolo investimento!</b></p>\n				<p>Ti consigliamo di scegliere un tipo di marketing che si chiama « cost per click » ti permette di stabilire il tuo budget pubblicitario in anticipo e paghi solo ed esclusivamente quando un cliente visita il tuo sito! Lancia una campagna e ottieni <b>75€ in omaggio quando ne spendi 25€!</b></p>\n				<span class=\"text-right\" style=\"float:right\">\n					<a class=\"btn btn-default\" target=\"_blank\" href=\"https://gamification.prestashop.com/get_advice_link.php?id_advice=537&url=http%3A%2F%2Fwww.google.com%2Fintl%2Fit%2Fads%2Fget%2Fprestashop75%2Findex.html%3Futm_source%3Dback-office%26utm_medium%3Dtipoftheday%26utm_campaign%3Dpartenariats%26utm_content%3Dgoogleadwords\">Inizia una campagna ora!</a>\n				</span>\n			</div>\n		</section>\n		<section id=\"1_googleadwords\" class=\"panel \" style=\"display:none\">\n			<header class=\"panel-heading\">\n				<span class=\"icon-lightbulb\"></span> Consiglio del giorno</header>\n			<div class=\"panel-body\" style=\"padding:0\">\n				<img class=\"img-responsive\" src=\"https://api.prestashop.com/partner/tipsoftheday/img/logo-googleadwords.png\" style=\"float:right; margin-left: 5px;\">\n				<img src=\"https://gamification.prestashop.com/api/getAdviceImg/537.png\"/>\n				<p><b>Cosa scrivono le persone nella barra di ricerca di Google per trovarti?</b></p>\n				<p>Controlla bene questa informazione sul tuo back-end e scegli delle keywords per i tuoi annunci! Comincia subito, cosi avrai <b>75€ per 25€ che spendi, quindi ti regaliamo 50€</b>!</p>\n				<span class=\"text-right\" style=\"float:right\">\n					<a class=\"btn btn-default\" target=\"_blank\" href=\"https://gamification.prestashop.com/get_advice_link.php?id_advice=537&url=http%3A%2F%2Fwww.google.com%2Fintl%2Fit%2Fads%2Fget%2Fprestashop75%2Findex.html%3Futm_source%3Dback-office%26utm_medium%3Dtipoftheday%26utm_campaign%3Dpartenariats%26utm_content%3Dgoogleadwords\">Inizia una campagna ora!</a>\n				</span>\n			</div>\n		</section>\n		<section id=\"2_googleadwords\" class=\"panel \" style=\"display:none\">\n			<header class=\"panel-heading\">\n				<span class=\"icon-lightbulb\"></span> Consiglio del giorno</header>\n			<div class=\"panel-body\" style=\"padding:0\">\n				<img class=\"img-responsive\" src=\"https://api.prestashop.com/partner/tipsoftheday/img/logo-googleadwords.png\" style=\"float:right; margin-left: 5px;\">\n				<img src=\"https://gamification.prestashop.com/api/getAdviceImg/537.png\"/>\n				<p><b>Fai il tuo primo passo nel SEM (search engine marketing)</b></p>\n				<p>Aumenta la tua visibilità su Google lanciando una campagna AdWords e attrai potenziali clienti più qualificati verso il tuo negozio. Per te <b>75€ in omaggio quando spendi 25€!</b></p>\n				<span class=\"text-right\" style=\"float:right\">\n					<a class=\"btn btn-default\" target=\"_blank\" href=\"https://gamification.prestashop.com/get_advice_link.php?id_advice=537&url=http%3A%2F%2Fwww.google.com%2Fintl%2Fit%2Fads%2Fget%2Fprestashop75%2Findex.html%3Futm_source%3Dback-office%26utm_medium%3Dtipoftheday%26utm_campaign%3Dpartenariats%26utm_content%3Dgoogleadwords\">Inizia una campagna ora!</a>\n				</span>\n			</div>\n		</section>\n			<script>\n				$(document).ready( function () {\n					var rand_section = rand(2);\n\n					if (typeof country_iso_code != \'undefined\' && typeof _PS_VERSION_ != \'undefined\' && rand_section == 1)\n								{\n									var totd_hostname = window.location.hostname;\n									var test_hostanme_patt = new RegExp(/^172\\.16\\.|^192\\.168\\.|^10\\.|^127\\.|^localhost|\\.local$/);\n									if (test_hostanme_patt.test(totd_hostname) === false)\n									{\n										$.get(\'https://gamification.prestashop.com/get_campaign.php\', {iso_country: country_iso_code, campaign: \'gadwords\', ps_version: _PS_VERSION_, host: totd_hostname}, function(response){\n											try {\n												var error = response.error;\n											    var code = response.code;\n											    if (!error){\n											    	$(\'#totd_gadword_code\').text(code);\n											    	$(\'#\'+rand_section+\'_googleadwords\').show();\n											    }\n											    else\n											   		$(\'#0_googleadwords\').show();\n											}\n											catch(err) {\n											   $(\'#0_googleadwords\').show();\n											}\n\n										}).fail(function(){\n											$(\'#0_googleadwords\').show();\n										});\n									}\n									else\n										$(\'#0_googleadwords\').show();\n								}\n								else if (rand_section == 1)\n									$(\'#0_googleadwords\').show();\n								else\n									$(\'#\'+rand_section+\'_googleadwords\').show();\n				});\n\n				function rand(nbr){\n				   return Math.floor(Math.random()*(nbr+1));\n				}\n			</script>\n			</div>'),
(3830, 1, '<div id=\"wrap_id_advice_540\" ><style>\n.hide{display:none}.text-right{text-align:right}.text-left{text-align:left}.text-center{text-align:center}hr.clear{visibility:hidden;margin-bottom:20px}.gamification-tip{width:100%;height:40px;margin:0 0 20px 0;position:relative;line-height:43px;background-color:#f8f8f8;border-bottom:solid 5px #d2d2d2}.gamification-tip div.gamification-tip-title{position:absolute;top:0;left:0;height:40px;width:90px;padding:0 0 0 40px;background:url(\"https://gamification.prestashop.com/images/interface/gamification-lightbulb.png\") 10px 5px no-repeat;color:#556e26;font-size:14px;font-weight:bold}.gamification-tip div.gamification-tip-description-container{height:40px;padding:0 130px 0 130px;display:table-cell;vertical-align:middle;font-size:13px;color:#666666;background:url(\"https://gamification.prestashop.com/images/interface/gamification-tip-bg.png\") 100px top no-repeat}.gamification-tip div.gamification-tip-description-container span.gamification-tip-description{display:inline-block;line-height:15px;max-height:30px;overflow:hidden}.gamification-tip span.gamification-tip-cta{position:absolute;line-height:43px;height:40px;width:70px;top:0;right:0;padding:0 10px 0 30px;border-bottom:solid 5px #739334;background:url(\"https://gamification.prestashop.com/images/interface/gamification-cta-bg.png\") left top no-repeat #a6c964}.gamification-tip span.gamification-tip-cta a{display:inline-block;width:100%;font-size:14px;text-transform:uppercase;font-weight:bold;text-shadow:rgba(255, 255, 255, 0.5) 0 1px 0;color:#556e26;background:url(\"https://gamification.prestashop.com/images/interface/gamification-popin.png\") right 10px no-repeat}.gamification-tip-infobox{padding:0 20px 20px 20px;position:relative}.gamification-tip-infobox .gamification-tip-infobox-title{display:inline-block;margin:0 0 20px -20px;width:100%;padding:10px 20px 5px;border-bottom:solid 3px #739334;font:800 18px/20px arial;text-transform:uppercase;color:#556e26;background-color:#e7f0d6}.gamification-tip-infobox .gamification-tip-infobox-title span.gamification-tip-infobox-title-prefix{display:inline-block;height:40px;padding-left:30px;line-height:40px;text-transform:none;font-size:16px;font-weight:500;margin-right:10px;background:url(\"https://gamification.prestashop.com/images/interface/gamification-lightbulb.png\") left top no-repeat}.gamification-tip-infobox .gamification-tip-infobox-content{display:block;width:100%}.gamification-tip-infobox .gamification-tip-infobox-content .gamification-tip-infobox-content-image{float:left;width:120px;height:200px;background:url(\"https://gamification.prestashop.com/images/interface/gamification-infobox-separator.png\") no-repeat right center}.gamification-tip-infobox .gamification-tip-infobox-content .gamification-tip-infobox-content-description{float:left;width:430px;padding:0 0 25px 25px}.gamification-tip-infobox .gamification-tip-infobox-content .gamification-tip-infobox-content-description p{line-height:20px}.gamification-tip-infobox .gamification-tip-infobox-content .gamification-tip-infobox-content-description ul li{padding:0 0 0 20px;line-height:25px;background:url(\"https://gamification.prestashop.com/images/interface/gamification-bullet-check.png\") left center no-repeat}.gamification-tip-infobox .gamification-tip-infobox-content .gamification-tip-infobox-content-controls{padding:20px 0 0 0}.gamification-tip-infobox .gamification-tip-infobox-content .gamification-tip-infobox-content-controls a.button{display:inline-block;height:30px;padding:0 20px;margin-right:10px;border:none;border-bottom:solid 3px #ababab;line-height:33px;text-transform:uppercase;font-weight:bold;color:#929292;text-shadow:rgba(255, 255, 255, 0.5) 0 1px 0;border-radius:3px;background:#d2d2d2}.gamification-tip-infobox .gamification-tip-infobox-content .gamification-tip-infobox-content-controls a.button.success{color:#384819;background:#a6c964;border-color:#739334;text-shadow:rgba(255, 255, 255, 0.5) 0 1px 0}.gamification-tip-infobox .gamification-tip-infobox-content .gamification-tip-infobox-content-controls a.button:hover{color:#f8f8f8;background:#5f5f5f;border-color:#2c2c2c;text-shadow:rgba(0, 0, 0, 0.5) 0 1px 0}.gamification-tip-infobox .gamification-tip-infobox-content .gamification-tip-infobox-content-controls a.button:active{color:white;background:#2c2c2c;border-color:black;text-shadow:rgba(0, 0, 0, 0.5) 0 1px 0}.gamification-tip-infobox a.infobox-close{display:inline-block;width:14px;height:14px;position:absolute;top:20px;right:20px;text-indent:-9999px;background:url(\"https://gamification.prestashop.com/images/interface/gamification-infobox-close.png\") no-repeat}\n</style>\n<hr class=\"clear\"/>\n<div id=\"advice-16\">\n<div class=\"gamification-tip\">\n	<div class=\"gamification-tip-title\">Consiglio</div>\n	<span class=\"gamification-tip-cta\"><a class=\"gamification_fancybox\"  id=\"540\" href=\"#advice_content_540\">Leggere</a><a class=\"gamification_close\" style=\"display:none\"  id=\"540\" href=\"#advice_content_540\">Chiudere</a></span>\n\n	<div class=\"gamification-tip-description-container\">\n		<span class=\"gamification-tip-description\">\n			Offrire consigli personalizzati ai clienti può aumentare il tuo tasso di conversione del 65%		</span>\n	</div>\n	<div class=\"hide\">\n		<div id=\"advice_content_540\" class=\"gamification-tip-infobox\">\n			<div class=\"gamification-tip-infobox-title\">\n				<span class=\"gamification-tip-infobox-title-prefix\">Consiglio</span>\n				Nosto - Personalizzazione per PrestaShop			</div>\n			<div class=\"gamification-tip-infobox-content\">\n				<div class=\"gamification-tip-infobox-content-image\">\n					<img src=\"https://gamification.prestashop.com/api/getAdviceImg/540.png\" alt=\"logo\" style=\"max-width: 85%\">\n				</div>\n				<div class=\"gamification-tip-infobox-content-description\">\n					<p>Lo sapevi che la personalizzazione è uno dei modi più efficaci per aumentare le vendite online attraverso le conversioni? Personalizzando il tuo negozio online ogni cliente è coinvolto personalmente con articoli che egli potrebbe comprare con più probabilità in una fase particolare della sua esperienza come cliente, permettendoti di aumentare il valore dell&#039;ordine medio del 25% e le conversioni del 65%!</p>\r\n<p>Con Nosto puoi:</p>\r\n<ul>\r\n<li>Aumentare il valore medio dell&#039;ordine con consigli cross- e up-sell</li>\r\n<li>Potenziare il tasso di conversione con consigli di prodotti rilevanti</li>\r\n<li>Aumentare la fidelizzazione con consigli personalizzati</li>\r\n<li>Imparare di più sui clienti attraverso una visualizzazione della dashboard in tempo reale</li>\r\n<li>Ridurre il tasso di rimbalzo con classifiche</li>\r\n<li>Funzionare con un&#039;impostazione di 2 min. priva di rischi, un modello di determinazione del prezzo \"niente vendita/niente fattura\" e nessuna durata minima del contratto</li>\r\n</ul>\r\n<p> </p>					<div class=\"gamification-tip-infobox-content-controls right\">\n						<a href=\"javascript:$.fancybox.close();\" class=\"button\">Chiudere</a>\n						<a href=\"{link}AdminModules{/link}&install=nostotagging&module_name=nostotagging\" class=\"button success\"></a>\n					</div>\n				</div>\n			</div>\n		</div>\n	</div>\n</div>\n</div>\n<script>\n	$(document).ready( function () {\n		$(\'.gamification_fancybox\').bind(\'click\', function () {\n			id_advice = 540;\n			popin_url = \'https://gamification.prestashop.com/get_advice_link.php?id_advice=\'+id_advice+\'&url=\';\n			url = window.location.origin+window.location.pathname.replace(\'index.php\', \'\')+$(\'.gamification-tip-infobox-content-controls a.success\').attr(\'href\');\n			$(\'.gamification-tip-infobox-content-controls a.success\').attr(\'href\', popin_url+encodeURIComponent(url));\n			\n			$(\'.gamification-tip-infobox\').after(\'<img style=\"display:none\" src=\"https://gamification.prestashop.com/api/getAdvicePopinImg/\'+id_advice+\'.png\" />\');\n			\n		});\n	});\n</script></div>'),
(3831, 1, '<div id=\"wrap_id_advice_541\" ><style>\n.hide{display:none}.text-right{text-align:right}.text-left{text-align:left}.text-center{text-align:center}hr.clear{visibility:hidden;margin-bottom:20px}.gamification-tip{width:100%;height:40px;margin:0 0 20px 0;position:relative;line-height:43px;background-color:#f8f8f8;border-bottom:solid 5px #d2d2d2}.gamification-tip div.gamification-tip-title{position:absolute;top:0;left:0;height:40px;width:90px;padding:0 0 0 40px;background:url(\"https://gamification.prestashop.com/images/interface/gamification-lightbulb.png\") 10px 5px no-repeat;color:#556e26;font-size:14px;font-weight:bold}.gamification-tip div.gamification-tip-description-container{height:40px;padding:0 130px 0 130px;display:table-cell;vertical-align:middle;font-size:13px;color:#666666;background:url(\"https://gamification.prestashop.com/images/interface/gamification-tip-bg.png\") 100px top no-repeat}.gamification-tip div.gamification-tip-description-container span.gamification-tip-description{display:inline-block;line-height:15px;max-height:30px;overflow:hidden}.gamification-tip span.gamification-tip-cta{position:absolute;line-height:43px;height:40px;width:70px;top:0;right:0;padding:0 10px 0 30px;border-bottom:solid 5px #739334;background:url(\"https://gamification.prestashop.com/images/interface/gamification-cta-bg.png\") left top no-repeat #a6c964}.gamification-tip span.gamification-tip-cta a{display:inline-block;width:100%;font-size:14px;text-transform:uppercase;font-weight:bold;text-shadow:rgba(255, 255, 255, 0.5) 0 1px 0;color:#556e26;background:url(\"https://gamification.prestashop.com/images/interface/gamification-popin.png\") right 10px no-repeat}.gamification-tip-infobox{padding:0 20px 20px 20px;position:relative}.gamification-tip-infobox .gamification-tip-infobox-title{display:inline-block;margin:0 0 20px -20px;width:100%;padding:10px 20px 5px;border-bottom:solid 3px #739334;font:800 18px/20px arial;text-transform:uppercase;color:#556e26;background-color:#e7f0d6}.gamification-tip-infobox .gamification-tip-infobox-title span.gamification-tip-infobox-title-prefix{display:inline-block;height:40px;padding-left:30px;line-height:40px;text-transform:none;font-size:16px;font-weight:500;margin-right:10px;background:url(\"https://gamification.prestashop.com/images/interface/gamification-lightbulb.png\") left top no-repeat}.gamification-tip-infobox .gamification-tip-infobox-content{display:block;width:100%}.gamification-tip-infobox .gamification-tip-infobox-content .gamification-tip-infobox-content-image{float:left;width:120px;height:200px;background:url(\"https://gamification.prestashop.com/images/interface/gamification-infobox-separator.png\") no-repeat right center}.gamification-tip-infobox .gamification-tip-infobox-content .gamification-tip-infobox-content-description{float:left;width:430px;padding:0 0 25px 25px}.gamification-tip-infobox .gamification-tip-infobox-content .gamification-tip-infobox-content-description p{line-height:20px}.gamification-tip-infobox .gamification-tip-infobox-content .gamification-tip-infobox-content-description ul li{padding:0 0 0 20px;line-height:25px;background:url(\"https://gamification.prestashop.com/images/interface/gamification-bullet-check.png\") left center no-repeat}.gamification-tip-infobox .gamification-tip-infobox-content .gamification-tip-infobox-content-controls{padding:20px 0 0 0}.gamification-tip-infobox .gamification-tip-infobox-content .gamification-tip-infobox-content-controls a.button{display:inline-block;height:30px;padding:0 20px;margin-right:10px;border:none;border-bottom:solid 3px #ababab;line-height:33px;text-transform:uppercase;font-weight:bold;color:#929292;text-shadow:rgba(255, 255, 255, 0.5) 0 1px 0;border-radius:3px;background:#d2d2d2}.gamification-tip-infobox .gamification-tip-infobox-content .gamification-tip-infobox-content-controls a.button.success{color:#384819;background:#a6c964;border-color:#739334;text-shadow:rgba(255, 255, 255, 0.5) 0 1px 0}.gamification-tip-infobox .gamification-tip-infobox-content .gamification-tip-infobox-content-controls a.button:hover{color:#f8f8f8;background:#5f5f5f;border-color:#2c2c2c;text-shadow:rgba(0, 0, 0, 0.5) 0 1px 0}.gamification-tip-infobox .gamification-tip-infobox-content .gamification-tip-infobox-content-controls a.button:active{color:white;background:#2c2c2c;border-color:black;text-shadow:rgba(0, 0, 0, 0.5) 0 1px 0}.gamification-tip-infobox a.infobox-close{display:inline-block;width:14px;height:14px;position:absolute;top:20px;right:20px;text-indent:-9999px;background:url(\"https://gamification.prestashop.com/images/interface/gamification-infobox-close.png\") no-repeat}\n</style>\n<hr class=\"clear\"/>\n<div id=\"advice-16\">\n<div class=\"gamification-tip\">\n	<div class=\"gamification-tip-title\">Consiglio</div>\n	<span class=\"gamification-tip-cta\"><a class=\"gamification_fancybox\"  id=\"541\" href=\"#advice_content_541\">Leggere</a><a class=\"gamification_close\" style=\"display:none\"  id=\"541\" href=\"#advice_content_541\">Chiudere</a></span>\n\n	<div class=\"gamification-tip-description-container\">\n		<span class=\"gamification-tip-description\">\n			Il 51% degli acquirenti utilizza un comparatore di prezzi prima di acquistare. Guadagni visibilità con i comparatori!		</span>\n	</div>\n	<div class=\"hide\">\n		<div id=\"advice_content_541\" class=\"gamification-tip-infobox\">\n			<div class=\"gamification-tip-infobox-title\">\n				<span class=\"gamification-tip-infobox-title-prefix\">Consiglio</span>\n				TWENGA Export & Tracking delle vendite			</div>\n			<div class=\"gamification-tip-infobox-content\">\n				<div class=\"gamification-tip-infobox-content-image\">\n					<img src=\"https://gamification.prestashop.com/api/getAdviceImg/541.png\" alt=\"logo\" style=\"max-width: 85%\">\n				</div>\n				<div class=\"gamification-tip-infobox-content-description\">\n					<p>Aumenta traffico e visibilità apparendo sul comparatore di prezzi. Esporta i tuoi prodotti su Twenga per vendere di più:</p>\r\n<p> </p>\r\n<p>- aumenta la visibilità del tuo catalogo</p>\r\n<p> </p>\r\n<p>- raggiungi nuovi acquirenti qualificati</p>\r\n<p> </p>\r\n<p>- paga un CPC (costo per clic)</p>\r\n<p> </p>\r\n<p>- iscrizione senza impegno</p>					<div class=\"gamification-tip-infobox-content-controls right\">\n						<a href=\"javascript:$.fancybox.close();\" class=\"button\">Chiudere</a>\n						<a href=\"{link}AdminModules{/link}&install=twenga&module_name=twenga\" class=\"button success\">Saperne di più</a>\n					</div>\n				</div>\n			</div>\n		</div>\n	</div>\n</div>\n</div>\n<script>\n	$(document).ready( function () {\n		$(\'.gamification_fancybox\').bind(\'click\', function () {\n			id_advice = 541;\n			popin_url = \'https://gamification.prestashop.com/get_advice_link.php?id_advice=\'+id_advice+\'&url=\';\n			url = window.location.origin+window.location.pathname.replace(\'index.php\', \'\')+$(\'.gamification-tip-infobox-content-controls a.success\').attr(\'href\');\n			$(\'.gamification-tip-infobox-content-controls a.success\').attr(\'href\', popin_url+encodeURIComponent(url));\n			\n			$(\'.gamification-tip-infobox\').after(\'<img style=\"display:none\" src=\"https://gamification.prestashop.com/api/getAdvicePopinImg/\'+id_advice+\'.png\" />\');\n			\n		});\n	});\n</script></div>'),
(3832, 1, '<div id=\"wrap_id_advice_548\" ><style>\n.hide{display:none}.text-right{text-align:right}.text-left{text-align:left}.text-center{text-align:center}hr.clear{visibility:hidden;margin-bottom:20px}.gamification-tip{width:100%;height:40px;margin:0 0 20px 0;position:relative;line-height:43px;background-color:#f8f8f8;border-bottom:solid 5px #d2d2d2}.gamification-tip div.gamification-tip-title{position:absolute;top:0;left:0;height:40px;width:90px;padding:0 0 0 40px;background:url(\"https://gamification.prestashop.com/images/interface/gamification-lightbulb.png\") 10px 5px no-repeat;color:#556e26;font-size:14px;font-weight:bold}.gamification-tip div.gamification-tip-description-container{height:40px;padding:0 130px 0 130px;display:table-cell;vertical-align:middle;font-size:13px;color:#666666;background:url(\"https://gamification.prestashop.com/images/interface/gamification-tip-bg.png\") 100px top no-repeat}.gamification-tip div.gamification-tip-description-container span.gamification-tip-description{display:inline-block;line-height:15px;max-height:30px;overflow:hidden}.gamification-tip span.gamification-tip-cta{position:absolute;line-height:43px;height:40px;width:70px;top:0;right:0;padding:0 10px 0 30px;border-bottom:solid 5px #739334;background:url(\"https://gamification.prestashop.com/images/interface/gamification-cta-bg.png\") left top no-repeat #a6c964}.gamification-tip span.gamification-tip-cta a{display:inline-block;width:100%;font-size:14px;text-transform:uppercase;font-weight:bold;text-shadow:rgba(255, 255, 255, 0.5) 0 1px 0;color:#556e26;background:url(\"https://gamification.prestashop.com/images/interface/gamification-popin.png\") right 10px no-repeat}.gamification-tip-infobox{padding:0 20px 20px 20px;position:relative}.gamification-tip-infobox .gamification-tip-infobox-title{display:inline-block;margin:0 0 20px -20px;width:100%;padding:10px 20px 5px;border-bottom:solid 3px #739334;font:800 18px/20px arial;text-transform:uppercase;color:#556e26;background-color:#e7f0d6}.gamification-tip-infobox .gamification-tip-infobox-title span.gamification-tip-infobox-title-prefix{display:inline-block;height:40px;padding-left:30px;line-height:40px;text-transform:none;font-size:16px;font-weight:500;margin-right:10px;background:url(\"https://gamification.prestashop.com/images/interface/gamification-lightbulb.png\") left top no-repeat}.gamification-tip-infobox .gamification-tip-infobox-content{display:block;width:100%}.gamification-tip-infobox .gamification-tip-infobox-content .gamification-tip-infobox-content-image{float:left;width:120px;height:200px;background:url(\"https://gamification.prestashop.com/images/interface/gamification-infobox-separator.png\") no-repeat right center}.gamification-tip-infobox .gamification-tip-infobox-content .gamification-tip-infobox-content-description{float:left;width:430px;padding:0 0 25px 25px}.gamification-tip-infobox .gamification-tip-infobox-content .gamification-tip-infobox-content-description p{line-height:20px}.gamification-tip-infobox .gamification-tip-infobox-content .gamification-tip-infobox-content-description ul li{padding:0 0 0 20px;line-height:25px;background:url(\"https://gamification.prestashop.com/images/interface/gamification-bullet-check.png\") left center no-repeat}.gamification-tip-infobox .gamification-tip-infobox-content .gamification-tip-infobox-content-controls{padding:20px 0 0 0}.gamification-tip-infobox .gamification-tip-infobox-content .gamification-tip-infobox-content-controls a.button{display:inline-block;height:30px;padding:0 20px;margin-right:10px;border:none;border-bottom:solid 3px #ababab;line-height:33px;text-transform:uppercase;font-weight:bold;color:#929292;text-shadow:rgba(255, 255, 255, 0.5) 0 1px 0;border-radius:3px;background:#d2d2d2}.gamification-tip-infobox .gamification-tip-infobox-content .gamification-tip-infobox-content-controls a.button.success{color:#384819;background:#a6c964;border-color:#739334;text-shadow:rgba(255, 255, 255, 0.5) 0 1px 0}.gamification-tip-infobox .gamification-tip-infobox-content .gamification-tip-infobox-content-controls a.button:hover{color:#f8f8f8;background:#5f5f5f;border-color:#2c2c2c;text-shadow:rgba(0, 0, 0, 0.5) 0 1px 0}.gamification-tip-infobox .gamification-tip-infobox-content .gamification-tip-infobox-content-controls a.button:active{color:white;background:#2c2c2c;border-color:black;text-shadow:rgba(0, 0, 0, 0.5) 0 1px 0}.gamification-tip-infobox a.infobox-close{display:inline-block;width:14px;height:14px;position:absolute;top:20px;right:20px;text-indent:-9999px;background:url(\"https://gamification.prestashop.com/images/interface/gamification-infobox-close.png\") no-repeat}\n</style>\n<hr class=\"clear\"/>\n<div id=\"advice-16\">\n<div class=\"gamification-tip\">\n	<div class=\"gamification-tip-title\">Consiglio</div>\n	<span class=\"gamification-tip-cta\"><a class=\"gamification_fancybox\"  id=\"548\" href=\"#advice_content_548\">Leggere</a><a class=\"gamification_close\" style=\"display:none\"  id=\"548\" href=\"#advice_content_548\">Chiudere</a></span>\n\n	<div class=\"gamification-tip-description-container\">\n		<span class=\"gamification-tip-description\">\n			Implementare i consigli cross e up-sell può aumentare il valore del tuo ordine medio del 25%		</span>\n	</div>\n	<div class=\"hide\">\n		<div id=\"advice_content_548\" class=\"gamification-tip-infobox\">\n			<div class=\"gamification-tip-infobox-title\">\n				<span class=\"gamification-tip-infobox-title-prefix\">Consiglio</span>\n				Nosto - Personalizzazione per PrestaShop			</div>\n			<div class=\"gamification-tip-infobox-content\">\n				<div class=\"gamification-tip-infobox-content-image\">\n					<img src=\"https://gamification.prestashop.com/api/getAdviceImg/548.png\" alt=\"logo\" style=\"max-width: 85%\">\n				</div>\n				<div class=\"gamification-tip-infobox-content-description\">\n					<p><span style=\"font-size: 10pt;\">Nosto ti permette di visualizzare le raccomandazioni in base al comportamento unico di ogni cliente, fornendo esperienze di acquisto personalizzate e aumentando conversioni, valore medio dell&#039;ordine, con conseguente mantenimento del cliente.</span></p>					<div class=\"gamification-tip-infobox-content-controls right\">\n						<a href=\"javascript:$.fancybox.close();\" class=\"button\">Chiudere</a>\n						<a href=\"{link}AdminModules{/link}&install=nostotagging&module_name=nostotagging\" class=\"button success\">Scopri il modulo integrato per PrestaShop</a>\n					</div>\n				</div>\n			</div>\n		</div>\n	</div>\n</div>\n</div>\n<script>\n	$(document).ready( function () {\n		$(\'.gamification_fancybox\').bind(\'click\', function () {\n			id_advice = 548;\n			popin_url = \'https://gamification.prestashop.com/get_advice_link.php?id_advice=\'+id_advice+\'&url=\';\n			url = window.location.origin+window.location.pathname.replace(\'index.php\', \'\')+$(\'.gamification-tip-infobox-content-controls a.success\').attr(\'href\');\n			$(\'.gamification-tip-infobox-content-controls a.success\').attr(\'href\', popin_url+encodeURIComponent(url));\n			\n			$(\'.gamification-tip-infobox\').after(\'<img style=\"display:none\" src=\"https://gamification.prestashop.com/api/getAdvicePopinImg/\'+id_advice+\'.png\" />\');\n			\n		});\n	});\n</script></div>'),
(3833, 1, '<div id=\"wrap_id_advice_556\" >\n		<section id=\"0_nosto\" class=\"panel \" style=\"display:none\">\n			<header class=\"panel-heading\">\n				<span class=\"icon-lightbulb\"></span> Consiglio del giorno</header>\n			<div class=\"panel-body\" style=\"padding:0\">\n				<img class=\"img-responsive\" src=\"https://api.prestashop.com/partner/tipsoftheday/img/logo-nosto.png\" style=\"float:right; margin-left: 5px;\">\n				<img src=\"https://gamification.prestashop.com/api/getAdviceImg/556.png\"/>\n				<p><b>Lo sapevi che il 30% delle vendite di Amazon derivano da raccomandazioni?</b></p>\n				<p>Grazie alla conversione potrai vendere sempre di più : personalizza il negozio per raccomandare a ogni cliente i prodotti che potrebbero interessargli. Ti conviene suggerglielo direttamente nel carrello!</p>\n				<span class=\"text-right\" style=\"float:right\">\n					<a class=\"btn btn-default\" target=\"_blank\" href=\"https://gamification.prestashop.com/get_advice_link.php?id_advice=556&url=http%3A%2F%2Faddons.prestashop.com%2Fit%2Fpubblicita-marketing-newsletter-moduli%2F18349-nostotagging.html%3Futm_source%3Dback-office%26utm_medium%3Dtipoftheday%26utm_campaign%3Dpartenariats%26utm_content%3Dnosto\">Prova adesso!</a>\n				</span>\n			</div>\n		</section>\n			<script>\n			$(document).ready( function () {\n				$(\'#\'+rand(0)+\'_nosto\').show();\n			});\n\n			function rand(nbr){\n			   return Math.floor(Math.random()*(nbr+1));\n			}\n			</script>\n			</div>'),
(3834, 1, '<div id=\"wrap_id_advice_559\" >\n	<div class=\"col-lg-6\">\n		<section id=\"\" class=\"panel panel-advice\">\n			<a href=\"#\" id=\"559\" class=\"close_link gamification_premium_close\">\n				<i class=\"icon-remove\"></i>\n			</a>\n			<span class=\"gamification-close-confirmation hide\">\n				Sei sicuro?\n				<button class=\"btn btn-default btn-sm\" data-advice=\"delete\"><i class=\"icon-trash\"></i> Rimuovere</button>\n				<button class=\"btn btn-default btn-sm\" data-advice=\"cancel\">Cancellare</button>\n			</span>\n			<a class=\"preactivationLink row\" rel=\"gadwords\" href=\"{link}AdminModules{/link}&install=gadwords&module_name=gadwords&redirectconfig\">\n				<img src=\"https://api.prestashop.com/partner/premium/images/googleadwords.png\" class=\"advice-img img-thumbnail\">\n				<img src=\"https://gamification.prestashop.com/api/getAdviceImg/559.png\"/ class=\"hide\">\n				<p class=\"advice-description\">Essere visibile su Google: Inizia con un budget di 75 €!*<br/></p>\n			</a>\n		</section>\n	</div></div>');
INSERT INTO `ps_advice_lang` (`id_advice`, `id_lang`, `html`) VALUES
(3835, 1, '<div id=\"wrap_id_advice_570\" >\n		<section id=\"0_storemanager\" class=\"panel \" style=\"display:none\">\n			<header class=\"panel-heading\">\n				<span class=\"icon-lightbulb\"></span> Consiglio del giorno</header>\n			<div class=\"panel-body\" style=\"padding:0\">\n				<img class=\"img-responsive\" src=\"https://api.prestashop.com/partner/tipsoftheday/img/logo-storemanager.png\" style=\"float:right; margin-left: 5px;\">\n				<img src=\"https://gamification.prestashop.com/api/getAdviceImg/570.png\"/>\n				<p><b>Trovare il prodotto giusto è il primo passo per fare un acquisto</b></p>\n				<p>Aiuta i clienti  a trovare i tuoi prodotti e assicurati che siano inseriti nella giusta categoria modificando in massa molteplici attributi attraverso lo Store Manager.</p>\n				<span class=\"text-right\" style=\"float:right\">\n					<a class=\"btn btn-default\" target=\"_blank\" href=\"https://gamification.prestashop.com/get_advice_link.php?id_advice=570&url=http%3A%2F%2Faddons.prestashop.com%2Fit%2Fmoduli-amministrazione%2F2937-store-manager.html%3Futm_source%3Dback-office%26utm_medium%3Dtipoftheday%26utm_campaign%3Dpartenariats%26utm_content%3Dstoremanager\">Prova adesso!</a>\n				</span>\n			</div>\n		</section>\n		<section id=\"1_storemanager\" class=\"panel \" style=\"display:none\">\n			<header class=\"panel-heading\">\n				<span class=\"icon-lightbulb\"></span> Consiglio del giorno</header>\n			<div class=\"panel-body\" style=\"padding:0\">\n				<img class=\"img-responsive\" src=\"https://api.prestashop.com/partner/tipsoftheday/img/logo-storemanager.png\" style=\"float:right; margin-left: 5px;\">\n				<img src=\"https://gamification.prestashop.com/api/getAdviceImg/570.png\"/>\n				<p><b>Impieghi un\'ora, risparmi un giorno!</b></p>\n				<p>Aggiornamenti di massa di prodotti, categorie e immagini per risparmiare ore della tua giornata. È il momento di passare meno tempo a gestire e più tempo a vendere.</p>\n				<span class=\"text-right\" style=\"float:right\">\n					<a class=\"btn btn-default\" target=\"_blank\" href=\"https://gamification.prestashop.com/get_advice_link.php?id_advice=570&url=http%3A%2F%2Faddons.prestashop.com%2Fit%2Fmoduli-amministrazione%2F2937-store-manager.html%3Futm_source%3Dback-office%26utm_medium%3Dtipoftheday%26utm_campaign%3Dpartenariats%26utm_content%3Dstoremanager\">Prova adesso!</a>\n				</span>\n			</div>\n		</section>\n		<section id=\"2_storemanager\" class=\"panel \" style=\"display:none\">\n			<header class=\"panel-heading\">\n				<span class=\"icon-lightbulb\"></span> Consiglio del giorno</header>\n			<div class=\"panel-body\" style=\"padding:0\">\n				<img class=\"img-responsive\" src=\"https://api.prestashop.com/partner/tipsoftheday/img/logo-storemanager.png\" style=\"float:right; margin-left: 5px;\">\n				<img src=\"https://gamification.prestashop.com/api/getAdviceImg/570.png\"/>\n				<p><b>Tenere organizzate le tue finanze è la chiave per il successo</b></p>\n				<p>Integra soluzioni contabili per sincronizzare fatture, spese e altri dati finanziari con Store Manager.</p>\n				<span class=\"text-right\" style=\"float:right\">\n					<a class=\"btn btn-default\" target=\"_blank\" href=\"https://gamification.prestashop.com/get_advice_link.php?id_advice=570&url=http%3A%2F%2Faddons.prestashop.com%2Fit%2Fmoduli-amministrazione%2F2937-store-manager.html%3Futm_source%3Dback-office%26utm_medium%3Dtipoftheday%26utm_campaign%3Dpartenariats%26utm_content%3Dstoremanager\">Prova adesso!</a>\n				</span>\n			</div>\n		</section>\n		<section id=\"3_storemanager\" class=\"panel \" style=\"display:none\">\n			<header class=\"panel-heading\">\n				<span class=\"icon-lightbulb\"></span> Consiglio del giorno</header>\n			<div class=\"panel-body\" style=\"padding:0\">\n				<img class=\"img-responsive\" src=\"https://api.prestashop.com/partner/tipsoftheday/img/logo-storemanager.png\" style=\"float:right; margin-left: 5px;\">\n				<img src=\"https://gamification.prestashop.com/api/getAdviceImg/570.png\"/>\n				<p><b>Usa prezzi psicologici come 9,99 per aumentare le conversioni</b></p>\n				<p>Modifica facilmente in massa i prezzi dei prodotti per vendite e promozioni, senza perdere un\'intera giornata.</p>\n				<span class=\"text-right\" style=\"float:right\">\n					<a class=\"btn btn-default\" target=\"_blank\" href=\"https://gamification.prestashop.com/get_advice_link.php?id_advice=570&url=http%3A%2F%2Faddons.prestashop.com%2Fit%2Fmoduli-amministrazione%2F2937-store-manager.html%3Futm_source%3Dback-office%26utm_medium%3Dtipoftheday%26utm_campaign%3Dpartenariats%26utm_content%3Dstoremanager\">Prova adesso!</a>\n				</span>\n			</div>\n		</section>\n			<script>\n			$(document).ready( function () {\n				$(\'#\'+rand(3)+\'_storemanager\').show();\n			});\n\n			function rand(nbr){\n			   return Math.floor(Math.random()*(nbr+1));\n			}\n			</script>\n			</div>'),
(3836, 1, '<div id=\"wrap_id_advice_571\" ><style>\n.hide{display:none}.text-right{text-align:right}.text-left{text-align:left}.text-center{text-align:center}hr.clear{visibility:hidden;margin-bottom:20px}.gamification-tip{width:100%;height:40px;margin:0 0 20px 0;position:relative;line-height:43px;background-color:#f8f8f8;border-bottom:solid 5px #d2d2d2}.gamification-tip div.gamification-tip-title{position:absolute;top:0;left:0;height:40px;width:90px;padding:0 0 0 40px;background:url(\"https://gamification.prestashop.com/images/interface/gamification-lightbulb.png\") 10px 5px no-repeat;color:#556e26;font-size:14px;font-weight:bold}.gamification-tip div.gamification-tip-description-container{height:40px;padding:0 130px 0 130px;display:table-cell;vertical-align:middle;font-size:13px;color:#666666;background:url(\"https://gamification.prestashop.com/images/interface/gamification-tip-bg.png\") 100px top no-repeat}.gamification-tip div.gamification-tip-description-container span.gamification-tip-description{display:inline-block;line-height:15px;max-height:30px;overflow:hidden}.gamification-tip span.gamification-tip-cta{position:absolute;line-height:43px;height:40px;width:70px;top:0;right:0;padding:0 10px 0 30px;border-bottom:solid 5px #739334;background:url(\"https://gamification.prestashop.com/images/interface/gamification-cta-bg.png\") left top no-repeat #a6c964}.gamification-tip span.gamification-tip-cta a{display:inline-block;width:100%;font-size:14px;text-transform:uppercase;font-weight:bold;text-shadow:rgba(255, 255, 255, 0.5) 0 1px 0;color:#556e26;background:url(\"https://gamification.prestashop.com/images/interface/gamification-popin.png\") right 10px no-repeat}.gamification-tip-infobox{padding:0 20px 20px 20px;position:relative}.gamification-tip-infobox .gamification-tip-infobox-title{display:inline-block;margin:0 0 20px -20px;width:100%;padding:10px 20px 5px;border-bottom:solid 3px #739334;font:800 18px/20px arial;text-transform:uppercase;color:#556e26;background-color:#e7f0d6}.gamification-tip-infobox .gamification-tip-infobox-title span.gamification-tip-infobox-title-prefix{display:inline-block;height:40px;padding-left:30px;line-height:40px;text-transform:none;font-size:16px;font-weight:500;margin-right:10px;background:url(\"https://gamification.prestashop.com/images/interface/gamification-lightbulb.png\") left top no-repeat}.gamification-tip-infobox .gamification-tip-infobox-content{display:block;width:100%}.gamification-tip-infobox .gamification-tip-infobox-content .gamification-tip-infobox-content-image{float:left;width:120px;height:200px;background:url(\"https://gamification.prestashop.com/images/interface/gamification-infobox-separator.png\") no-repeat right center}.gamification-tip-infobox .gamification-tip-infobox-content .gamification-tip-infobox-content-description{float:left;width:430px;padding:0 0 25px 25px}.gamification-tip-infobox .gamification-tip-infobox-content .gamification-tip-infobox-content-description p{line-height:20px}.gamification-tip-infobox .gamification-tip-infobox-content .gamification-tip-infobox-content-description ul li{padding:0 0 0 20px;line-height:25px;background:url(\"https://gamification.prestashop.com/images/interface/gamification-bullet-check.png\") left center no-repeat}.gamification-tip-infobox .gamification-tip-infobox-content .gamification-tip-infobox-content-controls{padding:20px 0 0 0}.gamification-tip-infobox .gamification-tip-infobox-content .gamification-tip-infobox-content-controls a.button{display:inline-block;height:30px;padding:0 20px;margin-right:10px;border:none;border-bottom:solid 3px #ababab;line-height:33px;text-transform:uppercase;font-weight:bold;color:#929292;text-shadow:rgba(255, 255, 255, 0.5) 0 1px 0;border-radius:3px;background:#d2d2d2}.gamification-tip-infobox .gamification-tip-infobox-content .gamification-tip-infobox-content-controls a.button.success{color:#384819;background:#a6c964;border-color:#739334;text-shadow:rgba(255, 255, 255, 0.5) 0 1px 0}.gamification-tip-infobox .gamification-tip-infobox-content .gamification-tip-infobox-content-controls a.button:hover{color:#f8f8f8;background:#5f5f5f;border-color:#2c2c2c;text-shadow:rgba(0, 0, 0, 0.5) 0 1px 0}.gamification-tip-infobox .gamification-tip-infobox-content .gamification-tip-infobox-content-controls a.button:active{color:white;background:#2c2c2c;border-color:black;text-shadow:rgba(0, 0, 0, 0.5) 0 1px 0}.gamification-tip-infobox a.infobox-close{display:inline-block;width:14px;height:14px;position:absolute;top:20px;right:20px;text-indent:-9999px;background:url(\"https://gamification.prestashop.com/images/interface/gamification-infobox-close.png\") no-repeat}\n</style>\n<hr class=\"clear\"/>\n<div id=\"advice-16\">\n<div class=\"gamification-tip\">\n	<div class=\"gamification-tip-title\">Consiglio</div>\n	<span class=\"gamification-tip-cta\"><a class=\"gamification_fancybox\"  id=\"571\" href=\"#advice_content_571\">Leggere</a><a class=\"gamification_close\" style=\"display:none\"  id=\"571\" href=\"#advice_content_571\">Chiudere</a></span>\n\n	<div class=\"gamification-tip-description-container\">\n		<span class=\"gamification-tip-description\">\n			Offrire consigli personalizzati ai clienti può aumentare il tuo tasso di conversione del 65%		</span>\n	</div>\n	<div class=\"hide\">\n		<div id=\"advice_content_571\" class=\"gamification-tip-infobox\">\n			<div class=\"gamification-tip-infobox-title\">\n				<span class=\"gamification-tip-infobox-title-prefix\">Consiglio</span>\n				Nosto - Personalization for PrestaShop			</div>\n			<div class=\"gamification-tip-infobox-content\">\n				<div class=\"gamification-tip-infobox-content-image\">\n					<img src=\"https://gamification.prestashop.com/api/getAdviceImg/571.png\" alt=\"logo\" style=\"max-width: 85%\">\n				</div>\n				<div class=\"gamification-tip-infobox-content-description\">\n					<p>Personalizzando il tuo negozio on-line, ogni cliente viene \"preso di mira\" con articoli che potrebbe comprare con più probabilità in una fase particolare della sua esperienza come cliente, permettendoti di aumentare il valore dell&#039;ordine medio del 25% e le conversioni del 65%!</p>\r\n<p> </p>\r\n<p>Con Nosto puoi:</p>\r\n<p> </p>\r\n<ul>\r\n<li>Aumentare il valore medio dell&#039;ordine con consigli di cross- e up-selling</li>\r\n<li>Potenziare il tasso di conversione con consigli su particolari prodotti </li>\r\n<li>Aumentare la fidelizzazione con consigli personalizzati</li>\r\n<li>Imparare di più sui clienti attraverso una visualizzazione della dashboard in tempo reale</li>\r\n<li>Ridurre il tasso di rimbalzo con classifiche</li>\r\n<li>Funzionare con un&#039;impostazione di 2 min. priva di rischi, un modello di determinazione del prezzo \"niente vendita/niente fattura\" e nessuna durata minima del contratto.</li>\r\n</ul>					<div class=\"gamification-tip-infobox-content-controls right\">\n						<a href=\"javascript:$.fancybox.close();\" class=\"button\"></a>\n						<a href=\"{link}AdminModules{/link}&install=nostotagging&module_name=nostotagging\" class=\"button success\"></a>\n					</div>\n				</div>\n			</div>\n		</div>\n	</div>\n</div>\n</div>\n<script>\n	$(document).ready( function () {\n		$(\'.gamification_fancybox\').bind(\'click\', function () {\n			id_advice = 571;\n			popin_url = \'https://gamification.prestashop.com/get_advice_link.php?id_advice=\'+id_advice+\'&url=\';\n			url = window.location.origin+window.location.pathname.replace(\'index.php\', \'\')+$(\'.gamification-tip-infobox-content-controls a.success\').attr(\'href\');\n			$(\'.gamification-tip-infobox-content-controls a.success\').attr(\'href\', popin_url+encodeURIComponent(url));\n			\n			$(\'.gamification-tip-infobox\').after(\'<img style=\"display:none\" src=\"https://gamification.prestashop.com/api/getAdvicePopinImg/\'+id_advice+\'.png\" />\');\n			\n		});\n	});\n</script></div>'),
(3837, 1, '<div id=\"wrap_id_advice_605\" >\n	<div class=\"col-lg-6\">\n		<section id=\"\" class=\"panel panel-advice\">\n			<a href=\"#\" id=\"605\" class=\"close_link gamification_premium_close\">\n				<i class=\"icon-remove\"></i>\n			</a>\n			<span class=\"gamification-close-confirmation hide\">\n				Sei sicuro?\n				<button class=\"btn btn-default btn-sm\" data-advice=\"delete\"><i class=\"icon-trash\"></i> Rimuovere</button>\n				<button class=\"btn btn-default btn-sm\" data-advice=\"cancel\">Cancellare</button>\n			</span>\n			<a class=\"preactivationLink row\" rel=\"psphipay\" href=\"{link}AdminModules{/link}&install=psphipay&module_name=psphipay&redirectconfig\">\n				<img src=\"https://api.prestashop.com/partner/premium/images/psphipay.png\" class=\"advice-img img-thumbnail\">\n				<img src=\"https://gamification.prestashop.com/api/getAdviceImg/605.png\"/ class=\"hide\">\n				<p class=\"advice-description\">Inizia a ricevere pagamenti online attraverso i principali metodi di pagamento europei<br/></p>\n			</a>\n		</section>\n	</div></div>'),
(3838, 1, '<div id=\"wrap_id_advice_641\" >\n	<div class=\"col-lg-6\">\n		<section id=\"\" class=\"panel panel-advice\">\n			<a href=\"#\" id=\"641\" class=\"close_link gamification_premium_close\">\n				<i class=\"icon-remove\"></i>\n			</a>\n			<span class=\"gamification-close-confirmation hide\">\n				Sei sicuro?\n				<button class=\"btn btn-default btn-sm\" data-advice=\"delete\"><i class=\"icon-trash\"></i> Rimuovere</button>\n				<button class=\"btn btn-default btn-sm\" data-advice=\"cancel\">Cancellare</button>\n			</span>\n			<a class=\"preactivationLink row\" rel=\"ebay\" href=\"{link}AdminModules{/link}&install=ebay&module_name=ebay&redirectconfig\">\n				<img src=\"https://api.prestashop.com/partner/premium/images/ebay.png\" class=\"advice-img img-thumbnail\">\n				<img src=\"https://gamification.prestashop.com/api/getAdviceImg/641.png\"/ class=\"hide\">\n				<p class=\"advice-description\">Lancia il tuo negozio eBay: approfitta di 90 giorni di abbonamento gratuito<br/></p>\n			</a>\n		</section>\n	</div></div>'),
(3839, 1, '<div id=\"wrap_id_advice_642\" >\n	<div class=\"col-lg-6\">\n		<section id=\"\" class=\"panel panel-advice\">\n			<a href=\"#\" id=\"642\" class=\"close_link gamification_premium_close\">\n				<i class=\"icon-remove\"></i>\n			</a>\n			<span class=\"gamification-close-confirmation hide\">\n				Sei sicuro?\n				<button class=\"btn btn-default btn-sm\" data-advice=\"delete\"><i class=\"icon-trash\"></i> Rimuovere</button>\n				<button class=\"btn btn-default btn-sm\" data-advice=\"cancel\">Cancellare</button>\n			</span>\n			<a class=\"preactivationLink row\" rel=\"twenga\" href=\"{link}AdminModules{/link}&install=twenga&module_name=twenga&redirectconfig\">\n				<img src=\"https://api.prestashop.com/partner/premium/images/twenga2.png\" class=\"advice-img img-thumbnail\">\n				<img src=\"https://gamification.prestashop.com/api/getAdviceImg/642.png\"/ class=\"hide\">\n				<p class=\"advice-description\">30 milioni di visitatori al mese e altrettanti clienti potenziali!<br/></p>\n			</a>\n		</section>\n	</div></div>'),
(3840, 1, '<div id=\"wrap_id_advice_659\" >\n	<div class=\"col-lg-6\">\n		<section id=\"\" class=\"panel panel-advice\">\n			<a href=\"#\" id=\"659\" class=\"close_link gamification_premium_close\">\n				<i class=\"icon-remove\"></i>\n			</a>\n			<span class=\"gamification-close-confirmation hide\">\n				Sei sicuro?\n				<button class=\"btn btn-default btn-sm\" data-advice=\"delete\"><i class=\"icon-trash\"></i> Rimuovere</button>\n				<button class=\"btn btn-default btn-sm\" data-advice=\"cancel\">Cancellare</button>\n			</span>\n			<a class=\"preactivationLink row\" rel=\"authorizeaim\" href=\"{link}AdminModules{/link}&install=authorizeaim&module_name=authorizeaim&redirectconfig\">\n				<img src=\"https://api.prestashop.com/partner/premium/images/authorizeaim.png\" class=\"advice-img img-thumbnail\">\n				<img src=\"https://gamification.prestashop.com/api/getAdviceImg/659.png\"/ class=\"hide\">\n				<p class=\"advice-description\">Già 400.000 negozianti hanno scelto Authorize.Net per il pagamento online, provalo anche tu<br/></p>\n			</a>\n		</section>\n	</div></div>'),
(3841, 1, '<div id=\"wrap_id_advice_660\" >\n	<div class=\"col-lg-6\">\n		<section id=\"\" class=\"panel panel-advice\">\n			<a href=\"#\" id=\"660\" class=\"close_link gamification_premium_close\">\n				<i class=\"icon-remove\"></i>\n			</a>\n			<span class=\"gamification-close-confirmation hide\">\n				Sei sicuro?\n				<button class=\"btn btn-default btn-sm\" data-advice=\"delete\"><i class=\"icon-trash\"></i> Rimuovere</button>\n				<button class=\"btn btn-default btn-sm\" data-advice=\"cancel\">Cancellare</button>\n			</span>\n			<a class=\"preactivationLink row\" rel=\"liveperson\" href=\"{link}AdminModules{/link}&install=liveperson&module_name=liveperson&redirectconfig\">\n				<img src=\"https://api.prestashop.com/partner/premium/images/liveperson.png\" class=\"advice-img img-thumbnail\">\n				<img src=\"https://gamification.prestashop.com/api/getAdviceImg/660.png\"/ class=\"hide\">\n				<p class=\"advice-description\">Collegati con i tuoi acquirenti on-line in mobilità. Ovunque, sempre<br/></p>\n			</a>\n		</section>\n	</div></div>'),
(3842, 1, '<div id=\"wrap_id_advice_674\" >\n	<div class=\"col-lg-6\">\n		<section id=\"\" class=\"panel panel-advice\">\n			<a href=\"#\" id=\"674\" class=\"close_link gamification_premium_close\">\n				<i class=\"icon-remove\"></i>\n			</a>\n			<span class=\"gamification-close-confirmation hide\">\n				Sei sicuro?\n				<button class=\"btn btn-default btn-sm\" data-advice=\"delete\"><i class=\"icon-trash\"></i> Rimuovere</button>\n				<button class=\"btn btn-default btn-sm\" data-advice=\"cancel\">Cancellare</button>\n			</span>\n			<a class=\"preactivationLink row\" rel=\"sendinblue\" href=\"{link}AdminModules{/link}&install=sendinblue&module_name=sendinblue&redirectconfig\">\n				<img src=\"https://api.prestashop.com/partner/premium/images/sendinblue.png\" class=\"advice-img img-thumbnail\">\n				<img src=\"https://gamification.prestashop.com/api/getAdviceImg/674.png\"/ class=\"hide\">\n				<p class=\"advice-description\">Gestisci facilmente le tue campagne mail, newsletters, SMS su una sola piattaforma<br/></p>\n			</a>\n		</section>\n	</div></div>'),
(3843, 1, '<div id=\"wrap_id_advice_698\" >\n		<section id=\"0_sslcertificate\" class=\"panel \" style=\"display:none\">\n			<header class=\"panel-heading\">\n				<span class=\"icon-lightbulb\"></span> Consiglio del giorno</header>\n			<div class=\"panel-body\" style=\"padding:0\">\n				<img class=\"img-responsive\" src=\"https://api.prestashop.com/partner/tipsoftheday/img/logo-sslcertificate.png\" style=\"float:right; margin-left: 5px;\">\n				<img src=\"https://gamification.prestashop.com/api/getAdviceImg/698.png\"/>\n				<p><b>Jouez la carte de la confiance</b></p>\n				<p>Un negozio completamente sicuro, grazie a un certificato SSL, rassicura i vostri clienti migliorando al tempo stesso il vostro posizionamento su Google. Ordinate il vostro certificato SSL nel vostro spazio Cloud PrestaShop!</p>\n				<span class=\"text-right\" style=\"float:right\">\n					<a class=\"btn btn-default\" target=\"_blank\" href=\"https://gamification.prestashop.com/get_advice_link.php?id_advice=698&url=https%3A%2F%2Fwww.prestashop.com%2Fcloud%2Fit%2Fmy-stores%3Futm_source%3Dback-office%26utm_medium%3Dtipoftheday%26utm_campaign%3Dproduct%26utm_content%3Dsslcertificate\">Prova adesso!</a>\n				</span>\n			</div>\n		</section>\n			<script>\n			$(document).ready( function () {\n				$(\'#\'+rand(0)+\'_sslcertificate\').show();\n			});\n\n			function rand(nbr){\n			   return Math.floor(Math.random()*(nbr+1));\n			}\n			</script>\n			</div>'),
(3844, 1, '<div id=\"wrap_id_advice_708\" >\n		<section id=\"0_videotraining_productpage\" class=\"panel \" style=\"display:none\">\n			<header class=\"panel-heading\">\n				<span class=\"icon-lightbulb\"></span> Consiglio del giorno</header>\n			<div class=\"panel-body\" style=\"padding:0\">\n				<img class=\"img-responsive\" src=\"https://api.prestashop.com/partner/tipsoftheday/img/logo-videotraining_productpage.png\" style=\"float:right; margin-left: 5px;\">\n				<img src=\"https://gamification.prestashop.com/api/getAdviceImg/708.png\"/>\n				<p><b>A cosa somigliano le tue pagine prodotto?</b></p>\n				<p>Guarda questo video per assicurarti che sono efficaci!</p>\n				<span class=\"text-right\" style=\"float:right\">\n					<a class=\"btn btn-default\" target=\"_blank\" href=\"https://gamification.prestashop.com/get_advice_link.php?id_advice=708&url=http%3A%2F%2Fbit.ly%2F1OQlZUM\">Guarda il video</a>\n				</span>\n			</div>\n		</section>\n			<script>\n			$(document).ready( function () {\n				$(\'#\'+rand(0)+\'_videotraining_productpage\').show();\n			});\n\n			function rand(nbr){\n			   return Math.floor(Math.random()*(nbr+1));\n			}\n			</script>\n			</div>'),
(3845, 1, '<div id=\"wrap_id_advice_719\" >\n		<section id=\"0_twengafeed\" class=\"panel \" style=\"display:none\">\n			<header class=\"panel-heading\">\n				<span class=\"icon-lightbulb\"></span> Consiglio del giorno</header>\n			<div class=\"panel-body\" style=\"padding:0\">\n				<img class=\"img-responsive\" src=\"https://api.prestashop.com/partner/tipsoftheday/img/logo-twengafeed.png\" style=\"float:right; margin-left: 5px;\">\n				<img src=\"https://gamification.prestashop.com/api/getAdviceImg/719.png\"/>\n				<p><b>Come ottenere il massimo da Google Shopping?</b></p>\n				<p>Assicurati di avere la scheda prodotto regolarmente aggiornata su prezzo, disponibilità, promozioni e date di consegna.</p>\n				<span class=\"text-right\" style=\"float:right\">\n					<a class=\"btn btn-default\" target=\"_blank\" href=\"https://gamification.prestashop.com/get_advice_link.php?id_advice=719&url=http%3A%2F%2Faddons.prestashop.com%2Fit%2Fcomparatori-prezzi%2F21619-twengafeed.html%3Futm_source%3Dback-office%26utm_medium%3Dtipoftheday%26utm_campaign%3Dpartenariats%26utm_content%3Dtwengafeed\">Inizia una campagna ora!</a>\n				</span>\n			</div>\n		</section>\n			<script>\n			$(document).ready( function () {\n				$(\'#\'+rand(0)+\'_twengafeed\').show();\n			});\n\n			function rand(nbr){\n			   return Math.floor(Math.random()*(nbr+1));\n			}\n			</script>\n			</div>'),
(3846, 1, '<div id=\"wrap_id_advice_720\" >\n		<section id=\"0_twengabid\" class=\"panel \" style=\"display:none\">\n			<header class=\"panel-heading\">\n				<span class=\"icon-lightbulb\"></span> Consiglio del giorno</header>\n			<div class=\"panel-body\" style=\"padding:0\">\n				<img class=\"img-responsive\" src=\"https://api.prestashop.com/partner/tipsoftheday/img/logo-twengabid.png\" style=\"float:right; margin-left: 5px;\">\n				<img src=\"https://gamification.prestashop.com/api/getAdviceImg/720.png\"/>\n				<p><b>Per migliorare l’efficacia delle tue campagne SEM, usa le parole chiave negative</b></p>\n				<p>Evita di pagare click di utenti poco motivati all’acquisto: escludi le parole chiave inutili dalle tue campagne Adwords.</p>\n				<span class=\"text-right\" style=\"float:right\">\n					<a class=\"btn btn-default\" target=\"_blank\" href=\"https://gamification.prestashop.com/get_advice_link.php?id_advice=720&url=http%3A%2F%2Faddons.prestashop.com%2Fit%2Fsa-indicizzazione-pagamento-affiliazione%2F21618-twengabid.html%3Futm_source%3Dback-office%26utm_medium%3Dtipoftheday%26utm_campaign%3Dpartenariats%26utm_content%3Dtwengabid\">Inizia una campagna ora!</a>\n				</span>\n			</div>\n		</section>\n			<script>\n			$(document).ready( function () {\n				$(\'#\'+rand(0)+\'_twengabid\').show();\n			});\n\n			function rand(nbr){\n			   return Math.floor(Math.random()*(nbr+1));\n			}\n			</script>\n			</div>'),
(3847, 1, '<div id=\"wrap_id_advice_725\" >\n		<section id=\"0_hipay3_it\" class=\"panel \" style=\"display:none\">\n			<header class=\"panel-heading\">\n				<span class=\"icon-lightbulb\"></span> Consiglio del giorno</header>\n			<div class=\"panel-body\" style=\"padding:0\">\n				<img class=\"img-responsive\" src=\"https://api.prestashop.com/partner/tipsoftheday/img/logo-hipay3_it.png\" style=\"float:right; margin-left: 5px;\">\n				<img src=\"https://gamification.prestashop.com/api/getAdviceImg/725.png\"/>\n				<p><b>Finalizzare più vendite, fornendo la soluzione di pagamento giusta</b></p>\n				<p>Per ottimizzare il tasso di conversione, assicurarsi di fornire soluzioni di pagamento su misura per le esigenze dei vostri clienti: Visa, Mastercard, SisalPay ...</p>\n				<span class=\"text-right\" style=\"float:right\">\n					<a class=\"btn btn-default\" target=\"_blank\" href=\"https://gamification.prestashop.com/get_advice_link.php?id_advice=725&url=http%3A%2F%2Faddons.prestashop.com%2Fit%2Fpagamento-prestashop-moduli%2F1746-hipay.html%3Futm_source%3Dback-office%26utm_medium%3Dtipoftheday%26utm_campaign%3Dpartenariats%26utm_content%3Dhipay\">Vuoi saperne di più ?</a>\n				</span>\n			</div>\n		</section>\n			<script>\n			$(document).ready( function () {\n				$(\'#\'+rand(0)+\'_hipay3_it\').show();\n			});\n\n			function rand(nbr){\n			   return Math.floor(Math.random()*(nbr+1));\n			}\n			</script>\n			</div>'),
(3848, 1, '<div id=\"wrap_id_advice_727\" >\n	<div class=\"col-lg-6\">\n		<section id=\"\" class=\"panel panel-advice\">\n			<a href=\"#\" id=\"727\" class=\"close_link gamification_premium_close\">\n				<i class=\"icon-remove\"></i>\n			</a>\n			<span class=\"gamification-close-confirmation hide\">\n				Sei sicuro?\n				<button class=\"btn btn-default btn-sm\" data-advice=\"delete\"><i class=\"icon-trash\"></i> Rimuovere</button>\n				<button class=\"btn btn-default btn-sm\" data-advice=\"cancel\">Cancellare</button>\n			</span>\n			<a class=\"preactivationLink row\" rel=\"hipay\" href=\"{link}AdminModules{/link}&install=hipay&module_name=hipay&redirectconfig\">\n				<img src=\"https://api.prestashop.com/partner/premium/images/hipay.png\" class=\"advice-img img-thumbnail\">\n				<img src=\"https://gamification.prestashop.com/api/getAdviceImg/727.png\"/ class=\"hide\">\n				<p class=\"advice-description\">Accetta tutti i metodi di pagamento sul tuo sito web: SisalPay, Visa, Mastercard ...<br/></p>\n			</a>\n		</section>\n	</div></div>'),
(3849, 1, '<div id=\"wrap_id_advice_730\" >\n		<section id=\"0_videotraining_businesstech\" class=\"panel \" style=\"display:none\">\n			<header class=\"panel-heading\">\n				<span class=\"icon-lightbulb\"></span> Consiglio del giorno</header>\n			<div class=\"panel-body\" style=\"padding:0\">\n				<img class=\"img-responsive\" src=\"https://api.prestashop.com/partner/tipsoftheday/img/logo-videotraining_businesstech.png\" style=\"float:right; margin-left: 5px;\">\n				<img src=\"https://gamification.prestashop.com/api/getAdviceImg/730.png\"/>\n				<p><b>4 semplici passaggi per ottimizzare le prestazioni del tuo negozio on-line</b></p>\n				<p>Per scoprire come analizzare e ottimizzare il tuo negozio on-line in 4 semplici passaggi, guarda questo breve video offerto da Business Tech, un Esperto PrestaShop.</p>\n				<span class=\"text-right\" style=\"float:right\">\n					<a class=\"btn btn-default\" target=\"_blank\" href=\"https://gamification.prestashop.com/get_advice_link.php?id_advice=730&url=https%3A%2F%2Fwww.youtube.com%2Fwatch%3Fv%3D0acJfI8fn-0%3Futm_source%3Dback+office%26utm_medium%3Dtipoftheday%26utm_campaign%3DYoutube-launch%26utm_content%3Dkpi\">Guarda il video</a>\n				</span>\n			</div>\n		</section>\n			<script>\n			$(document).ready( function () {\n				$(\'#\'+rand(0)+\'_videotraining_businesstech\').show();\n			});\n\n			function rand(nbr){\n			   return Math.floor(Math.random()*(nbr+1));\n			}\n			</script>\n			</div>'),
(3850, 1, '<div id=\"wrap_id_advice_731\" >\n		<section id=\"0_videotraining_enverguredigital\" class=\"panel \" style=\"display:none\">\n			<header class=\"panel-heading\">\n				<span class=\"icon-lightbulb\"></span> Consiglio del giorno</header>\n			<div class=\"panel-body\" style=\"padding:0\">\n				<img class=\"img-responsive\" src=\"https://api.prestashop.com/partner/tipsoftheday/img/logo-videotraining_enverguredigital.png\" style=\"float:right; margin-left: 5px;\">\n				<img src=\"https://gamification.prestashop.com/api/getAdviceImg/731.png\"/>\n				<p><b>12 dritte essenziali per una pagina di prodotto efficace</b></p>\n				<p>Con questo breve video offerto da Envergure Digitale, un Esperto PrestaShop, imparerai a creare una pagina di prodotto efficace per potenziare le tue vendite.</p>\n				<span class=\"text-right\" style=\"float:right\">\n					<a class=\"btn btn-default\" target=\"_blank\" href=\"https://gamification.prestashop.com/get_advice_link.php?id_advice=731&url=https%3A%2F%2Fwww.youtube.com%2Fwatch%3Fv%3D5k3ZdPo00KY%3Futm_source%3Dback+office%26utm_medium%3Dtipoftheday%26utm_campaign%3DYoutube-launch%26utm_content%3Dproduct\">Guarda il video</a>\n				</span>\n			</div>\n		</section>\n			<script>\n			$(document).ready( function () {\n				$(\'#\'+rand(0)+\'_videotraining_enverguredigital\').show();\n			});\n\n			function rand(nbr){\n			   return Math.floor(Math.random()*(nbr+1));\n			}\n			</script>\n			</div>'),
(3851, 1, '<div id=\"wrap_id_advice_732\" >\n		<section id=\"0_videotraining_envoimoinscher\" class=\"panel \" style=\"display:none\">\n			<header class=\"panel-heading\">\n				<span class=\"icon-lightbulb\"></span> Consiglio del giorno</header>\n			<div class=\"panel-body\" style=\"padding:0\">\n				<img class=\"img-responsive\" src=\"https://api.prestashop.com/partner/tipsoftheday/img/logo-videotraining_envoimoinscher.png\" style=\"float:right; margin-left: 5px;\">\n				<img src=\"https://gamification.prestashop.com/api/getAdviceImg/732.png\"/>\n				<p><b>6 consigli per un sistema di consegna in grado di convertire e fidelizzare.</b></p>\n				<p>Ricevi importanti consigli su come creare una politica di consegna efficace con questo video di Envoismoinschers.com. Ti aiuterà ad attrarre i clienti e aumentarne la fedeltà.</p>\n				<span class=\"text-right\" style=\"float:right\">\n					<a class=\"btn btn-default\" target=\"_blank\" href=\"https://gamification.prestashop.com/get_advice_link.php?id_advice=732&url=https%3A%2F%2Fwww.youtube.com%2Fwatch%3Fv%3DQhTU_eSrm7o%3Futm_source%3Dback+office%26utm_medium%3Dtipoftheday%26utm_campaign%3DYoutube-launch%26utm_content%3Dshipping\">Guarda il video</a>\n				</span>\n			</div>\n		</section>\n			<script>\n			$(document).ready( function () {\n				$(\'#\'+rand(0)+\'_videotraining_envoimoinscher\').show();\n			});\n\n			function rand(nbr){\n			   return Math.floor(Math.random()*(nbr+1));\n			}\n			</script>\n			</div>'),
(3852, 1, '<div id=\"wrap_id_advice_733\" >\n		<section id=\"0_videotraining_milega\" class=\"panel \" style=\"display:none\">\n			<header class=\"panel-heading\">\n				<span class=\"icon-lightbulb\"></span> Consiglio del giorno</header>\n			<div class=\"panel-body\" style=\"padding:0\">\n				<img class=\"img-responsive\" src=\"https://api.prestashop.com/partner/tipsoftheday/img/logo-videotraining_milega.png\" style=\"float:right; margin-left: 5px;\">\n				<img src=\"https://gamification.prestashop.com/api/getAdviceImg/733.png\"/>\n				<p><b>4 tappe essenziali per tradurre in modo efficace il proprio sito e-commerce</b></p>\n				<p>Scopri come tradurre il tuo sito e-commerce in 4 semplici passi con questo video offerto da e-Translation Agency, un Esperto PrestaShop.</p>\n				<span class=\"text-right\" style=\"float:right\">\n					<a class=\"btn btn-default\" target=\"_blank\" href=\"https://gamification.prestashop.com/get_advice_link.php?id_advice=733&url=https%3A%2F%2Fwww.youtube.com%2Fwatch%3Fv%3DqX8mN-pLIks%3Futm_source%3Dback+office%26utm_medium%3Dtipoftheday%26utm_campaign%3DYoutube-launch%26utm_content%3Dtranslation\">Guarda il video</a>\n				</span>\n			</div>\n		</section>\n			<script>\n			$(document).ready( function () {\n				$(\'#\'+rand(0)+\'_videotraining_milega\').show();\n			});\n\n			function rand(nbr){\n			   return Math.floor(Math.random()*(nbr+1));\n			}\n			</script>\n			</div>'),
(3853, 1, '<div id=\"wrap_id_advice_734\" >\n		<section id=\"0_videotraining_prestashop\" class=\"panel \" style=\"display:none\">\n			<header class=\"panel-heading\">\n				<span class=\"icon-lightbulb\"></span> Consiglio del giorno</header>\n			<div class=\"panel-body\" style=\"padding:0\">\n				<img class=\"img-responsive\" src=\"https://api.prestashop.com/partner/tipsoftheday/img/logo-videotraining_prestashop.png\" style=\"float:right; margin-left: 5px;\">\n				<img src=\"https://gamification.prestashop.com/api/getAdviceImg/734.png\"/>\n				<p><b>4 errori da evitare nella concezione di un progetto e-commerce</b></p>\n				<p>Impara a evitare i 4 errori più frequenti nella preparazione di un progetto e-commerce con questo breve video, affidandoti al know-how che abbiamo sviluppato lavorando al fianco dei commercianti PrestaShop.</p>\n				<span class=\"text-right\" style=\"float:right\">\n					<a class=\"btn btn-default\" target=\"_blank\" href=\"https://gamification.prestashop.com/get_advice_link.php?id_advice=734&url=https%3A%2F%2Fwww.youtube.com%2Fwatch%3Fv%3D7u56FJfAGSQ%3Futm_source%3Dback+office%26utm_medium%3Dtipoftheday%26utm_campaign%3DYoutube-launch%26utm_content%3Dentrepreneur\">Guarda il video</a>\n				</span>\n			</div>\n		</section>\n			<script>\n			$(document).ready( function () {\n				$(\'#\'+rand(0)+\'_videotraining_prestashop\').show();\n			});\n\n			function rand(nbr){\n			   return Math.floor(Math.random()*(nbr+1));\n			}\n			</script>\n			</div>'),
(3854, 1, '<div id=\"wrap_id_advice_735\" >\n		<section id=\"0_videotraining_suscribe\" class=\"panel \" style=\"display:none\">\n			<header class=\"panel-heading\">\n				<span class=\"icon-lightbulb\"></span> Consiglio del giorno</header>\n			<div class=\"panel-body\" style=\"padding:0\">\n				<img class=\"img-responsive\" src=\"https://api.prestashop.com/partner/tipsoftheday/img/logo-videotraining_suscribe.png\" style=\"float:right; margin-left: 5px;\">\n				<img src=\"https://gamification.prestashop.com/api/getAdviceImg/735.png\"/>\n				<p><b>Scopri tutti i nostri video di e-commerce sul nostro canale YouTube!</b></p>\n				<p>Beneficia dei consigli e-commerce dei nostri Esperti, leggi le storie dei commercianti e guarda i tutorial PrestaShop iscrivendoti al nostro canale YouTube!</p>\n				<span class=\"text-right\" style=\"float:right\">\n					<a class=\"btn btn-default\" target=\"_blank\" href=\"https://gamification.prestashop.com/get_advice_link.php?id_advice=735&url=https%3A%2F%2Fwww.youtube.com%2Fuser%2Fprestashop%3Futm_source%3Dback+office%26utm_medium%3Dtipoftheday%26utm_campaign%3DYoutube-launch%26utm_content%3Dlaunch\">Iscriviti ora!</a>\n				</span>\n			</div>\n		</section>\n			<script>\n			$(document).ready( function () {\n				$(\'#\'+rand(0)+\'_videotraining_suscribe\').show();\n			});\n\n			function rand(nbr){\n			   return Math.floor(Math.random()*(nbr+1));\n			}\n			</script>\n			</div>'),
(3855, 1, '<div id=\"wrap_id_advice_737\" >\n	<div class=\"col-lg-6\">\n		<section id=\"\" class=\"panel panel-advice\">\n			<a href=\"#\" id=\"737\" class=\"close_link gamification_premium_close\">\n				<i class=\"icon-remove\"></i>\n			</a>\n			<span class=\"gamification-close-confirmation hide\">\n				Sei sicuro?\n				<button class=\"btn btn-default btn-sm\" data-advice=\"delete\"><i class=\"icon-trash\"></i> Rimuovere</button>\n				<button class=\"btn btn-default btn-sm\" data-advice=\"cancel\">Cancellare</button>\n			</span>\n			<a class=\"preactivationLink row\" rel=\"oneandonehosting\" href=\"{link}AdminModules{/link}&install=oneandonehosting&module_name=oneandonehosting&redirectconfig\">\n				<img src=\"https://api.prestashop.com/partner/premium/images/oneandonehosting.png\" class=\"advice-img img-thumbnail\">\n				<img src=\"https://gamification.prestashop.com/api/getAdviceImg/737.png\"/ class=\"hide\">\n				<p class=\"advice-description\">Sviluppa facilmente il tuo progetto di e-commerce con webspace illimitato<br/></p>\n			</a>\n		</section>\n	</div></div>'),
(3856, 1, '<div id=\"wrap_id_advice_738\" >\n	<div class=\"col-lg-6\">\n		<section id=\"\" class=\"panel panel-advice\">\n			<a href=\"#\" id=\"738\" class=\"close_link gamification_premium_close\">\n				<i class=\"icon-remove\"></i>\n			</a>\n			<span class=\"gamification-close-confirmation hide\">\n				Sei sicuro?\n				<button class=\"btn btn-default btn-sm\" data-advice=\"delete\"><i class=\"icon-trash\"></i> Rimuovere</button>\n				<button class=\"btn btn-default btn-sm\" data-advice=\"cancel\">Cancellare</button>\n			</span>\n			<a class=\"preactivationLink row\" rel=\"skebby\" href=\"{link}AdminModules{/link}&install=skebby&module_name=skebby&redirectconfig\">\n				<img src=\"https://api.prestashop.com/partner/premium/images/skebby.png\" class=\"advice-img img-thumbnail\">\n				<img src=\"https://gamification.prestashop.com/api/getAdviceImg/738.png\"/ class=\"hide\">\n				<p class=\"advice-description\">Interagisci con i tuoi clienti tramite sms automatizzati!<br/></p>\n			</a>\n		</section>\n	</div></div>'),
(3857, 1, '<div id=\"wrap_id_advice_746\" >\n		<section id=\"0_packlink\" class=\"panel \" style=\"display:none\">\n			<header class=\"panel-heading\">\n				<span class=\"icon-lightbulb\"></span> Consiglio del giorno</header>\n			<div class=\"panel-body\" style=\"padding:0\">\n				<img class=\"img-responsive\" src=\"https://api.prestashop.com/partner/tipsoftheday/img/logo-packlink.png\" style=\"float:right; margin-left: 5px;\">\n				<img src=\"https://gamification.prestashop.com/api/getAdviceImg/746.png\"/>\n				<p><b>Semplifica le tue spedizioni!</b></p>\n				<p>Potrai risparmiare tempo gestendo tutte le spedizioni con i migliori corrieri da una piattaforma centralizzata</p>\n				<span class=\"text-right\" style=\"float:right\">\n					<a class=\"btn btn-default\" target=\"_blank\" href=\"https://gamification.prestashop.com/get_advice_link.php?id_advice=746&url=http%3A%2F%2Faddons.prestashop.com%2Fit%2F22591-packlink-tool-gratis-per-ecommerce-ups-tnt-brt.html%3Futm_source%3Dback-office%26utm_medium%3Dtipoftheday%26utm_campaign%3Dpartenariats%26utm_content%3Dpacklink\">Vuoi saperne di più?</a>\n				</span>\n			</div>\n		</section>\n			<script>\n			$(document).ready( function () {\n				$(\'#\'+rand(0)+\'_packlink\').show();\n			});\n\n			function rand(nbr){\n			   return Math.floor(Math.random()*(nbr+1));\n			}\n			</script>\n			</div>'),
(3858, 1, '<div id=\"wrap_id_advice_749\" >\n		<section id=\"0_calendar_graphics_for_summer\" class=\"panel \" style=\"display:none\">\n			<header class=\"panel-heading\">\n				<span class=\"icon-lightbulb\"></span> Consiglio del giorno</header>\n			<div class=\"panel-body\" style=\"padding:0\">\n				<img class=\"img-responsive\" src=\"https://api.prestashop.com/partner/tipsoftheday/img/logo-calendar_graphics_for_summer.png\" style=\"float:right; margin-left: 5px;\">\n				<img src=\"https://gamification.prestashop.com/api/getAdviceImg/749.png\"/>\n				<p><b>Immagini ad hoc per le tue promozioni estive!</b></p>\n				<p>Offerte promozionali, saldi estivi, riapertura delle scuole... Scarica le immagini giuste per le tue offerte estive!</p>\n				<span class=\"text-right\" style=\"float:right\">\n					<a class=\"btn btn-default\" target=\"_blank\" href=\"https://gamification.prestashop.com/get_advice_link.php?id_advice=749&url=http%3A%2F%2Faddons.prestashop.com%2Fit%2F421-immagini-promozioni%3Futm_source%3Dback-office%26utm_medium%3Dtipoftheday%26utm_campaign%3Dcalendar-IT%26utm_content%3DIT\">Scarica ora</a>\n				</span>\n			</div>\n		</section>\n			<script>\n			$(document).ready( function () {\n				$(\'#\'+rand(0)+\'_calendar_graphics_for_summer\').show();\n			});\n\n			function rand(nbr){\n			   return Math.floor(Math.random()*(nbr+1));\n			}\n			</script>\n			</div>'),
(3859, 1, '<div id=\"wrap_id_advice_762\" >\n		<section id=\"0_calendar_olympic_games\" class=\"panel \" style=\"display:none\">\n			<header class=\"panel-heading\">\n				<span class=\"icon-lightbulb\"></span> Consiglio del giorno</header>\n			<div class=\"panel-body\" style=\"padding:0\">\n				<img class=\"img-responsive\" src=\"https://api.prestashop.com/partner/tipsoftheday/img/logo-calendar_olympic_games.png\" style=\"float:right; margin-left: 5px;\">\n				<img src=\"https://gamification.prestashop.com/api/getAdviceImg/762.png\"/>\n				<p><b>Le Olimpiadi si avvicinano!</b></p>\n				<p>Hai creato delle promozioni a tema olimpico? Approfitta di questa opportunità che avviene ogni 4 anni per aumentare le vendite di Agosto!</p>\n				<span class=\"text-right\" style=\"float:right\">\n					<a class=\"btn btn-default\" target=\"_blank\" href=\"https://gamification.prestashop.com/get_advice_link.php?id_advice=762&url=http%3A%2F%2Faddons.prestashop.com%2Fit%2F405-saldi-la-selezione-dei-moduli-migliori%3Futm_source%3Dback-office%26utm_medium%3Dtipoftheday%26utm_campaign%3Dcalendar-IT%26utm_content%3DIT\">Scopri i nostri moduli</a>\n				</span>\n			</div>\n		</section>\n			<script>\n			$(document).ready( function () {\n				$(\'#\'+rand(0)+\'_calendar_olympic_games\').show();\n			});\n\n			function rand(nbr){\n			   return Math.floor(Math.random()*(nbr+1));\n			}\n			</script>\n			</div>'),
(3860, 1, '<div id=\"wrap_id_advice_763\" >\n		<section id=\"0_psd_milano_2016\" class=\"panel \" style=\"display:none\">\n			<header class=\"panel-heading\">\n				<span class=\"icon-lightbulb\"></span> Consiglio del giorno</header>\n			<div class=\"panel-body\" style=\"padding:0\">\n				<img class=\"img-responsive\" src=\"https://api.prestashop.com/partner/tipsoftheday/img/logo-psd_milano_2016.png\" style=\"float:right; margin-left: 5px;\">\n				<img src=\"https://gamification.prestashop.com/api/getAdviceImg/763.png\"/>\n				<p><b>Sviluppa il tuo business online al PrestaShop Day</b></p>\n				<p>Ci vediamo il 29 settembre al TAG Calabiana di Milano per ottenere numerosi consigli, idee e best practice per incrementare il tuo business.</p>\n				<span class=\"text-right\" style=\"float:right\">\n					<a class=\"btn btn-default\" target=\"_blank\" href=\"https://gamification.prestashop.com/get_advice_link.php?id_advice=763&url=https%3A%2F%2Fwww.eventbrite.fr%2Fe%2Fbiglietti-prestashop-day-milano-25674024699%3Faff%3DTODbo%3Futm_source%3Dback-office%26utm_medium%3Dtipoftheday%26utm_campaign%3Dpsd_milano_2016-IT%26utm_content%3DIT\">Registrati</a>\n				</span>\n			</div>\n		</section>\n			<script>\n			$(document).ready( function () {\n				$(\'#\'+rand(0)+\'_psd_milano_2016\').show();\n			});\n\n			function rand(nbr){\n			   return Math.floor(Math.random()*(nbr+1));\n			}\n			</script>\n			</div>'),
(3861, 1, '<div id=\"wrap_id_advice_765\" >\n	<div class=\"col-lg-6\">\n		<section id=\"\" class=\"panel panel-advice\">\n			<a href=\"#\" id=\"749\" class=\"close_link gamification_premium_close\">\n				<i class=\"icon-remove\"></i>\n			</a>\n			<span class=\"gamification-close-confirmation hide\">\n				Sei sicuro?\n				<button class=\"btn btn-default btn-sm\" data-advice=\"delete\"><i class=\"icon-trash\"></i> Rimuovere</button>\n				<button class=\"btn btn-default btn-sm\" data-advice=\"cancel\">Cancellare</button>\n			</span>\n			<a class=\"preactivationLink row\" rel=\"skrill\" href=\"{link}AdminModules{/link}&install=skrill&module_name=skrill&redirectconfig\">\n				<img src=\"https://api.prestashop.com/partner/premium/images/skrill.png\" class=\"advice-img img-thumbnail\">\n				<img src=\"https://gamification.prestashop.com/api/getAdviceImg/749.png\"/ class=\"hide\">\n				<p class=\"advice-description\">Invia e ricevi pagamenti, in tutto il mondo<br/></p>\n			</a>\n		</section>\n	</div></div>');

-- --------------------------------------------------------

--
-- Struttura della tabella `ps_alias`
--

CREATE TABLE `ps_alias` (
  `id_alias` int(10) UNSIGNED NOT NULL,
  `alias` varchar(255) NOT NULL,
  `search` varchar(255) NOT NULL,
  `active` tinyint(1) NOT NULL DEFAULT '1'
) ENGINE=InnoDB DEFAULT CHARSET=utf8;

--
-- Dump dei dati per la tabella `ps_alias`
--

INSERT INTO `ps_alias` (`id_alias`, `alias`, `search`, `active`) VALUES
(1, 'bloose', 'blouse', 1),
(2, 'blues', 'blouse', 1);

-- --------------------------------------------------------

--
-- Struttura della tabella `ps_attachment`
--

CREATE TABLE `ps_attachment` (
  `id_attachment` int(10) UNSIGNED NOT NULL,
  `file` varchar(40) NOT NULL,
  `file_name` varchar(128) NOT NULL,
  `file_size` bigint(10) UNSIGNED NOT NULL DEFAULT '0',
  `mime` varchar(128) NOT NULL
) ENGINE=InnoDB DEFAULT CHARSET=utf8;

-- --------------------------------------------------------

--
-- Struttura della tabella `ps_attachment_lang`
--

CREATE TABLE `ps_attachment_lang` (
  `id_attachment` int(10) UNSIGNED NOT NULL,
  `id_lang` int(10) UNSIGNED NOT NULL,
  `name` varchar(32) DEFAULT NULL,
  `description` text
) ENGINE=InnoDB DEFAULT CHARSET=utf8;

-- --------------------------------------------------------

--
-- Struttura della tabella `ps_attribute`
--

CREATE TABLE `ps_attribute` (
  `id_attribute` int(10) UNSIGNED NOT NULL,
  `id_attribute_group` int(10) UNSIGNED NOT NULL,
  `color` varchar(32) DEFAULT NULL,
  `position` int(10) UNSIGNED NOT NULL DEFAULT '0'
) ENGINE=InnoDB DEFAULT CHARSET=utf8;

--
-- Dump dei dati per la tabella `ps_attribute`
--

INSERT INTO `ps_attribute` (`id_attribute`, `id_attribute_group`, `color`, `position`) VALUES
(1, 1, '', 0),
(2, 1, '', 1),
(3, 1, '', 2),
(4, 1, '', 3),
(5, 3, '#AAB2BD', 0),
(6, 3, '#CFC4A6', 1),
(7, 3, '#f5f5dc', 2),
(8, 3, '#ffffff', 3),
(9, 3, '#faebd7', 4),
(10, 3, '#E84C3D', 5),
(11, 3, '#434A54', 6),
(12, 3, '#C19A6B', 7),
(13, 3, '#F39C11', 8),
(14, 3, '#5D9CEC', 9),
(15, 3, '#A0D468', 10),
(16, 3, '#F1C40F', 11),
(17, 3, '#964B00', 12),
(18, 2, '', 0),
(19, 2, '', 1),
(20, 2, '', 2),
(21, 2, '', 3),
(22, 2, '', 4),
(23, 2, '', 5),
(24, 3, '#FCCACD', 13);

-- --------------------------------------------------------

--
-- Struttura della tabella `ps_attribute_group`
--

CREATE TABLE `ps_attribute_group` (
  `id_attribute_group` int(10) UNSIGNED NOT NULL,
  `is_color_group` tinyint(1) NOT NULL DEFAULT '0',
  `group_type` enum('select','radio','color') NOT NULL DEFAULT 'select',
  `position` int(10) UNSIGNED NOT NULL DEFAULT '0'
) ENGINE=InnoDB DEFAULT CHARSET=utf8;

--
-- Dump dei dati per la tabella `ps_attribute_group`
--

INSERT INTO `ps_attribute_group` (`id_attribute_group`, `is_color_group`, `group_type`, `position`) VALUES
(1, 0, 'select', 0),
(2, 0, 'select', 1),
(3, 1, 'color', 2);

-- --------------------------------------------------------

--
-- Struttura della tabella `ps_attribute_group_lang`
--

CREATE TABLE `ps_attribute_group_lang` (
  `id_attribute_group` int(10) UNSIGNED NOT NULL,
  `id_lang` int(10) UNSIGNED NOT NULL,
  `name` varchar(128) NOT NULL,
  `public_name` varchar(64) NOT NULL
) ENGINE=InnoDB DEFAULT CHARSET=utf8;

--
-- Dump dei dati per la tabella `ps_attribute_group_lang`
--

INSERT INTO `ps_attribute_group_lang` (`id_attribute_group`, `id_lang`, `name`, `public_name`) VALUES
(1, 1, 'Size', 'Size'),
(2, 1, 'Shoes Size', 'Size'),
(3, 1, 'Color', 'Color');

-- --------------------------------------------------------

--
-- Struttura della tabella `ps_attribute_group_shop`
--

CREATE TABLE `ps_attribute_group_shop` (
  `id_attribute_group` int(11) UNSIGNED NOT NULL,
  `id_shop` int(11) UNSIGNED NOT NULL
) ENGINE=InnoDB DEFAULT CHARSET=utf8;

--
-- Dump dei dati per la tabella `ps_attribute_group_shop`
--

INSERT INTO `ps_attribute_group_shop` (`id_attribute_group`, `id_shop`) VALUES
(1, 1),
(2, 1),
(3, 1);

-- --------------------------------------------------------

--
-- Struttura della tabella `ps_attribute_impact`
--

CREATE TABLE `ps_attribute_impact` (
  `id_attribute_impact` int(10) UNSIGNED NOT NULL,
  `id_product` int(11) UNSIGNED NOT NULL,
  `id_attribute` int(11) UNSIGNED NOT NULL,
  `weight` decimal(20,6) NOT NULL,
  `price` decimal(17,2) NOT NULL
) ENGINE=InnoDB DEFAULT CHARSET=utf8;

-- --------------------------------------------------------

--
-- Struttura della tabella `ps_attribute_lang`
--

CREATE TABLE `ps_attribute_lang` (
  `id_attribute` int(10) UNSIGNED NOT NULL,
  `id_lang` int(10) UNSIGNED NOT NULL,
  `name` varchar(128) NOT NULL
) ENGINE=InnoDB DEFAULT CHARSET=utf8;

--
-- Dump dei dati per la tabella `ps_attribute_lang`
--

INSERT INTO `ps_attribute_lang` (`id_attribute`, `id_lang`, `name`) VALUES
(18, 1, '35'),
(19, 1, '36'),
(20, 1, '37'),
(21, 1, '38'),
(22, 1, '39'),
(23, 1, '40'),
(13, 1, 'Arancione'),
(9, 1, 'Avorio'),
(7, 1, 'Beige'),
(8, 1, 'Bianco'),
(14, 1, 'Blu'),
(12, 1, 'Cammello'),
(16, 1, 'Giallo'),
(5, 1, 'Grigio'),
(3, 1, 'L'),
(2, 1, 'M'),
(17, 1, 'Marrone'),
(11, 1, 'Nero'),
(24, 1, 'Rosa'),
(10, 1, 'Rosso'),
(1, 1, 'S'),
(4, 1, 'Taglia unica'),
(6, 1, 'Talpa'),
(15, 1, 'Verde');

-- --------------------------------------------------------

--
-- Struttura della tabella `ps_attribute_shop`
--

CREATE TABLE `ps_attribute_shop` (
  `id_attribute` int(11) UNSIGNED NOT NULL,
  `id_shop` int(11) UNSIGNED NOT NULL
) ENGINE=InnoDB DEFAULT CHARSET=utf8;

--
-- Dump dei dati per la tabella `ps_attribute_shop`
--

INSERT INTO `ps_attribute_shop` (`id_attribute`, `id_shop`) VALUES
(1, 1),
(2, 1),
(3, 1),
(4, 1),
(5, 1),
(6, 1),
(7, 1),
(8, 1),
(9, 1),
(10, 1),
(11, 1),
(12, 1),
(13, 1),
(14, 1),
(15, 1),
(16, 1),
(17, 1),
(18, 1),
(19, 1),
(20, 1),
(21, 1),
(22, 1),
(23, 1),
(24, 1);

-- --------------------------------------------------------

--
-- Struttura della tabella `ps_badge`
--

CREATE TABLE `ps_badge` (
  `id_badge` int(11) NOT NULL,
  `id_ps_badge` int(11) NOT NULL,
  `type` varchar(32) NOT NULL,
  `id_group` int(11) NOT NULL,
  `group_position` int(11) NOT NULL,
  `scoring` int(11) NOT NULL,
  `awb` int(11) DEFAULT '0',
  `validated` tinyint(1) UNSIGNED NOT NULL DEFAULT '0'
) ENGINE=InnoDB DEFAULT CHARSET=utf8;

--
-- Dump dei dati per la tabella `ps_badge`
--

INSERT INTO `ps_badge` (`id_badge`, `id_ps_badge`, `type`, `id_group`, `group_position`, `scoring`, `awb`, `validated`) VALUES
(1, 139, 'feature', 41, 1, 5, 1, 0),
(2, 140, 'feature', 41, 2, 10, 1, 0),
(3, 141, 'feature', 41, 3, 15, 1, 0),
(4, 142, 'feature', 41, 4, 20, 1, 0),
(5, 143, 'feature', 41, 1, 5, 1, 0),
(6, 144, 'feature', 41, 2, 10, 1, 0),
(7, 145, 'feature', 41, 3, 15, 1, 0),
(8, 146, 'feature', 41, 4, 20, 1, 0),
(9, 147, 'feature', 41, 1, 5, 1, 1),
(10, 148, 'feature', 41, 2, 10, 1, 1),
(11, 149, 'feature', 41, 3, 15, 1, 1),
(12, 150, 'feature', 41, 4, 20, 1, 0),
(13, 159, 'feature', 41, 1, 5, 1, 0),
(14, 160, 'feature', 41, 2, 10, 1, 0),
(15, 161, 'feature', 41, 3, 15, 1, 0),
(16, 162, 'feature', 41, 4, 20, 1, 0),
(17, 163, 'feature', 41, 1, 5, 1, 0),
(18, 164, 'feature', 41, 2, 10, 1, 0),
(19, 165, 'feature', 41, 3, 15, 1, 0),
(20, 166, 'feature', 41, 4, 20, 1, 0),
(21, 171, 'feature', 41, 1, 5, 1, 0),
(22, 172, 'feature', 41, 2, 10, 1, 0),
(23, 173, 'feature', 41, 3, 15, 1, 0),
(24, 174, 'feature', 41, 4, 20, 1, 0),
(25, 187, 'feature', 41, 1, 5, 1, 0),
(26, 188, 'feature', 41, 2, 10, 1, 0),
(27, 189, 'feature', 41, 3, 15, 1, 0),
(28, 190, 'feature', 41, 4, 20, 1, 0),
(29, 191, 'feature', 41, 1, 5, 1, 0),
(30, 192, 'feature', 41, 2, 10, 1, 0),
(31, 202, 'feature', 41, 1, 5, 1, 0),
(32, 203, 'feature', 41, 2, 10, 1, 0),
(33, 204, 'feature', 41, 1, 5, 1, 0),
(34, 205, 'feature', 41, 2, 10, 1, 0),
(35, 206, 'feature', 41, 1, 5, 1, 0),
(36, 207, 'feature', 41, 2, 10, 1, 0),
(37, 208, 'feature', 41, 3, 15, 1, 0),
(38, 209, 'feature', 41, 4, 20, 1, 0),
(39, 210, 'feature', 41, 2, 10, 1, 0),
(40, 211, 'feature', 41, 1, 5, 1, 0),
(41, 212, 'feature', 41, 3, 15, 1, 0),
(42, 213, 'feature', 41, 4, 20, 1, 0),
(43, 222, 'feature', 41, 1, 5, 1, 0),
(44, 223, 'feature', 41, 3, 15, 1, 0),
(45, 224, 'feature', 41, 4, 20, 1, 0),
(46, 233, 'feature', 41, 1, 5, 1, 0),
(47, 234, 'feature', 41, 2, 10, 1, 0),
(48, 235, 'feature', 41, 3, 15, 1, 0),
(49, 236, 'feature', 41, 4, 20, 1, 0),
(50, 249, 'feature', 41, 1, 5, 1, 1),
(51, 250, 'feature', 41, 2, 10, 1, 1),
(52, 251, 'feature', 41, 3, 15, 1, 1),
(53, 252, 'feature', 41, 4, 20, 1, 1),
(54, 253, 'feature', 41, 1, 5, 1, 0),
(55, 254, 'feature', 41, 2, 10, 1, 0),
(56, 255, 'feature', 41, 3, 15, 1, 0),
(57, 256, 'feature', 41, 4, 20, 1, 0),
(58, 261, 'feature', 41, 1, 5, 1, 0),
(59, 262, 'feature', 41, 2, 10, 1, 0),
(60, 269, 'feature', 41, 1, 5, 1, 0),
(61, 270, 'feature', 41, 2, 10, 1, 0),
(62, 271, 'feature', 41, 3, 15, 1, 0),
(63, 272, 'feature', 41, 4, 20, 1, 0),
(64, 273, 'feature', 41, 1, 5, 1, 0),
(65, 274, 'feature', 41, 2, 10, 1, 0),
(66, 275, 'feature', 41, 3, 15, 1, 0),
(67, 276, 'feature', 41, 4, 20, 1, 0),
(68, 277, 'feature', 41, 1, 5, 1, 0),
(69, 278, 'feature', 41, 2, 10, 1, 0),
(70, 279, 'feature', 41, 3, 15, 1, 0),
(71, 280, 'feature', 41, 4, 20, 1, 0),
(72, 281, 'feature', 41, 1, 5, 1, 0),
(73, 282, 'feature', 41, 2, 10, 1, 0),
(74, 283, 'feature', 41, 3, 15, 1, 0),
(75, 284, 'feature', 41, 4, 20, 1, 0),
(76, 285, 'feature', 41, 1, 5, 1, 0),
(77, 286, 'feature', 41, 2, 10, 1, 0),
(78, 287, 'feature', 41, 3, 15, 1, 0),
(79, 288, 'feature', 41, 4, 20, 1, 0),
(80, 289, 'feature', 41, 1, 5, 1, 0),
(81, 290, 'feature', 41, 2, 10, 1, 0),
(82, 291, 'feature', 41, 3, 15, 1, 0),
(83, 292, 'feature', 41, 4, 20, 1, 0),
(84, 293, 'feature', 41, 1, 5, 1, 0),
(85, 294, 'feature', 41, 2, 10, 1, 0),
(86, 295, 'feature', 41, 3, 15, 1, 0),
(87, 296, 'feature', 41, 4, 20, 1, 0),
(88, 297, 'feature', 41, 1, 5, 1, 0),
(89, 298, 'feature', 41, 2, 10, 1, 0),
(90, 299, 'feature', 41, 3, 15, 1, 0),
(91, 300, 'feature', 41, 4, 20, 1, 0),
(92, 301, 'feature', 41, 1, 5, 1, 0),
(93, 302, 'feature', 41, 2, 10, 1, 0),
(94, 303, 'feature', 41, 3, 15, 1, 0),
(95, 304, 'feature', 41, 4, 20, 1, 0),
(96, 305, 'feature', 41, 1, 5, 1, 0),
(97, 306, 'feature', 41, 2, 10, 1, 0),
(98, 307, 'feature', 41, 3, 15, 1, 0),
(99, 308, 'feature', 41, 4, 20, 1, 0),
(100, 309, 'feature', 41, 1, 5, 1, 0),
(101, 310, 'feature', 41, 2, 10, 1, 0),
(102, 311, 'feature', 41, 3, 15, 1, 0),
(103, 312, 'feature', 41, 4, 20, 1, 0),
(104, 313, 'feature', 41, 1, 5, 1, 1),
(105, 314, 'feature', 41, 2, 10, 1, 1),
(106, 315, 'feature', 41, 3, 15, 1, 0),
(107, 316, 'feature', 41, 4, 20, 1, 0),
(108, 317, 'feature', 41, 1, 5, 1, 0),
(109, 318, 'feature', 41, 2, 10, 1, 0),
(110, 319, 'feature', 41, 3, 15, 1, 0),
(111, 320, 'feature', 41, 4, 20, 1, 0),
(112, 321, 'feature', 41, 1, 5, 1, 0),
(113, 322, 'feature', 41, 2, 10, 1, 0),
(114, 323, 'feature', 41, 3, 15, 1, 0),
(115, 324, 'feature', 41, 4, 20, 1, 0),
(116, 325, 'feature', 41, 1, 5, 1, 0),
(117, 326, 'feature', 41, 2, 10, 1, 0),
(118, 327, 'feature', 41, 3, 15, 1, 0),
(119, 328, 'feature', 41, 4, 20, 1, 0),
(120, 329, 'feature', 41, 1, 5, 1, 0),
(121, 330, 'feature', 41, 2, 10, 1, 0),
(122, 331, 'feature', 41, 3, 15, 1, 0),
(123, 332, 'feature', 41, 4, 20, 1, 0),
(124, 333, 'feature', 41, 1, 5, 1, 0),
(125, 334, 'feature', 41, 2, 10, 1, 0),
(126, 335, 'feature', 41, 3, 15, 1, 0),
(127, 336, 'feature', 41, 4, 20, 1, 0),
(128, 337, 'feature', 41, 1, 5, 1, 0),
(129, 338, 'feature', 41, 2, 10, 1, 0),
(130, 339, 'feature', 41, 3, 15, 1, 0),
(131, 340, 'feature', 41, 4, 20, 1, 0),
(132, 341, 'feature', 41, 1, 5, 1, 0),
(133, 342, 'feature', 41, 2, 10, 1, 0),
(134, 343, 'feature', 41, 3, 15, 1, 0),
(135, 344, 'feature', 41, 4, 20, 1, 0),
(136, 345, 'feature', 41, 1, 5, 1, 0),
(137, 346, 'feature', 41, 2, 10, 1, 0),
(138, 347, 'feature', 41, 3, 15, 1, 0),
(139, 348, 'feature', 41, 4, 20, 1, 0),
(140, 349, 'feature', 41, 1, 5, 1, 0),
(141, 350, 'feature', 41, 2, 10, 1, 0),
(142, 351, 'feature', 41, 3, 15, 1, 0),
(143, 352, 'feature', 41, 4, 20, 1, 0),
(144, 353, 'feature', 41, 1, 5, 1, 0),
(145, 354, 'feature', 41, 2, 10, 1, 0),
(146, 355, 'feature', 41, 3, 15, 1, 0),
(147, 356, 'feature', 41, 4, 20, 1, 0),
(148, 357, 'feature', 41, 1, 5, 1, 0),
(149, 358, 'feature', 41, 2, 10, 1, 0),
(150, 359, 'feature', 41, 3, 15, 1, 0),
(151, 360, 'feature', 41, 4, 20, 1, 0),
(152, 1, 'feature', 1, 1, 10, 0, 1),
(153, 2, 'feature', 2, 1, 10, 0, 0),
(154, 3, 'feature', 2, 2, 15, 0, 0),
(155, 4, 'feature', 3, 1, 15, 0, 1),
(156, 5, 'feature', 3, 2, 15, 0, 0),
(157, 6, 'feature', 4, 1, 15, 0, 1),
(158, 7, 'feature', 4, 2, 15, 0, 1),
(159, 8, 'feature', 5, 1, 5, 0, 1),
(160, 9, 'feature', 5, 2, 10, 0, 1),
(161, 10, 'feature', 6, 1, 15, 0, 0),
(162, 11, 'feature', 6, 2, 10, 0, 0),
(163, 12, 'feature', 6, 3, 10, 0, 0),
(164, 13, 'feature', 5, 3, 10, 0, 1),
(165, 14, 'feature', 5, 4, 15, 0, 0),
(166, 15, 'feature', 5, 5, 20, 0, 0),
(167, 16, 'feature', 5, 6, 20, 0, 0),
(168, 17, 'achievement', 7, 1, 5, 0, 1),
(169, 18, 'achievement', 7, 2, 10, 0, 1),
(170, 19, 'feature', 8, 1, 15, 0, 1),
(171, 20, 'feature', 8, 2, 15, 0, 0),
(172, 21, 'feature', 9, 1, 15, 0, 0),
(173, 22, 'feature', 10, 1, 10, 0, 0),
(174, 23, 'feature', 10, 2, 10, 0, 0),
(175, 24, 'feature', 10, 3, 10, 0, 0),
(176, 25, 'feature', 10, 4, 10, 0, 0),
(177, 26, 'feature', 10, 5, 10, 0, 0),
(178, 27, 'feature', 4, 3, 10, 0, 1),
(179, 28, 'feature', 3, 3, 10, 0, 0),
(180, 29, 'achievement', 11, 1, 5, 0, 1),
(181, 30, 'achievement', 11, 2, 10, 0, 1),
(182, 31, 'achievement', 11, 3, 15, 0, 0),
(183, 32, 'achievement', 11, 4, 20, 0, 0),
(184, 33, 'achievement', 11, 5, 25, 0, 0),
(185, 34, 'achievement', 11, 6, 30, 0, 0),
(186, 35, 'achievement', 7, 3, 15, 0, 1),
(187, 36, 'achievement', 7, 4, 20, 0, 0),
(188, 37, 'achievement', 7, 5, 25, 0, 0),
(189, 38, 'achievement', 7, 6, 30, 0, 0),
(190, 39, 'achievement', 12, 1, 5, 0, 1),
(191, 40, 'achievement', 12, 2, 10, 0, 1),
(192, 41, 'achievement', 12, 3, 15, 0, 1),
(193, 42, 'achievement', 12, 4, 20, 0, 1),
(194, 43, 'achievement', 12, 5, 25, 0, 0),
(195, 44, 'achievement', 12, 6, 30, 0, 0),
(196, 45, 'achievement', 13, 1, 5, 0, 1),
(197, 46, 'achievement', 13, 2, 10, 0, 1),
(198, 47, 'achievement', 13, 3, 15, 0, 1),
(199, 48, 'achievement', 13, 4, 20, 0, 0),
(200, 49, 'achievement', 13, 5, 25, 0, 0),
(201, 50, 'achievement', 13, 6, 30, 0, 0),
(202, 51, 'achievement', 14, 1, 5, 0, 1),
(203, 52, 'achievement', 14, 2, 10, 0, 1),
(204, 53, 'achievement', 14, 3, 15, 0, 1),
(205, 54, 'achievement', 14, 4, 20, 0, 0),
(206, 55, 'achievement', 14, 5, 25, 0, 0),
(207, 56, 'achievement', 14, 6, 30, 0, 0),
(208, 57, 'achievement', 15, 1, 5, 0, 1),
(209, 58, 'achievement', 15, 2, 10, 0, 0),
(210, 59, 'achievement', 15, 3, 15, 0, 0),
(211, 60, 'achievement', 15, 4, 20, 0, 0),
(212, 61, 'achievement', 15, 5, 25, 0, 0),
(213, 62, 'achievement', 15, 6, 30, 0, 0),
(214, 63, 'achievement', 16, 1, 5, 0, 1),
(215, 64, 'achievement', 16, 2, 10, 0, 1),
(216, 65, 'achievement', 16, 3, 15, 0, 1),
(217, 66, 'achievement', 16, 4, 20, 0, 0),
(218, 67, 'achievement', 16, 5, 25, 0, 0),
(219, 68, 'achievement', 16, 6, 30, 0, 0),
(220, 69, 'international', 17, 1, 10, 0, 0),
(221, 70, 'international', 18, 1, 10, 0, 0),
(222, 71, 'international', 19, 1, 10, 0, 0),
(223, 72, 'international', 20, 1, 10, 0, 0),
(224, 73, 'international', 21, 1, 10, 0, 0),
(225, 74, 'international', 22, 1, 10, 0, 0),
(226, 75, 'international', 23, 1, 10, 0, 0),
(227, 83, 'international', 31, 1, 10, 0, 0),
(228, 84, 'international', 25, 1, 10, 0, 0),
(229, 86, 'international', 33, 1, 10, 0, 0),
(230, 87, 'international', 34, 1, 10, 0, 0),
(231, 88, 'feature', 35, 1, 5, 0, 1),
(232, 89, 'feature', 35, 2, 10, 0, 1),
(233, 90, 'feature', 35, 3, 10, 0, 0),
(234, 91, 'feature', 35, 4, 10, 0, 0),
(235, 92, 'feature', 35, 5, 10, 0, 0),
(236, 93, 'feature', 35, 6, 10, 0, 0),
(237, 94, 'feature', 36, 1, 5, 0, 1),
(238, 95, 'feature', 36, 2, 5, 0, 1),
(239, 96, 'feature', 36, 3, 10, 0, 1),
(240, 97, 'feature', 36, 4, 10, 0, 0),
(241, 98, 'feature', 36, 5, 20, 0, 0),
(242, 99, 'feature', 36, 6, 20, 0, 0),
(243, 100, 'feature', 8, 3, 15, 0, 0),
(244, 101, 'achievement', 37, 1, 5, 0, 0),
(245, 102, 'achievement', 37, 2, 5, 0, 0),
(246, 103, 'achievement', 37, 3, 10, 0, 0),
(247, 104, 'achievement', 37, 4, 10, 0, 0),
(248, 105, 'achievement', 37, 5, 15, 0, 0),
(249, 106, 'achievement', 37, 6, 15, 0, 0),
(250, 107, 'achievement', 38, 1, 10, 0, 0),
(251, 108, 'achievement', 38, 2, 10, 0, 0),
(252, 109, 'achievement', 38, 3, 15, 0, 0),
(253, 110, 'achievement', 38, 4, 20, 0, 0),
(254, 111, 'achievement', 38, 5, 25, 0, 0),
(255, 112, 'achievement', 38, 6, 30, 0, 0),
(256, 113, 'achievement', 39, 1, 10, 0, 1),
(257, 114, 'achievement', 39, 2, 20, 0, 0),
(258, 115, 'achievement', 39, 3, 30, 0, 0),
(259, 116, 'achievement', 39, 4, 40, 0, 0),
(260, 117, 'achievement', 39, 5, 50, 0, 0),
(261, 118, 'achievement', 39, 6, 50, 0, 0),
(262, 119, 'feature', 40, 1, 10, 0, 0),
(263, 120, 'feature', 40, 2, 15, 0, 0),
(264, 121, 'feature', 40, 3, 20, 0, 0),
(265, 122, 'feature', 40, 4, 25, 0, 0);

-- --------------------------------------------------------

--
-- Struttura della tabella `ps_badge_lang`
--

CREATE TABLE `ps_badge_lang` (
  `id_badge` int(11) NOT NULL,
  `id_lang` int(11) NOT NULL,
  `name` varchar(64) DEFAULT NULL,
  `description` varchar(255) DEFAULT NULL,
  `group_name` varchar(255) DEFAULT NULL
) ENGINE=InnoDB DEFAULT CHARSET=utf8;

--
-- Dump dei dati per la tabella `ps_badge_lang`
--

INSERT INTO `ps_badge_lang` (`id_badge`, `id_lang`, `name`, `description`, `group_name`) VALUES
(1, 1, 'HiPay installed', 'You have installed the HiPay module', 'Partners'),
(2, 1, 'HiPay configured', 'You have configured the HiPay module', 'Partners'),
(3, 1, 'HiPay active', 'Your Hipay module is active', 'Partners'),
(4, 1, 'HiPay very active', 'Your HiPay module is very active', 'Partners'),
(5, 1, 'Ogone installed', 'You have installed the Ogone module', 'Partners'),
(6, 1, 'Ogone configuré', 'You have configured the Ogone module', 'Partners'),
(7, 1, 'Ogone active', 'Your Ogone module is active', 'Partners'),
(8, 1, 'Ogone very active', 'Your Ogone module is very active', 'Partners'),
(9, 1, 'PayPal installed', 'You have installed the PayPal module', 'Partners'),
(10, 1, 'PayPal configured', 'You have configured the PayPal module', 'Partners'),
(11, 1, 'PayPal active', 'Your PayPal module is active', 'Partners'),
(12, 1, 'PayPal very active', 'Your PayPal module is very active', 'Partners'),
(13, 1, 'Shopgate installed', 'You have installed the Shopgate module', 'Partners'),
(14, 1, 'Shopgate configured', 'You have configured the Shopgate module', 'Partners'),
(15, 1, 'Shopgate active', 'Your Shopgate module is active', 'Partners'),
(16, 1, 'Shopgate very active', 'Your Shopgate module is very active', 'Partners'),
(17, 1, 'Skrill installed', 'You have installed the Skrill module', 'Partners'),
(18, 1, 'Skrill configured', 'You have configured the Skrill module', 'Partners'),
(19, 1, 'Skrill active', 'Your Skrill module is active', 'Partners'),
(20, 1, 'Skrill very active', 'Your Skrill module is very active', 'Partners'),
(21, 1, 'Sofort installed', 'You have installed the Sofort module', 'Partners'),
(22, 1, 'Sofort configured', 'You have configured the Sofort module', 'Partners'),
(23, 1, 'Sofort active', 'Your Sofort module is active', 'Partners'),
(24, 1, 'Sofort very active', 'Your Sofort module is very active', 'Partners'),
(25, 1, 'Neteven installed', 'You have installed the Neteven module', 'Partners'),
(26, 1, 'Neteven configured', 'You have configured the Neteven module', 'Partners'),
(27, 1, 'Neteven active', 'Your Neteven module is active', 'Partners'),
(28, 1, 'Neteven very active', 'Your Neteven module is very active', 'Partners'),
(29, 1, 'Prediggo installed', 'You have installed the Prediggo module', 'Partners'),
(30, 1, 'Prediggo configured', 'You have configured the Prediggo module', 'Partners'),
(31, 1, 'Twenga installed', 'You have installed the Twenga module', 'Partners'),
(32, 1, 'Twenga configured', 'You have configured the Twenga module', 'Partners'),
(33, 1, 'Feedaty installed', 'You have installed the Feedaty module', 'Partners'),
(34, 1, 'Feedaty configured', 'You have configured the Feedaty module', 'Partners'),
(35, 1, 'TextMaster installed', 'You have installed the TextMaster module', 'Partners'),
(36, 1, 'TextMaster configured', 'You have configured the TextMaster module', 'Partners'),
(37, 1, 'TextMaster active', 'Your TextMaster module is active', 'Partners'),
(38, 1, 'TextMaster very active', 'Your TextMaster module is very active', 'Partners'),
(39, 1, 'Boxdrop configured', 'You have configured the boxdrop module', 'Partners'),
(40, 1, 'Boxdrop installed', 'You have installed the Boxdrop module', 'Partners'),
(41, 1, 'Boxdrop active', 'Your Boxdrop module is active', 'Partners'),
(42, 1, 'Boxdrop very active', 'Your Boxdrop module is very active', 'Partners'),
(43, 1, 'Paymill installed', 'You have installed the Paymill module', 'Partners'),
(44, 1, 'Paymill active', 'Your Paymill module is active', 'Partners'),
(45, 1, 'Paymill very active', 'Your Paymill module is very active', 'Partners'),
(46, 1, 'Authorize Aim installed', 'You have installed the Authorize Aim module', 'Partners'),
(47, 1, 'Authorize Aim configured', 'You have configured the Authorize Aim module', 'Partners'),
(48, 1, 'Authorize Aim active', 'Your Authorize Aim module is active', 'Partners'),
(49, 1, 'Authorize Aim very active', 'Your Authorize Aim module is very active', 'Partners'),
(50, 1, 'Ebay installed', 'You have installed the Ebay module', 'Partners'),
(51, 1, 'Ebay configured', 'You have configured the Ebay module', 'Partners'),
(52, 1, 'Ebay active', 'Your Ebay module is active', 'Partners'),
(53, 1, 'Ebay very active', 'Your Ebay module is very active', 'Partners'),
(54, 1, 'PayPlug installed', 'You have installed the PayPlug module', 'Partners'),
(55, 1, 'PayPlug configured', 'You have configured the PayPlug module', 'Partners'),
(56, 1, 'PayPlug active', 'Your PayPlug module is active', 'Partners'),
(57, 1, 'PayPlug very active', 'Your PayPlug module is very active', 'Partners'),
(58, 1, 'Affinity Items installed', 'You have installed the Affinity Items module', 'Partners'),
(59, 1, 'Affinity Items configured', 'You have configured the Affinity Items module', 'Partners'),
(60, 1, 'DPD Poland installed', 'You have installed the DPD Poland module', 'Partners'),
(61, 1, 'DPD Poland configured', 'You have configured the DPD Poland module', 'Partners'),
(62, 1, 'DPD Poland active', 'Your DPD Poland module is active', 'Partners'),
(63, 1, 'DPD Poland very active', 'Your DPD Poland module is very active', 'Partners'),
(64, 1, 'Envoimoinscher installed', 'You have installed the Envoimoinscher module', 'Partners'),
(65, 1, 'Envoimoinscher configured', 'You have configured the Envoimoinscher module', 'Partners'),
(66, 1, 'Envoimoinscher active', 'Your Envoimoinscher module is active', 'Partners'),
(67, 1, 'Envoimoinscher very active', 'Your Envoimoinscher module is very active', 'Partners'),
(68, 1, 'Klik&Pay installed', 'You have installed the Klik&Pay module', 'Partners'),
(69, 1, 'Klik&Pay configured', 'You have configured the Klik&Pay module', 'Partners'),
(70, 1, 'Klik&Pay active', 'Your Klik&Pay module is active', 'Partners'),
(71, 1, 'Klik&Pay very active', 'Your Klik&Pay module is very active', 'Partners'),
(72, 1, 'Clickline installed', 'You have installed the Clickline module', 'Partners'),
(73, 1, 'Clickline configured', 'You have configured the Clickline module', 'Partners'),
(74, 1, 'Clickline active', 'Your Clickline module is active', 'Partners'),
(75, 1, 'Clickline very active', 'Your Clickline module is very active', 'Partners'),
(76, 1, 'CDiscount installed', 'You have installed the CDiscount module', 'Partners'),
(77, 1, 'CDiscount configured', 'You have configured the CDiscount module', 'Partners'),
(78, 1, 'CDiscount active', 'Your CDiscount module is active', 'Partners'),
(79, 1, 'CDiscount very active', 'Your CDiscount module is very active', 'Partners'),
(80, 1, 'illicoPresta installed', 'You have installed the illicoPresta module', 'Partners'),
(81, 1, 'illicoPresta configured', 'You have configured the illicoPresta module', 'Partners'),
(82, 1, 'illicoPresta active', 'Your illicoPresta module is active', 'Partners'),
(83, 1, 'illicoPresta very active', 'Your illicoPresta module is very active', 'Partners'),
(84, 1, 'NetReviews installed', 'You have installed the NetReviews module', 'Partners'),
(85, 1, 'NetReviews configured', 'You have configured the NetReviews module', 'Partners'),
(86, 1, 'NetReviews active', 'Your NetReviews module is active', 'Partners'),
(87, 1, 'NetReviews very active', 'Your NetReviews module is very active', 'Partners'),
(88, 1, 'Bluesnap installed', 'You have installed the Bluesnap module', 'Partners'),
(89, 1, 'Bluesnap configured', 'You have configured the Bluesnap module', 'Partners'),
(90, 1, 'Bluesnap active', 'Your Bluesnap module is active', 'Partners'),
(91, 1, 'Bluesnap very active', 'Your Bluesnap module is very active', 'Partners'),
(92, 1, 'Desjardins installed', 'You have installed the Desjardins module', 'Partners'),
(93, 1, 'Desjardins configured', 'You have configured the Desjardins module', 'Partners'),
(94, 1, 'Desjardins active', 'Your Desjardins module is active', 'Partners'),
(95, 1, 'Desjardins very active', 'Your Desjardins module is very active', 'Partners'),
(96, 1, 'First Data installed', 'You have installed the First Data module', 'Partners'),
(97, 1, 'First Data configured', 'You have configured the First Data module', 'Partners'),
(98, 1, 'First Data active', 'Your First Data module is active', 'Partners'),
(99, 1, 'First Data very active', 'Your First Data module is very active', 'Partners'),
(100, 1, 'Give.it installed', 'You have installed the Give.it module', 'Partners'),
(101, 1, 'Give.it configured', 'You have configured the Give.it module', 'Partners'),
(102, 1, 'Give.it active', 'Your Give.it module is active', 'Partners'),
(103, 1, 'Give.it very active', 'Your Give.it module is very active', 'Partners'),
(104, 1, 'Google Analytics installed', 'You have installed the Google Analytics module', 'Partners'),
(105, 1, 'Google Analytics configured', 'You have configured the Google Analytics module', 'Partners'),
(106, 1, 'Google Analytics active', 'Your Google Analytics module is active', 'Partners'),
(107, 1, 'Google Analytics very active', 'Your Google Analytics module is very active', 'Partners'),
(108, 1, 'PagSeguro installed', 'You have installed the PagSeguro module', 'Partners'),
(109, 1, 'PagSeguro configured', 'You have configured the PagSeguro module', 'Partners'),
(110, 1, 'PagSeguro active', 'Your PagSeguro module is active', 'Partners'),
(111, 1, 'PagSeguro very active', 'Your PagSeguro module is very active', 'Partners'),
(112, 1, 'Paypal MX installed', 'You have installed the Paypal MX module', 'Partners'),
(113, 1, 'Paypal MX configured', 'You have configured the Paypal MX module', 'Partners'),
(114, 1, 'Paypal MX active', 'Your Paypal MX module is active', 'Partners'),
(115, 1, 'Paypal MX very active', 'Your Paypal MX module is very active', 'Partners'),
(116, 1, 'Paypal USA installed', 'You have installed the Paypal USA module', 'Partners'),
(117, 1, 'Paypal USA configured', 'You have configured the Paypal USA module', 'Partners'),
(118, 1, 'Paypal USA active', 'Your Paypal USA module is active', 'Partners'),
(119, 1, 'Paypal USA very active', 'Your Paypal USA module is very active', 'Partners'),
(120, 1, 'PayULatam installed', 'You have installed the PayULatam module', 'Partners'),
(121, 1, 'PayULatam configured', 'You have configured the PayULatam module', 'Partners'),
(122, 1, 'PayULatam active', 'Your PayULatam module is active', 'Partners'),
(123, 1, 'PayULatam very active', 'Your PayULatam module is very active', 'Partners'),
(124, 1, 'PrestaStats installed', 'You have installed the PrestaStats module', 'Partners'),
(125, 1, 'PrestaStats configured', 'You have configured the PrestaStats module', 'Partners'),
(126, 1, 'PrestaStats active', 'Your PrestaStats module is active', 'Partners'),
(127, 1, 'PrestaStats very active', 'Your PrestaStats module is very active', 'Partners'),
(128, 1, 'Riskified installed', 'You have installed the Riskified module', 'Partners'),
(129, 1, 'Riskified configured', 'You have configured the Riskified module', 'Partners'),
(130, 1, 'Riskified active', 'Your Riskified module is active', 'Partners'),
(131, 1, 'Riskified very active', 'Your Riskified module is very active', 'Partners'),
(132, 1, 'Simplify installed', 'You have installed the Simplify module', 'Partners'),
(133, 1, 'Simplify configured', 'You have configured the Simplify module', 'Partners'),
(134, 1, 'Simplify active', 'Your Simplify module is active', 'Partners'),
(135, 1, 'Simplify very active', 'Your Simplify module is very active', 'Partners'),
(136, 1, 'VTPayment installed', 'You have installed the VTPayment module', 'Partners'),
(137, 1, 'VTPayment configured', 'You have configured the VTPayment module', 'Partners'),
(138, 1, 'VTPayment active', 'Your VTPayment module is active', 'Partners'),
(139, 1, 'VTPayment very active', 'Your VTPayment module is very active', 'Partners'),
(140, 1, 'Yotpo installed', 'You have installed the Yotpo module', 'Partners'),
(141, 1, 'Yotpo configured', 'You have configured the Yotpo module', 'Partners'),
(142, 1, 'Yotpo active', 'Your Yotpo module is active', 'Partners'),
(143, 1, 'Yotpo very active', 'Your Yotpo module is very active', 'Partners'),
(144, 1, 'Youstice installed', 'You have installed the Youstice module', 'Partners'),
(145, 1, 'Youstice configured', 'You have configured the Youstice module', 'Partners'),
(146, 1, 'Youstice active', 'Your Youstice module is active', 'Partners'),
(147, 1, 'Youstice very active', 'Your Youstice module is very active', 'Partners'),
(148, 1, 'Loyalty Lion installed', 'You have installed the Loyalty Lion module', 'Partners'),
(149, 1, 'Loyalty Lion configured', 'You have configured the Loyalty Lion module', 'Partners'),
(150, 1, 'Loyalty Lion active', 'Your Loyalty Lion module is active', 'Partners'),
(151, 1, 'Loyalty Lion very active', 'Your Loyalty Lion module is very active', 'Partners'),
(152, 1, 'SEO', 'You enabled the URL rewriting through the tab \"Preferences > SEO and URLs\".', 'SEO'),
(153, 1, 'Site Performance', 'You enabled CCC (Combine, Compress and Cache), Rijndael and Smarty through the tab \r\nAdvanced Parameters > Performance.', 'Site Performance'),
(154, 1, 'Site Performance', 'You enabled media servers through the tab \"Advanced parameters > Performance\".', 'Site Performance'),
(155, 1, 'Payment', 'You configured a payment solution on your shop.', 'Payment'),
(156, 1, 'Payment', 'You offer two different payment methods to your customers.', 'Payment'),
(157, 1, 'Shipping', 'You configured a carrier on your shop.', 'Shipping'),
(158, 1, 'Shipping', 'You offer two shipping solutions (carriers) to your customers.', 'Shipping'),
(159, 1, 'Catalog Size', 'You added your first product to your catalog!', 'Catalog Size'),
(160, 1, 'Catalog Size', 'You have 10 products within your catalog.', 'Catalog Size'),
(161, 1, 'Contact information', 'You configured your phone number so your customers can reach you!', 'Contact information'),
(162, 1, 'Contact information', 'You added a third email address to your contact form.', 'Contact information'),
(163, 1, 'Contact information', 'You suggest a total of 5 departments to be reached by your customers via your contact form.', 'Contact information'),
(164, 1, 'Catalog Size', 'You have 100 products within your catalog.', 'Catalog Size'),
(165, 1, 'Catalog Size', 'You have 1,000 products within your catalog.', 'Catalog Size'),
(166, 1, 'Catalog Size', 'You have 10,000 products within your catalog.', 'Catalog Size'),
(167, 1, 'Catalog Size', 'You have 100,000 products within your catalog.', 'Catalog Size'),
(168, 1, 'Days of Experience', 'You just installed PrestaShop!', 'Days of Experience'),
(169, 1, 'Days of Experience', 'You installed PrestaShop a week ago!', 'Days of Experience'),
(170, 1, 'Customization', 'You uploaded your own logo.', 'Customization'),
(171, 1, 'Customization', 'You installed a new template.', 'Customization'),
(172, 1, 'Addons', 'You connected your back-office to the Addons platform using your PrestaShop Addons account.', 'Addons'),
(173, 1, 'Multistores', 'You enabled the Multistores feature.', 'Multistores'),
(174, 1, 'Multistores', 'You manage two shops with the Multistores feature.', 'Multistores'),
(175, 1, 'Multistores', 'You manage two different groups of shops using the Multistores feature.', 'Multistores'),
(176, 1, 'Multistores', 'You manage five shops with the Multistores feature.', 'Multistores'),
(177, 1, 'Multistores', 'You manage five different groups of shops using the Multistores feature.', 'Multistores'),
(178, 1, 'Shipping', 'You offer three different shipping solutions (carriers) to your customers.', 'Shipping'),
(179, 1, 'Payment', 'You offer three different payment methods to your customers.', 'Payment'),
(180, 1, 'Revenue', 'You get this badge when you reach 100 EUR in sales.', 'Revenue'),
(181, 1, 'Revenue', 'You get this badge when you reach 1,000 EUR in sales.', 'Revenue'),
(182, 1, 'Revenue', 'You get this badge when you reach 10,000 EUR in sales.', 'Revenue'),
(183, 1, 'Revenue', 'You get this badge when you reach 100,000 EUR in sales.', 'Revenue'),
(184, 1, 'Revenue', 'You get this badge when you reach 1,000,000 EUR in sales.', 'Revenue'),
(185, 1, 'Revenue', 'You get this badge when you reach 10,000,000 EUR in sales.', 'Revenue'),
(186, 1, 'Days of Experience', 'You installed PrestaShop a month ago!', 'Days of Experience'),
(187, 1, 'Days of Experience', 'You installed PrestaShop six months ago!', 'Days of Experience'),
(188, 1, 'Days of Experience', 'You installed PrestaShop a year ago!', 'Days of Experience'),
(189, 1, 'Days of Experience', 'You installed PrestaShop two years ago!', 'Days of Experience'),
(190, 1, 'Visitors', 'You reached 10 visitors!', 'Visitors'),
(191, 1, 'Visitors', 'You reached 100 visitors!', 'Visitors'),
(192, 1, 'Visitors', 'You reached 1,000 visitors!', 'Visitors'),
(193, 1, 'Visitors', 'You reached 10,000 visitors!', 'Visitors'),
(194, 1, 'Visitors', 'You reached 100,000 visitors!', 'Visitors'),
(195, 1, 'Visitors', 'You reached 1,000,000 visitors!', 'Visitors'),
(196, 1, 'Customer Carts', 'Two carts have been created by visitors', 'Customer Carts'),
(197, 1, 'Customer Carts', 'Ten carts have been created by visitors.', 'Customer Carts'),
(198, 1, 'Customer Carts', 'A hundred carts have been created by visitors on your shop.', 'Customer Carts'),
(199, 1, 'Customer Carts', 'A thousand carts have been created by visitors on your shop.', 'Customer Carts'),
(200, 1, 'Customer Carts', '10,000 carts have been created by visitors.', 'Customer Carts'),
(201, 1, 'Customer Carts', '100,000 carts have been created by visitors.', 'Customer Carts'),
(202, 1, 'Orders', 'You received your first order.', 'Orders'),
(203, 1, 'Orders', '10 orders have been placed through your online shop.', 'Orders'),
(204, 1, 'Orders', 'You received 100 orders through your online shop!', 'Orders'),
(205, 1, 'Orders', 'You received 1,000 orders through your online shop, congrats!', 'Orders'),
(206, 1, 'Orders', 'You received 10,000 orders through your online shop, cheers!', 'Orders'),
(207, 1, 'Orders', 'You received 100,000 orders through your online shop!', 'Orders'),
(208, 1, 'Customer Service Threads', 'You received  your first customer\'s message.', 'Customer Service Threads'),
(209, 1, 'Customer Service Threads', 'You received 10 messages from your customers.', 'Customer Service Threads'),
(210, 1, 'Customer Service Threads', 'You received 100 messages from your customers.', 'Customer Service Threads'),
(211, 1, 'Customer Service Threads', 'You received 1,000 messages from your customers.', 'Customer Service Threads'),
(212, 1, 'Customer Service Threads', 'You received 10,000 messages from your customers.', 'Customer Service Threads'),
(213, 1, 'Customer Service Threads', 'You received 100,000 messages from your customers.', 'Customer Service Threads'),
(214, 1, 'Customers', 'You got the first customer registered on your shop!', 'Customers'),
(215, 1, 'Customers', 'You have over 10 customers registered on your shop.', 'Customers'),
(216, 1, 'Customers', 'You have over 100 customers registered on your shop.', 'Customers'),
(217, 1, 'Customers', 'You have over 1,000 customers registered on your shop.', 'Customers'),
(218, 1, 'Customers', 'You have over 10,000 customers registered on your shop.', 'Customers'),
(219, 1, 'Customers', 'You have over 100,000 customers registered on your shop.', 'Customers'),
(220, 1, 'Western Europe', 'You got your first sale in Western Europe!', 'Western Europe'),
(221, 1, 'Southern Europe', 'You got your first sale in Southern Europe!', 'Southern Europe'),
(222, 1, 'Eastern Europe', 'You got your first sale in Eastern Europe!', 'Eastern Europe'),
(223, 1, 'Central Europe', 'You got your first sale in Central Europe!', 'Central Europe'),
(224, 1, 'Northern Europe', 'You got your first sale in Northern Europe!', 'Northern Europe'),
(225, 1, 'North America', 'You got your first sale in North America', 'North America'),
(226, 1, 'Oceania', 'You got your first sale in Oceania', 'Oceania'),
(227, 1, 'Asia', 'You got your first sale in Asia', 'Asia'),
(228, 1, 'South America', 'You got your first sale in South America', 'South America'),
(229, 1, 'Africa', 'You got your first sale in Africa', 'Africa'),
(230, 1, 'Maghreb', 'You got your first sale in Maghreb', 'Maghreb'),
(231, 1, 'Your Team\'s Employees', 'First employee account added to your shop', 'Your Team\'s Employees'),
(232, 1, 'Your Team\'s Employees', '3 employee accounts added to your shop', 'Your Team\'s Employees'),
(233, 1, 'Your Team\'s Employees', '5 employee accounts added to your shop', 'Your Team\'s Employees'),
(234, 1, 'Your Team\'s Employees', '10 employee accounts added to your shop', 'Your Team\'s Employees'),
(235, 1, 'Your Team\'s Employees', '20 employee accounts added to your shop', 'Your Team\'s Employees'),
(236, 1, 'Your Team\'s Employees', '40 employee accounts added to your shop', 'Your Team\'s Employees'),
(237, 1, 'Product Pictures', 'First photo added to your catalog', 'Product Pictures'),
(238, 1, 'Product Pictures', '50 photos added to your catalog', 'Product Pictures'),
(239, 1, 'Product Pictures', '100 photos added to your catalog', 'Product Pictures'),
(240, 1, 'Product Pictures', '1,000 photos added to your catalog', 'Product Pictures'),
(241, 1, 'Product Pictures', '10,000 photos added to your catalog', 'Product Pictures'),
(242, 1, 'Product Pictures', '50,000 photos added to your catalog', 'Product Pictures'),
(243, 1, 'Customization', 'First CMS page added to your catalog', 'Customization'),
(244, 1, 'Cart Rules', 'First cart rules configured on your shop', 'Cart Rules'),
(245, 1, 'Cart Rules', 'You have 10 cart rules configured on your shop', 'Cart Rules'),
(246, 1, 'Cart Rules', 'You have 100 cart rules configured on your shop', 'Cart Rules'),
(247, 1, 'Cart Rules', 'You have 500 cart rules configured on your shop', 'Cart Rules'),
(248, 1, 'Cart Rules', 'You have 1,000 cart rules configured on your shop', 'Cart Rules'),
(249, 1, 'Cart Rules', 'You have 5,000 cart rules configured on your shop', 'Cart Rules'),
(250, 1, 'International Orders', 'First international order placed on your shop.', 'International Orders'),
(251, 1, 'International Orders', '10 international orders placed on your shop.', 'International Orders'),
(252, 1, 'International Orders', '100 international orders placed on your shop!', 'International Orders'),
(253, 1, 'International Orders', '1,000 international orders placed on your shop!', 'International Orders'),
(254, 1, 'International Orders', '5,000 international orders placed on your shop!', 'International Orders'),
(255, 1, 'International Orders', '10,000 international orders placed on your shop!', 'International Orders'),
(256, 1, 'Store', 'First store configured on your shop!', 'Store'),
(257, 1, 'Store', 'You have 2 stores configured on your shop', 'Store'),
(258, 1, 'Store', 'You have 5 stores configured on your shop', 'Store'),
(259, 1, 'Store', 'You have 10 stores configured on your shop', 'Store'),
(260, 1, 'Store', 'You have 20 stores configured on your shop', 'Store'),
(261, 1, 'Store', 'You have 50 stores configured on your shop', 'Store'),
(262, 1, 'Webservice x1', 'First webservice account added to your shop', 'WebService'),
(263, 1, 'Webservice x2', '2 webservice accounts added to your shop', 'WebService'),
(264, 1, 'Webservice x3', '3 webservice accounts added to your shop', 'WebService'),
(265, 1, 'Webservice x4', '4 webservice accounts added to your shop', 'WebService');

-- --------------------------------------------------------

--
-- Struttura della tabella `ps_carrier`
--

CREATE TABLE `ps_carrier` (
  `id_carrier` int(10) UNSIGNED NOT NULL,
  `id_reference` int(10) UNSIGNED NOT NULL,
  `id_tax_rules_group` int(10) UNSIGNED DEFAULT '0',
  `name` varchar(64) NOT NULL,
  `url` varchar(255) DEFAULT NULL,
  `active` tinyint(1) UNSIGNED NOT NULL DEFAULT '0',
  `deleted` tinyint(1) UNSIGNED NOT NULL DEFAULT '0',
  `shipping_handling` tinyint(1) UNSIGNED NOT NULL DEFAULT '1',
  `range_behavior` tinyint(1) UNSIGNED NOT NULL DEFAULT '0',
  `is_module` tinyint(1) UNSIGNED NOT NULL DEFAULT '0',
  `is_free` tinyint(1) UNSIGNED NOT NULL DEFAULT '0',
  `shipping_external` tinyint(1) UNSIGNED NOT NULL DEFAULT '0',
  `need_range` tinyint(1) UNSIGNED NOT NULL DEFAULT '0',
  `external_module_name` varchar(64) DEFAULT NULL,
  `shipping_method` int(2) NOT NULL DEFAULT '0',
  `position` int(10) UNSIGNED NOT NULL DEFAULT '0',
  `max_width` int(10) DEFAULT '0',
  `max_height` int(10) DEFAULT '0',
  `max_depth` int(10) DEFAULT '0',
  `max_weight` decimal(20,6) DEFAULT '0.000000',
  `grade` int(10) DEFAULT '0'
) ENGINE=InnoDB DEFAULT CHARSET=utf8;

--
-- Dump dei dati per la tabella `ps_carrier`
--

INSERT INTO `ps_carrier` (`id_carrier`, `id_reference`, `id_tax_rules_group`, `name`, `url`, `active`, `deleted`, `shipping_handling`, `range_behavior`, `is_module`, `is_free`, `shipping_external`, `need_range`, `external_module_name`, `shipping_method`, `position`, `max_width`, `max_height`, `max_depth`, `max_weight`, `grade`) VALUES
(1, 1, 0, 'Desktop Store', '', 1, 1, 0, 0, 0, 1, 0, 0, '', 1, 0, 0, 0, 0, 0.000000, 0),
(2, 2, 0, 'My carrier', '', 1, 1, 1, 0, 0, 0, 0, 0, '', 1, 1, 0, 0, 0, 0.000000, 0),
(3, 2, 0, 'Corriere Espresso', '', 1, 1, 1, 1, 0, 0, 0, 0, '', 2, 1, 0, 0, 0, 0.000000, 0),
(4, 1, 0, 'Ritiro in negozio', '', 1, 1, 0, 0, 0, 1, 0, 0, '', 1, 0, 0, 0, 0, 0.000000, 0),
(5, 1, 0, 'Ritiro in negozio', '', 1, 0, 0, 0, 0, 0, 0, 0, '', 2, 2, 0, 0, 0, 0.000000, 0),
(6, 2, 0, 'Corriere Espresso', '', 1, 1, 1, 1, 0, 0, 0, 0, '', 2, 0, 0, 0, 0, 0.000000, 0),
(7, 7, 0, 'POSTA 1', '', 0, 1, 0, 0, 0, 0, 0, 0, '', 2, 2, 0, 0, 0, 0.000000, 0),
(8, 8, 0, 'Posta 4', '', 0, 1, 0, 0, 0, 0, 0, 0, '', 2, 3, 0, 0, 0, 0.000000, 0),
(9, 2, 0, 'Corriere Espresso', '', 1, 1, 0, 1, 0, 0, 0, 0, '', 2, 0, 0, 0, 0, 0.000000, 0),
(10, 2, 0, 'Corriere Espresso', '', 1, 1, 0, 1, 0, 0, 0, 0, '', 2, 0, 0, 0, 0, 0.000000, 0),
(11, 11, 0, 'Corriere Espresso (24H)', '', 0, 1, 0, 1, 0, 0, 0, 0, '', 2, 4, 0, 0, 0, 0.000000, 0),
(12, 2, 0, 'Corriere Espresso', '', 1, 1, 0, 1, 0, 0, 0, 0, '', 2, 0, 0, 0, 0, 0.000000, 0),
(13, 2, 0, 'Corriere Espresso', '', 1, 1, 0, 1, 0, 0, 0, 0, '', 2, 0, 0, 0, 0, 0.000000, 0),
(14, 2, 0, 'Corriere Espresso', '', 1, 1, 0, 1, 0, 0, 0, 0, '', 2, 2, 0, 0, 0, 0.000000, 0),
(15, 15, 0, 'Corriere Espresso 10€', '', 0, 1, 0, 0, 0, 0, 0, 0, '', 1, 4, 0, 0, 0, 0.000000, 0),
(16, 7, 0, 'POSTA 1', '', 1, 1, 0, 0, 0, 0, 0, 0, '', 2, 1, 0, 0, 0, 0.000000, 0),
(17, 8, 0, 'Posta 4', '', 1, 1, 0, 0, 0, 0, 0, 0, '', 2, 0, 0, 0, 0, 0.000000, 0),
(18, 18, 0, 'Corriere Espresso (24H)', '', 0, 1, 0, 0, 0, 0, 0, 0, '', 2, 3, 0, 0, 0, 0.000000, 0),
(19, 19, 0, 'Spedizione Gratuita', '', 1, 1, 1, 0, 0, 1, 0, 0, '', 1, 5, 0, 0, 0, 0.000000, 0),
(20, 20, 0, 'POSTA 1.50', '', 1, 1, 0, 0, 0, 0, 0, 0, '', 2, 6, 0, 0, 0, 0.000000, 0),
(21, 20, 0, 'POSTA 1.50', '', 1, 1, 0, 0, 0, 0, 0, 0, '', 2, 6, 0, 0, 0, 0.000000, 0),
(22, 8, 0, 'Posta 4', '', 1, 1, 0, 0, 0, 0, 0, 0, '', 2, 0, 0, 0, 0, 0.000000, 0),
(23, 7, 0, 'POSTA 1', '', 1, 1, 0, 0, 0, 0, 0, 0, '', 2, 1, 0, 0, 0, 0.000000, 0),
(24, 8, 0, 'Posta 4', '', 1, 1, 0, 0, 0, 0, 0, 0, '', 2, 0, 0, 0, 0, 0.000000, 0),
(25, 8, 0, 'Posta 4', '', 1, 1, 0, 0, 0, 0, 0, 0, '', 2, 0, 0, 0, 0, 0.000000, 0),
(26, 8, 0, 'Posta 4', '', 1, 1, 0, 0, 0, 0, 0, 0, '', 2, 0, 0, 0, 0, 0.000000, 0),
(27, 7, 0, 'POSTA 1', '', 1, 1, 0, 0, 0, 0, 0, 0, '', 2, 1, 0, 0, 0, 0.000000, 0),
(28, 7, 0, 'POSTA 1', '', 1, 1, 0, 0, 0, 0, 0, 0, '', 2, 1, 0, 0, 0, 0.000000, 0),
(29, 2, 0, 'Corriere Espresso', '', 1, 1, 0, 1, 0, 0, 0, 0, '', 2, 2, 0, 0, 0, 0.000000, 0),
(30, 7, 0, 'POSTA 1', '', 1, 1, 0, 0, 0, 0, 0, 0, '', 2, 1, 0, 0, 0, 0.000000, 0),
(31, 7, 0, 'POSTA 1', '', 1, 1, 0, 0, 0, 0, 0, 0, '', 2, 1, 0, 0, 0, 0.000000, 0),
(32, 2, 0, 'Corriere Espresso', '', 1, 1, 0, 1, 0, 0, 0, 0, '', 2, 1, 0, 0, 0, 0.000000, 0),
(33, 8, 0, 'Posta 4', '', 1, 1, 0, 0, 0, 0, 0, 0, '', 2, 0, 0, 0, 0, 0.000000, 0),
(34, 7, 0, 'Posta 1', '', 1, 1, 0, 0, 0, 0, 0, 0, '', 2, 1, 0, 0, 0, 0.000000, 0),
(35, 8, 0, 'Posta 4', '', 1, 1, 0, 0, 0, 0, 0, 0, '', 2, 0, 0, 0, 0, 0.000000, 0),
(36, 7, 0, 'Posta 1 (3 euro)', '', 1, 1, 0, 0, 0, 0, 0, 0, '', 2, 0, 0, 0, 0, 0.000000, 0),
(37, 8, 0, 'Posta 4 (2 euro)', '', 1, 1, 0, 0, 0, 0, 0, 0, '', 2, 0, 0, 0, 0, 0.000000, 0),
(38, 38, 0, 'Posta 4 (1€)', '', 1, 1, 0, 0, 0, 0, 0, 0, '', 2, 4, 0, 0, 0, 0.000000, 0),
(39, 38, 0, 'Posta 4 (1 euro)', '', 1, 1, 0, 0, 0, 0, 0, 0, '', 2, 4, 0, 0, 0, 0.000000, 0),
(40, 38, 0, 'Posta 4 (1 euro)', '', 1, 1, 0, 0, 0, 0, 0, 0, '', 2, 4, 0, 0, 0, 0.000000, 0),
(41, 7, 0, 'Posta 1 (3 euro)', '', 1, 1, 0, 0, 0, 0, 0, 0, '', 2, 0, 0, 0, 0, 0.000000, 0),
(42, 7, 0, 'Posta ', '', 1, 0, 0, 0, 0, 0, 0, 0, '', 2, 0, 0, 0, 0, 0.000000, 0),
(43, 2, 0, 'Corriere Espresso', '', 1, 0, 0, 1, 0, 0, 0, 0, '', 2, 1, 0, 0, 0, 0.000000, 0);

-- --------------------------------------------------------

--
-- Struttura della tabella `ps_carrier_group`
--

CREATE TABLE `ps_carrier_group` (
  `id_carrier` int(10) UNSIGNED NOT NULL,
  `id_group` int(10) UNSIGNED NOT NULL
) ENGINE=InnoDB DEFAULT CHARSET=utf8;

--
-- Dump dei dati per la tabella `ps_carrier_group`
--

INSERT INTO `ps_carrier_group` (`id_carrier`, `id_group`) VALUES
(1, 1),
(1, 2),
(1, 3),
(2, 1),
(2, 2),
(2, 3),
(3, 1),
(3, 2),
(3, 3),
(4, 1),
(4, 2),
(4, 3),
(5, 1),
(5, 2),
(5, 3),
(6, 1),
(6, 2),
(6, 3),
(7, 1),
(7, 2),
(7, 3),
(8, 1),
(8, 2),
(8, 3),
(9, 1),
(9, 2),
(9, 3),
(10, 1),
(10, 2),
(10, 3),
(11, 1),
(11, 2),
(11, 3),
(12, 1),
(12, 2),
(12, 3),
(13, 1),
(13, 2),
(13, 3),
(14, 1),
(14, 2),
(14, 3),
(15, 1),
(15, 2),
(15, 3),
(16, 1),
(16, 2),
(16, 3),
(17, 1),
(17, 2),
(17, 3),
(18, 1),
(18, 2),
(18, 3),
(19, 1),
(19, 2),
(19, 3),
(20, 1),
(20, 2),
(20, 3),
(21, 1),
(21, 2),
(21, 3),
(22, 1),
(22, 2),
(22, 3),
(23, 1),
(23, 2),
(23, 3),
(24, 1),
(24, 2),
(24, 3),
(25, 1),
(25, 2),
(25, 3),
(26, 1),
(26, 2),
(26, 3),
(27, 1),
(27, 2),
(27, 3),
(28, 1),
(28, 2),
(28, 3),
(29, 1),
(29, 2),
(29, 3),
(30, 1),
(30, 2),
(30, 3),
(31, 1),
(31, 2),
(31, 3),
(32, 1),
(32, 2),
(32, 3),
(33, 1),
(33, 2),
(33, 3),
(34, 1),
(34, 2),
(34, 3),
(35, 1),
(35, 2),
(35, 3),
(36, 1),
(36, 2),
(36, 3),
(37, 1),
(37, 2),
(37, 3),
(38, 1),
(38, 2),
(38, 3),
(39, 1),
(39, 2),
(39, 3),
(40, 1),
(40, 2),
(40, 3),
(41, 1),
(41, 2),
(41, 3),
(42, 1),
(42, 2),
(42, 3),
(43, 1),
(43, 2),
(43, 3);

-- --------------------------------------------------------

--
-- Struttura della tabella `ps_carrier_lang`
--

CREATE TABLE `ps_carrier_lang` (
  `id_carrier` int(10) UNSIGNED NOT NULL,
  `id_shop` int(11) UNSIGNED NOT NULL DEFAULT '1',
  `id_lang` int(10) UNSIGNED NOT NULL,
  `delay` varchar(128) DEFAULT NULL
) ENGINE=InnoDB DEFAULT CHARSET=utf8;

--
-- Dump dei dati per la tabella `ps_carrier_lang`
--

INSERT INTO `ps_carrier_lang` (`id_carrier`, `id_shop`, `id_lang`, `delay`) VALUES
(1, 1, 1, 'Ritiro in negozio'),
(2, 1, 1, 'Consegna il giorno successivo!'),
(3, 1, 1, '(3-4 giorni lavorativi)'),
(4, 1, 1, '1 giorno lavorativo'),
(5, 1, 1, '1 giorno lavorativo'),
(6, 1, 1, '(3-4 giorni lavorativi)'),
(7, 1, 1, '1-3 giorni lavorativi'),
(8, 1, 1, '4-7 giorni lavorativi'),
(9, 1, 1, '(3-4 giorni lavorativi)'),
(10, 1, 1, '(3-4 giorni lavorativi)'),
(11, 1, 1, '1 giorno lavorativo'),
(12, 1, 1, '1 giorno lavorativo'),
(13, 1, 1, '1 giorno lavorativo'),
(14, 1, 1, '1 giorno lavorativo'),
(15, 1, 1, '24H'),
(16, 1, 1, '1-3 giorni lavorativi'),
(17, 1, 1, '4-7 giorni lavorativi'),
(18, 1, 1, '24 H'),
(19, 1, 1, '5-15 Giorni'),
(20, 1, 1, '4-15GG'),
(21, 1, 1, '4-15 giorni lavorativi'),
(22, 1, 1, '4-7 giorni lavorativi'),
(23, 1, 1, '1-3 giorni lavorativi'),
(24, 1, 1, '4-7 giorni lavorativi'),
(25, 1, 1, '4-7 giorni lavorativi'),
(26, 1, 1, '4-7 giorni lavorativi'),
(27, 1, 1, '1-3 giorni lavorativi'),
(28, 1, 1, '1-3 giorni lavorativi'),
(29, 1, 1, '1 giorno lavorativo'),
(30, 1, 1, '1-3 giorni lavorativi'),
(31, 1, 1, '1-3 giorni lavorativi'),
(32, 1, 1, '1 giorno lavorativo'),
(33, 1, 1, '4-7 giorni lavorativi'),
(34, 1, 1, '1-3 giorni lavorativi'),
(35, 1, 1, '4-7 giorni lavorativi'),
(36, 1, 1, '1-3 giorni lavorativi'),
(37, 1, 1, '4-7 giorni lavorativi'),
(38, 1, 1, '4-15 GG'),
(39, 1, 1, '4-7 GG'),
(40, 1, 1, '4-7 giorni lavorativi'),
(41, 1, 1, '1-3 giorni lavorativi'),
(42, 1, 1, '1-3 giorni lavorativi'),
(43, 1, 1, '1 giorno lavorativo');

-- --------------------------------------------------------

--
-- Struttura della tabella `ps_carrier_shop`
--

CREATE TABLE `ps_carrier_shop` (
  `id_carrier` int(11) UNSIGNED NOT NULL,
  `id_shop` int(11) UNSIGNED NOT NULL
) ENGINE=InnoDB DEFAULT CHARSET=utf8;

--
-- Dump dei dati per la tabella `ps_carrier_shop`
--

INSERT INTO `ps_carrier_shop` (`id_carrier`, `id_shop`) VALUES
(1, 1),
(2, 1),
(3, 1),
(4, 1),
(5, 1),
(6, 1),
(7, 1),
(8, 1),
(9, 1),
(10, 1),
(11, 1),
(12, 1),
(13, 1),
(14, 1),
(15, 1),
(16, 1),
(17, 1),
(18, 1),
(19, 1),
(20, 1),
(21, 1),
(22, 1),
(23, 1),
(24, 1),
(25, 1),
(26, 1),
(27, 1),
(28, 1),
(29, 1),
(30, 1),
(31, 1),
(32, 1),
(33, 1),
(34, 1),
(35, 1),
(36, 1),
(37, 1),
(38, 1),
(39, 1),
(40, 1),
(41, 1),
(42, 1),
(43, 1);

-- --------------------------------------------------------

--
-- Struttura della tabella `ps_carrier_tax_rules_group_shop`
--

CREATE TABLE `ps_carrier_tax_rules_group_shop` (
  `id_carrier` int(11) UNSIGNED NOT NULL,
  `id_tax_rules_group` int(11) UNSIGNED NOT NULL,
  `id_shop` int(11) UNSIGNED NOT NULL
) ENGINE=InnoDB DEFAULT CHARSET=utf8;

--
-- Dump dei dati per la tabella `ps_carrier_tax_rules_group_shop`
--

INSERT INTO `ps_carrier_tax_rules_group_shop` (`id_carrier`, `id_tax_rules_group`, `id_shop`) VALUES
(1, 1, 1),
(2, 1, 1),
(3, 1, 1),
(4, 1, 1),
(5, 1, 1),
(6, 1, 1),
(7, 1, 1),
(8, 1, 1),
(9, 1, 1),
(10, 0, 1),
(11, 0, 1),
(12, 0, 1),
(13, 0, 1),
(14, 0, 1),
(15, 0, 1),
(16, 0, 1),
(17, 0, 1),
(18, 0, 1),
(19, 0, 1),
(20, 0, 1),
(21, 0, 1),
(22, 0, 1),
(23, 0, 1),
(24, 0, 1),
(25, 0, 1),
(26, 0, 1),
(27, 0, 1),
(28, 0, 1),
(29, 0, 1),
(30, 0, 1),
(31, 0, 1),
(32, 0, 1),
(33, 0, 1),
(34, 0, 1),
(35, 0, 1),
(36, 0, 1),
(37, 0, 1),
(38, 0, 1),
(39, 0, 1),
(40, 0, 1),
(41, 0, 1),
(42, 0, 1),
(43, 0, 1);

-- --------------------------------------------------------

--
-- Struttura della tabella `ps_carrier_zone`
--

CREATE TABLE `ps_carrier_zone` (
  `id_carrier` int(10) UNSIGNED NOT NULL,
  `id_zone` int(10) UNSIGNED NOT NULL
) ENGINE=InnoDB DEFAULT CHARSET=utf8;

--
-- Dump dei dati per la tabella `ps_carrier_zone`
--

INSERT INTO `ps_carrier_zone` (`id_carrier`, `id_zone`) VALUES
(1, 1),
(2, 1),
(2, 2),
(3, 1),
(4, 1),
(5, 1),
(6, 1),
(7, 1),
(8, 1),
(9, 1),
(10, 1),
(11, 1),
(12, 1),
(13, 1),
(14, 1),
(15, 1),
(16, 1),
(17, 1),
(18, 1),
(20, 1),
(21, 1),
(22, 1),
(23, 1),
(24, 1),
(25, 1),
(26, 1),
(27, 1),
(28, 1),
(29, 1),
(30, 1),
(31, 1),
(32, 1),
(33, 1),
(34, 1),
(35, 1),
(36, 1),
(37, 1),
(38, 1),
(39, 1),
(40, 1),
(41, 1),
(42, 1),
(43, 1);

-- --------------------------------------------------------

--
-- Struttura della tabella `ps_cart`
--

CREATE TABLE `ps_cart` (
  `id_cart` int(10) UNSIGNED NOT NULL,
  `id_shop_group` int(11) UNSIGNED NOT NULL DEFAULT '1',
  `id_shop` int(11) UNSIGNED NOT NULL DEFAULT '1',
  `id_carrier` int(10) UNSIGNED NOT NULL,
  `delivery_option` text NOT NULL,
  `id_lang` int(10) UNSIGNED NOT NULL,
  `id_address_delivery` int(10) UNSIGNED NOT NULL,
  `id_address_invoice` int(10) UNSIGNED NOT NULL,
  `id_currency` int(10) UNSIGNED NOT NULL,
  `id_customer` int(10) UNSIGNED NOT NULL,
  `id_guest` int(10) UNSIGNED NOT NULL,
  `secure_key` varchar(32) NOT NULL DEFAULT '-1',
  `recyclable` tinyint(1) UNSIGNED NOT NULL DEFAULT '1',
  `gift` tinyint(1) UNSIGNED NOT NULL DEFAULT '0',
  `gift_message` text,
  `mobile_theme` tinyint(1) NOT NULL DEFAULT '0',
  `allow_seperated_package` tinyint(1) UNSIGNED NOT NULL DEFAULT '0',
  `date_add` datetime NOT NULL,
  `date_upd` datetime NOT NULL
) ENGINE=InnoDB DEFAULT CHARSET=utf8;

--
-- Dump dei dati per la tabella `ps_cart`
--

INSERT INTO `ps_cart` (`id_cart`, `id_shop_group`, `id_shop`, `id_carrier`, `delivery_option`, `id_lang`, `id_address_delivery`, `id_address_invoice`, `id_currency`, `id_customer`, `id_guest`, `secure_key`, `recyclable`, `gift`, `gift_message`, `mobile_theme`, `allow_seperated_package`, `date_add`, `date_upd`) VALUES
(1, 1, 1, 0, '', 1, 0, 0, 1, 0, 0, '-1', 1, 0, '', 0, 0, '2017-07-25 17:59:18', '2017-07-25 17:59:18'),
(2, 1, 1, 0, '', 1, 0, 0, 1, 0, 0, '-1', 1, 0, '', 0, 0, '2017-07-25 18:03:16', '2017-07-25 18:03:16'),
(3, 1, 1, 0, '', 1, 0, 0, 1, 0, 0, '-1', 1, 0, '', 0, 0, '2017-07-25 18:18:29', '2017-07-25 18:18:29'),
(4, 1, 1, 0, '', 1, 0, 0, 1, 0, 0, '-1', 1, 0, '', 0, 0, '2017-07-25 18:23:03', '2017-07-25 18:23:03'),
(5, 1, 1, 0, '', 1, 2730, 2730, 1, 2686, 0, '-1', 1, 0, '', 0, 0, '2017-08-15 10:47:18', '2017-08-15 10:47:18'),
(6, 1, 1, 0, '', 1, 0, 0, 1, 0, 0, '-1', 1, 0, '', 0, 0, '2017-08-18 09:25:14', '2017-08-18 09:25:14'),
(7, 1, 1, 0, '', 1, 0, 0, 1, 0, 0, '-1', 1, 0, '', 0, 0, '2017-08-25 09:14:48', '2017-08-25 09:14:48'),
(8, 1, 1, 0, '', 1, 0, 0, 1, 0, 0, '-1', 1, 0, '', 0, 0, '2017-08-25 17:38:00', '2017-08-25 17:38:00'),
(9, 1, 1, 0, '', 1, 0, 0, 1, 0, 0, '-1', 1, 0, '', 0, 0, '2017-08-29 12:41:57', '2017-08-29 12:41:57'),
(10, 1, 1, 0, '', 1, 0, 0, 1, 0, 0, '-1', 1, 0, '', 0, 0, '2017-09-01 10:27:45', '2017-09-01 10:27:45'),
(11, 1, 1, 0, '', 1, 2728, 2728, 1, 2688, 0, '-1', 1, 0, '', 0, 0, '2017-09-01 12:31:18', '2017-09-01 12:31:18'),
(12, 1, 1, 0, '', 1, 0, 0, 1, 0, 0, '-1', 1, 0, '', 0, 0, '2017-09-06 15:21:38', '2017-09-06 15:21:38'),
(13, 1, 1, 0, '', 1, 0, 0, 1, 0, 0, '-1', 1, 0, '', 0, 0, '2017-09-06 17:34:24', '2017-09-06 17:34:24'),
(14, 1, 1, 0, '', 1, 2728, 2728, 1, 2688, 0, '-1', 1, 0, '', 0, 0, '2017-09-07 12:23:06', '2017-09-07 12:23:06'),
(15, 1, 1, 0, '', 1, 2728, 2728, 1, 2688, 0, '-1', 1, 0, '', 0, 0, '2017-09-07 13:06:09', '2017-09-07 13:06:09'),
(16, 1, 1, 0, '', 1, 0, 0, 1, 0, 0, '-1', 1, 0, '', 0, 0, '2017-09-07 15:46:00', '2017-09-07 15:46:00'),
(17, 1, 1, 0, '', 1, 0, 0, 1, 0, 0, '-1', 1, 0, '', 0, 0, '2017-09-14 11:46:48', '2017-09-14 11:46:48'),
(18, 1, 1, 0, '', 1, 0, 0, 1, 0, 0, '-1', 1, 0, '', 0, 0, '2017-09-16 13:41:20', '2017-09-16 13:41:20'),
(19, 1, 1, 0, '', 1, 0, 0, 1, 0, 0, '-1', 1, 0, '', 0, 0, '2017-09-17 18:02:57', '2017-09-17 18:02:57'),
(20, 1, 1, 0, '', 1, 0, 0, 1, 0, 0, '-1', 1, 0, '', 0, 0, '2017-09-18 10:26:09', '2017-09-18 10:26:09'),
(21, 1, 1, 0, '', 1, 2738, 2738, 1, 2678, 0, '-1', 1, 0, '', 0, 0, '2017-09-18 17:03:41', '2017-09-18 17:03:41'),
(22, 1, 1, 0, '', 1, 2738, 2738, 1, 2678, 0, '-1', 1, 0, '', 0, 0, '2017-09-19 00:14:46', '2017-09-19 00:14:46'),
(23, 1, 1, 0, '', 1, 0, 0, 1, 0, 0, '-1', 1, 0, '', 0, 0, '2017-09-19 10:03:32', '2017-09-19 10:03:32'),
(24, 1, 1, 0, '', 1, 0, 0, 1, 0, 0, '-1', 1, 0, '', 0, 0, '2017-09-19 12:29:10', '2017-09-19 12:29:10'),
(25, 1, 1, 0, '', 1, 0, 0, 1, 0, 0, '-1', 1, 0, '', 0, 0, '2017-09-19 14:35:53', '2017-09-19 14:35:53'),
(26, 1, 1, 0, '', 1, 0, 0, 1, 0, 0, '-1', 1, 0, '', 0, 0, '2017-09-19 14:54:01', '2017-09-19 14:54:01'),
(27, 1, 1, 0, '', 1, 0, 0, 1, 0, 0, '-1', 1, 0, '', 0, 0, '2017-09-20 08:04:30', '2017-09-20 08:04:30'),
(28, 1, 1, 0, '', 1, 0, 0, 1, 0, 0, '-1', 1, 0, '', 0, 0, '2017-09-20 11:11:53', '2017-09-20 11:11:53'),
(29, 1, 1, 0, '', 1, 0, 0, 1, 0, 0, '-1', 1, 0, '', 0, 0, '2017-09-20 17:35:40', '2017-09-20 17:35:40'),
(30, 1, 1, 0, '', 1, 0, 0, 1, 0, 0, '-1', 1, 0, '', 0, 0, '2017-09-21 10:45:34', '2017-09-21 10:45:34'),
(31, 1, 1, 0, '', 1, 2738, 2738, 1, 2678, 0, '-1', 1, 0, '', 0, 0, '2017-09-21 11:51:16', '2017-09-21 11:51:16'),
(32, 1, 1, 0, '', 1, 0, 0, 1, 0, 0, '-1', 1, 0, '', 0, 0, '2017-09-21 16:03:39', '2017-09-21 16:03:39'),
(33, 1, 1, 0, '', 1, 0, 0, 1, 0, 0, '-1', 1, 0, '', 0, 0, '2017-09-22 09:57:03', '2017-09-22 09:57:03'),
(34, 1, 1, 0, '', 1, 0, 0, 1, 0, 0, '-1', 1, 0, '', 0, 0, '2017-09-22 10:06:35', '2017-09-22 10:06:35'),
(35, 1, 1, 0, '', 1, 0, 0, 1, 0, 0, '-1', 1, 0, '', 0, 0, '2017-09-22 10:58:29', '2017-09-22 10:58:29'),
(36, 1, 1, 0, '', 1, 0, 0, 1, 0, 0, '-1', 1, 0, '', 0, 0, '2017-09-22 19:19:33', '2017-09-22 19:19:33'),
(37, 1, 1, 0, '', 1, 0, 0, 1, 0, 0, '-1', 1, 0, '', 0, 0, '2017-09-24 09:29:15', '2017-09-24 09:29:15'),
(38, 1, 1, 0, '', 1, 0, 0, 1, 0, 0, '-1', 1, 0, '', 0, 0, '2017-09-24 11:28:29', '2017-09-24 11:28:29'),
(39, 1, 1, 0, '', 1, 0, 0, 1, 0, 0, '-1', 1, 0, '', 0, 0, '2017-09-25 18:37:38', '2017-09-25 18:37:38'),
(40, 1, 1, 0, '', 1, 0, 0, 1, 0, 0, '-1', 1, 0, '', 0, 0, '2017-09-26 16:20:00', '2017-09-26 16:20:00'),
(41, 1, 1, 0, '', 1, 0, 0, 1, 0, 0, '-1', 1, 0, '', 0, 0, '2017-09-27 20:36:32', '2017-09-27 20:36:32'),
(42, 1, 1, 0, '', 1, 0, 0, 1, 0, 0, '-1', 1, 0, '', 0, 0, '2017-09-28 13:23:18', '2017-09-28 13:23:18'),
(43, 1, 1, 0, '', 1, 0, 0, 1, 0, 0, '-1', 1, 0, '', 0, 0, '2017-09-28 16:59:05', '2017-09-28 16:59:05'),
(44, 1, 1, 0, '', 1, 0, 0, 1, 0, 0, '-1', 1, 0, '', 0, 0, '2017-09-28 23:49:11', '2017-09-28 23:49:11'),
(45, 1, 1, 0, '', 1, 0, 0, 1, 0, 0, '-1', 1, 0, '', 0, 0, '2017-10-02 19:18:31', '2017-10-02 19:18:31'),
(46, 1, 1, 0, '', 1, 0, 0, 1, 0, 0, '-1', 1, 0, '', 0, 0, '2017-10-02 21:11:22', '2017-10-02 21:11:22'),
(47, 1, 1, 0, '', 1, 11446, 11446, 1, 2693, 0, '-1', 1, 0, '', 0, 0, '2017-10-03 10:45:43', '2017-10-03 10:45:43'),
(48, 1, 1, 0, '', 1, 0, 0, 1, 0, 0, '-1', 1, 0, '', 0, 0, '2017-10-04 09:39:57', '2017-10-04 09:39:57'),
(49, 1, 1, 0, '', 1, 0, 0, 1, 0, 0, '-1', 1, 0, '', 0, 0, '2017-10-05 16:31:19', '2017-10-05 16:31:19'),
(50, 1, 1, 0, '', 1, 0, 0, 1, 0, 0, '-1', 1, 0, '', 0, 0, '2017-10-05 17:43:32', '2017-10-05 17:43:32'),
(51, 1, 1, 0, '', 1, 0, 0, 1, 0, 0, '-1', 1, 0, '', 0, 0, '2017-10-07 09:21:22', '2017-10-07 09:21:22'),
(52, 1, 1, 0, '', 1, 0, 0, 1, 0, 0, '-1', 1, 0, '', 0, 0, '2017-10-09 16:50:22', '2017-10-09 16:50:22'),
(53, 1, 1, 0, '', 1, 0, 0, 1, 0, 0, '-1', 1, 0, '', 0, 0, '2017-10-09 18:52:47', '2017-10-09 18:52:47'),
(54, 1, 1, 0, '', 1, 0, 0, 1, 0, 0, '-1', 1, 0, '', 0, 0, '2017-10-09 19:28:50', '2017-10-09 19:28:50'),
(55, 1, 1, 0, '', 1, 0, 0, 1, 0, 0, '-1', 1, 0, '', 0, 0, '2017-10-09 20:44:29', '2017-10-09 20:44:29'),
(56, 1, 1, 0, '', 1, 0, 0, 1, 0, 0, '-1', 1, 0, '', 0, 0, '2017-10-10 07:46:45', '2017-10-10 07:46:45'),
(57, 1, 1, 0, '', 1, 0, 0, 1, 0, 0, '-1', 1, 0, '', 0, 0, '2017-10-10 08:14:01', '2017-10-10 08:14:01'),
(58, 1, 1, 0, '', 1, 0, 0, 1, 0, 0, '-1', 1, 0, '', 0, 0, '2017-10-10 09:27:19', '2017-10-10 09:27:19'),
(59, 1, 1, 0, '', 1, 0, 0, 1, 0, 0, '-1', 1, 0, '', 0, 0, '2017-10-10 21:18:42', '2017-10-10 21:18:42'),
(60, 1, 1, 0, '', 1, 0, 0, 1, 0, 0, '-1', 1, 0, '', 0, 0, '2017-10-10 21:26:44', '2017-10-10 21:26:44'),
(61, 1, 1, 0, '', 1, 11454, 11454, 1, 2701, 0, '-1', 1, 0, '', 0, 0, '2017-10-11 09:32:47', '2017-10-11 09:32:47'),
(62, 1, 1, 0, '', 1, 0, 0, 1, 0, 0, '-1', 1, 0, '', 0, 0, '2017-10-11 10:49:41', '2017-10-11 10:49:41'),
(63, 1, 1, 0, '', 1, 0, 0, 1, 0, 0, '-1', 1, 0, '', 0, 0, '2017-10-12 16:34:04', '2017-10-12 16:34:04'),
(64, 1, 1, 0, '', 1, 0, 0, 1, 0, 0, '-1', 1, 0, '', 0, 0, '2017-10-12 17:51:30', '2017-10-12 17:51:30'),
(65, 1, 1, 0, '', 1, 0, 0, 1, 0, 0, '-1', 1, 0, '', 0, 0, '2017-10-13 18:29:36', '2017-10-13 18:29:36'),
(66, 1, 1, 0, '', 1, 0, 0, 1, 0, 0, '-1', 1, 0, '', 0, 0, '2017-10-14 16:43:35', '2017-10-14 16:43:35'),
(67, 1, 1, 0, '', 1, 0, 0, 1, 0, 0, '-1', 1, 0, '', 0, 0, '2017-10-14 16:57:31', '2017-10-14 16:57:31'),
(68, 1, 1, 0, '', 1, 0, 0, 1, 0, 0, '-1', 1, 0, '', 0, 0, '2017-10-16 13:46:12', '2017-10-16 13:46:12'),
(69, 1, 1, 0, '', 1, 11455, 11455, 1, 2702, 0, '-1', 1, 0, '', 0, 0, '2017-10-16 14:27:31', '2017-10-16 14:27:31'),
(70, 1, 1, 0, '', 1, 0, 0, 1, 0, 0, '-1', 1, 0, '', 0, 0, '2017-10-16 17:23:02', '2017-10-16 17:23:02'),
(71, 1, 1, 0, '', 1, 0, 0, 1, 0, 0, '-1', 1, 0, '', 0, 0, '2017-10-16 19:35:36', '2017-10-16 19:35:36'),
(72, 1, 1, 0, '', 1, 0, 0, 1, 0, 0, '-1', 1, 0, '', 0, 0, '2017-10-16 19:44:52', '2017-10-16 19:44:52'),
(73, 1, 1, 0, '', 1, 0, 0, 1, 0, 0, '-1', 1, 0, '', 0, 0, '2017-10-17 15:04:43', '2017-10-17 15:04:43'),
(74, 1, 1, 0, '', 1, 0, 0, 1, 0, 0, '-1', 1, 0, '', 0, 0, '2017-10-17 17:22:22', '2017-10-17 17:22:22'),
(75, 1, 1, 0, '', 1, 0, 0, 1, 0, 0, '-1', 1, 0, '', 0, 0, '2017-10-17 18:05:54', '2017-10-17 18:05:54'),
(76, 1, 1, 0, '', 1, 0, 0, 1, 0, 0, '-1', 1, 0, '', 0, 0, '2017-10-17 23:18:03', '2017-10-17 23:18:03'),
(77, 1, 1, 0, '', 1, 0, 0, 1, 0, 0, '-1', 1, 0, '', 0, 0, '2017-10-18 12:19:36', '2017-10-18 12:19:36'),
(78, 1, 1, 0, '', 1, 0, 0, 1, 0, 0, '-1', 1, 0, '', 0, 0, '2017-10-18 16:49:39', '2017-10-18 16:49:39'),
(79, 1, 1, 0, '', 1, 0, 0, 1, 0, 0, '-1', 1, 0, '', 0, 0, '2017-10-18 18:25:45', '2017-10-18 18:25:45'),
(80, 1, 1, 0, '', 1, 0, 0, 1, 0, 0, '-1', 1, 0, '', 0, 0, '2017-10-19 09:32:42', '2017-10-19 09:32:42'),
(81, 1, 1, 0, '', 1, 11468, 11468, 1, 2735, 0, '-1', 1, 0, '', 0, 0, '2017-10-19 10:27:11', '2017-10-19 10:27:11'),
(82, 1, 1, 0, '', 1, 11468, 11468, 1, 2735, 0, '-1', 1, 0, '', 0, 0, '2017-10-19 10:45:23', '2017-10-19 10:45:23'),
(83, 1, 1, 0, '', 1, 0, 0, 1, 0, 0, '-1', 1, 0, '', 0, 0, '2017-10-19 18:23:07', '2017-10-19 18:23:07'),
(84, 1, 1, 0, '', 1, 0, 0, 1, 0, 0, '-1', 1, 0, '', 0, 0, '2017-10-19 20:53:49', '2017-10-19 20:53:49'),
(85, 1, 1, 0, '', 1, 0, 0, 1, 0, 0, '-1', 1, 0, '', 0, 0, '2017-10-20 10:35:18', '2017-10-20 10:35:18'),
(86, 1, 1, 0, '', 1, 0, 0, 1, 0, 0, '-1', 1, 0, '', 0, 0, '2017-10-21 16:39:39', '2017-10-21 16:39:39'),
(87, 1, 1, 0, '', 1, 0, 0, 1, 0, 0, '-1', 1, 0, '', 0, 0, '2017-10-21 18:11:13', '2017-10-21 18:11:13'),
(88, 1, 1, 0, '', 1, 0, 0, 1, 0, 0, '-1', 1, 0, '', 0, 0, '2017-10-21 23:44:01', '2017-10-21 23:44:01'),
(89, 1, 1, 0, '', 1, 0, 0, 1, 0, 0, '-1', 1, 0, '', 0, 0, '2017-10-22 21:52:21', '2017-10-22 21:52:21'),
(90, 1, 1, 0, '', 1, 0, 0, 1, 0, 0, '-1', 1, 0, '', 0, 0, '2017-10-22 22:04:49', '2017-10-22 22:04:49'),
(91, 1, 1, 0, '', 1, 0, 0, 1, 0, 0, '-1', 1, 0, '', 0, 0, '2017-10-22 23:53:15', '2017-10-22 23:53:15'),
(92, 1, 1, 0, '', 1, 0, 0, 1, 0, 0, '-1', 1, 0, '', 0, 0, '2017-10-23 09:30:49', '2017-10-23 09:30:49'),
(93, 1, 1, 0, '', 1, 0, 0, 1, 0, 0, '-1', 1, 0, '', 0, 0, '2017-10-23 12:30:01', '2017-10-23 12:30:01'),
(94, 1, 1, 0, '', 1, 0, 0, 1, 0, 0, '-1', 1, 0, '', 0, 0, '2017-10-23 14:03:51', '2017-10-23 14:03:51'),
(95, 1, 1, 0, '', 1, 0, 0, 1, 0, 0, '-1', 1, 0, '', 0, 0, '2017-10-23 20:41:59', '2017-10-23 20:41:59'),
(96, 1, 1, 0, '', 1, 11716, 11716, 1, 2782, 0, '-1', 1, 0, '', 0, 0, '2017-10-23 21:11:51', '2017-10-23 21:11:51'),
(97, 1, 1, 0, '', 1, 45394, 45394, 1, 2832, 0, '-1', 1, 0, '', 0, 0, '2017-10-25 09:47:18', '2017-10-25 09:47:18'),
(98, 1, 1, 0, '', 1, 0, 0, 1, 0, 0, '-1', 1, 0, '', 0, 0, '2017-10-26 10:07:35', '2017-10-26 10:07:35'),
(99, 1, 1, 0, '', 1, 0, 0, 1, 0, 0, '-1', 1, 0, '', 0, 0, '2017-10-26 17:43:20', '2017-10-26 17:43:20'),
(100, 1, 1, 0, '', 1, 0, 0, 1, 0, 0, '-1', 1, 0, '', 0, 0, '2017-10-26 20:51:38', '2017-10-26 20:51:38'),
(101, 1, 1, 0, '', 1, 316761, 316761, 1, 2857, 0, '-1', 1, 0, '', 0, 0, '2017-10-26 21:02:15', '2017-10-26 21:02:15'),
(102, 1, 1, 0, '', 1, 0, 0, 1, 0, 0, '-1', 1, 0, '', 0, 0, '2017-10-28 19:17:42', '2017-10-28 19:17:42'),
(103, 1, 1, 0, '', 1, 0, 0, 1, 0, 0, '-1', 1, 0, '', 0, 0, '2017-10-29 19:03:44', '2017-10-29 19:03:44'),
(104, 1, 1, 0, '', 1, 0, 0, 1, 0, 0, '-1', 1, 0, '', 0, 0, '2017-10-29 19:13:02', '2017-10-29 19:13:02'),
(105, 1, 1, 0, '', 1, 0, 0, 1, 0, 0, '-1', 1, 0, '', 0, 0, '2017-10-30 09:52:42', '2017-10-30 09:52:42'),
(106, 1, 1, 0, '', 1, 0, 0, 1, 0, 0, '-1', 1, 0, '', 0, 0, '2017-10-31 07:00:37', '2017-10-31 07:00:37'),
(107, 1, 1, 0, '', 1, 0, 0, 1, 0, 0, '-1', 1, 0, '', 0, 0, '2017-10-31 11:21:56', '2017-10-31 11:21:56'),
(108, 1, 1, 0, '', 1, 0, 0, 1, 0, 0, '-1', 1, 0, '', 0, 0, '2017-10-31 14:34:18', '2017-10-31 14:34:18'),
(109, 1, 1, 0, '', 1, 0, 0, 1, 0, 0, '-1', 1, 0, '', 0, 0, '2017-11-02 07:54:38', '2017-11-02 07:54:38'),
(110, 1, 1, 0, '', 1, 0, 0, 1, 0, 0, '-1', 1, 0, '', 0, 0, '2017-11-03 19:29:57', '2017-11-03 19:29:57'),
(111, 1, 1, 0, '', 1, 0, 0, 1, 0, 0, '-1', 1, 0, '', 0, 0, '2017-11-03 19:41:19', '2017-11-03 19:41:19'),
(112, 1, 1, 0, '', 1, 0, 0, 1, 0, 0, '-1', 1, 0, '', 0, 0, '2017-11-04 09:12:57', '2017-11-04 09:12:57'),
(113, 1, 1, 0, '', 1, 0, 0, 1, 0, 0, '-1', 1, 0, '', 0, 0, '2017-11-04 17:40:36', '2017-11-04 17:40:36'),
(114, 1, 1, 0, '', 1, 181083, 181083, 1, 2855, 0, '-1', 1, 0, '', 0, 0, '2017-11-06 10:42:33', '2017-11-06 10:42:33'),
(115, 1, 1, 0, '', 1, 0, 0, 1, 0, 0, '-1', 1, 0, '', 0, 0, '2017-11-07 15:13:12', '2017-11-07 15:13:12'),
(116, 1, 1, 0, '', 1, 0, 0, 1, 0, 0, '-1', 1, 0, '', 0, 0, '2017-11-07 20:23:18', '2017-11-07 20:23:18'),
(117, 1, 1, 0, '', 1, 0, 0, 1, 0, 0, '-1', 1, 0, '', 0, 0, '2017-11-08 11:39:54', '2017-11-08 11:39:54'),
(118, 1, 1, 0, '', 1, 0, 0, 1, 0, 0, '-1', 1, 0, '', 0, 0, '2017-11-09 12:45:30', '2017-11-09 12:45:30'),
(119, 1, 1, 0, '', 1, 0, 0, 1, 0, 0, '-1', 1, 0, '', 0, 0, '2017-11-10 12:52:21', '2017-11-10 12:52:21'),
(120, 1, 1, 0, '', 1, 0, 0, 1, 0, 0, '-1', 1, 0, '', 0, 0, '2017-11-11 18:10:32', '2017-11-11 18:10:32'),
(121, 1, 1, 0, '', 1, 0, 0, 1, 0, 0, '-1', 1, 0, '', 0, 0, '2017-11-12 17:23:14', '2017-11-12 17:23:14'),
(122, 1, 1, 0, '', 1, 4658840, 4658840, 1, 2887, 0, '-1', 1, 0, '', 0, 0, '2017-11-13 21:15:53', '2017-11-13 21:15:53'),
(123, 1, 1, 0, '', 1, 0, 0, 1, 0, 0, '-1', 1, 0, '', 0, 0, '2017-11-13 21:31:40', '2017-11-13 21:31:40'),
(124, 1, 1, 0, '', 1, 0, 0, 1, 0, 0, '-1', 1, 0, '', 0, 0, '2017-11-14 10:55:56', '2017-11-14 10:55:56'),
(125, 1, 1, 0, '', 1, 0, 0, 1, 0, 0, '-1', 1, 0, '', 0, 0, '2017-11-14 17:21:30', '2017-11-14 17:21:30'),
(126, 1, 1, 0, '', 1, 4658842, 4658842, 1, 2889, 0, '-1', 1, 0, '', 0, 0, '2017-11-14 19:19:12', '2017-11-14 19:19:12'),
(127, 1, 1, 0, '', 1, 0, 0, 1, 0, 0, '-1', 1, 0, '', 0, 0, '2017-11-15 08:18:01', '2017-11-15 08:18:01'),
(128, 1, 1, 0, '', 1, 0, 0, 1, 0, 0, '-1', 1, 0, '', 0, 0, '2017-11-16 11:29:35', '2017-11-16 11:29:35'),
(129, 1, 1, 0, '', 1, 0, 0, 1, 0, 0, '-1', 1, 0, '', 0, 0, '2017-11-16 17:04:17', '2017-11-16 17:04:17'),
(130, 1, 1, 0, '', 1, 0, 0, 1, 0, 0, '-1', 1, 0, '', 0, 0, '2017-11-16 18:16:27', '2017-11-16 18:16:27'),
(131, 1, 1, 0, '', 1, 0, 0, 1, 0, 0, '-1', 1, 0, '', 0, 0, '2017-11-16 19:28:04', '2017-11-16 19:28:04'),
(132, 1, 1, 0, '', 1, 0, 0, 1, 0, 0, '-1', 1, 0, '', 0, 0, '2017-11-17 12:13:03', '2017-11-17 12:13:03'),
(133, 1, 1, 0, '', 1, 4658847, 4658847, 1, 2894, 0, '-1', 1, 0, '', 0, 0, '2017-11-17 23:03:46', '2017-11-17 23:03:46'),
(134, 1, 1, 0, '', 1, 0, 0, 1, 0, 0, '-1', 1, 0, '', 0, 0, '2017-11-18 11:50:41', '2017-11-18 11:50:41'),
(135, 1, 1, 0, '', 1, 0, 0, 1, 0, 0, '-1', 1, 0, '', 0, 0, '2017-11-18 12:06:29', '2017-11-18 12:06:29'),
(136, 1, 1, 0, '', 1, 0, 0, 1, 0, 0, '-1', 1, 0, '', 0, 0, '2017-11-19 19:13:06', '2017-11-19 19:13:06'),
(137, 1, 1, 0, '', 1, 0, 0, 1, 0, 0, '-1', 1, 0, '', 0, 0, '2017-11-19 20:26:08', '2017-11-19 20:26:08'),
(138, 1, 1, 0, '', 1, 0, 0, 1, 0, 0, '-1', 1, 0, '', 0, 0, '2017-11-20 14:48:14', '2017-11-20 14:48:14'),
(139, 1, 1, 0, '', 1, 0, 0, 1, 0, 0, '-1', 1, 0, '', 0, 0, '2017-11-22 09:38:29', '2017-11-22 09:38:29'),
(140, 1, 1, 0, '', 1, 0, 0, 1, 0, 0, '-1', 1, 0, '', 0, 0, '2017-11-23 22:06:48', '2017-11-23 22:06:48'),
(141, 1, 1, 0, '', 1, 0, 0, 1, 0, 0, '-1', 1, 0, '', 0, 0, '2017-11-24 00:25:15', '2017-11-24 00:25:15'),
(142, 1, 1, 0, '', 1, 0, 0, 1, 0, 0, '-1', 1, 0, '', 0, 0, '2017-11-24 10:22:40', '2017-11-24 10:22:40'),
(143, 1, 1, 0, '', 1, 0, 0, 1, 0, 0, '-1', 1, 0, '', 0, 0, '2017-11-24 12:11:45', '2017-11-24 12:11:45'),
(144, 1, 1, 0, '', 1, 0, 0, 1, 0, 0, '-1', 1, 0, '', 0, 0, '2017-11-25 11:58:18', '2017-11-25 11:58:18'),
(145, 1, 1, 0, '', 1, 588139, 588139, 1, 2859, 0, '-1', 1, 0, '', 0, 0, '2017-11-25 17:05:31', '2017-11-25 17:05:31'),
(146, 1, 1, 0, '', 1, 4668865, 4668865, 1, 2976, 0, '-1', 1, 0, '', 0, 0, '2017-11-27 08:36:27', '2017-11-27 08:36:27'),
(147, 1, 1, 0, '', 1, 0, 0, 1, 0, 0, '-1', 1, 0, '', 0, 0, '2017-11-27 19:18:35', '2017-11-27 19:18:35'),
(148, 1, 1, 0, '', 1, 0, 0, 1, 0, 0, '-1', 1, 0, '', 0, 0, '2017-11-28 18:33:19', '2017-11-28 18:33:19'),
(149, 1, 1, 0, '', 1, 0, 0, 1, 0, 0, '-1', 1, 0, '', 0, 0, '2017-11-29 15:12:31', '2017-11-29 15:12:31'),
(150, 1, 1, 0, '', 1, 0, 0, 1, 0, 0, '-1', 1, 0, '', 0, 0, '2017-11-30 16:19:59', '2017-11-30 16:19:59'),
(151, 1, 1, 0, '', 1, 4668870, 4668870, 1, 2983, 0, '-1', 1, 0, '', 0, 0, '2017-11-30 16:21:25', '2017-11-30 16:21:25'),
(152, 1, 1, 0, '', 1, 0, 0, 1, 2984, 0, '-1', 1, 0, '', 0, 0, '2017-11-30 16:47:43', '2017-11-30 16:47:43'),
(153, 1, 1, 0, '', 1, 0, 0, 1, 0, 0, '-1', 1, 0, '', 0, 0, '2017-12-06 13:52:28', '2017-12-06 13:52:28'),
(154, 1, 1, 0, '', 1, 0, 0, 1, 0, 0, '-1', 1, 0, '', 0, 0, '2017-12-12 17:25:32', '2017-12-12 17:25:32'),
(155, 1, 1, 0, '', 1, 0, 0, 1, 0, 0, '-1', 1, 0, '', 0, 0, '2017-12-28 17:58:22', '2017-12-28 17:58:22'),
(156, 1, 1, 0, '', 1, 0, 0, 1, 0, 0, '-1', 1, 0, '', 0, 0, '2018-01-06 18:04:24', '2018-01-06 18:04:24'),
(157, 1, 1, 0, '', 1, 0, 0, 1, 0, 0, '-1', 1, 0, '', 0, 0, '2018-01-08 22:35:55', '2018-01-08 22:35:55'),
(158, 1, 1, 0, '', 1, 0, 0, 1, 0, 0, '-1', 1, 0, '', 0, 0, '2018-01-09 09:56:23', '2018-01-09 09:56:23'),
(159, 1, 1, 0, '', 1, 0, 0, 1, 2987, 0, '-1', 1, 0, '', 0, 0, '2018-01-12 11:55:13', '2018-01-12 11:55:13'),
(160, 1, 1, 0, '', 1, 0, 0, 1, 0, 0, '-1', 1, 0, '', 0, 0, '2018-01-14 19:01:07', '2018-01-14 19:01:07'),
(161, 1, 1, 0, '', 1, 0, 0, 1, 0, 0, '-1', 1, 0, '', 0, 0, '2018-01-14 19:09:41', '2018-01-14 19:09:41'),
(162, 1, 1, 0, '', 1, 0, 0, 1, 0, 0, '-1', 1, 0, '', 0, 0, '2018-01-26 12:36:04', '2018-01-26 12:36:04'),
(163, 1, 1, 0, '', 1, 0, 0, 1, 0, 0, '-1', 1, 0, '', 0, 0, '2018-01-28 09:54:13', '2018-01-28 09:54:13'),
(164, 1, 1, 0, '', 1, 0, 0, 1, 0, 0, '-1', 1, 0, '', 0, 0, '2018-01-30 23:36:46', '2018-01-30 23:36:46'),
(165, 1, 1, 0, '', 1, 0, 0, 1, 0, 0, '-1', 1, 0, '', 0, 0, '2018-02-01 07:54:33', '2018-02-01 07:54:33'),
(166, 1, 1, 0, '', 1, 0, 0, 1, 0, 0, '-1', 1, 0, '', 0, 0, '2018-02-01 21:59:18', '2018-02-01 21:59:18'),
(167, 1, 1, 0, '', 1, 0, 0, 1, 0, 0, '-1', 1, 0, '', 0, 0, '2018-02-04 13:31:20', '2018-02-04 13:31:20'),
(168, 1, 1, 0, '', 1, 0, 0, 1, 0, 0, '-1', 1, 0, '', 0, 0, '2018-02-07 12:18:08', '2018-02-07 12:18:08'),
(169, 1, 1, 0, '', 1, 0, 0, 1, 0, 0, '-1', 1, 0, '', 0, 0, '2018-02-07 23:19:58', '2018-02-07 23:19:58'),
(170, 1, 1, 0, '', 1, 0, 0, 1, 0, 0, '-1', 1, 0, '', 0, 0, '2018-02-10 10:35:48', '2018-02-10 10:35:48'),
(171, 1, 1, 0, '', 1, 0, 0, 1, 0, 0, '-1', 1, 0, '', 0, 0, '2018-02-14 11:59:30', '2018-02-14 11:59:30'),
(172, 1, 1, 0, '', 1, 0, 0, 1, 0, 0, '-1', 1, 0, '', 0, 0, '2018-02-15 15:08:11', '2018-02-15 15:08:11'),
(173, 1, 1, 0, '', 1, 11465, 11465, 1, 2738, 0, '-1', 1, 0, '', 0, 0, '2018-02-15 17:22:40', '2018-02-15 17:22:40'),
(174, 1, 1, 0, '', 1, 0, 0, 1, 0, 0, '-1', 1, 0, '', 0, 0, '2018-02-22 10:20:46', '2018-02-22 10:20:46'),
(175, 1, 1, 0, '', 1, 0, 0, 1, 0, 0, '-1', 1, 0, '', 0, 0, '2018-02-26 09:52:21', '2018-02-26 09:52:21'),
(176, 1, 1, 0, '', 1, 0, 0, 1, 0, 0, '-1', 1, 0, '', 0, 0, '2018-02-26 10:05:13', '2018-02-26 10:05:13'),
(177, 1, 1, 0, '', 1, 4669102, 4669102, 1, 3027, 0, '-1', 1, 0, '', 0, 0, '2018-02-28 10:23:55', '2018-02-28 10:23:55'),
(178, 1, 1, 0, '', 1, 0, 0, 1, 0, 0, '-1', 1, 0, '', 0, 0, '2018-03-02 16:34:22', '2018-03-02 16:34:22'),
(179, 1, 1, 0, '', 1, 0, 0, 1, 0, 0, '-1', 1, 0, '', 0, 0, '2018-03-02 16:42:45', '2018-03-02 16:42:45'),
(180, 1, 1, 0, '', 1, 0, 0, 1, 0, 0, '-1', 1, 0, '', 0, 0, '2018-03-03 20:23:58', '2018-03-03 20:23:58'),
(181, 1, 1, 0, '', 1, 0, 0, 1, 0, 0, '-1', 1, 0, '', 0, 0, '2018-03-03 20:45:47', '2018-03-03 20:45:47'),
(182, 1, 1, 0, '', 1, 0, 0, 1, 0, 0, '-1', 1, 0, '', 0, 0, '2018-03-05 11:37:46', '2018-03-05 11:37:46'),
(183, 1, 1, 0, '', 1, 0, 0, 1, 0, 0, '-1', 1, 0, '', 0, 0, '2018-03-06 09:46:19', '2018-03-06 09:46:19'),
(184, 1, 1, 0, '', 1, 0, 0, 1, 0, 0, '-1', 1, 0, '', 0, 0, '2018-03-09 09:44:08', '2018-03-09 09:44:08'),
(185, 1, 1, 0, '', 1, 0, 0, 1, 0, 0, '-1', 1, 0, '', 0, 0, '2018-03-09 11:51:17', '2018-03-09 11:51:17'),
(186, 1, 1, 0, '', 1, 0, 0, 1, 0, 0, '-1', 1, 0, '', 0, 0, '2018-03-15 13:52:35', '2018-03-15 13:52:35'),
(187, 1, 1, 0, '', 1, 0, 0, 1, 0, 0, '-1', 1, 0, '', 0, 0, '2018-03-16 18:28:29', '2018-03-16 18:28:29'),
(188, 1, 1, 0, '', 1, 0, 0, 1, 0, 0, '-1', 1, 0, '', 0, 0, '2018-03-26 11:03:48', '2018-03-26 11:03:48'),
(189, 1, 1, 0, '', 1, 4669108, 4669108, 1, 3033, 0, '-1', 1, 0, '', 0, 0, '2018-03-26 11:57:54', '2018-03-26 11:57:54'),
(190, 1, 1, 0, '', 1, 0, 0, 1, 0, 0, '-1', 1, 0, '', 0, 0, '2018-03-26 16:31:41', '2018-03-26 16:31:41'),
(191, 1, 1, 0, '', 1, 0, 0, 1, 0, 0, '-1', 1, 0, '', 0, 0, '2018-04-14 15:03:01', '2018-04-14 15:03:01'),
(192, 1, 1, 0, '', 1, 0, 0, 1, 0, 0, '-1', 1, 0, '', 0, 0, '2018-04-16 07:15:49', '2018-04-16 07:15:49'),
(193, 1, 1, 0, '', 1, 4669109, 4669109, 1, 3034, 0, '-1', 1, 0, '', 0, 0, '2018-04-16 14:29:12', '2018-04-16 14:29:12'),
(194, 1, 1, 0, '', 1, 0, 0, 1, 0, 0, '-1', 1, 0, '', 0, 0, '2018-04-17 17:14:27', '2018-04-17 17:14:27'),
(195, 1, 1, 0, '', 1, 0, 0, 1, 0, 0, '-1', 1, 0, '', 0, 0, '2018-04-19 16:00:45', '2018-04-19 16:00:45'),
(196, 1, 1, 0, '', 1, 0, 0, 1, 0, 0, '-1', 1, 0, '', 0, 0, '2018-04-19 16:07:35', '2018-04-19 16:07:35'),
(197, 1, 1, 0, '', 1, 4669111, 4669111, 1, 3036, 0, '-1', 1, 0, '', 0, 0, '2018-04-19 16:27:08', '2018-04-19 16:27:08'),
(198, 1, 1, 0, '', 1, 0, 0, 1, 0, 0, '-1', 1, 0, '', 0, 0, '2018-04-20 13:39:04', '2018-04-20 13:39:04'),
(199, 1, 1, 0, '', 1, 0, 0, 1, 0, 0, '-1', 1, 0, '', 0, 0, '2018-04-21 01:48:48', '2018-04-21 01:48:48'),
(200, 1, 1, 0, '', 1, 0, 0, 1, 0, 0, '-1', 1, 0, '', 0, 0, '2018-04-21 12:32:20', '2018-04-21 12:32:20'),
(201, 1, 1, 0, '', 1, 0, 0, 1, 0, 0, '-1', 1, 0, '', 0, 0, '2018-04-27 17:00:45', '2018-04-27 17:00:45'),
(202, 1, 1, 0, '', 1, 0, 0, 1, 0, 0, '-1', 1, 0, '', 0, 0, '2018-04-27 17:40:08', '2018-04-27 17:40:08'),
(203, 1, 1, 0, '', 1, 4669114, 4669114, 1, 3039, 0, '-1', 1, 0, '', 0, 0, '2018-04-27 18:07:17', '2018-04-27 18:07:17'),
(204, 1, 1, 0, '', 1, 0, 0, 1, 0, 0, '-1', 1, 0, '', 0, 0, '2018-05-01 21:45:17', '2018-05-01 21:45:17'),
(205, 1, 1, 0, '', 1, 0, 0, 1, 0, 0, '-1', 1, 0, '', 0, 0, '2018-05-02 08:35:43', '2018-05-02 08:35:43'),
(206, 1, 1, 0, '', 1, 0, 0, 1, 0, 0, '-1', 1, 0, '', 0, 0, '2018-05-09 09:27:50', '2018-05-09 09:27:50'),
(207, 1, 1, 0, '', 1, 0, 0, 1, 0, 0, '-1', 1, 0, '', 0, 0, '2018-05-15 17:44:59', '2018-05-15 17:44:59'),
(208, 1, 1, 0, '', 1, 0, 0, 1, 0, 0, '-1', 1, 0, '', 0, 0, '2018-05-15 17:49:00', '2018-05-15 17:49:00');

-- --------------------------------------------------------

--
-- Struttura della tabella `ps_cart_cart_rule`
--

CREATE TABLE `ps_cart_cart_rule` (
  `id_cart` int(10) UNSIGNED NOT NULL,
  `id_cart_rule` int(10) UNSIGNED NOT NULL
) ENGINE=InnoDB DEFAULT CHARSET=utf8;

-- --------------------------------------------------------

--
-- Struttura della tabella `ps_cart_product`
--

CREATE TABLE `ps_cart_product` (
  `id_cart` int(10) UNSIGNED NOT NULL,
  `id_product` int(10) UNSIGNED NOT NULL,
  `id_address_delivery` int(10) UNSIGNED NOT NULL DEFAULT '0',
  `id_shop` int(10) UNSIGNED NOT NULL DEFAULT '1',
  `id_product_attribute` int(10) UNSIGNED NOT NULL DEFAULT '0',
  `quantity` int(10) UNSIGNED NOT NULL DEFAULT '0',
  `date_add` datetime NOT NULL
) ENGINE=InnoDB DEFAULT CHARSET=utf8;

--
-- Dump dei dati per la tabella `ps_cart_product`
--

INSERT INTO `ps_cart_product` (`id_cart`, `id_product`, `id_address_delivery`, `id_shop`, `id_product_attribute`, `quantity`, `date_add`) VALUES
(0, 1379, 0, 1, 0, 1, '2018-05-15 17:44:59'),
(0, 12355, 0, 1, 0, 1, '2018-05-15 17:49:00'),
(3, 106, 0, 1, 0, 2, '2017-07-25 19:30:15'),
(3, 514, 0, 1, 0, 1, '2017-07-25 19:16:43'),
(3, 1379, 0, 1, 0, 1, '2017-07-25 19:16:31'),
(3, 2570, 0, 1, 0, 1, '2017-07-25 19:15:19'),
(3, 7920, 0, 1, 0, 1, '2017-07-25 19:16:56'),
(3, 9253, 0, 1, 0, 1, '2017-07-25 19:17:53'),
(5, 12355, 0, 1, 0, 50, '2017-08-15 10:47:33'),
(9, 11103, 0, 1, 0, 1, '2017-08-29 12:42:20'),
(10, 514, 0, 1, 0, 1, '2017-09-01 10:27:51'),
(11, 1001, 0, 1, 0, 1, '2017-09-01 12:31:38'),
(11, 1379, 0, 1, 0, 1, '2017-09-01 12:50:05'),
(11, 5444, 0, 1, 0, 4, '2017-09-01 12:52:00'),
(11, 9253, 0, 1, 0, 1, '2017-09-01 12:51:45'),
(11, 12355, 0, 1, 0, 24, '2017-09-01 12:51:35'),
(11, 12816, 0, 1, 0, 1, '2017-09-01 12:51:19'),
(12, 1829, 0, 1, 0, 4, '2017-09-06 15:33:06'),
(12, 2448, 0, 1, 0, 4, '2017-09-06 15:33:37'),
(12, 2679, 0, 1, 0, 100, '2017-09-06 15:22:04'),
(12, 2680, 0, 1, 0, 10, '2017-09-06 15:22:12'),
(12, 2880, 0, 1, 0, 4, '2017-09-06 15:32:04'),
(12, 4154, 0, 1, 0, 100, '2017-09-06 15:24:28'),
(12, 4155, 0, 1, 0, 10, '2017-09-06 15:24:38'),
(12, 4393, 0, 1, 0, 4, '2017-09-06 15:30:52'),
(12, 4394, 0, 1, 0, 4, '2017-09-06 15:30:42'),
(12, 4396, 0, 1, 0, 4, '2017-09-06 15:30:58'),
(12, 4397, 0, 1, 0, 4, '2017-09-06 15:31:07'),
(12, 4494, 0, 1, 0, 4, '2017-09-06 15:31:14'),
(12, 4495, 0, 1, 0, 4, '2017-09-06 15:31:21'),
(12, 5446, 0, 1, 0, 4, '2017-09-06 15:26:13'),
(12, 5457, 0, 1, 0, 200, '2017-09-06 15:24:54'),
(12, 5458, 0, 1, 0, 200, '2017-09-06 15:25:04'),
(12, 6718, 0, 1, 0, 50, '2017-09-06 15:21:53'),
(12, 7543, 0, 1, 0, 50, '2017-09-06 15:22:36'),
(12, 8488, 0, 1, 0, 100, '2017-09-06 15:25:17'),
(12, 8489, 0, 1, 0, 10, '2017-09-06 15:25:26'),
(12, 8510, 0, 1, 0, 100, '2017-09-06 15:22:54'),
(12, 8514, 0, 1, 0, 10, '2017-09-06 15:23:14'),
(12, 9675, 0, 1, 0, 10, '2017-09-06 15:32:17'),
(12, 9677, 0, 1, 0, 4, '2017-09-06 15:32:25'),
(12, 11183, 0, 1, 0, 4, '2017-09-06 15:26:02'),
(12, 11191, 0, 1, 0, 300, '2017-09-06 15:25:35'),
(12, 11192, 0, 1, 0, 300, '2017-09-06 15:25:43'),
(14, 1047, 0, 1, 0, 100, '2017-09-07 12:23:43'),
(14, 1833, 0, 1, 0, 2, '2017-09-07 12:23:14'),
(14, 5444, 0, 1, 0, 1, '2017-09-07 12:23:57'),
(14, 6718, 0, 1, 0, 9, '2017-09-07 12:23:21'),
(15, 11102, 0, 1, 0, 1, '2017-09-07 13:06:18'),
(15, 11103, 0, 1, 0, 1, '2017-09-07 13:06:25'),
(16, 8522, 0, 1, 0, 1, '2017-09-07 15:46:19'),
(16, 12355, 0, 1, 0, 3, '2017-09-07 15:46:43'),
(16, 12812, 0, 1, 0, 2, '2017-09-07 15:46:05'),
(18, 4393, 0, 1, 0, 1, '2017-09-16 13:42:31'),
(18, 4394, 0, 1, 0, 1, '2017-09-16 13:41:26'),
(18, 4396, 0, 1, 0, 1, '2017-09-16 13:41:44'),
(18, 4397, 0, 1, 0, 1, '2017-09-16 13:41:52'),
(18, 4494, 0, 1, 0, 1, '2017-09-16 13:42:00'),
(18, 4495, 0, 1, 0, 1, '2017-09-16 13:42:03'),
(19, 514, 0, 1, 0, 1, '2017-09-17 18:12:05'),
(19, 1833, 0, 1, 0, 1, '2017-09-17 18:05:17'),
(19, 8522, 0, 1, 0, 1, '2017-09-17 18:09:38'),
(19, 9970, 0, 1, 0, 1, '2017-09-17 18:09:59'),
(19, 11426, 0, 1, 0, 1, '2017-09-17 18:10:41'),
(19, 12812, 0, 1, 0, 1, '2017-09-17 18:03:05'),
(19, 12813, 0, 1, 0, 1, '2017-09-17 18:07:44'),
(19, 12842, 0, 1, 0, 1, '2017-09-17 18:06:54'),
(20, 2679, 0, 1, 0, 1, '2017-09-18 10:29:54'),
(20, 2680, 0, 1, 0, 1, '2017-09-18 10:29:30'),
(20, 3443, 0, 1, 0, 1, '2017-09-18 10:33:11'),
(20, 10688, 0, 1, 0, 1, '2017-09-18 10:32:11'),
(20, 12842, 0, 1, 0, 1, '2017-09-18 10:28:53'),
(21, 107, 0, 1, 0, 1, '2017-09-18 17:03:47'),
(21, 4393, 0, 1, 0, 1, '2017-09-18 17:04:01'),
(21, 4394, 0, 1, 0, 1, '2017-09-18 17:04:21'),
(21, 4396, 0, 1, 0, 1, '2017-09-18 17:04:58'),
(21, 4397, 0, 1, 0, 3, '2017-09-18 17:04:37'),
(21, 4494, 0, 1, 0, 1, '2017-09-18 17:04:49'),
(21, 4495, 0, 1, 0, 1, '2017-09-18 17:05:47'),
(22, 107, 0, 1, 0, 1, '2017-09-19 00:16:18'),
(22, 4393, 0, 1, 0, 1, '2017-09-19 00:14:51'),
(22, 4394, 0, 1, 0, 1, '2017-09-19 00:15:14'),
(22, 4396, 0, 1, 0, 1, '2017-09-19 00:15:25'),
(22, 4397, 0, 1, 0, 1, '2017-09-19 00:15:35'),
(22, 4494, 0, 1, 0, 1, '2017-09-19 00:15:44'),
(22, 4495, 0, 1, 0, 1, '2017-09-19 00:15:58'),
(23, 12849, 0, 1, 0, 5, '2017-09-19 10:03:41'),
(24, 7543, 0, 1, 0, 20, '2017-09-19 13:56:10'),
(24, 8855, 0, 1, 0, 20, '2017-09-19 13:58:41'),
(24, 12813, 0, 1, 0, 10, '2017-09-19 13:55:10'),
(26, 4154, 0, 1, 0, 21, '2017-09-19 23:38:18'),
(26, 4155, 0, 1, 0, 2, '2017-09-19 14:56:28'),
(26, 7407, 0, 1, 0, 2, '2017-09-19 14:55:43'),
(26, 8488, 0, 1, 0, 2, '2017-09-19 15:00:43'),
(27, 12812, 0, 1, 0, 1, '2017-09-20 08:04:54'),
(28, 5643, 0, 1, 0, 1, '2017-09-20 11:12:07'),
(28, 5644, 0, 1, 0, 1, '2017-09-20 11:13:40'),
(29, 4396, 0, 1, 0, 1, '2017-09-20 17:35:54'),
(30, 514, 0, 1, 0, 1, '2017-09-21 10:45:48'),
(30, 12812, 0, 1, 0, 1, '2017-09-21 10:45:37'),
(31, 4393, 0, 1, 0, 2, '2017-09-21 11:52:50'),
(31, 4394, 0, 1, 0, 3, '2017-09-21 11:51:23'),
(31, 4396, 0, 1, 0, 1, '2017-09-21 11:53:10'),
(31, 4397, 0, 1, 0, 1, '2017-09-21 11:53:51'),
(31, 4494, 0, 1, 0, 1, '2017-09-21 11:54:06'),
(31, 4495, 0, 1, 0, 1, '2017-09-21 11:54:19'),
(32, 8488, 0, 1, 0, 60, '2017-09-21 16:04:56'),
(33, 514, 0, 1, 0, 2, '2017-09-22 10:12:14'),
(33, 2448, 0, 1, 0, 2, '2017-09-22 10:11:22'),
(33, 2880, 0, 1, 0, 2, '2017-09-22 10:07:41'),
(33, 4154, 0, 1, 0, 2, '2017-09-22 09:57:12'),
(33, 4155, 0, 1, 0, 2, '2017-09-22 10:10:14'),
(33, 5251, 0, 1, 0, 2, '2017-09-22 10:12:59'),
(33, 8408, 0, 1, 0, 2, '2017-09-22 10:09:42'),
(33, 8409, 0, 1, 0, 2, '2017-09-22 10:10:05'),
(33, 8488, 0, 1, 0, 2, '2017-09-22 10:10:31'),
(33, 8489, 0, 1, 0, 2, '2017-09-22 10:10:41'),
(34, 12819, 0, 1, 0, 45, '2017-09-22 10:06:55'),
(35, 12814, 0, 1, 0, 1, '2017-09-22 11:00:23'),
(35, 12815, 0, 1, 0, 1, '2017-09-22 11:00:38'),
(35, 12816, 0, 1, 0, 1, '2017-09-22 10:59:02'),
(35, 12817, 0, 1, 0, 1, '2017-09-22 11:00:04'),
(35, 12818, 0, 1, 0, 1, '2017-09-22 11:00:14'),
(35, 12849, 0, 1, 0, 1, '2017-09-22 10:59:23'),
(36, 2679, 0, 1, 0, 30, '2017-09-22 19:19:37'),
(36, 4154, 0, 1, 0, 30, '2017-09-22 19:21:05'),
(37, 4393, 0, 1, 0, 1, '2017-09-24 09:38:16'),
(37, 4394, 0, 1, 0, 1, '2017-09-24 09:46:34'),
(37, 4396, 0, 1, 0, 1, '2017-09-24 09:40:45'),
(37, 4397, 0, 1, 0, 1, '2017-09-24 09:47:48'),
(37, 4494, 0, 1, 0, 1, '2017-09-24 09:29:32'),
(37, 4495, 0, 1, 0, 1, '2017-09-24 09:46:51'),
(38, 5550, 0, 1, 0, 1, '2017-09-24 11:31:00'),
(38, 8425, 0, 1, 0, 1, '2017-09-24 11:29:54'),
(38, 8855, 0, 1, 0, 12, '2017-09-24 11:33:50'),
(39, 2679, 0, 1, 0, 14, '2017-09-25 18:38:09'),
(39, 2680, 0, 1, 0, 1, '2017-09-25 18:37:46'),
(41, 4154, 0, 1, 0, 38, '2017-09-27 20:39:22'),
(42, 514, 0, 1, 0, 1, '2017-09-28 13:33:13'),
(42, 2570, 0, 1, 0, 1, '2017-09-28 13:23:48'),
(42, 2571, 0, 1, 0, 1, '2017-09-28 13:23:31'),
(42, 2679, 0, 1, 0, 1, '2017-09-28 13:24:09'),
(42, 4393, 0, 1, 0, 1, '2017-09-28 13:29:10'),
(42, 4394, 0, 1, 0, 1, '2017-09-28 13:29:47'),
(42, 4396, 0, 1, 0, 1, '2017-09-28 13:29:56'),
(42, 4397, 0, 1, 0, 1, '2017-09-28 13:30:11'),
(42, 4479, 0, 1, 0, 1, '2017-09-28 13:24:38'),
(42, 4480, 0, 1, 0, 1, '2017-09-28 13:24:47'),
(42, 4494, 0, 1, 0, 1, '2017-09-28 13:30:20'),
(42, 4495, 0, 1, 0, 1, '2017-09-28 13:30:27'),
(42, 6718, 0, 1, 0, 1, '2017-09-28 13:25:08'),
(42, 7407, 0, 1, 0, 1, '2017-09-28 13:25:26'),
(42, 8408, 0, 1, 0, 1, '2017-09-28 13:30:55'),
(42, 8509, 0, 1, 0, 1, '2017-09-28 13:26:24'),
(42, 8510, 0, 1, 0, 1, '2017-09-28 13:26:33'),
(42, 8511, 0, 1, 0, 1, '2017-09-28 13:26:43'),
(44, 5444, 0, 1, 0, 50, '2017-09-28 23:52:34'),
(44, 5457, 0, 1, 0, 40, '2017-09-28 23:56:22'),
(44, 5458, 0, 1, 0, 30, '2017-09-28 23:57:10'),
(44, 7924, 0, 1, 0, 100, '2017-09-29 00:03:43'),
(44, 9676, 0, 1, 0, 35, '2017-09-28 23:55:13'),
(44, 11191, 0, 1, 0, 25, '2017-09-28 23:57:44'),
(44, 11192, 0, 1, 0, 35, '2017-09-28 23:58:23'),
(44, 11193, 0, 1, 0, 30, '2017-09-28 23:53:35'),
(45, 5444, 0, 1, 0, 40, '2017-10-02 19:30:57'),
(46, 5444, 0, 1, 0, 50, '2017-10-02 21:15:37'),
(46, 5457, 0, 1, 0, 50, '2017-10-02 21:12:59'),
(46, 5458, 0, 1, 0, 30, '2017-10-02 21:12:21'),
(46, 7924, 0, 1, 0, 100, '2017-10-02 21:18:19'),
(46, 9676, 0, 1, 0, 20, '2017-10-02 21:17:02'),
(46, 11191, 0, 1, 0, 30, '2017-10-02 21:13:50'),
(46, 11192, 0, 1, 0, 30, '2017-10-02 21:14:24'),
(46, 11193, 0, 1, 0, 30, '2017-10-02 21:16:07'),
(47, 5444, 0, 1, 0, 40, '2017-10-03 10:47:02'),
(47, 11193, 0, 1, 0, 35, '2017-10-03 10:46:15'),
(48, 2679, 0, 1, 0, 3, '2017-10-04 10:15:02'),
(48, 2680, 0, 1, 0, 3, '2017-10-04 10:15:24'),
(48, 2880, 0, 1, 0, 3, '2017-10-04 10:17:43'),
(48, 4479, 0, 1, 0, 4, '2017-10-04 10:16:24'),
(48, 4480, 0, 1, 0, 2, '2017-10-04 10:16:41'),
(48, 5457, 0, 1, 0, 2, '2017-10-04 10:22:52'),
(48, 5458, 0, 1, 0, 2, '2017-10-04 10:23:08'),
(48, 8408, 0, 1, 0, 2, '2017-10-04 10:23:22'),
(48, 8409, 0, 1, 0, 2, '2017-10-04 10:23:44'),
(48, 8488, 0, 1, 0, 3, '2017-10-04 10:34:11'),
(48, 8489, 0, 1, 0, 2, '2017-10-04 10:34:28'),
(48, 9675, 0, 1, 0, 6, '2017-10-04 10:18:05'),
(48, 9677, 0, 1, 0, 2, '2017-10-04 10:18:42'),
(48, 10364, 0, 1, 0, 1, '2017-10-04 10:19:52'),
(48, 11191, 0, 1, 0, 2, '2017-10-04 10:35:30'),
(48, 11192, 0, 1, 0, 2, '2017-10-04 10:35:40'),
(50, 523, 0, 1, 0, 1, '2017-10-05 18:00:57'),
(50, 1829, 0, 1, 0, 1, '2017-10-05 18:24:33'),
(50, 2448, 0, 1, 0, 1, '2017-10-05 18:24:12'),
(50, 2869, 0, 1, 0, 2, '2017-10-05 18:25:21'),
(50, 6629, 0, 1, 0, 25, '2017-10-05 18:02:09'),
(50, 8243, 0, 1, 0, 1, '2017-10-05 17:53:29'),
(50, 8254, 0, 1, 0, 1, '2017-10-05 18:02:44'),
(50, 8408, 0, 1, 0, 1, '2017-10-05 17:55:26'),
(50, 11308, 0, 1, 0, 1, '2017-10-05 18:02:14'),
(50, 11312, 0, 1, 0, 1, '2017-10-05 17:44:19'),
(54, 2679, 0, 1, 0, 30, '2017-10-09 19:28:56'),
(54, 5457, 0, 1, 0, 48, '2017-10-09 19:29:57'),
(54, 5458, 0, 1, 0, 48, '2017-10-09 19:30:13'),
(54, 6629, 0, 1, 0, 24, '2017-10-09 19:29:23'),
(54, 7543, 0, 1, 0, 3, '2017-10-09 19:29:34'),
(54, 8488, 0, 1, 0, 12, '2017-10-09 19:30:24'),
(54, 8522, 0, 1, 0, 1, '2017-10-09 19:41:33'),
(54, 9675, 0, 1, 0, 36, '2017-10-09 19:31:10'),
(54, 11191, 0, 1, 0, 36, '2017-10-09 19:30:45'),
(54, 11192, 0, 1, 0, 36, '2017-10-09 19:30:58'),
(54, 11193, 0, 1, 0, 36, '2017-10-09 19:31:43'),
(54, 12253, 0, 1, 0, 12, '2017-10-09 19:41:11'),
(54, 12355, 0, 1, 0, 12, '2017-10-09 19:31:59'),
(54, 12812, 0, 1, 0, 2, '2017-10-09 19:41:28'),
(54, 12842, 0, 1, 0, 4, '2017-10-09 19:41:18'),
(55, 11191, 0, 1, 0, 12, '2017-10-09 20:44:49'),
(55, 11192, 0, 1, 0, 10, '2017-10-09 20:44:36'),
(56, 12819, 0, 1, 0, 6, '2017-10-10 07:47:15'),
(57, 7543, 0, 1, 0, 1, '2017-10-10 08:15:32'),
(57, 8425, 0, 1, 0, 1, '2017-10-10 08:16:51'),
(57, 9675, 0, 1, 0, 37, '2017-10-10 08:18:15'),
(57, 12819, 0, 1, 0, 12, '2017-10-10 08:16:02'),
(58, 5444, 0, 1, 0, 3, '2017-10-10 09:28:32'),
(58, 9676, 0, 1, 0, 7, '2017-10-10 09:27:48'),
(59, 8488, 0, 1, 0, 136, '2017-10-10 21:18:45'),
(60, 8488, 0, 1, 0, 25, '2017-10-10 21:26:48'),
(61, 2679, 0, 1, 0, 26, '2017-10-11 09:32:58'),
(61, 2680, 0, 1, 0, 3, '2017-10-11 09:46:03'),
(64, 5457, 0, 1, 0, 8, '2017-10-12 17:52:30'),
(64, 8408, 0, 1, 0, 8, '2017-10-12 17:51:38'),
(64, 8409, 0, 1, 0, 1, '2017-10-12 17:51:52'),
(64, 8510, 0, 1, 0, 3, '2017-10-12 17:53:10'),
(65, 2679, 0, 1, 0, 1, '2017-10-13 18:29:57'),
(65, 2680, 0, 1, 0, 1, '2017-10-13 18:30:36'),
(66, 2448, 0, 1, 0, 1, '2017-10-14 16:44:04'),
(66, 2869, 0, 1, 0, 1, '2017-10-14 16:46:07'),
(66, 2880, 0, 1, 0, 25, '2017-10-14 16:43:44'),
(66, 7925, 0, 1, 0, 20, '2017-10-14 16:47:24'),
(67, 2679, 0, 1, 0, 29, '2017-10-14 16:57:40'),
(68, 8488, 0, 1, 0, 11, '2017-10-16 13:46:46'),
(69, 8488, 0, 1, 0, 11, '2017-10-16 14:28:26'),
(70, 8509, 0, 1, 0, 1, '2017-10-16 17:29:11'),
(70, 8510, 0, 1, 0, 1, '2017-10-16 17:35:27'),
(70, 8511, 0, 1, 0, 1, '2017-10-16 17:25:20'),
(70, 8513, 0, 1, 0, 1, '2017-10-16 17:24:09'),
(70, 8514, 0, 1, 0, 1, '2017-10-16 17:23:34'),
(70, 8515, 0, 1, 0, 1, '2017-10-16 17:36:47'),
(71, 11192, 0, 1, 0, 8, '2017-10-16 19:35:58'),
(71, 11193, 0, 1, 0, 8, '2017-10-16 19:38:22'),
(72, 11192, 0, 1, 0, 8, '2017-10-16 19:45:32'),
(72, 11193, 0, 1, 0, 8, '2017-10-16 19:45:15'),
(73, 2679, 0, 1, 0, 25, '2017-10-17 15:05:49'),
(73, 5444, 0, 1, 0, 25, '2017-10-17 15:08:36'),
(73, 5457, 0, 1, 0, 30, '2017-10-17 15:05:28'),
(73, 5458, 0, 1, 0, 30, '2017-10-17 15:05:24'),
(73, 8488, 0, 1, 0, 3, '2017-10-17 15:05:18'),
(73, 9676, 0, 1, 0, 15, '2017-10-17 15:08:56'),
(73, 11191, 0, 1, 0, 25, '2017-10-17 15:05:02'),
(73, 11192, 0, 1, 0, 30, '2017-10-17 15:05:08'),
(73, 11193, 0, 1, 0, 25, '2017-10-17 15:08:52'),
(74, 11104, 0, 1, 0, 50, '2017-10-17 17:22:40'),
(76, 4154, 0, 1, 0, 16, '2017-10-17 23:18:10'),
(76, 10645, 0, 1, 0, 1, '2017-10-17 23:25:05'),
(76, 12819, 0, 1, 0, 1, '2017-10-17 23:22:45'),
(77, 2679, 0, 1, 0, 1, '2017-10-18 13:20:39'),
(77, 2680, 0, 1, 0, 1, '2017-10-18 13:20:58'),
(77, 5444, 0, 1, 0, 3, '2017-10-18 12:19:51'),
(77, 5457, 0, 1, 0, 8, '2017-10-18 12:20:27'),
(77, 8408, 0, 1, 0, 9, '2017-10-18 12:21:24'),
(77, 8409, 0, 1, 0, 1, '2017-10-18 12:21:49'),
(77, 8514, 0, 1, 0, 3, '2017-10-18 12:24:18'),
(77, 9675, 0, 1, 0, 1, '2017-10-18 12:30:06'),
(77, 9676, 0, 1, 0, 10, '2017-10-18 12:25:31'),
(77, 9677, 0, 1, 0, 1, '2017-10-18 12:29:52'),
(78, 6629, 0, 1, 0, 350, '2017-10-18 16:50:17'),
(79, 4393, 0, 1, 0, 1, '2017-10-18 18:26:50'),
(79, 4394, 0, 1, 0, 1, '2017-10-18 18:25:56'),
(79, 4396, 0, 1, 0, 1, '2017-10-18 18:26:08'),
(79, 4397, 0, 1, 0, 1, '2017-10-18 18:26:21'),
(79, 4494, 0, 1, 0, 1, '2017-10-18 18:27:28'),
(79, 4495, 0, 1, 0, 1, '2017-10-18 18:27:40'),
(79, 8855, 0, 1, 0, 6, '2017-10-18 18:29:17'),
(80, 12819, 0, 1, 0, 8, '2017-10-19 09:33:08'),
(81, 2679, 0, 1, 0, 13, '2017-10-19 10:27:23'),
(81, 2680, 0, 1, 0, 1, '2017-10-19 10:28:17'),
(83, 8855, 0, 1, 0, 40, '2017-10-19 18:23:26'),
(84, 7910, 0, 1, 0, 1, '2017-10-19 20:58:18'),
(84, 7925, 0, 1, 0, 1, '2017-10-19 20:59:03'),
(84, 7936, 0, 1, 0, 1, '2017-10-19 20:59:50'),
(84, 12819, 0, 1, 0, 10, '2017-10-19 20:53:53'),
(85, 1049, 0, 1, 0, 950, '2017-10-20 10:36:54'),
(86, 5458, 0, 1, 0, 6, '2017-10-21 16:40:27'),
(86, 11191, 0, 1, 0, 3, '2017-10-21 16:41:15'),
(87, 8408, 0, 1, 0, 19, '2017-10-21 18:12:11'),
(87, 8409, 0, 1, 0, 1, '2017-10-21 18:11:28'),
(88, 2679, 0, 1, 0, 29, '2017-10-21 23:44:24'),
(88, 2680, 0, 1, 0, 1, '2017-10-21 23:47:09'),
(89, 8510, 0, 1, 0, 12, '2017-10-22 21:52:40'),
(90, 2679, 0, 1, 0, 20, '2017-10-22 22:05:05'),
(92, 2679, 0, 1, 0, 20, '2017-10-23 09:33:53'),
(92, 8408, 0, 1, 0, 2, '2017-10-23 09:32:30'),
(92, 8409, 0, 1, 0, 1, '2017-10-23 09:32:41'),
(92, 8488, 0, 1, 0, 33, '2017-10-23 09:30:59'),
(93, 8408, 0, 1, 0, 1, '2017-10-23 12:30:32'),
(93, 11191, 0, 1, 0, 13, '2017-10-23 12:34:46'),
(93, 12819, 0, 1, 0, 1, '2017-10-23 12:31:24'),
(94, 4154, 0, 1, 0, 6, '2017-10-23 14:04:04'),
(94, 8408, 0, 1, 0, 6, '2017-10-23 14:05:56'),
(95, 11193, 0, 1, 0, 1, '2017-10-23 20:43:04'),
(96, 8408, 0, 1, 0, 30, '2017-10-23 21:12:11'),
(96, 8488, 0, 1, 0, 30, '2017-10-23 21:13:07'),
(97, 11191, 0, 1, 0, 36, '2017-10-25 09:48:02'),
(98, 1872, 0, 1, 0, 2, '2017-10-26 10:20:08'),
(98, 1873, 0, 1, 0, 1, '2017-10-26 10:21:40'),
(98, 1874, 0, 1, 0, 1, '2017-10-26 10:20:23'),
(98, 4393, 0, 1, 0, 1, '2017-10-26 10:08:27'),
(98, 4394, 0, 1, 0, 1, '2017-10-26 10:09:07'),
(98, 4396, 0, 1, 0, 1, '2017-10-26 10:10:18'),
(98, 4397, 0, 1, 0, 1, '2017-10-26 10:10:36'),
(98, 4494, 0, 1, 0, 1, '2017-10-26 10:11:15'),
(98, 4495, 0, 1, 0, 1, '2017-10-26 10:11:00'),
(98, 7824, 0, 1, 0, 5, '2017-10-26 10:24:10'),
(98, 12842, 0, 1, 0, 1, '2017-10-26 10:07:51'),
(99, 2679, 0, 1, 0, 80, '2017-10-26 17:43:29'),
(100, 5457, 0, 1, 0, 35, '2017-10-26 20:51:53'),
(101, 5446, 0, 1, 0, 1, '2017-10-26 21:02:47'),
(102, 8488, 0, 1, 0, 20, '2017-10-28 19:17:49'),
(103, 11183, 0, 1, 0, 1, '2017-10-29 19:06:19'),
(103, 11191, 0, 1, 0, 5, '2017-10-29 19:03:54'),
(104, 11183, 0, 1, 0, 1, '2017-10-29 19:13:21'),
(104, 11191, 0, 1, 0, 5, '2017-10-29 19:13:41'),
(105, 5446, 0, 1, 0, 1, '2017-10-30 09:53:04'),
(105, 5457, 0, 1, 0, 3, '2017-10-30 09:54:09'),
(106, 1886, 0, 1, 0, 1, '2017-10-31 07:00:44'),
(107, 11191, 0, 1, 0, 56, '2017-10-31 11:22:05'),
(108, 1872, 0, 1, 0, 1, '2017-10-31 14:36:02'),
(108, 1873, 0, 1, 0, 1, '2017-10-31 14:34:34'),
(108, 1874, 0, 1, 0, 1, '2017-10-31 14:36:44'),
(109, 8488, 0, 1, 0, 45, '2017-11-02 07:55:04'),
(110, 106, 0, 1, 0, 1, '2017-11-03 19:30:04'),
(110, 107, 0, 1, 0, 8, '2017-11-03 19:30:34'),
(110, 5458, 0, 1, 0, 1, '2017-11-03 19:31:12'),
(110, 7407, 0, 1, 0, 1, '2017-11-03 19:36:30'),
(111, 106, 0, 1, 0, 1, '2017-11-03 19:45:20'),
(111, 107, 0, 1, 0, 8, '2017-11-03 19:41:32'),
(111, 5457, 0, 1, 0, 1, '2017-11-03 19:42:17'),
(111, 5458, 0, 1, 0, 1, '2017-11-03 19:46:16'),
(112, 106, 0, 1, 0, 1, '2017-11-04 09:15:47'),
(112, 107, 0, 1, 0, 8, '2017-11-04 09:16:23'),
(112, 4154, 0, 1, 0, 1, '2017-11-04 09:13:19'),
(112, 4155, 0, 1, 0, 1, '2017-11-04 09:20:25'),
(112, 5457, 0, 1, 0, 1, '2017-11-04 09:18:15'),
(112, 5458, 0, 1, 0, 1, '2017-11-04 09:17:55'),
(113, 106, 0, 1, 0, 1, '2017-11-04 17:42:16'),
(113, 107, 0, 1, 0, 1, '2017-11-04 17:41:49'),
(113, 4155, 0, 1, 0, 1, '2017-11-04 17:47:23'),
(113, 8489, 0, 1, 0, 1, '2017-11-04 17:43:26'),
(115, 8510, 0, 1, 0, 70, '2017-11-07 15:15:26'),
(117, 4393, 0, 1, 0, 2, '2017-11-08 11:39:59'),
(117, 4394, 0, 1, 0, 17, '2017-11-08 11:40:47'),
(117, 4396, 0, 1, 0, 2, '2017-11-08 11:41:08'),
(117, 4397, 0, 1, 0, 20, '2017-11-08 11:41:27'),
(118, 4154, 0, 1, 0, 2, '2017-11-09 12:45:44'),
(118, 8408, 0, 1, 0, 2, '2017-11-09 12:47:15'),
(119, 4154, 0, 1, 0, 11, '2017-11-10 12:52:33'),
(120, 2679, 0, 1, 0, 6, '2017-11-11 18:11:19'),
(120, 2680, 0, 1, 0, 2, '2017-11-11 18:12:00'),
(121, 523, 0, 1, 0, 7, '2017-11-12 17:24:30'),
(121, 12253, 0, 1, 0, 8, '2017-11-12 17:35:05'),
(122, 8488, 0, 1, 0, 45, '2017-11-13 21:16:15'),
(123, 12355, 0, 1, 0, 60, '2017-11-13 21:31:54'),
(124, 11104, 0, 1, 0, 28, '2017-11-14 10:56:11'),
(125, 5444, 0, 1, 0, 6, '2017-11-14 17:23:17'),
(125, 5446, 0, 1, 0, 1, '2017-11-14 17:21:45'),
(125, 5457, 0, 1, 0, 6, '2017-11-14 17:22:02'),
(125, 5458, 0, 1, 0, 6, '2017-11-14 17:22:18'),
(125, 11183, 0, 1, 0, 1, '2017-11-14 17:22:35'),
(125, 11191, 0, 1, 0, 3, '2017-11-14 17:22:47'),
(125, 11192, 0, 1, 0, 3, '2017-11-14 17:23:00'),
(125, 11193, 0, 1, 0, 3, '2017-11-14 17:23:31'),
(127, 4154, 0, 1, 0, 15, '2017-11-15 08:18:13'),
(128, 12816, 0, 1, 0, 1, '2017-11-16 11:29:42'),
(129, 5644, 0, 1, 0, 1, '2017-11-16 17:06:26'),
(129, 8488, 0, 1, 0, 60, '2017-11-16 17:15:11'),
(130, 8408, 0, 1, 0, 22, '2017-11-16 18:17:10'),
(131, 11104, 0, 1, 0, 40, '2017-11-16 19:28:20'),
(132, 11104, 0, 1, 0, 35, '2017-11-17 12:13:18'),
(133, 5457, 0, 1, 0, 60, '2017-11-17 23:04:10'),
(134, 12819, 0, 1, 0, 30, '2017-11-18 11:50:45'),
(135, 4154, 0, 1, 0, 4, '2017-11-18 12:08:56'),
(138, 12255, 0, 1, 0, 170, '2017-11-20 14:48:28'),
(139, 12819, 0, 1, 0, 25, '2017-11-22 09:38:38'),
(141, 12255, 0, 1, 0, 180, '2017-11-24 00:28:37'),
(142, 12814, 0, 1, 0, 2, '2017-11-24 10:23:29'),
(142, 12815, 0, 1, 0, 1, '2017-11-24 10:23:02'),
(142, 12816, 0, 1, 0, 2, '2017-11-24 10:25:15'),
(142, 12817, 0, 1, 0, 2, '2017-11-24 10:24:57'),
(142, 12818, 0, 1, 0, 1, '2017-11-24 10:24:07'),
(144, 8488, 0, 1, 0, 6, '2017-11-25 11:58:35'),
(145, 5457, 0, 1, 0, 5, '2017-11-25 17:06:17'),
(148, 12255, 0, 1, 0, 180, '2017-11-28 18:34:00'),
(149, 4154, 0, 1, 0, 20, '2017-11-29 15:22:05'),
(149, 4155, 0, 1, 0, 1, '2017-11-29 15:17:37'),
(149, 8408, 0, 1, 0, 1, '2017-11-29 15:24:37'),
(149, 8409, 0, 1, 0, 1, '2017-11-29 15:25:43'),
(150, 1058, 0, 1, 0, 500, '2017-11-30 16:20:19'),
(151, 2679, 0, 1, 0, 5, '2017-11-30 16:21:28'),
(151, 2880, 0, 1, 0, 7, '2017-11-30 16:22:29'),
(151, 8488, 0, 1, 0, 6, '2017-11-30 16:22:10'),
(151, 8510, 0, 1, 0, 6, '2017-11-30 16:21:54'),
(151, 9996, 0, 1, 0, 1, '2017-11-30 16:22:52'),
(151, 11097, 0, 1, 0, 1, '2017-11-30 16:23:21'),
(153, 1379, 0, 1, 0, 1, '2017-12-06 13:52:46'),
(154, 1059, 0, 1, 0, 300, '2017-12-12 17:25:48'),
(155, 106, 0, 1, 0, 1, '2017-12-28 17:58:29'),
(155, 107, 0, 1, 0, 1, '2017-12-28 17:58:43'),
(155, 4154, 0, 1, 0, 1, '2017-12-28 17:58:59'),
(155, 4155, 0, 1, 0, 1, '2017-12-28 17:59:15'),
(155, 8489, 0, 1, 0, 1, '2017-12-28 18:06:42'),
(156, 106, 0, 1, 0, 1, '2018-01-06 18:04:56'),
(156, 107, 0, 1, 0, 1, '2018-01-06 18:05:55'),
(156, 1886, 0, 1, 0, 1, '2018-01-06 18:08:25'),
(156, 8489, 0, 1, 0, 1, '2018-01-06 18:05:28'),
(157, 7942, 0, 1, 0, 15, '2018-01-08 22:38:42'),
(157, 8510, 0, 1, 0, 12, '2018-01-08 22:36:02'),
(158, 5545, 0, 1, 0, 1, '2018-01-09 09:56:27'),
(160, 4154, 0, 1, 0, 2, '2018-01-14 19:01:26'),
(161, 4154, 0, 1, 0, 2, '2018-01-14 19:10:02'),
(161, 4495, 0, 1, 0, 1, '2018-01-14 19:10:42'),
(161, 8408, 0, 1, 0, 1, '2018-01-14 19:11:05'),
(164, 7942, 0, 1, 0, 15, '2018-01-30 23:36:51'),
(165, 8423, 0, 1, 0, 1, '2018-02-01 07:54:41'),
(166, 11104, 0, 1, 0, 15, '2018-02-01 21:59:18'),
(167, 11104, 0, 1, 0, 1, '2018-02-04 13:31:58'),
(168, 4480, 0, 1, 0, 11, '2018-02-07 12:18:26'),
(170, 9675, 0, 1, 0, 2, '2018-02-10 10:35:57'),
(171, 4154, 0, 1, 0, 8, '2018-02-14 12:03:43'),
(171, 5457, 0, 1, 0, 8, '2018-02-14 12:02:15'),
(172, 12255, 0, 1, 0, 1, '2018-02-15 15:08:11'),
(173, 107, 0, 1, 0, 2, '2018-02-15 17:22:56'),
(173, 5251, 0, 1, 0, 1, '2018-02-15 17:23:04'),
(174, 12355, 0, 1, 0, 1, '2018-02-22 10:20:56'),
(175, 7909, 0, 1, 0, 30, '2018-02-26 09:57:03'),
(175, 7916, 0, 1, 0, 10, '2018-02-26 09:52:30'),
(176, 7909, 0, 1, 0, 30, '2018-02-26 10:05:53'),
(176, 7916, 0, 1, 0, 10, '2018-02-26 10:05:20'),
(178, 11312, 0, 1, 0, 200, '2018-03-02 16:34:31'),
(180, 8226, 0, 1, 0, 1, '2018-03-03 20:24:41'),
(180, 9996, 0, 1, 0, 1, '2018-03-03 20:28:51'),
(180, 11183, 0, 1, 0, 1, '2018-03-03 20:29:25'),
(180, 12842, 0, 1, 0, 1, '2018-03-03 20:26:53'),
(181, 4154, 0, 1, 0, 10, '2018-03-03 20:46:37'),
(184, 7543, 0, 1, 0, 2, '2018-03-09 09:45:36'),
(185, 8408, 0, 1, 0, 30, '2018-03-09 11:51:28'),
(188, 8408, 0, 1, 0, 1, '2018-03-26 11:04:29'),
(188, 8409, 0, 1, 0, 1, '2018-03-26 11:05:10'),
(189, 8408, 0, 1, 0, 1, '2018-03-26 11:58:03'),
(189, 8409, 0, 1, 0, 1, '2018-03-26 11:58:24'),
(190, 523, 0, 1, 0, 20, '2018-03-26 16:31:49'),
(191, 8425, 0, 1, 0, 1, '2018-04-14 15:03:13'),
(192, 12355, 0, 1, 0, 3, '2018-04-16 07:16:54'),
(193, 12355, 0, 1, 0, 1, '2018-04-16 14:29:26'),
(194, 11104, 0, 1, 0, 12, '2018-04-17 17:14:45'),
(195, 12355, 0, 1, 0, 121, '2018-04-19 16:01:22'),
(196, 12355, 0, 1, 0, 23, '2018-04-19 16:08:00'),
(197, 12355, 0, 1, 0, 1, '2018-04-19 16:27:16'),
(198, 106, 0, 1, 0, 1, '2018-04-20 13:40:47'),
(198, 107, 0, 1, 0, 1, '2018-04-20 13:40:59'),
(198, 2880, 0, 1, 0, 1, '2018-04-20 13:39:54'),
(198, 3978, 0, 1, 0, 1, '2018-04-20 13:44:17'),
(198, 4154, 0, 1, 0, 1, '2018-04-20 13:41:10'),
(198, 4155, 0, 1, 0, 1, '2018-04-20 13:41:23'),
(198, 4393, 0, 1, 0, 1, '2018-04-20 13:41:35'),
(198, 4394, 0, 1, 0, 1, '2018-04-20 13:41:43'),
(198, 4396, 0, 1, 0, 1, '2018-04-20 13:41:53'),
(198, 4397, 0, 1, 0, 1, '2018-04-20 13:42:00'),
(198, 4494, 0, 1, 0, 1, '2018-04-20 13:42:09'),
(198, 4495, 0, 1, 0, 1, '2018-04-20 13:42:17'),
(198, 6718, 0, 1, 0, 1, '2018-04-20 13:43:04'),
(198, 7543, 0, 1, 0, 1, '2018-04-20 13:43:18'),
(198, 8408, 0, 1, 0, 1, '2018-04-20 13:42:32'),
(198, 8409, 0, 1, 0, 1, '2018-04-20 13:42:40'),
(198, 9675, 0, 1, 0, 1, '2018-04-20 13:40:06'),
(198, 9677, 0, 1, 0, 1, '2018-04-20 13:40:15'),
(198, 12812, 0, 1, 0, 1, '2018-04-20 13:43:54'),
(199, 514, 0, 1, 0, 1, '2018-04-21 01:48:50'),
(201, 11104, 0, 1, 0, 55, '2018-04-27 17:01:48'),
(202, 11104, 0, 1, 0, 83, '2018-04-27 17:40:22'),
(203, 8855, 0, 1, 0, 1, '2018-04-27 18:07:29'),
(204, 11105, 0, 1, 0, 7, '2018-05-01 21:50:15'),
(205, 12255, 0, 1, 0, 30, '2018-05-02 08:36:10'),
(207, 1043, 0, 1, 0, 200, '2018-05-15 17:45:43'),
(207, 1379, 0, 1, 0, 1, '2018-05-15 17:45:06'),
(207, 4394, 0, 1, 0, 3, '2018-05-15 17:46:31'),
(207, 7920, 0, 1, 0, 50, '2018-05-15 17:46:07'),
(207, 12816, 0, 1, 0, 1, '2018-05-15 17:46:18'),
(207, 13506, 0, 1, 0, 50, '2018-05-15 17:45:24'),
(208, 13505, 0, 1, 0, 1, '2018-05-15 17:49:08');

-- --------------------------------------------------------

--
-- Struttura della tabella `ps_cart_rule`
--

