INSERT INTO `ps_document_detail_backup` (`id_document_detail`, `id_document`, `id_product`, `name`, `qt`, `qt_mov`, `price_tax_included`, `price_tax_excluded`, `tax`, `id_tax_rules_group`, `discount`, `price_total`) VALUES
(5715, 7653, 13842, 'CANTICO DEI CANTICI', 1, -1, 15.00, 15.00, 0, 4, '10', 13.50),
(5717, 7750, 11151, 'VARIE', 2, -2, 6.00, 6.00, 0, 4, '0', 12.00),
(5718, 7686, 11151, 'VARIE', 500, -500, 0.10, 0.10, 0, 4, '0', 50.00),
(5719, 7646, 12355, 'VANGELO E ATTI DEGLI APOSTOLI - TASC. CENA', 63, -63, 1.60, 1.60, 0, 4, '25', 75.60),
(5720, 7646, 11376, 'VIENI SPIRITO SANTO', 300, -300, 0.20, 0.20, 0, 4, '25', 45.00),
(5721, 7646, 3433, 'DIECI COMANDAMENTI', 300, -300, 0.20, 0.20, 0, 4, '25', 45.00),
(5722, 7646, 5312, 'INNO ALLO SPIRITO SANTO', 300, -300, 0.20, 0.20, 0, 4, '25', 45.00),
(5723, 7646, 1740, 'CARTONCINO ANGELO DI DIO', 100, -100, 0.13, 0.13, 0, 4, '25', 9.75),
(5724, 7646, 1745, 'CARTONCINO CREDO', 100, -100, 0.13, 0.13, 0, 4, '25', 9.75),
(5725, 7646, 1742, 'CARTONCINO AVE MARIA', 100, -100, 0.13, 0.13, 0, 4, '25', 9.75),
(5726, 7646, 0, 'CORONCINA DIVINA MISERICORDIA', 6, -6, 6.00, 6.00, 0, 4, '25', 27.00),
(5734, 7576, 7202, 'OGGETTISTICA VARIA - OGGETTI', 1, -1, 70.00, 57.38, 22, 1, '0', 70.00),
(5735, 7576, 799, 'ASTUCCIO PORTA VIATICO - 64', 1, -1, 60.00, 49.18, 22, 1, '0', 60.00),
(5737, 7518, 12094, 'BUSTE ULIVO - CONF. 500 PZ', 1, -1, 18.00, 14.75, 22, 1, '0', 18.00),
(5738, 7518, 1057, 'BENEDIZIONI - MADONNA-B', 300, -300, 0.10, 0.08, 22, 1, '0', 30.00),
(5739, 7518, 4986, 'IMMAGINE RISURREZIONE - 205', 2, -2, 3.50, 2.87, 22, 1, '0', 7.00),
(5740, 7518, 9217, 'S. GIUSEPPE - 32 - OGGETTI', 1, -1, 3.50, 2.87, 22, 1, '0', 3.50),
(5741, 7518, 11287, 'VIA CRUCIS - 292BIS', 1, -1, 3.50, 2.87, 22, 1, '0', 3.50),
(5742, 7518, 12120, 'BOTTIGLIE PER ACQUA BENEDETTA - CONF. 100PZ', 3, -3, 20.00, 16.39, 22, 1, '0', 60.00),
(5743, 7518, 2016, 'CHIERICHETTI IERI, OGGI, DOMANI', 9, -9, 2.50, 2.50, 0, 4, '10', 20.25),
(5744, 7518, 11363, 'VICINO A GESÙ... PER SERVIRLO! - M. CHIESA', 1, -1, 10.00, 10.00, 0, 4, '10', 9.00),
(5745, 7518, 13648, 'BIOTESTAMENTO', 1, -1, 0.90, 0.90, 0, 4, '10', 0.81),
(5746, 7518, 6576, 'MESSALINO', 19, -19, 0.90, 0.90, 0, 4, '10', 15.39),
(5747, 7518, 7202, 'CERO PASQUALE BASSORILIEVO API 80X120 - ANIMA IN LEGNO', 1, -1, 125.00, 102.46, 22, 1, '0', 125.00),
(5752, 7637, 13548, 'CONFEZIONE BRACCIALE CRESIMA - 2357/99', 5, -5, 2.50, 2.05, 22, 1, '0', 12.50),
(5753, 7637, 13199, 'DONNE - M. GIUDICI', 1, -1, 11.90, 11.90, 0, 4, '10', 10.71),
(5754, 7637, 117, 'A SARA E ALLE ALTRE DONNE - TONINO BELLO', 1, -1, 7.00, 7.00, 0, 4, '10', 6.30),
(5755, 7637, 12431, 'FIGLIE DI ABRAMO - M. EGUEZ', 1, -1, 15.00, 15.00, 0, 4, '10', 13.50),
(5756, 7637, 3267, 'CUSTODIA ROSARIO IN PELLE - OGGETTI', 1, -1, 1.50, 1.23, 22, 1, '0', 1.50),
(5757, 7637, 9138, 'ROSARIO LEGNO CRESIMA - ROSSO - OGGETTI', 1, -1, 3.50, 2.87, 22, 1, '0', 3.50),
(5758, 7637, 7202, 'OGGETTISTICA VARIA - OGGETTI', 1, -1, 20.40, 16.72, 22, 1, '0', 20.40),
(5759, 7715, 1303, 'BRACCIALE AVE MARIA', 45, -45, 0.70, 0.57, 22, 1, '0', 31.50),
(5760, 7715, 7202, 'OGGETTISTICA VARIA - OGGETTI', 1, -1, 22.50, 18.44, 22, 1, '0', 22.50),
(5762, 7518, 12094, 'BUSTE ULIVO - CONF. 500 PZ', 1, -1, 18.00, 14.75, 22, 1, '0', 18.00),
(5763, 7518, 4986, 'IMMAGINE RISURREZIONE - 205', 2, -2, 3.50, 2.87, 22, 1, '0', 7.00),
(5764, 7518, 9217, 'S. GIUSEPPE - 32 - OGGETTI', 1, -1, 3.50, 2.87, 22, 1, '0', 3.50),
(5765, 7518, 11287, 'VIA CRUCIS - 292BIS', 1, -1, 3.50, 2.87, 22, 1, '0', 3.50),
(5766, 7518, 12120, 'BOTTIGLIE PER ACQUA BENEDETTA - CONF. 100PZ', 2, -2, 20.00, 16.39, 22, 1, '0', 40.00),
(5767, 7518, 2016, 'CHIERICHETTI IERI, OGGI, DOMANI', 9, -9, 2.50, 2.50, 0, 4, '10', 20.25),
(5768, 7518, 11363, 'VICINO A GESÙ... PER SERVIRLO! - M. CHIESA', 1, -1, 10.00, 10.00, 0, 4, '10', 9.00),
(5769, 7518, 13648, 'BIOTESTAMENTO', 1, -1, 0.90, 0.90, 0, 4, '10', 0.81),
(5770, 7518, 6576, 'MESSALINO', 19, -19, 0.90, 0.90, 0, 4, '10', 15.39),
(5771, 7518, 12377, 'PANNELLO SAGOMATO 60X55 ABBRACCIO NT', 1, -1, 175.00, 143.44, 22, 1, '0', 175.00),
(5777, 7535, 13658, 'PATENA IN LEGNO cm 12', 1, -1, 0.00, 0.00, 22, 1, '0', 0.00),
(5778, 7535, 13657, 'CALICE LEGNO h 18', 1, -1, 0.00, 0.00, 22, 1, '0', 0.00),
(5780, 7775, 13777, 'SULLA TUA PAROLA - MAG/GIU 2018', 60, 60, 4.00, 4.00, 0, 4, '40', 144.00),
(5781, 7747, 11858, 'FOGLIETTI LA DOMENICA - LER', 16640, 16640, 0.03, 0.03, 0, 4, '25', 374.40),
(5782, 7783, 7202, 'OGGETTISTICA VARIA - OGGETTI', 1, -1, 35.00, 28.69, 22, 1, '0', 35.00),
(5783, 7783, 7202, 'OGGETTISTICA VARIA - OGGETTI', 1, -1, 29.50, 24.18, 22, 1, '0', 29.50),
(5784, 7783, 5903, 'LITURGICO ART. 60LT ROSSO SUPER', 1, -1, 2.80, 2.30, 22, 1, '0', 2.80),
(5785, 7783, 1951, 'CERONI S.S. T60 CF (CART.4X25)', 1, -1, 2.70, 2.21, 22, 1, '0', 2.70),
(5786, 7783, 7202, 'OGGETTISTICA VARIA - OGGETTI', 1, -1, 29.00, 23.77, 22, 1, '0', 29.00),
(5787, 7783, 5903, 'LITURGICO ART. 60LT ROSSO SUPER', 1, -1, 2.80, 2.30, 22, 1, '0', 2.80),
(5788, 7783, 1951, 'CERONI S.S. T60 CF (CART.4X25)', 1, -1, 2.70, 2.21, 22, 1, '0', 2.70),
(5789, 7783, 4841, 'HOLY CARD - S. RITA - M0100/S0059', 1, -1, 0.50, 0.41, 22, 1, '0', 0.50),
(5793, 7787, 1743, 'CARTONCINO COMUNIONE CON CROCETTA - OGGETTI', 50, -50, 2.00, 1.64, 22, 1, '0', 100.00),
(5794, 7787, 11151, 'VARIE', 20, -20, 2.70, 2.70, 0, 4, '0', 54.00),
(5795, 7787, 11152, 'VARIE - OSTIE - PARTICOLE', 7, -7, 1.50, 1.44, 4, 3, '0', 10.50),
(5796, 7787, 1743, 'CARTONCINO COMUNIONE CON CROCETTA - OGGETTI', 3, -3, 2.00, 1.64, 22, 1, '100', 0.00),
(5797, 7787, 11151, 'VARIE', 1, -1, 0.50, 0.50, 0, 4, '0', 0.50),
(5800, 7652, 13777, 'SULLA TUA PAROLA - MAG/GIU 2018', 1, -1, 4.00, 4.00, 0, 4, '10', 3.60),
(5801, 7652, 11151, 'VARIE', 10, -10, 0.15, 0.15, 0, 4, '0', 1.50),
(5803, 7635, 7308, 'OSTIA MAGNA - OM 50', 1, -1, 4.50, 4.33, 4, 3, '0', 4.50),
(5804, 7635, 11151, 'VARIE', 1, -1, 6.00, 6.00, 0, 4, '0', 6.00),
(5805, 7635, 7308, 'OSTIA MAGNA - OM 50', 8, -8, 3.00, 2.88, 4, 3, '0', 24.00),
(5806, 7635, 7673, 'PARTICOLE MM38', 20, -20, 2.70, 2.60, 4, 3, '0', 54.00),
(5807, 7635, 5029, 'IMMAGINI - CS 138-005 + BUSTA - 041', 1, -1, 0.50, 0.41, 22, 1, '0', 0.50),
(5808, 7635, 5224, 'INCENSO NERO GR 400', 1, -1, 18.00, 14.75, 22, 1, '0', 18.00),
(5809, 7635, 1709, 'CARBONCINI LITURGICI', 1, -1, 10.00, 8.20, 22, 1, '0', 10.00),
(5810, 7635, 1710, 'CARBONCINI PER TURIBOLO BIANCHI - PZ 120', 1, -1, 13.00, 10.66, 22, 1, '0', 13.00),
(5811, 7796, 106, 'A MESSA SALTANDO DI GIOIA - GUIDA', 1, -1, 5.16, 5.16, 0, 4, '15', 4.39),
(5812, 7796, 107, 'A MESSA SALTANDO DI GIOIA?', 1, -1, 6.20, 6.20, 0, 4, '15', 5.27),
(5813, 7796, 2880, 'CRESIMA: UN DONO E UN PROGETTO', 1, -1, 2.40, 2.40, 0, 4, '15', 2.04),
(5814, 7796, 3978, 'EUCARISTIA: RITO E VITA', 1, -1, 10.00, 10.00, 0, 4, '15', 8.50),
(5815, 7796, 4154, 'FESTA DEL PERDONO', 1, -1, 3.00, 3.00, 0, 4, '15', 2.55),
(5816, 7796, 4155, 'FESTA DEL PERDONO - GUIDA', 1, -1, 5.00, 5.00, 0, 4, '15', 4.25),
(5817, 7796, 4394, 'GESÙ CI CHIAMA 1 - SCHEDE', 1, -1, 3.50, 3.50, 0, 4, '15', 2.98),
(5818, 7796, 4393, 'GESÙ CI CHIAMA 1 - GUIDA', 1, -1, 10.00, 10.00, 0, 4, '15', 8.50),
(5819, 7796, 4396, 'GESÙ CI RIVELA IL PADRE 2 - GUIDA', 1, -1, 10.00, 10.00, 0, 4, '15', 8.50),
(5820, 7796, 4397, 'GESÙ CI RIVELA IL PADRE 2 - SCHEDE', 1, -1, 3.50, 3.50, 0, 4, '15', 2.98),
(5821, 7796, 4495, 'GESÙ RESTA CON NOI 3 - SCHEDE', 1, -1, 3.50, 3.50, 0, 4, '15', 2.98),
(5822, 7796, 4494, 'GESÙ RESTA CON NOI 3 - GUIDA', 1, -1, 10.00, 10.00, 0, 4, '15', 8.50),
(5823, 7796, 6718, 'MIRACOLI DI GESÙ', 1, -1, 2.60, 2.60, 0, 4, '15', 2.21),
(5824, 7796, 7543, 'PARABOLE DI GESÙ', 1, -1, 3.00, 3.00, 0, 4, '15', 2.55),
(5825, 7796, 8408, 'PRENDETE E MANGIATE', 1, -1, 2.80, 2.80, 0, 4, '15', 2.38),
(5826, 7796, 8409, 'PRENDETE E MANGIATE - GUIDA', 1, -1, 5.00, 5.00, 0, 4, '15', 4.25),
(5827, 7796, 9675, 'SARETE MIEI TESTIMONI', 1, -1, 3.00, 3.00, 0, 4, '15', 2.55),
(5828, 7796, 9677, 'SARETE MIEI TESTIMONI - GUIDA', 1, -1, 8.00, 8.00, 0, 4, '15', 6.80),
(5829, 7796, 12812, 'CATECHISTA SECONDO PAPA FRANCESCO', 1, -1, 3.50, 3.50, 0, 4, '15', 2.98),
(5842, 7776, 106, 'A MESSA SALTANDO DI GIOIA - GUIDA', 1, 0, 5.16, 5.16, 0, 4, '15', 4.39),
(5843, 7776, 107, 'A MESSA SALTANDO DI GIOIA?', 1, 0, 6.20, 6.20, 0, 4, '15', 5.27),
(5844, 7776, 2880, 'CRESIMA: UN DONO E UN PROGETTO', 1, 0, 2.40, 2.40, 0, 4, '15', 2.04),
(5845, 7776, 3978, 'EUCARISTIA: RITO E VITA', 1, 0, 10.00, 10.00, 0, 4, '15', 8.50),
(5846, 7776, 4154, 'FESTA DEL PERDONO', 1, 0, 3.00, 3.00, 0, 4, '15', 2.55),
(5847, 7776, 4155, 'FESTA DEL PERDONO - GUIDA', 1, 0, 5.00, 5.00, 0, 4, '15', 4.25),
(5848, 7776, 4394, 'GESÙ CI CHIAMA 1 - SCHEDE', 1, 0, 3.50, 3.50, 0, 4, '15', 2.98),
(5849, 7776, 4393, 'GESÙ CI CHIAMA 1 - GUIDA', 1, 0, 10.00, 10.00, 0, 4, '15', 8.50),
(5850, 7776, 4396, 'GESÙ CI RIVELA IL PADRE 2 - GUIDA', 1, 0, 10.00, 10.00, 0, 4, '15', 8.50),
(5851, 7776, 4397, 'GESÙ CI RIVELA IL PADRE 2 - SCHEDE', 1, 0, 3.50, 3.50, 0, 4, '15', 2.98),
(5852, 7776, 4495, 'GESÙ RESTA CON NOI 3 - SCHEDE', 1, 0, 3.50, 3.50, 0, 4, '15', 2.98),
(5853, 7776, 4494, 'GESÙ RESTA CON NOI 3 - GUIDA', 1, 0, 10.00, 10.00, 0, 4, '15', 8.50),
(5854, 7776, 6718, 'MIRACOLI DI GESÙ', 1, 0, 2.60, 2.60, 0, 4, '15', 2.21),
(5855, 7776, 7543, 'PARABOLE DI GESÙ', 1, 0, 3.00, 3.00, 0, 4, '15', 2.55),
(5856, 7776, 8408, 'PRENDETE E MANGIATE', 1, 0, 2.80, 2.80, 0, 4, '15', 2.38),
(5857, 7776, 8409, 'PRENDETE E MANGIATE - GUIDA', 1, 0, 5.00, 5.00, 0, 4, '15', 4.25),
(5858, 7776, 9675, 'SARETE MIEI TESTIMONI', 1, 0, 3.00, 3.00, 0, 4, '15', 2.55),
(5859, 7776, 9677, 'SARETE MIEI TESTIMONI - GUIDA', 1, 0, 8.00, 8.00, 0, 4, '15', 6.80),
(5860, 7776, 12812, 'CATECHISTA SECONDO PAPA FRANCESCO', 1, 0, 3.50, 3.50, 0, 4, '15', 2.98),
(5873, 7497, 13749, 'TUNICA SVASATA COLLETTO LISTINO', 12, -12, 40.00, 32.79, 22, 1, '0', 480.00),
(5874, 7497, 362, 'ALBUM 20X25 C/FINEST. BATTESIMO BIANCO****', 1, -1, 35.70, 29.26, 22, 1, '0', 35.70),
(5875, 7497, 7308, 'OSTIA MAGNA - OM 50', 1, -1, 3.00, 2.88, 4, 3, '0', 3.00),
(5876, 7497, 7673, 'PARTICOLE MM38', 1, -1, 2.70, 2.60, 4, 3, '0', 2.70),
(5877, 7497, 7352, 'PADRE NOSTRO ITALIANO BLU -MY PNIT06 60', 1, -1, 39.00, 31.97, 22, 1, '0', 39.00),
(5878, 7497, 791, 'ASSISI IN BUSTA BATTESIMO - 20X270 - BAAS', 20, -20, 1.20, 0.98, 22, 1, '0', 24.00),
(5879, 7497, 13832, 'GAUDETE ET EXSULTATE', 1, -1, 5.00, 5.00, 0, 4, '0', 5.00),
(5880, 7497, 11389, 'VINO ROSSO DOLCE - 103', 6, -6, 6.50, 5.33, 22, 1, '0', 39.00),
(5881, 7497, 379, 'ALBUM RIGHE ROSA', 1, -1, 21.00, 17.21, 22, 1, '0', 21.00),
(5882, 7497, 13505, 'CELEBRIAMO IL SACRAMENTO DEL PERDONO', 15, -15, 0.50, 0.41, 22, 1, '0', 7.50),
(5883, 7497, 13878, 'GAUDETE ET EXSULTATE', 2, -2, 1.50, 1.50, 0, 4, '0', 3.00),
(5888, 7497, 13749, 'TUNICA SVASATA COLLETTO LISTINO', 12, -12, 40.00, 32.79, 22, 1, '0', 480.00),
(5889, 7497, 362, 'ALBUM 20X25 C/FINEST. BATTESIMO BIANCO****', 1, -1, 35.70, 29.26, 22, 1, '0', 35.70),
(5890, 7497, 7308, 'OSTIA MAGNA - OM 50', 1, -1, 3.00, 2.88, 4, 3, '0', 3.00),
(5891, 7497, 7673, 'PARTICOLE MM38', 1, -1, 2.70, 2.60, 4, 3, '0', 2.70),
(5892, 7497, 7352, 'PADRE NOSTRO ITALIANO BLU -MY PNIT06 60', 1, -1, 39.00, 31.97, 22, 1, '0', 39.00),
(5893, 7497, 791, 'ASSISI IN BUSTA BATTESIMO - 20X270 - BAAS', 20, -20, 1.20, 0.98, 22, 1, '0', 24.00),
(5894, 7497, 13832, 'GAUDETE ET EXSULTATE', 1, -1, 5.00, 5.00, 0, 4, '0', 5.00),
(5895, 7497, 11389, 'VINO ROSSO DOLCE - 103', 6, -6, 6.50, 5.33, 22, 1, '0', 39.00),
(5896, 7497, 379, 'ALBUM RIGHE ROSA', 1, -1, 21.00, 17.21, 22, 1, '0', 21.00),
(5897, 7497, 13505, 'CELEBRIAMO IL SACRAMENTO DEL PERDONO', 15, -15, 0.50, 0.41, 22, 1, '0', 7.50),
(5898, 7497, 13878, 'GAUDETE ET EXSULTATE', 2, -2, 1.50, 1.50, 0, 4, '0', 3.00),
(5899, 7497, 13103, 'BRACCIALE BAMBOO - CY B 774', 5, -5, 1.00, 0.82, 22, 1, '0', 5.00),
(5903, 7497, 13749, 'TUNICA SVASATA COLLETTO LISTINO', 12, -12, 40.00, 32.79, 22, 1, '0', 480.00),
(5904, 7497, 362, 'ALBUM 20X25 C/FINEST. BATTESIMO BIANCO****', 1, -1, 35.70, 29.26, 22, 1, '0', 35.70),
(5905, 7497, 7308, 'OSTIA MAGNA - OM 50', 1, -1, 3.00, 2.88, 4, 3, '0', 3.00),
(5906, 7497, 7673, 'PARTICOLE MM38', 1, -1, 2.70, 2.60, 4, 3, '0', 2.70),
(5907, 7497, 7352, 'PADRE NOSTRO ITALIANO BLU -MY PNIT06 60', 1, -1, 39.00, 31.97, 22, 1, '0', 39.00),
(5908, 7497, 791, 'ASSISI IN BUSTA BATTESIMO - 20X270 - BAAS', 20, -20, 1.20, 0.98, 22, 1, '0', 24.00),
(5909, 7497, 13832, 'GAUDETE ET EXSULTATE', 1, -1, 5.00, 5.00, 0, 4, '0', 5.00),
(5910, 7497, 11389, 'VINO ROSSO DOLCE - 103', 6, -6, 6.50, 5.33, 22, 1, '0', 39.00),
(5911, 7497, 379, 'ALBUM RIGHE ROSA', 1, -1, 21.00, 17.21, 22, 1, '0', 21.00),
(5912, 7497, 13505, 'CELEBRIAMO IL SACRAMENTO DEL PERDONO', 15, -15, 0.50, 0.41, 22, 1, '0', 7.50),
(5913, 7497, 13878, 'GAUDETE ET EXSULTATE', 2, -2, 1.50, 1.50, 0, 4, '0', 3.00),
(5914, 7497, 13103, 'BRACCIALE BAMBOO - CY B 774', 5, -5, 1.00, 0.82, 22, 1, '0', 5.00),
(5915, 7497, 2068, 'CINGOLO CON NODI BIANCO', 2, -2, 1.50, 1.23, 22, 1, '0', 3.00),
(5916, 7497, 13552, 'CROCE COMUNIONE CON LACCIO - 1319', 12, -12, 1.70, 1.39, 22, 1, '0', 20.40),
(5917, 7497, 2068, 'CINGOLO CON NODI BIANCO', 10, -10, 1.50, 1.23, 22, 1, '100', 0.00),
(5918, 7635, 7308, 'OSTIA MAGNA - OM 50', 1, -1, 4.50, 4.33, 4, 3, '0', 4.50),
(5919, 7635, 11151, 'VARIE', 1, -1, 4.00, 4.00, 0, 4, '0', 4.00),
(5920, 7635, 7308, 'OSTIA MAGNA - OM 50', 8, -8, 3.00, 2.88, 4, 3, '0', 24.00),
(5921, 7635, 7673, 'PARTICOLE MM38', 20, -20, 2.70, 2.60, 4, 3, '0', 54.00),
(5922, 7635, 5029, 'IMMAGINI - CS 138-005 + BUSTA - 041', 1, -1, 0.50, 0.41, 22, 1, '0', 0.50),
(5923, 7635, 5224, 'INCENSO NERO GR 400', 1, -1, 18.00, 14.75, 22, 1, '0', 18.00),
(5924, 7635, 1709, 'CARBONCINI LITURGICI', 1, -1, 10.00, 8.20, 22, 1, '0', 10.00),
(5925, 7635, 1710, 'CARBONCINI PER TURIBOLO BIANCHI - PZ 120', 1, -1, 13.00, 10.66, 22, 1, '0', 13.00),
(5926, 7635, 13882, 'GAUDETE ET EXSULTATE', 1, -1, 2.00, 2.00, 0, 4, '0', 2.00),
(5933, 7497, 13749, 'TUNICA SVASATA COLLETTO LISTINO', 12, -12, 40.00, 32.79, 22, 1, '0', 480.00),
(5934, 7497, 362, 'ALBUM 20X25 C/FINEST. BATTESIMO BIANCO****', 1, -1, 35.70, 29.26, 22, 1, '0', 35.70),
(5935, 7497, 7308, 'OSTIA MAGNA - OM 50', 1, -1, 3.00, 2.88, 4, 3, '0', 3.00),
(5936, 7497, 7673, 'PARTICOLE MM38', 1, -1, 2.70, 2.60, 4, 3, '0', 2.70),
(5937, 7497, 7352, 'PADRE NOSTRO ITALIANO BLU -MY PNIT06 60', 1, -1, 39.00, 31.97, 22, 1, '0', 39.00),
(5938, 7497, 791, 'ASSISI IN BUSTA BATTESIMO - 20X270 - BAAS', 20, -20, 1.20, 0.98, 22, 1, '0', 24.00),
(5939, 7497, 13832, 'GAUDETE ET EXSULTATE', 1, -1, 5.00, 5.00, 0, 4, '0', 5.00),
(5940, 7497, 11389, 'VINO ROSSO DOLCE - 103', 6, -6, 6.50, 5.33, 22, 1, '0', 39.00),
(5941, 7497, 379, 'ALBUM RIGHE ROSA', 1, -1, 21.00, 17.21, 22, 1, '0', 21.00),
(5942, 7497, 13505, 'CELEBRIAMO IL SACRAMENTO DEL PERDONO', 15, -15, 0.50, 0.41, 22, 1, '0', 7.50),
(5943, 7497, 13878, 'GAUDETE ET EXSULTATE', 2, -2, 1.50, 1.50, 0, 4, '0', 3.00),
(5944, 7497, 13103, 'BRACCIALE BAMBOO - CY B 774', 5, -5, 1.00, 0.82, 22, 1, '0', 5.00),
(5945, 7497, 2068, 'CINGOLO CON NODI BIANCO', 2, -2, 1.50, 1.23, 22, 1, '0', 3.00),
(5946, 7497, 13552, 'CROCE COMUNIONE CON LACCIO - 1319', 12, -12, 1.70, 1.39, 22, 1, '0', 20.40),
(5947, 7497, 2068, 'CINGOLO CON NODI BIANCO', 10, -10, 1.50, 1.23, 22, 1, '100', 0.00),
(5948, 7497, 13749, 'TUNICA SVASATA COLLETTO LISTINO', 12, -12, 40.00, 32.79, 22, 1, '0', 480.00),
(5949, 7497, 362, 'ALBUM 20X25 C/FINEST. BATTESIMO BIANCO****', 1, -1, 35.70, 29.26, 22, 1, '0', 35.70),
(5950, 7497, 7308, 'OSTIA MAGNA - OM 50', 1, -1, 3.00, 2.88, 4, 3, '0', 3.00),
(5951, 7497, 7673, 'PARTICOLE MM38', 1, -1, 2.70, 2.60, 4, 3, '0', 2.70),
(5952, 7497, 7352, 'PADRE NOSTRO ITALIANO BLU -MY PNIT06 60', 1, -1, 39.00, 31.97, 22, 1, '0', 39.00),
(5953, 7497, 791, 'ASSISI IN BUSTA BATTESIMO - 20X270 - BAAS', 20, -20, 1.20, 0.98, 22, 1, '0', 24.00),
(5954, 7497, 13832, 'GAUDETE ET EXSULTATE', 1, -1, 5.00, 5.00, 0, 4, '0', 5.00),
(5955, 7497, 11389, 'VINO ROSSO DOLCE - 103', 6, -6, 6.50, 5.33, 22, 1, '0', 39.00),
(5956, 7497, 379, 'ALBUM RIGHE ROSA', 1, -1, 21.00, 17.21, 22, 1, '0', 21.00),
(5957, 7497, 13505, 'CELEBRIAMO IL SACRAMENTO DEL PERDONO', 15, -15, 0.50, 0.41, 22, 1, '0', 7.50),
(5958, 7497, 13878, 'GAUDETE ET EXSULTATE', 2, -2, 1.50, 1.50, 0, 4, '0', 3.00),
(5959, 7497, 13103, 'BRACCIALE BAMBOO - CY B 774', 5, -5, 1.00, 0.82, 22, 1, '0', 5.00),
(5960, 7497, 2068, 'CINGOLO CON NODI BIANCO', 2, -2, 1.50, 1.23, 22, 1, '0', 3.00),
(5961, 7497, 13552, 'CROCE COMUNIONE CON LACCIO - 1319', 12, -12, 1.70, 1.39, 22, 1, '0', 20.40),
(5962, 7497, 2068, 'CINGOLO CON NODI BIANCO', 10, -10, 1.50, 1.23, 22, 1, '100', 0.00),
(5963, 7497, 7314, 'OVALE ANGELO DI DIO - PF4001', 1, -1, 24.00, 19.67, 22, 1, '0', 24.00),
(5979, 7810, 7202, 'OGGETTISTICA VARIA - OGGETTI', 1, -1, 85.00, 69.67, 22, 1, '0', 85.00),
(5980, 7812, 573, 'ANELLO FEDINA IN ARG. 925 - M043/014', 1, -1, 10.00, 8.20, 22, 1, '0', 10.00),
(5981, 7811, 368, 'ALBUM DELLA MIA PRIMA COMUNIONE', 1, -1, 14.90, 14.90, 0, 4, '0', 14.90),
(5982, 7811, 2439, 'COLORO I SANTI', 1, -1, 4.90, 4.90, 0, 4, '10', 4.41),
(5983, 7811, 13548, 'CONFEZIONE BRACCIALE CRESIMA - 2357/99', 1, -1, 2.50, 2.05, 22, 1, '0', 2.50),
(5984, 7811, 13701, 'VENITE E VEDRETE - P. CURTAZ', 1, -1, 8.00, 8.00, 0, 4, '10', 7.20),
(5985, 7811, 7202, 'OGGETTISTICA VARIA - OGGETTI', 1, -1, 1.00, 0.82, 22, 1, '0', 1.00),
(5988, 7716, 7202, 'OGGETTISTICA VARIA - OGGETTI', 1, -1, 18.00, 14.75, 22, 1, '0', 18.00),
(5989, 7211, 9217, 'S. GIUSEPPE - 32 - OGGETTI', 3, -3, 3.50, 2.87, 22, 1, '0', 10.50),
(5990, 7211, 12120, 'BOTTIGLIE PER ACQUA BENEDETTA - CONF. 100PZ', 5, -5, 20.00, 16.39, 22, 1, '0', 100.00),
(5991, 7211, 3754, 'ECCE HOMO - 202BIS', 1, -1, 3.50, 2.87, 22, 1, '0', 3.50),
(5992, 7211, 4962, 'IMMAGINE ECCE HOMO - OGGETTI', 1, -1, 3.50, 2.87, 22, 1, '0', 3.50),
(5993, 7211, 8928, 'RESURREZIONE - 353 - OGGETTI', 2, -2, 3.50, 2.87, 22, 1, '0', 7.00),
(5994, 7211, 4986, 'IMMAGINE RISURREZIONE - 205', 2, -2, 3.50, 2.87, 22, 1, '0', 7.00),
(5995, 7211, 4961, 'IMMAGINE DOMENICA DELLE PALME - 207', 3, -3, 3.50, 2.87, 22, 1, '0', 10.50),
(5996, 7211, 7308, 'OSTIA MAGNA - OM 50', 5, -5, 3.00, 2.88, 4, 3, '0', 15.00),
(5997, 7211, 7673, 'PARTICOLE MM38', 6, -6, 2.70, 2.60, 4, 3, '0', 16.20),
(5998, 7211, 7308, 'OSTIA MAGNA - OM 50', 1, -1, 4.50, 4.33, 4, 3, '0', 4.50),
(5999, 7211, 1430, 'BUSTE ULIVO CONF. PZ 200 - OGGETTI', 1, -1, 8.50, 6.97, 22, 1, '0', 8.50),
(6000, 7211, 1941, 'CERO PASQUALE - 80 X 100 - DIPINTO', 1, -1, 130.00, 106.56, 22, 1, '0', 130.00),
(6001, 7211, 9130, 'ROSARIO LEGNO 5 COL. GRANO OVALE - 20492', 12, -12, 1.00, 0.82, 22, 1, '0', 12.00),
(6002, 7211, 4223, 'FOGLIETTI LA DOMENICA SAN PAOLO', 40, -40, 0.56, 0.56, 0, 4, '0', 22.40),
(6003, 7211, 8834, 'RC CROSS SUPPORTI X CANDELE - CROS - OGGETTI', 2, -2, 6.00, 4.92, 22, 1, '0', 12.00),
(6004, 7211, 0, 'PATENA CM 25', 1, -1, 80.00, 80.00, 0, 0, '0', 80.00),
(6005, 7211, 13753, 'RISORTO CM 85 OCCHI IN VETRO', 1, -1, 580.00, 475.41, 22, 1, '0', 580.00),
(6006, 7211, 7427, 'PALLA IN COTONE GRANDE - OGGETTI', 1, -1, 18.00, 14.75, 22, 1, '0', 18.00),
(6007, 7211, 7703, 'PASSIONE DI NOSTRO SIGNORE', 1, -1, 7.50, 7.50, 0, 4, '10', 6.75),
(6008, 7211, 8373, 'PREGHIERE EUCARISTICHE', 1, -1, 4.00, 4.00, 0, 4, '10', 3.60),
(6009, 7211, 10730, 'TRIDUO PASQUALE', 1, -1, 3.00, 3.00, 0, 4, '10', 2.70),
(6010, 7211, 9943, 'SETTIMANA SANTA', 1, -1, 6.00, 6.00, 0, 4, '10', 5.40),
(6011, 7211, 2761, 'CORONA DI CENTO REQUIEM', 2, -2, 1.50, 1.50, 0, 4, '10', 2.70),
(6012, 7211, 13648, 'BIOTESTAMENTO', 1, -1, 0.90, 0.90, 0, 4, '0', 0.90),
(6013, 7211, 5218, 'INCENSO IN GRANI OLIBANO - KG 1', 1, -1, 23.00, 18.85, 22, 1, '0', 23.00),
(6014, 7211, 9804, 'SEGNALIBRO RISURREZIONE - 110', 100, -100, 0.12, 0.10, 22, 1, '0', 12.00),
(6015, 7211, 1622, 'CANDELE VOTIVE 14X27 KG 10', 1, -1, 40.00, 32.79, 22, 1, '0', 40.00),
(6016, 7211, 7419, 'PAGELLA A TRE PAGINE - NOVENA ALLA DIVINA MISERICORDIA', 200, -200, 0.15, 0.12, 22, 1, '0', 30.00),
(6017, 7211, 9946, 'SETTIMANA SANTA - SETTIMANA SANTA', 1, -1, 7.00, 7.00, 0, 4, '10', 6.30),
(6018, 7211, 11103, 'VANGELO E ATTI DEGLI APOSTOLI - TASC.', 10, -10, 1.28, 1.28, 0, 4, '0', 12.80),
(6019, 7211, 11151, 'VARIE coroncina misericordioso', 800, -800, 0.10, 0.10, 0, 4, '0', 80.00),
(6020, 7211, 9217, 'S. GIUSEPPE - 32 - OGGETTI', 3, -3, 3.50, 2.87, 22, 1, '0', 10.50),
(6021, 7211, 12120, 'BOTTIGLIE PER ACQUA BENEDETTA - CONF. 100PZ', 5, -5, 20.00, 16.39, 22, 1, '0', 100.00),
(6022, 7211, 3754, 'ECCE HOMO - 202BIS', 1, -1, 3.50, 2.87, 22, 1, '0', 3.50),
(6023, 7211, 4962, 'IMMAGINE ECCE HOMO - OGGETTI', 1, -1, 3.50, 2.87, 22, 1, '0', 3.50),
(6024, 7211, 8928, 'RESURREZIONE - 353 - OGGETTI', 2, -2, 3.50, 2.87, 22, 1, '0', 7.00),
(6025, 7211, 4986, 'IMMAGINE RISURREZIONE - 205', 2, -2, 3.50, 2.87, 22, 1, '0', 7.00),
(6026, 7211, 4961, 'IMMAGINE DOMENICA DELLE PALME - 207', 3, -3, 3.50, 2.87, 22, 1, '0', 10.50),
(6027, 7211, 7308, 'OSTIA MAGNA - OM 50', 5, -5, 3.00, 2.88, 4, 3, '0', 15.00),
(6028, 7211, 7673, 'PARTICOLE MM38', 6, -6, 2.70, 2.60, 4, 3, '0', 16.20),
(6029, 7211, 7308, 'OSTIA MAGNA - OM 50', 1, -1, 4.50, 4.33, 4, 3, '0', 4.50),
(6030, 7211, 1430, 'BUSTE ULIVO CONF. PZ 200 - OGGETTI', 1, -1, 8.50, 6.97, 22, 1, '0', 8.50),
(6031, 7211, 1941, 'CERO PASQUALE - 80 X 100 - DIPINTO', 1, -1, 130.00, 106.56, 22, 1, '0', 130.00),
(6032, 7211, 9130, 'ROSARIO LEGNO 5 COL. GRANO OVALE - 20492', 12, -12, 1.00, 0.82, 22, 1, '0', 12.00),
(6033, 7211, 4223, 'FOGLIETTI LA DOMENICA SAN PAOLO', 40, -40, 0.56, 0.56, 0, 4, '0', 22.40),
(6034, 7211, 8834, 'RC CROSS SUPPORTI X CANDELE - CROS - OGGETTI', 2, -2, 6.00, 4.92, 22, 1, '0', 12.00),
(6035, 7211, 0, 'PATENA CM 25', 1, -1, 80.00, 80.00, 0, 0, '0', 80.00),
(6036, 7211, 13753, 'RISORTO CM 85 OCCHI IN VETRO', 1, -1, 580.00, 475.41, 22, 1, '0', 580.00),
(6037, 7211, 7427, 'PALLA IN COTONE GRANDE - OGGETTI', 1, -1, 18.00, 14.75, 22, 1, '0', 18.00),
(6038, 7211, 7703, 'PASSIONE DI NOSTRO SIGNORE', 1, -1, 7.50, 7.50, 0, 4, '10', 6.75),
(6039, 7211, 8373, 'PREGHIERE EUCARISTICHE', 1, -1, 4.00, 4.00, 0, 4, '10', 3.60),
(6040, 7211, 10730, 'TRIDUO PASQUALE', 1, -1, 3.00, 3.00, 0, 4, '10', 2.70),
(6041, 7211, 9943, 'SETTIMANA SANTA', 1, -1, 6.00, 6.00, 0, 4, '10', 5.40),
(6042, 7211, 2761, 'CORONA DI CENTO REQUIEM', 2, -2, 1.50, 1.50, 0, 4, '10', 2.70),
(6043, 7211, 13648, 'BIOTESTAMENTO', 1, -1, 0.90, 0.90, 0, 4, '0', 0.90),
(6044, 7211, 5218, 'INCENSO IN GRANI OLIBANO - KG 1', 1, -1, 23.00, 18.85, 22, 1, '0', 23.00),
(6045, 7211, 9804, 'SEGNALIBRO RISURREZIONE - 110', 100, -100, 0.12, 0.10, 22, 1, '0', 12.00),
(6046, 7211, 1622, 'CANDELE VOTIVE 14X27 KG 10', 1, -1, 40.00, 32.79, 22, 1, '0', 40.00),
(6047, 7211, 7419, 'PAGELLA A TRE PAGINE - NOVENA ALLA DIVINA MISERICORDIA', 200, -200, 0.15, 0.12, 22, 1, '0', 30.00),
(6048, 7211, 9946, 'SETTIMANA SANTA - SETTIMANA SANTA', 1, -1, 7.00, 7.00, 0, 4, '10', 6.30),
(6049, 7211, 11103, 'VANGELO E ATTI DEGLI APOSTOLI - TASC.', 10, -10, 1.28, 1.28, 0, 4, '0', 12.80),
(6050, 7211, 11151, 'VARIE coroncina misericordioso', 800, -800, 0.10, 0.10, 0, 4, '0', 80.00),
(6051, 7211, 10419, 'SUPPLICA ALLA REGINA DEL SS. ROSARIO', 500, -500, 0.10, 0.08, 22, 1, '0', 50.00),
(6052, 7211, 7075, 'NOSTRA SIGNORA DEL ROSARIO DI POMPEI - 125BIS - OGGETTI', 2, -2, 3.50, 2.87, 22, 1, '0', 7.00),
(6053, 7211, 12533, 'NOSTRA SIGNORA DI FATIMA - 157', 2, -2, 3.50, 2.87, 22, 1, '0', 7.00),
(6054, 7211, 13090, 'CONTEMPLARE CON MARIA IL VOLTO DI CRISTO', 1, -1, 2.00, 2.00, 0, 4, '10', 1.80),
(6055, 7211, 13086, 'VENTI SABATI', 1, -1, 5.00, 5.00, 0, 4, '10', 4.50),
(6056, 7211, 13588, 'AMEN - MAG. 2018', 2, -2, 3.90, 3.90, 0, 4, '10', 7.02),
(6057, 7211, 13774, 'AMEN - GIU. 2018', 2, -2, 3.90, 3.90, 0, 4, '10', 7.02),
(6058, 7211, 13887, 'AMEN - LUG. 2018', 2, -2, 3.90, 3.90, 0, 4, '10', 7.02),
(6059, 7211, 13771, 'PREGHIERE A MARIA', 1, -1, 7.00, 7.00, 0, 4, '10', 6.30),
(6083, 7497, 13749, 'TUNICA SVASATA COLLETTO LISTINO', 12, -12, 40.00, 32.79, 22, 1, '0', 480.00),
(6084, 7497, 362, 'ALBUM 20X25 C/FINEST. BATTESIMO BIANCO****', 1, -1, 35.70, 29.26, 22, 1, '0', 35.70),
(6085, 7497, 7308, 'OSTIA MAGNA - OM 50', 3, -3, 3.00, 2.88, 4, 3, '0', 9.00),
(6086, 7497, 7673, 'PARTICOLE MM38', 3, -3, 2.70, 2.60, 4, 3, '0', 8.10),
(6087, 7497, 7352, 'PADRE NOSTRO ITALIANO BLU -MY PNIT06 60', 1, -1, 39.00, 31.97, 22, 1, '0', 39.00),
(6088, 7497, 791, 'ASSISI IN BUSTA BATTESIMO - 20X270 - BAAS', 20, -20, 1.20, 0.98, 22, 1, '0', 24.00),
(6089, 7497, 13832, 'GAUDETE ET EXSULTATE', 1, -1, 5.00, 5.00, 0, 4, '0', 5.00),
(6090, 7497, 11389, 'VINO ROSSO DOLCE - 103', 6, -6, 6.50, 5.33, 22, 1, '0', 39.00),
(6091, 7497, 379, 'ALBUM RIGHE ROSA', 1, -1, 21.00, 17.21, 22, 1, '0', 21.00),
(6092, 7497, 13505, 'CELEBRIAMO IL SACRAMENTO DEL PERDONO', 15, -15, 0.50, 0.41, 22, 1, '0', 7.50),
(6093, 7497, 13878, 'GAUDETE ET EXSULTATE', 2, -2, 1.50, 1.50, 0, 4, '0', 3.00),
(6094, 7497, 13103, 'BRACCIALE BAMBOO - CY B 774', 5, -5, 1.00, 0.82, 22, 1, '0', 5.00),
(6095, 7497, 2068, 'CINGOLO CON NODI BIANCO', 2, -2, 1.50, 1.23, 22, 1, '0', 3.00),
(6096, 7497, 13552, 'CROCE COMUNIONE CON LACCIO - 1319', 12, -12, 1.70, 1.39, 22, 1, '0', 20.40),
(6097, 7497, 2068, 'CINGOLO CON NODI BIANCO', 10, -10, 1.50, 1.23, 22, 1, '100', 0.00),
(6098, 7497, 7314, 'OVALE ANGELO DI DIO - PF4001', 1, -1, 24.00, 19.67, 22, 1, '0', 24.00),
(6114, 7211, 9217, 'S. GIUSEPPE - 32 - OGGETTI', 3, -3, 3.50, 2.87, 22, 1, '0', 10.50),
(6115, 7211, 12120, 'BOTTIGLIE PER ACQUA BENEDETTA - CONF. 100PZ', 5, -5, 20.00, 16.39, 22, 1, '0', 100.00),
(6116, 7211, 3754, 'ECCE HOMO - 202BIS', 1, -1, 3.50, 2.87, 22, 1, '0', 3.50),
(6117, 7211, 4962, 'IMMAGINE ECCE HOMO - OGGETTI', 1, -1, 3.50, 2.87, 22, 1, '0', 3.50),
(6118, 7211, 8928, 'RESURREZIONE - 353 - OGGETTI', 2, -2, 3.50, 2.87, 22, 1, '0', 7.00),
(6119, 7211, 4986, 'IMMAGINE RISURREZIONE - 205', 2, -2, 3.50, 2.87, 22, 1, '0', 7.00),
(6120, 7211, 4961, 'IMMAGINE DOMENICA DELLE PALME - 207', 3, -3, 3.50, 2.87, 22, 1, '0', 10.50),
(6121, 7211, 7308, 'OSTIA MAGNA - OM 50', 5, -5, 3.00, 2.88, 4, 3, '0', 15.00),
(6122, 7211, 7673, 'PARTICOLE MM38', 6, -6, 2.70, 2.60, 4, 3, '0', 16.20),
(6123, 7211, 7308, 'OSTIA MAGNA - OM 50', 1, -1, 4.50, 4.33, 4, 3, '0', 4.50),
(6124, 7211, 1430, 'BUSTE ULIVO CONF. PZ 200 - OGGETTI', 1, -1, 8.50, 6.97, 22, 1, '0', 8.50),
(6125, 7211, 1941, 'CERO PASQUALE - 80 X 100 - DIPINTO', 1, -1, 130.00, 106.56, 22, 1, '0', 130.00),
(6126, 7211, 9130, 'ROSARIO LEGNO 5 COL. GRANO OVALE - 20492', 12, -12, 1.00, 0.82, 22, 1, '0', 12.00),
(6127, 7211, 4223, 'FOGLIETTI LA DOMENICA SAN PAOLO', 40, -40, 0.56, 0.56, 0, 4, '0', 22.40),
(6128, 7211, 8834, 'RC CROSS SUPPORTI X CANDELE - CROS - OGGETTI', 2, -2, 6.00, 4.92, 22, 1, '0', 12.00),
(6129, 7211, 0, 'PATENA CM 25', 1, -1, 80.00, 80.00, 0, 0, '0', 80.00),
(6130, 7211, 13753, 'RISORTO CM 85 OCCHI IN VETRO', 1, -1, 580.00, 475.41, 22, 1, '0', 580.00),
(6131, 7211, 7427, 'PALLA IN COTONE GRANDE - OGGETTI', 1, -1, 18.00, 14.75, 22, 1, '0', 18.00),
(6132, 7211, 7703, 'PASSIONE DI NOSTRO SIGNORE', 1, -1, 7.50, 7.50, 0, 4, '10', 6.75),
(6133, 7211, 8373, 'PREGHIERE EUCARISTICHE', 1, -1, 4.00, 4.00, 0, 4, '10', 3.60),
(6134, 7211, 10730, 'TRIDUO PASQUALE', 1, -1, 3.00, 3.00, 0, 4, '10', 2.70),
(6135, 7211, 9943, 'SETTIMANA SANTA', 1, -1, 6.00, 6.00, 0, 4, '10', 5.40),
(6136, 7211, 2761, 'CORONA DI CENTO REQUIEM', 2, -2, 1.50, 1.50, 0, 4, '10', 2.70),
(6137, 7211, 13648, 'BIOTESTAMENTO', 1, -1, 0.90, 0.90, 0, 4, '0', 0.90),
(6138, 7211, 5218, 'INCENSO IN GRANI OLIBANO - KG 1', 1, -1, 23.00, 18.85, 22, 1, '0', 23.00),
(6139, 7211, 9804, 'SEGNALIBRO RISURREZIONE - 110', 100, -100, 0.12, 0.10, 22, 1, '0', 12.00),
(6140, 7211, 1622, 'CANDELE VOTIVE 14X27 KG 10', 1, -1, 40.00, 32.79, 22, 1, '0', 40.00),
(6141, 7211, 7419, 'PAGELLA A TRE PAGINE - NOVENA ALLA DIVINA MISERICORDIA', 200, -200, 0.15, 0.12, 22, 1, '0', 30.00),
(6142, 7211, 9946, 'SETTIMANA SANTA - SETTIMANA SANTA', 1, -1, 7.00, 7.00, 0, 4, '10', 6.30),
(6143, 7211, 11103, 'VANGELO E ATTI DEGLI APOSTOLI - TASC.', 10, -10, 1.28, 1.28, 0, 4, '0', 12.80),
(6144, 7211, 11151, 'VARIE coroncina misericordioso', 800, -800, 0.10, 0.10, 0, 4, '0', 80.00),
(6145, 7211, 10419, 'SUPPLICA ALLA REGINA DEL SS. ROSARIO', 500, -500, 0.10, 0.08, 22, 1, '0', 50.00),
(6146, 7211, 7075, 'NOSTRA SIGNORA DEL ROSARIO DI POMPEI - 125BIS - OGGETTI', 2, -2, 3.50, 2.87, 22, 1, '0', 7.00),
(6147, 7211, 12533, 'NOSTRA SIGNORA DI FATIMA - 157', 2, -2, 3.50, 2.87, 22, 1, '0', 7.00),
(6148, 7211, 13090, 'CONTEMPLARE CON MARIA IL VOLTO DI CRISTO', 1, -1, 2.00, 2.00, 0, 4, '10', 1.80),
(6149, 7211, 13086, 'VENTI SABATI', 1, -1, 5.00, 5.00, 0, 4, '10', 4.50),
(6150, 7211, 13588, 'AMEN - MAG. 2018', 2, -2, 3.90, 3.90, 0, 4, '10', 7.02),
(6151, 7211, 13774, 'AMEN - GIU. 2018', 2, -2, 3.90, 3.90, 0, 4, '10', 7.02),
(6152, 7211, 13887, 'AMEN - LUG. 2018', 2, -2, 3.90, 3.90, 0, 4, '10', 7.02),
(6153, 7211, 13771, 'PREGHIERE A MARIA', 1, -1, 7.00, 7.00, 0, 4, '10', 6.30),
(6154, 7211, 13882, 'GAUDETE ET EXSULTATE', 1, -1, 2.00, 2.00, 0, 4, '10', 1.80),
(6155, 7211, 9130, 'ROSARIO LEGNO 5 COL. GRANO OVALE - 20492', 24, -24, 1.00, 0.82, 22, 1, '0', 24.00),
(6177, 7600, 11152, 'VARIE - OSTIE - PARTICOLE', 1, -1, 1.50, 1.44, 4, 3, '0', 1.50),
(6178, 7600, 11151, 'VARIE', 1, -1, 2.70, 2.70, 0, 4, '0', 2.70),
(6179, 7600, 11384, 'VINO BIANCO DOLCE - 102', 1, -1, 6.50, 5.33, 22, 1, '0', 6.50),
(6180, 7750, 11151, 'VARIE', 1, -1, 1.20, 1.20, 0, 4, '0', 1.20),
(6181, 7750, 13777, 'SULLA TUA PAROLA - MAG/GIU 2018', 3, -3, 4.00, 4.00, 0, 4, '10', 10.80),
(6183, 7709, 9112, 'ROSARIO FRANCESCANO - GRANI PICCOLI - 1535', 1, -1, 3.00, 2.46, 22, 1, '0', 3.00),
(6184, 7709, 7202, 'OGGETTISTICA VARIA - OGGETTI', 2, -2, 1.50, 1.23, 22, 1, '0', 3.00),
(6185, 7709, 13878, 'GAUDETE ET EXSULTATE', 3, -3, 1.50, 1.50, 0, 4, '10', 4.05),
(6186, 7497, 13749, 'TUNICA SVASATA COLLETTO LISTINO', 12, -12, 40.00, 32.79, 22, 1, '0', 480.00),
(6187, 7497, 362, 'ALBUM 20X25 C/FINEST. BATTESIMO BIANCO****', 1, -1, 35.70, 29.26, 22, 1, '0', 35.70),
(6188, 7497, 7308, 'OSTIA MAGNA - OM 50', 3, -3, 3.00, 2.88, 4, 3, '0', 9.00),
(6189, 7497, 7673, 'PARTICOLE MM38', 3, -3, 2.70, 2.60, 4, 3, '0', 8.10),
(6190, 7497, 7352, 'PADRE NOSTRO ITALIANO BLU -MY PNIT06 60', 1, -1, 39.00, 31.97, 22, 1, '0', 39.00),
(6191, 7497, 791, 'ASSISI IN BUSTA BATTESIMO - 20X270 - BAAS', 20, -20, 1.20, 0.98, 22, 1, '0', 24.00),
(6192, 7497, 13832, 'GAUDETE ET EXSULTATE', 1, -1, 5.00, 5.00, 0, 4, '0', 5.00),
(6193, 7497, 11389, 'VINO ROSSO DOLCE - 103', 6, -6, 6.50, 5.33, 22, 1, '0', 39.00),
(6194, 7497, 379, 'ALBUM RIGHE ROSA', 1, -1, 21.00, 17.21, 22, 1, '0', 21.00),
(6195, 7497, 13505, 'CELEBRIAMO IL SACRAMENTO DEL PERDONO', 15, -15, 0.50, 0.41, 22, 1, '0', 7.50),
(6196, 7497, 13878, 'GAUDETE ET EXSULTATE', 2, -2, 1.50, 1.50, 0, 4, '0', 3.00),
(6197, 7497, 13103, 'BRACCIALE BAMBOO - CY B 774', 5, -5, 1.00, 0.82, 22, 1, '0', 5.00),
(6198, 7497, 2068, 'CINGOLO CON NODI BIANCO', 2, -2, 1.50, 1.23, 22, 1, '0', 3.00),
(6199, 7497, 13552, 'CROCE COMUNIONE CON LACCIO - 1319', 12, -12, 1.70, 1.39, 22, 1, '0', 20.40),
(6200, 7497, 2068, 'CINGOLO CON NODI BIANCO', 10, -10, 1.50, 1.23, 22, 1, '100', 0.00),
(6201, 7497, 7314, 'OVALE ANGELO DI DIO - PF4001', 1, -1, 24.00, 19.67, 22, 1, '0', 24.00),
(6202, 7497, 13504, 'SACRAMENTO DELLA RICONCILIAZIONE RAGAZZI', 20, -20, 0.30, 0.25, 22, 1, '0', 6.00),
(6217, 7857, 11592, 'YOUCAT', 15, -15, 12.99, 12.99, 0, 4, '10', 175.37),
(6218, 7857, 11151, 'VARIE - PERGAMENE', 16, -16, 0.50, 0.50, 0, 4, '20', 6.40),
(6220, 7754, 1709, 'CARBONCINI LITURGICI', 1, -1, 10.00, 8.20, 22, 1, '0', 10.00),
(6221, 7754, 1914, 'CERA DELLA LITURGIA', 12, -12, 3.50, 2.87, 22, 1, '0', 42.00),
(6222, 7754, 1914, 'CERA DELLA LITURGIA', 1, -1, 3.50, 2.87, 22, 1, '100', 0.00),
(6223, 7754, 7673, 'PARTICOLE MM38', 5, -5, 2.70, 2.60, 4, 3, '0', 13.50),
(6224, 7754, 11384, 'VINO BIANCO DOLCE - 102', 6, -6, 6.50, 5.33, 22, 1, '0', 39.00),
(6225, 7754, 1061, 'BENEDIZIONI - VERGINE DELLA TENEREZZA', 400, -400, 0.15, 0.12, 22, 1, '20', 48.00),
(6227, 7811, 2439, 'COLORO I SANTI', 1, -1, 4.90, 4.90, 0, 4, '10', 4.41),
(6228, 7811, 13548, 'CONFEZIONE BRACCIALE CRESIMA - 2357/99', 1, -1, 2.50, 2.05, 22, 1, '0', 2.50),
(6229, 7811, 13701, 'VENITE E VEDRETE - P. CURTAZ', 1, -1, 8.00, 8.00, 0, 4, '10', 7.20),
(6230, 7811, 7202, 'OGGETTISTICA VARIA - OGGETTI', 1, -1, 1.00, 0.82, 22, 1, '0', 1.00),
(6231, 7811, 11151, 'VARIE', 1, -1, 14.90, 14.90, 0, 4, '0', 14.90),
(6234, 7735, 13478, 'QUANDO PREGATE DITE: PADRE NOSTRO ... - F. CRISTOFARO', 1, -1, 1.20, 1.20, 0, 4, '0', 1.20),
(6235, 7811, 2439, 'COLORO I SANTI', 1, -1, 4.90, 4.90, 0, 4, '10', 4.41),
(6236, 7811, 13548, 'CONFEZIONE BRACCIALE CRESIMA - 2357/99', 1, -1, 2.50, 2.05, 22, 1, '0', 2.50),
(6237, 7811, 13701, 'VENITE E VEDRETE - P. CURTAZ', 1, -1, 8.00, 8.00, 0, 4, '10', 7.20),
(6238, 7811, 7202, 'OGGETTISTICA VARIA - OGGETTI', 1, -1, 1.00, 0.82, 22, 1, '0', 1.00),
(6239, 7811, 11151, 'VARIE', 1, -1, 11.30, 11.30, 0, 4, '0', 11.30),
(6240, 7811, 13777, 'SULLA TUA PAROLA - MAG/GIU 2018', 1, -1, 4.00, 4.00, 0, 4, '10', 3.60),
(6241, 7686, 11151, 'VARIE', 1, -1, 24.80, 24.80, 0, 4, '0', 24.80),
(6242, 7686, 13777, 'SULLA TUA PAROLA - MAG/GIU 2018', 7, -7, 4.00, 4.00, 0, 4, '10', 25.20),
(6244, 7832, 8933, 'RICAMBIO AMP. 200CC - 22', 1, -1, 7.00, 5.74, 22, 1, '0', 7.00),
(6245, 7832, 10444, 'TAPPI RICAMBIO - ORO - OGGETTI', 1, -1, 6.00, 4.92, 22, 1, '0', 6.00),
(6246, 7832, 1914, 'CERA DELLA LITURGIA', 1, -1, 3.50, 2.87, 22, 1, '0', 3.50),
(6247, 7697, 7202, 'OGGETTISTICA VARIA - OGGETTI', 1, -1, 65.00, 53.28, 22, 1, '0', 65.00),
(6248, 7832, 11159, 'VASSOIO OTTONE E AMPOLLLE 200CC - 522', 1, -1, 16.50, 13.52, 22, 1, '0', 16.50),
(6249, 7534, 13851, 'INNO ALLAMORE - CANTICO DEI CANTICI', 1, -1, 22.00, 22.00, 0, 4, '0', 22.00),
(6250, 7534, 13700, 'PIENA DI GRAZIA - G. SACINO', 1, -1, 5.00, 5.00, 0, 4, '0', 5.00),
(6252, 7697, 7202, 'OGGETTISTICA VARIA - OGGETTI', 1, -1, 27.00, 22.13, 22, 1, '0', 27.00),
(6253, 7697, 11159, 'VASSOIO OTTONE E AMPOLLLE 200CC - 522', 1, -1, 38.00, 31.15, 22, 1, '0', 38.00),
(6255, 7576, 7202, 'OGGETTISTICA VARIA - OGGETTI', 1, -1, 14.50, 11.89, 22, 1, '0', 14.50),
(6256, 7576, 799, 'ASTUCCIO PORTA VIATICO - 64', 1, -1, 60.00, 49.18, 22, 1, '0', 60.00),
(6257, 7576, 11754, 'VINO BIANCO DOLCE - 14,5%', 6, -6, 5.50, 4.51, 22, 1, '0', 33.00),
(6258, 7576, 11264, 'VESTINA BATTESIMALE', 5, -5, 2.50, 2.05, 22, 1, '0', 12.50),
(6259, 7576, 1709, 'CARBONCINI LITURGICI', 1, -1, 10.00, 8.20, 22, 1, '0', 10.00),
(6262, 7730, 12815, 'LIBRO DEI CRESIMATI', 1, -1, 30.40, 24.92, 22, 1, '0', 30.40),
(6263, 7730, 7202, 'OGGETTISTICA VARIA - OGGETTI', 10, -10, 10.00, 8.20, 22, 1, '0', 100.00),
(6264, 7730, 13780, 'RISCOPRIAMO LA BELLEZZA DEL BATTESIMO', 1, -1, 5.00, 5.00, 0, 4, '10', 4.50),
(6265, 7730, 13418, 'AD RESURGENDUM CUM CHRISTO', 1, -1, 5.00, 5.00, 0, 4, '10', 4.50),
(6266, 7730, 9518, 'SAN VINCENZO DE PAOLI - DON D.BERNARDO', 1, -1, 3.50, 3.50, 0, 4, '10', 3.15),
(6267, 7730, 9475, 'SAN MARCO EV. - G.PESENTI', 1, -1, 3.50, 3.50, 0, 4, '10', 3.15),
(6268, 7730, 9472, 'SAN LUCA EV. - F.INNOCENTE', 1, -1, 3.50, 3.50, 0, 4, '10', 3.15),
(6269, 7730, 9479, 'SAN MATTEO APOSTOLO ED EVANGELISTA', 1, -1, 3.50, 3.50, 0, 4, '10', 3.15),
(6270, 7730, 9449, 'SAN GIOVANNI AP. ED EVANGELISTA - A. GOVERNALE', 1, -1, 3.50, 3.50, 0, 4, '10', 3.15),
(6271, 7730, 9487, 'SAN MICHELE ARCANGELO - F.INNOCENTE', 1, -1, 3.50, 3.50, 0, 4, '10', 3.15),
(6272, 7730, 6744, 'MISERICORDIA ET MISERA', 1, -1, 1.90, 1.90, 0, 4, '0', 1.90),
(6273, 7730, 7217, 'OLIO DI NARDO NATURALE - 1079/103ITA', 1, -1, 5.50, 4.51, 22, 1, '0', 5.50),
(6277, 705, 11384, 'VINO BIANCO DOLCE - 102', 12, -12, 6.50, 5.33, 22, 1, '0', 78.00),
(6278, 705, 9020, 'RITO DELLE ESEQUIE NE - MIN', 1, -1, 27.00, 27.00, 0, 5, '10', 24.30),
(6279, 705, 7308, 'OSTIA MAGNA - OM 50', 5, -5, 3.00, 2.88, 4, 3, '0', 15.00),
(6280, 705, 7673, 'PARTICOLE MM38', 10, -10, 2.70, 2.60, 4, 3, '0', 27.00),
(6281, 705, 7674, 'PARTICOLE SENZA GLUTINE', 1, -1, 5.50, 5.29, 4, 3, '0', 5.50),
(6282, 705, 11863, 'MESSAGGIO PER LA QUARESIMA 2017', 3, -3, 3.00, 3.00, 0, 4, '10', 8.10),
(6283, 705, 6590, 'MEZZO VETRO ROSSO RUBINO - VKINGS2', 2, -2, 5.00, 4.10, 22, 1, '0', 10.00),
(6284, 705, 2553, 'COMUNIONE AGLI INFERMI', 1, -1, 1.15, 1.15, 0, 4, '', 1.15),
(6285, 705, 11105, 'VANGELO E ATTI DEGLI APOSTOLI PER OCCASIONI', 100, -100, 1.45, 1.45, 0, 4, '0', 145.00),
(6292, 1435, 11384, 'VINO BIANCO DOLCE - 102', 6, -6, 6.50, 5.33, 22, 1, '0', 39.00),
(6293, 1435, 7673, 'PARTICOLE MM38', 10, -10, 2.70, 2.60, 4, 3, '0', 27.00),
(6294, 1435, 11152, 'VARIE - OSTIE - PARTICOLE', 10, -10, 1.50, 1.44, 4, 3, '0', 15.00),
(6295, 1435, 11264, 'VESTINA BATTESIMALE', 2, -2, 1.50, 1.23, 22, 1, '0', 3.00),
(6296, 1435, 11264, 'VESTINA BATTESIMALE', 1, -1, 1.00, 0.82, 22, 1, '0', 1.00),
(6299, 2159, 7673, 'PARTICOLE MM38', 10, -10, 2.70, 2.60, 4, 3, '0', 27.00),
(6300, 2159, 11152, 'VARIE - OSTIE - PARTICOLE', 6, -6, 1.50, 1.44, 4, 3, '0', 9.00),
(6302, 2451, 12045, 'CONFEZIONE CON CARTONCINO CON CROCE - 2342/J44', 30, -30, 2.50, 2.05, 22, 1, '0', 75.00),
(6303, 2451, 5207, 'INCENSO BALSAMO GR 150', 1, -1, 8.50, 6.97, 22, 1, '0', 8.50),
(6304, 2451, 1709, 'CARBONCINI LITURGICI', 2, -2, 10.00, 8.20, 22, 1, '0', 20.00),
(6305, 2451, 1710, 'CARBONCINI PER TURIBOLO BIANCHI - PZ 120', 1, -1, 13.00, 10.66, 22, 1, '0', 13.00),
(6306, 2451, 12202, 'VETRO ANTIVENTO PER F. CAND. DIAM. 4 - 73/40', 2, -2, 16.00, 13.11, 22, 1, '0', 32.00),
(6307, 2451, 7327, 'PADRE CI PRO-VOCA', 5, -5, 1.10, 1.10, 0, 4, '0', 5.50),
(6308, 2451, 7673, 'PARTICOLE MM38', 10, -10, 2.70, 2.60, 4, 3, '0', 27.00),
(6309, 2451, 1783, 'CASULA RICAMATA  - CSNCLA05', 2, -2, 80.00, 65.57, 22, 1, '0', 160.00),
(6310, 2451, 1783, 'CASULA RICAMATA  - CSNCLA05', 1, -1, 59.00, 48.36, 22, 1, '0', 59.00),
(6311, 7497, 13749, 'TUNICA SVASATA COLLETTO LISTINO', 12, -12, 40.00, 32.79, 22, 1, '0', 480.00),
(6312, 7497, 362, 'ALBUM 20X25 C/FINEST. BATTESIMO BIANCO****', 1, -1, 35.70, 29.26, 22, 1, '0', 35.70),
(6313, 7497, 7308, 'OSTIA MAGNA - OM 50', 3, -3, 3.00, 2.88, 4, 3, '0', 9.00),
(6314, 7497, 7673, 'PARTICOLE MM38', 3, -3, 2.70, 2.60, 4, 3, '0', 8.10),
(6315, 7497, 7352, 'PADRE NOSTRO ITALIANO BLU -MY PNIT06 60', 1, -1, 39.00, 31.97, 22, 1, '0', 39.00),
(6316, 7497, 791, 'ASSISI IN BUSTA BATTESIMO - 20X270 - BAAS', 20, -20, 1.20, 0.98, 22, 1, '0', 24.00),
(6317, 7497, 13832, 'GAUDETE ET EXSULTATE', 1, -1, 5.00, 5.00, 0, 4, '0', 5.00),
(6318, 7497, 11389, 'VINO ROSSO DOLCE - 103', 6, -6, 6.50, 5.33, 22, 1, '0', 39.00),
(6319, 7497, 379, 'ALBUM RIGHE ROSA', 1, -1, 21.00, 17.21, 22, 1, '0', 21.00),
(6320, 7497, 13505, 'CELEBRIAMO IL SACRAMENTO DEL PERDONO', 15, -15, 0.50, 0.41, 22, 1, '0', 7.50),
(6321, 7497, 13878, 'GAUDETE ET EXSULTATE', 2, -2, 1.50, 1.50, 0, 4, '0', 3.00),
(6322, 7497, 13103, 'BRACCIALE BAMBOO - CY B 774', 5, -5, 1.00, 0.82, 22, 1, '0', 5.00),
(6323, 7497, 2068, 'CINGOLO CON NODI BIANCO', 2, -2, 1.50, 1.23, 22, 1, '0', 3.00),
(6324, 7497, 13552, 'CROCE COMUNIONE CON LACCIO - 1319', 12, -12, 1.70, 1.39, 22, 1, '0', 20.40),
(6325, 7497, 2068, 'CINGOLO CON NODI BIANCO', 10, -10, 1.50, 1.23, 22, 1, '100', 0.00),
(6326, 7497, 7314, 'OVALE ANGELO DI DIO - PF4001', 1, -1, 24.00, 19.67, 22, 1, '0', 24.00),
(6327, 7497, 13504, 'SACRAMENTO DELLA RICONCILIAZIONE RAGAZZI', 20, -20, 0.30, 0.25, 22, 1, '0', 6.00),
(6328, 7497, 7218, 'OLIO DI NARDO ROSA - 1079/101ITA', 9, -9, 5.50, 4.51, 22, 1, '0', 49.50),
(6342, 7777, 13657, 'CALICE LEGNO h 18', 1, -1, 0.00, 0.00, 22, 1, '0', 0.00),
(6343, 7777, 7731, 'PATENA CM 16', 1, -1, 0.00, 0.00, 22, 1, '0', 0.00),
(6345, 7534, 13851, 'INNO ALLAMORE - CANTICO DEI CANTICI', 1, -1, 22.00, 22.00, 0, 4, '0', 22.00),
(6346, 7534, 13700, 'PIENA DI GRAZIA - G. SACINO', 1, -1, 5.00, 5.00, 0, 4, '0', 5.00),
(6347, 7534, 13887, 'AMEN - LUG. 2018', 1, -1, 3.90, 3.90, 0, 4, '0', 3.90),
(6348, 7534, 13774, 'AMEN - GIU. 2018', 1, -1, 3.90, 3.90, 0, 4, '0', 3.90),
(6349, 7534, 3561, 'DISCORSO DELLA MONTAGNA DONO DEL PADRE', 1, -1, 19.00, 19.00, 0, 4, '0', 19.00),
(6352, 7953, 12042, 'CROCE IN RESINA EFFETTO PIETRA - 2876/G52', 10, -10, 1.60, 1.31, 22, 1, '0', 16.00),
(6353, 7953, 13540, 'ANGELO RESINA CON CUORE - 4202', 18, -18, 8.00, 6.56, 22, 1, '0', 144.00),
(6355, 7953, 7202, 'OGGETTISTICA VARIA - OGGETTI', 1, -1, 16.00, 13.11, 22, 1, '0', 16.00),
(6356, 7953, 13540, 'ANGELO RESINA CON CUORE - 4202', 18, -18, 8.00, 6.56, 22, 1, '0', 144.00),
(6358, 7846, 13607, 'OROLOGIO DA APPOGGIO 21X20', 1, -1, 25.00, 20.49, 22, 1, '0', 25.00),
(6359, 7754, 1709, 'CARBONCINI LITURGICI', 1, -1, 10.00, 8.20, 22, 1, '0', 10.00),
(6360, 7754, 1914, 'CERA DELLA LITURGIA', 12, -12, 3.50, 2.87, 22, 1, '0', 42.00),
(6361, 7754, 1914, 'CERA DELLA LITURGIA', 1, -1, 3.50, 2.87, 22, 1, '100', 0.00),
(6362, 7754, 7673, 'PARTICOLE MM38', 5, -5, 2.70, 2.60, 4, 3, '0', 13.50),
(6363, 7754, 11384, 'VINO BIANCO DOLCE - 102', 6, -6, 6.50, 5.33, 22, 1, '0', 39.00),
(6364, 7754, 1061, 'BENEDIZIONI - VERGINE DELLA TENEREZZA', 400, -400, 0.15, 0.12, 22, 1, '20', 48.00),
(6366, 7772, 6691, 'MIO BATTESIMO', 5, -5, 1.90, 1.90, 0, 4, '10', 8.55),
(6367, 7772, 791, 'ASSISI IN BUSTA BATTESIMO - 20X270 - BAAS', 5, -5, 1.20, 0.98, 22, 1, '0', 6.00),
(6368, 7772, 11151, 'VARIE', 1, -1, 80.00, 80.00, 0, 4, '0', 80.00),
(6369, 7772, 11858, 'FOGLIETTI LA DOMENICA - LER', 480, -480, 0.03, 0.03, 0, 4, '0', 14.40),
(6370, 7772, 9596, 'SANTA RITA - OGGETTI', 41, -41, 0.10, 0.08, 22, 1, '0', 4.10),
(6371, 7772, 12567, 'CALAMITA S. RITA', 75, -75, 1.00, 0.82, 22, 1, '0', 75.00),
(6372, 7772, 4841, 'HOLY CARD - S. RITA - M0100/S0059', 75, -75, 0.50, 0.41, 22, 1, '0', 37.50),
(6373, 7772, 780, 'ASPERGES MAXI CON CUSTODIA - 700', 2, -2, 35.00, 28.69, 22, 1, '0', 70.00),
(6381, 7772, 6691, 'MIO BATTESIMO', 5, -5, 1.90, 1.90, 0, 4, '10', 8.55),
(6382, 7772, 791, 'ASSISI IN BUSTA BATTESIMO - 20X270 - BAAS', 5, -5, 1.20, 0.98, 22, 1, '0', 6.00),
(6383, 7772, 11151, 'VARIE', 1, -1, 20.00, 20.00, 0, 4, '0', 20.00),
(6384, 7772, 11858, 'FOGLIETTI LA DOMENICA - LER', 2480, -2480, 0.03, 0.03, 0, 4, '0', 74.40),
(6385, 7772, 9596, 'SANTA RITA - OGGETTI', 41, -41, 0.10, 0.08, 22, 1, '0', 4.10),
(6386, 7772, 12567, 'CALAMITA S. RITA', 75, -75, 1.00, 0.82, 22, 1, '0', 75.00),
(6387, 7772, 4841, 'HOLY CARD - S. RITA - M0100/S0059', 75, -75, 0.50, 0.41, 22, 1, '0', 37.50),
(6388, 7772, 780, 'ASPERGES MAXI CON CUSTODIA - 700', 2, -2, 35.00, 28.69, 22, 1, '0', 70.00),
(6396, 7806, 11384, 'VINO BIANCO DOLCE - 102', 2, -2, 6.50, 5.33, 22, 1, '0', 13.00),
(6397, 7806, 7308, 'OSTIA MAGNA - OM 50', 2, -2, 3.00, 2.88, 4, 3, '0', 6.00),
(6398, 7806, 11151, 'VARIE', 1, -1, 16.20, 16.20, 0, 4, '0', 16.20),
(6399, 7806, 13878, 'GAUDETE ET EXSULTATE', 2, -2, 1.50, 1.50, 0, 4, '0', 3.00),
(6403, 7771, 4999, 'IMMAGINE SANTISSIMO SACRAMENTO - 216BIS', 2, -2, 3.50, 2.87, 22, 1, '0', 7.00),
(6404, 7771, 11151, 'VARIE', 1, -1, 20.00, 20.00, 0, 4, '0', 20.00),
(6406, 7918, 1144, 'BIBBIA DI GERUSALEMME - TELATA', 2, -2, 35.00, 35.00, 0, 4, '10', 63.00),
(6407, 7918, 7202, 'OGGETTISTICA VARIA - OGGETTI', 2, -2, 4.50, 3.69, 22, 1, '0', 9.00),
(6408, 7918, 13878, 'GAUDETE ET EXSULTATE', 3, -3, 1.50, 1.50, 0, 4, '0', 4.50),
(6409, 7918, 13882, 'GAUDETE ET EXSULTATE', 2, -2, 2.00, 2.00, 0, 4, '10', 3.60),
(6413, 7928, 7202, 'OGGETTISTICA VARIA - OGGETTI', 1, -1, 15.00, 12.30, 22, 1, '0', 15.00),
(6414, 7534, 13851, 'INNO ALLAMORE - CANTICO DEI CANTICI', 1, -1, 22.00, 22.00, 0, 4, '0', 22.00),
(6415, 7534, 13700, 'PIENA DI GRAZIA - G. SACINO', 1, -1, 5.00, 5.00, 0, 4, '0', 5.00),
(6416, 7534, 13887, 'AMEN - LUG. 2018', 1, -1, 3.90, 3.90, 0, 4, '0', 3.90),
(6417, 7534, 13774, 'AMEN - GIU. 2018', 1, -1, 3.90, 3.90, 0, 4, '0', 3.90),
(6418, 7534, 3561, 'DISCORSO DELLA MONTAGNA DONO DEL PADRE', 1, -1, 19.00, 19.00, 0, 4, '0', 19.00),
(6419, 7534, 13683, 'TUO VOLTO FRATELLO IO CERCO - CD - TONINO BELLO', 1, -1, 9.90, 8.11, 22, 1, '0', 9.90),
(6420, 7534, 13684, 'CIRENEI DELLA GIOIA - CD - TONINO BELLO', 1, -1, 9.90, 8.11, 22, 1, '0', 9.90),
(6421, 7534, 13685, 'TI VOGLIO BENE! - CD - TONINO BELLO', 1, -1, 9.90, 8.11, 22, 1, '0', 9.90),
(6429, 7771, 4999, 'IMMAGINE SANTISSIMO SACRAMENTO - 216BIS', 2, -2, 3.50, 2.87, 22, 1, '0', 7.00),
(6430, 7771, 11151, 'VARIE', 1, -1, 2.90, 2.90, 0, 4, '0', 2.90),
(6431, 7771, 3561, 'DISCORSO DELLA MONTAGNA DONO DEL PADRE', 1, -1, 19.00, 19.00, 0, 4, '10', 17.10),
(6432, 7972, 12042, 'CROCE IN RESINA EFFETTO PIETRA - 2876/G52', 2, -2, 2.50, 2.05, 22, 1, '0', 5.00),
(6433, 7839, 2553, 'COMUNIONE AGLI INFERMI', 1, -1, 1.50, 1.50, 0, 4, '0', 1.50),
(6434, 7839, 7202, 'OGGETTISTICA VARIA - OGGETTI', 2, -2, 1.70, 1.39, 22, 1, '0', 3.40),
(6436, 7872, 13907, 'GLI ANELLI D\'ORO - A. ROSMINI', 1, 1, 14.00, 14.00, 0, 4, '30', 9.80),
(6437, 7872, 13911, 'LIBERI DI EDUCARE - D. PETTI', 1, 1, 12.00, 12.00, 0, 4, '30', 8.40),
(6438, 7872, 13915, 'ICONA E PREGHIERA - A. VACCARELLA', 1, 1, 16.00, 16.00, 0, 4, '33', 10.72),
(6439, 7872, 13917, 'VANELO DI MARCO - S. FAUSTI', 1, 1, 32.00, 32.00, 0, 4, '35', 20.80),
(6440, 7872, 13914, 'BAMBINI A MESSA ANNO C - AAVV', 1, 1, 8.00, 8.00, 0, 4, '33', 5.36),
(6441, 7872, 8350, 'PREGHIERE DEI FEDELI - TEMPI FORTI', 1, 1, 26.00, 26.00, 0, 4, '33', 17.42),
(6442, 7872, 13916, 'GAUDETE ET EXSULTATE', 5, 5, 5.00, 5.00, 0, 4, '33', 16.75),
(6443, 7872, 13913, 'TRE SGUARDI SU MARIA', 1, 1, 7.50, 7.50, 0, 4, '33', 5.03),
(6444, 7872, 13910, 'CIO\' CHE CONTA E\' AMARE - C. CARRETTO', 1, 1, 12.00, 12.00, 0, 4, '30', 8.40),
(6445, 7872, 13909, 'SUI PASSI DI RUT - GUIDA', 1, 1, 16.00, 16.00, 0, 4, '30', 11.20),
(6446, 7872, 13908, 'SUI PASSI DI RUT - QUADERNO', 2, 2, 3.50, 3.50, 0, 4, '30', 4.90),
(6447, 7872, 13912, 'BREVE METODOLOGIA DEL NUOVO TESTAMENTO', 1, 1, 18.00, 18.00, 0, 4, '30', 12.60),
(6451, 7974, 11151, 'VARIE', 1, -1, 12.00, 12.00, 0, 4, '10', 10.80),
(6452, 7967, 10083, 'SOPRACULLA CON STELLA - 1495RO', 1, -1, 3.80, 3.11, 22, 1, '0', 3.80),
(6453, 7967, 13878, 'GAUDETE ET EXSULTATE', 1, -1, 1.50, 1.50, 0, 4, '0', 1.50),
(6454, 7967, 10419, 'SUPPLICA ALLA REGINA DEL SS. ROSARIO', 1, -1, 5.00, 4.10, 22, 1, '0', 5.00),
(6455, 7967, 13103, 'BRACCIALE BAMBOO - CY B 774', 10, -10, 1.00, 0.82, 22, 1, '0', 10.00),
(6456, 7967, 10240, 'STOLA DIACONALE - STD 02 P - OGGETTI', 1, -1, 69.70, 57.13, 22, 1, '0', 69.70),
(6457, 7967, 5082, 'IMMAGINI - VITA 1619-001 + BUSTA - 040', 1, -1, 0.50, 0.41, 22, 1, '100', 0.00),
(6459, 7980, 13657, 'CALICE LEGNO h 18', 1, -1, 220.00, 180.33, 22, 1, '0', 220.00),
(6460, 7980, 13658, 'PATENA IN LEGNO cm 14', 1, -1, 210.00, 172.13, 22, 1, '0', 210.00),
(6461, 7980, 7725, 'PATENA CM 14', 1, -1, 40.00, 32.79, 22, 1, '0', 40.00),
(6462, 7980, 13934, 'CASULA MISTO LANA - 533/PRG', 1, -1, 300.00, 245.90, 22, 1, '0', 300.00),
(6466, 7980, 13657, 'CALICE LEGNO h 18', 1, -1, 220.00, 180.33, 22, 1, '0', 220.00),
(6467, 7980, 13658, 'PATENA IN LEGNO cm 14', 1, -1, 240.00, 196.72, 22, 1, '0', 240.00),
(6468, 7980, 7725, 'PATENA CM 14', 1, -1, 40.00, 32.79, 22, 1, '0', 40.00),
(6469, 7980, 13934, 'CASULA MISTO LANA - 533/PRG', 1, -1, 300.00, 245.90, 22, 1, '0', 300.00),
(6473, 7534, 13685, 'TI VOGLIO BENE! - CD - TONINO BELLO', 1, -1, 9.90, 8.11, 22, 1, '0', 9.90),
(6474, 7985, 7915, 'PERGAMENE - 1A COMUNIONE MOD. D', 130, -130, 0.50, 0.41, 22, 1, '20', 52.00),
(6475, 7985, 8488, 'PRIMA CONFESSIONE E MESSA PRIMA COMUNIONE', 110, -110, 2.10, 2.10, 0, 4, '20', 184.80),
(6477, 7973, 1749, 'CARTUCCIA TRASP. DIAM 5 - 456 - OGGETTI', 1, -1, 11.00, 9.02, 22, 1, '0', 11.00),
(6478, 7492, 13799, 'CROCETTA CONFESSIONE - 2370/J44', 100, 100, 0.90, 0.74, 22, 1, '0', 109.80),
(6479, 7492, 13798, 'CROCETTA PRIMA COMUNIONE - 2370/K131', 100, 100, 0.90, 0.74, 22, 1, '0', 109.80),
(6480, 7492, 13802, 'CROCE IN RESINA - 2885/G52', 48, 48, 0.98, 0.80, 22, 1, '0', 57.39),
(6481, 7492, 13805, 'QUADRETTO 10X10 ALBERO DELLA VITA - 2974/F0024', 12, 12, 3.65, 2.99, 22, 1, '0', 53.44),
(6482, 7492, 13804, 'QUADRETTO 10X10 S. FAMIGLIA- 2974/F0025', 12, 12, 3.65, 2.99, 22, 1, '0', 53.44),
(6483, 7492, 13803, 'QUADRETTO 10X10 COMUNIONE- 2974/K0142', 12, 12, 3.65, 2.99, 22, 1, '0', 53.44),
(6484, 7492, 13800, 'SPINNER COMUNIONE -3032/K118', 50, 50, 1.25, 1.02, 22, 1, '0', 76.25),
(6485, 7492, 13801, 'CROCE DIACONALE IN ARG. - AR701', 5, 5, 4.70, 3.85, 22, 1, '0', 28.67),
(6486, 7492, 10133, 'SPESE DI TRASPORTO', 1, 1, 11.00, 9.02, 22, 1, '0', 13.42),
(6493, 7648, 1710, 'CARBONCINI PER TURIBOLO BIANCHI - PZ 120', 1, -1, 13.00, 10.66, 22, 1, '0', 13.00),
(6494, 7648, 5903, 'LITURGICO ART. 60LT ROSSO SUPER', 30, -30, 2.50, 2.05, 22, 1, '0', 75.00),
(6495, 7648, 791, 'ASSISI IN BUSTA BATTESIMO - 20X270 - BAAS', 40, -40, 1.20, 0.98, 22, 1, '0', 48.00),
(6496, 7648, 5218, 'INCENSO IN GRANI OLIBANO - KG 1', 1, -1, 23.00, 18.85, 22, 1, '0', 23.00),
(6497, 7648, 7308, 'OSTIA MAGNA - OM 50', 10, -10, 3.00, 2.88, 4, 3, '0', 30.00),
(6498, 7648, 7673, 'PARTICOLE MM38', 30, -30, 2.70, 2.60, 4, 3, '0', 81.00),
(6499, 7648, 11151, 'CELIACI', 1, -1, 6.00, 6.00, 0, 4, '0', 6.00),
(6500, 7648, 13832, 'GAUDETE ET EXSULTATE', 2, -2, 5.00, 5.00, 0, 4, '0', 10.00),
(6501, 7648, 1914, 'CERA DELLA LITURGIA', 12, -12, 3.50, 2.87, 22, 1, '0', 42.00),
(6502, 7648, 1914, 'CERA DELLA LITURGIA', 1, -1, 3.50, 2.87, 22, 1, '100', 0.00),
(6508, 8007, 1710, 'CARBONCINI PER TURIBOLO BIANCHI - PZ 120', 1, 0, 14.00, 11.48, 22, 1, '0', 14.00),
(6509, 8007, 5903, 'LITURGICO ART. 60LT ROSSO SUPER', 30, 0, 2.50, 2.05, 22, 1, '0', 75.00),
(6510, 8007, 791, 'ASSISI IN BUSTA BATTESIMO - 20X270 - BAAS', 40, 0, 1.20, 0.98, 22, 1, '0', 48.00),
(6511, 8007, 5218, 'INCENSO IN GRANI OLIBANO - KG 1', 1, 0, 23.00, 18.85, 22, 1, '0', 23.00),
(6512, 8007, 7308, 'OSTIA MAGNA - OM 50', 16, 0, 3.00, 2.88, 4, 3, '0', 48.00),
(6513, 8007, 13832, 'GAUDETE ET EXSULTATE', 2, 0, 5.00, 5.00, 0, 4, '0', 10.00),
(6514, 8007, 1914, 'CERA DELLA LITURGIA', 12, 0, 3.50, 2.87, 22, 1, '0', 42.00),
(6515, 8007, 1914, 'CERA DELLA LITURGIA', 1, 0, 3.50, 2.87, 22, 1, '100', 0.00),
(6523, 7497, 13749, 'TUNICA SVASATA COLLETTO LISTINO', 12, -12, 40.00, 32.79, 22, 1, '0', 480.00),
(6524, 7497, 362, 'ALBUM 20X25 C/FINEST. BATTESIMO BIANCO****', 1, -1, 35.70, 29.26, 22, 1, '0', 35.70),
(6525, 7497, 7308, 'OSTIA MAGNA - OM 50', 3, -3, 3.00, 2.88, 4, 3, '0', 9.00),
(6526, 7497, 7673, 'PARTICOLE MM38', 3, -3, 2.70, 2.60, 4, 3, '0', 8.10),
(6527, 7497, 7352, 'PADRE NOSTRO ITALIANO BLU -MY PNIT06 60', 1, -1, 39.00, 31.97, 22, 1, '0', 39.00),
(6528, 7497, 791, 'ASSISI IN BUSTA BATTESIMO - 20X270 - BAAS', 20, -20, 1.20, 0.98, 22, 1, '0', 24.00),
(6529, 7497, 13832, 'GAUDETE ET EXSULTATE', 1, -1, 5.00, 5.00, 0, 4, '0', 5.00),
(6530, 7497, 11389, 'VINO ROSSO DOLCE - 103', 6, -6, 6.50, 5.33, 22, 1, '0', 39.00),
(6531, 7497, 379, 'ALBUM RIGHE ROSA', 1, -1, 21.00, 17.21, 22, 1, '0', 21.00),
(6532, 7497, 13505, 'CELEBRIAMO IL SACRAMENTO DEL PERDONO', 15, -15, 0.50, 0.41, 22, 1, '0', 7.50),
(6533, 7497, 13878, 'GAUDETE ET EXSULTATE', 2, -2, 1.50, 1.50, 0, 4, '0', 3.00),
(6534, 7497, 13103, 'BRACCIALE BAMBOO - CY B 774', 5, -5, 1.00, 0.82, 22, 1, '0', 5.00),
(6535, 7497, 2068, 'CINGOLO CON NODI BIANCO', 2, -2, 1.50, 1.23, 22, 1, '0', 3.00),
(6536, 7497, 13552, 'CROCE COMUNIONE CON LACCIO - 1319', 12, -12, 1.70, 1.39, 22, 1, '0', 20.40);
INSERT INTO `ps_document_detail_backup` (`id_document_detail`, `id_document`, `id_product`, `name`, `qt`, `qt_mov`, `price_tax_included`, `price_tax_excluded`, `tax`, `id_tax_rules_group`, `discount`, `price_total`) VALUES
(6537, 7497, 2068, 'CINGOLO CON NODI BIANCO', 10, -10, 1.50, 1.23, 22, 1, '100', 0.00),
(6538, 7497, 7314, 'OVALE ANGELO DI DIO - PF4001', 1, -1, 24.00, 19.67, 22, 1, '0', 24.00),
(6539, 7497, 13504, 'SACRAMENTO DELLA RICONCILIAZIONE RAGAZZI', 20, -20, 0.30, 0.25, 22, 1, '0', 6.00),
(6540, 7497, 7218, 'OLIO DI NARDO ROSA - 1079/101ITA', 9, -9, 5.50, 4.51, 22, 1, '0', 49.50),
(6541, 7497, 9150, 'ROSARIO LEGNO SCURO E CORDA - 99999', 24, -24, 1.30, 1.07, 22, 1, '0', 31.20),
(6542, 7497, 13506, 'SANTO ROSARIO', 100, -100, 0.30, 0.25, 22, 1, '0', 30.00),
(6543, 7645, 12353, 'VERITA E SINTETICA - M. GAGLIARDI', 1, 1, 30.00, 30.00, 0, 4, '35', 19.50),
(6544, 7645, 11410, 'VISITE AL SANTISSIMO SACRAMENTO...', 2, 2, 5.50, 5.50, 0, 4, '35', 7.15),
(6545, 7645, 4216, 'FIORETTI DI SANTA CATERINA', 1, 1, 9.00, 9.00, 0, 4, '35', 5.85),
(6546, 7645, 8221, 'PRATICA DI AMARE GESÙ CRISTO - ALFONSO MARIA DE LIGUORI', 2, 2, 8.00, 8.00, 0, 4, '35', 10.40),
(6547, 7645, 5927, 'LODI ALLA VERGINE MADRE', 1, 1, 4.00, 4.00, 0, 4, '35', 2.60),
(6548, 7645, 2690, 'CONSIGLI E RICORDI - TERESA DI LISIEUX', 1, 1, 8.50, 8.50, 0, 4, '35', 5.53),
(6549, 7645, 13841, 'PADRE MIO MI ABBANDONO A TE - C. CARRETTO', 1, 1, 13.00, 13.00, 0, 4, '35', 8.45),
(6550, 7645, 8366, 'PREGHIERE DI CATERINA DA SIENA - CATERINA DA SIENA', 1, 1, 12.00, 12.00, 0, 4, '35', 7.80),
(6551, 7645, 3908, 'ESERCIZI SPIRITUALI - IGNAZIO DI LOYOLA', 1, 1, 6.50, 6.50, 0, 4, '35', 4.23),
(6552, 7645, 11448, 'VITA DI SAN BENEDETTO E LA REGOLA', 1, 1, 6.50, 6.50, 0, 4, '35', 4.23),
(6553, 7645, 4942, 'IMITAZIONE DI CRISTO', 2, 2, 6.00, 6.00, 0, 4, '35', 7.80),
(6554, 7645, 10713, 'TRATTATO DELLA VERA DEVOZIONE A MARIA - L.M. DE MONFORT', 2, 2, 5.00, 5.00, 0, 4, '35', 6.50),
(6555, 7645, 2105, 'CITTA DI DIO - AGOSTINO', 1, 1, 28.00, 28.00, 0, 4, '35', 18.20),
(6556, 7645, 11445, 'VITA DI S. FRANCESCO', 1, 1, 7.50, 7.50, 0, 4, '35', 4.88),
(6557, 7645, 7092, 'NOTTE OSCURA - GIOVANNI DELLA CROCE', 1, 1, 7.50, 7.50, 0, 4, '35', 4.88),
(6558, 7645, 5727, 'LETTERE DI IGNAZIO DANTIOCHIA', 1, 1, 4.50, 4.50, 0, 4, '35', 2.93),
(6559, 7645, 1582, 'CAMMINO DI PERFEZIONE - TERESA DAVILA', 1, 1, 6.50, 6.50, 0, 4, '35', 4.23),
(6560, 7645, 10303, 'STORIA DI UNANIMA - TERESA DI LISIEUX', 1, 1, 9.00, 9.00, 0, 4, '35', 5.85),
(6561, 7645, 2640, 'CONFESSIONI - S. AGOSTINO - SANTAGOSTINO', 2, 2, 8.00, 8.00, 0, 4, '35', 10.40),
(6562, 7645, 11453, 'VITA E DETTI DEI PADRI DEL DESERTO', 1, 1, 14.00, 14.00, 0, 4, '35', 9.10),
(6563, 7645, 4213, 'FIORETTI DI SAN FRANCESCO', 2, 2, 6.50, 6.50, 0, 4, '35', 8.45),
(6564, 7645, 10958, 'UNIFORMITÀ ALLA VOLONTÀ DI DIO/MODO DI CONVERSARE CON DIO-A.DE LIGUORI', 1, 1, 5.00, 5.00, 0, 4, '35', 3.25),
(6565, 7645, 8787, 'RACCONTI DI UN PELLEGRINO RUSSO', 1, 1, 9.00, 9.00, 0, 4, '35', 5.85),
(6566, 7645, 4217, 'FIORETTI DI TERESA DAVILA', 1, 1, 6.00, 6.00, 0, 4, '35', 3.90),
(6567, 7645, 10732, 'TRINITÀ - AGOSTINO', 1, 1, 30.00, 30.00, 0, 4, '35', 19.50),
(6568, 7645, 13842, 'CANTICO DEI CANTICI', 1, 1, 15.00, 15.00, 0, 4, '30', 10.50),
(6574, 7998, 8094, 'POLO BLU - XXL', 1, -1, 29.00, 23.77, 22, 1, '0', 29.00),
(6575, 7998, 13932, 'CAMICE TALARE NERO', 1, -1, 95.00, 77.87, 22, 1, '0', 95.00),
(6576, 7998, 13802, 'CROCE IN RESINA - 2885/G52', 23, -23, 2.50, 2.05, 22, 1, '0', 57.50),
(6577, 7998, 7308, 'OSTIA MAGNA - OM 50', 2, -2, 2.70, 2.60, 4, 3, '0', 5.40),
(6578, 7998, 13802, 'CROCE IN RESINA - 2885/G52', 1, -1, 2.10, 1.72, 22, 1, '0', 2.10),
(6579, 7735, 13478, 'QUANDO PREGATE DITE: PADRE NOSTRO ... - F. CRISTOFARO', 1, -1, 1.20, 1.20, 0, 4, '0', 1.20),
(6580, 7735, 7202, 'OGGETTISTICA VARIA - MADONNA DI FATIMA CM 70', 1, -1, 120.00, 98.36, 22, 1, '0', 120.00),
(6581, 7735, 12216, 'ROSARIO CRISTALLO FATIMA CON SCATOLA IN METALLO', 1, -1, 7.00, 5.74, 22, 1, '0', 7.00),
(6582, 8036, 13504, 'SACRAMENTO DELLA RICONCILIAZIONE RAGAZZI', 25, -25, 0.30, 0.25, 22, 1, '0', 7.50),
(6583, 8036, 13072, 'SEGUIAMO GESU - QUADERNO', 1, -1, 5.50, 5.50, 0, 4, '10', 4.95),
(6584, 8036, 2685, 'CONOSCIAMO GESÙ -QUADERNO- L. FERRARESSO', 1, -1, 5.50, 5.50, 0, 4, '10', 4.95),
(6585, 8036, 13375, 'MESSA PRONTI? VIA! - C. PELLEGRINO', 1, -1, 10.90, 10.90, 0, 4, '10', 9.81),
(6589, 7497, 13749, 'TUNICA SVASATA COLLETTO LISTINO', 12, -12, 40.00, 32.79, 22, 1, '0', 480.00),
(6590, 7497, 362, 'ALBUM 20X25 C/FINEST. BATTESIMO BIANCO****', 1, -1, 35.70, 29.26, 22, 1, '0', 35.70),
(6591, 7497, 7308, 'OSTIA MAGNA - OM 50', 3, -3, 3.00, 2.88, 4, 3, '0', 9.00),
(6592, 7497, 7673, 'PARTICOLE MM38', 3, -3, 2.70, 2.60, 4, 3, '0', 8.10),
(6593, 7497, 7352, 'PADRE NOSTRO ITALIANO BLU -MY PNIT06 60', 1, -1, 39.00, 31.97, 22, 1, '0', 39.00),
(6594, 7497, 791, 'ASSISI IN BUSTA BATTESIMO - 20X270 - BAAS', 20, -20, 1.20, 0.98, 22, 1, '0', 24.00),
(6595, 7497, 13832, 'GAUDETE ET EXSULTATE', 1, -1, 5.00, 5.00, 0, 4, '0', 5.00),
(6596, 7497, 11389, 'VINO ROSSO DOLCE - 103', 6, -6, 6.50, 5.33, 22, 1, '0', 39.00),
(6597, 7497, 379, 'ALBUM RIGHE ROSA', 1, -1, 21.00, 17.21, 22, 1, '0', 21.00),
(6598, 7497, 13505, 'CELEBRIAMO IL SACRAMENTO DEL PERDONO', 15, -15, 0.50, 0.41, 22, 1, '0', 7.50),
(6599, 7497, 13878, 'GAUDETE ET EXSULTATE', 2, -2, 1.50, 1.50, 0, 4, '0', 3.00),
(6600, 7497, 13103, 'BRACCIALE BAMBOO - CY B 774', 5, -5, 1.00, 0.82, 22, 1, '0', 5.00),
(6601, 7497, 2068, 'CINGOLO CON NODI BIANCO', 2, -2, 1.50, 1.23, 22, 1, '0', 3.00),
(6602, 7497, 13552, 'CROCE COMUNIONE CON LACCIO - 1319', 12, -12, 1.70, 1.39, 22, 1, '0', 20.40),
(6603, 7497, 2068, 'CINGOLO CON NODI BIANCO', 10, -10, 1.50, 1.23, 22, 1, '100', 0.00),
(6604, 7497, 7314, 'OVALE ANGELO DI DIO - PF4001', 1, -1, 24.00, 19.67, 22, 1, '0', 24.00),
(6605, 7497, 13504, 'SACRAMENTO DELLA RICONCILIAZIONE RAGAZZI', 20, -20, 0.30, 0.25, 22, 1, '0', 6.00),
(6606, 7497, 7218, 'OLIO DI NARDO ROSA - 1079/101ITA', 18, -18, 5.50, 4.51, 22, 1, '0', 99.00),
(6607, 7497, 9150, 'ROSARIO LEGNO SCURO E CORDA - 99999', 24, -24, 1.30, 1.07, 22, 1, '0', 31.20),
(6608, 7497, 13506, 'SANTO ROSARIO', 100, -100, 0.30, 0.25, 22, 1, '0', 30.00),
(6620, 8054, 4967, 'IMMAGINE IMMACOLATA CONCEZIONE - 9', 20, -20, 0.70, 0.57, 22, 1, '0', 14.00),
(6621, 8054, 9119, 'ROSARIO IN LEGNO GIALLO', 7, -7, 1.50, 1.23, 22, 1, '0', 10.50),
(6622, 8054, 9117, 'ROSARIO IN LEGNO BIANCO', 6, -6, 1.50, 1.23, 22, 1, '0', 9.00),
(6623, 8054, 9116, 'ROSARIO IN LEGNO AZZURRO', 2, -2, 1.50, 1.23, 22, 1, '0', 3.00),
(6624, 8054, 9121, 'ROSARIO IN LEGNO NERO', 3, -3, 1.50, 1.23, 22, 1, '0', 4.50),
(6625, 8054, 9122, 'ROSARIO IN LEGNO ROSA', 2, -2, 1.50, 1.23, 22, 1, '0', 3.00),
(6626, 8054, 7202, 'OGGETTISTICA VARIA - OGGETTI', 1, -1, 36.00, 29.51, 22, 1, '0', 36.00),
(6627, 7857, 11592, 'YOUCAT', 15, -15, 12.99, 12.99, 0, 4, '10', 175.37),
(6628, 7857, 11151, 'VARIE - PERGAMENE', 16, -16, 0.50, 0.50, 0, 4, '20', 6.40),
(6630, 8065, 9217, 'S. GIUSEPPE - 32 - OGGETTI', 3, 0, 3.50, 2.87, 22, 1, '0', 10.50),
(6631, 8065, 12120, 'BOTTIGLIE PER ACQUA BENEDETTA - CONF. 100PZ', 5, 0, 20.00, 16.39, 22, 1, '0', 100.00),
(6632, 8065, 3754, 'ECCE HOMO - 202BIS', 1, 0, 3.50, 2.87, 22, 1, '0', 3.50),
(6633, 8065, 4962, 'IMMAGINE ECCE HOMO - OGGETTI', 1, 0, 3.50, 2.87, 22, 1, '0', 3.50),
(6634, 8065, 8928, 'RESURREZIONE - 353 - OGGETTI', 2, 0, 3.50, 2.87, 22, 1, '0', 7.00),
(6635, 8065, 4986, 'IMMAGINE RISURREZIONE - 205', 2, 0, 3.50, 2.87, 22, 1, '0', 7.00),
(6636, 8065, 4961, 'IMMAGINE DOMENICA DELLE PALME - 207', 3, 0, 3.50, 2.87, 22, 1, '0', 10.50),
(6637, 8065, 7308, 'OSTIA MAGNA - OM 50', 5, 0, 3.00, 2.88, 4, 3, '0', 15.00),
(6638, 8065, 7673, 'PARTICOLE MM38', 6, 0, 2.70, 2.60, 4, 3, '0', 16.20),
(6639, 8065, 7308, 'OSTIA MAGNA - OM 50', 1, 0, 4.50, 4.33, 4, 3, '0', 4.50),
(6640, 8065, 1430, 'BUSTE ULIVO CONF. PZ 200 - OGGETTI', 1, 0, 8.50, 6.97, 22, 1, '0', 8.50),
(6641, 8065, 1941, 'CERO PASQUALE - 80 X 100 - DIPINTO', 1, 0, 130.00, 106.56, 22, 1, '0', 130.00),
(6642, 8065, 9130, 'ROSARIO LEGNO 5 COL. GRANO OVALE - 20492', 12, 0, 1.00, 0.82, 22, 1, '0', 12.00),
(6643, 8065, 4223, 'FOGLIETTI LA DOMENICA SAN PAOLO', 40, 0, 0.56, 0.56, 0, 4, '0', 22.40),
(6644, 8065, 8834, 'RC CROSS SUPPORTI X CANDELE - CROS - OGGETTI', 2, 0, 6.00, 4.92, 22, 1, '0', 12.00),
(6645, 8065, 0, 'PATENA CM 25', 1, 0, 80.00, 80.00, 0, 0, '0', 80.00),
(6646, 8065, 13753, 'RISORTO CM 85 OCCHI IN VETRO', 1, 0, 580.00, 475.41, 22, 1, '0', 580.00),
(6647, 8065, 7427, 'PALLA IN COTONE GRANDE - OGGETTI', 1, 0, 18.00, 14.75, 22, 1, '0', 18.00),
(6648, 8065, 7703, 'PASSIONE DI NOSTRO SIGNORE', 1, 0, 7.50, 7.50, 0, 4, '10', 6.75),
(6649, 8065, 8373, 'PREGHIERE EUCARISTICHE', 1, 0, 4.00, 4.00, 0, 4, '10', 3.60),
(6650, 8065, 10730, 'TRIDUO PASQUALE', 1, 0, 3.00, 3.00, 0, 4, '10', 2.70),
(6651, 8065, 9943, 'SETTIMANA SANTA', 1, 0, 6.00, 6.00, 0, 4, '10', 5.40),
(6652, 8065, 2761, 'CORONA DI CENTO REQUIEM', 2, 0, 1.50, 1.50, 0, 4, '10', 2.70),
(6653, 8065, 13648, 'BIOTESTAMENTO', 1, 0, 0.90, 0.90, 0, 4, '0', 0.90),
(6654, 8065, 5218, 'INCENSO IN GRANI OLIBANO - KG 1', 1, 0, 23.00, 18.85, 22, 1, '0', 23.00),
(6655, 8065, 9804, 'SEGNALIBRO RISURREZIONE - 110', 100, 0, 0.12, 0.10, 22, 1, '0', 12.00),
(6656, 8065, 1622, 'CANDELE VOTIVE 14X27 KG 10', 1, 0, 39.79, 32.61, 22, 1, '0', 39.79),
(6657, 8065, 7419, 'PAGELLA A TRE PAGINE - NOVENA ALLA DIVINA MISERICORDIA', 200, 0, 0.15, 0.12, 22, 1, '0', 30.00),
(6658, 8065, 9946, 'SETTIMANA SANTA - SETTIMANA SANTA', 1, 0, 7.00, 7.00, 0, 4, '10', 6.30),
(6659, 8065, 11103, 'VANGELO E ATTI DEGLI APOSTOLI - TASC.', 10, 0, 1.28, 1.28, 0, 4, '0', 12.80),
(6660, 8065, 11151, 'coroncina misericordioso', 800, 0, 0.10, 0.10, 0, 4, '0', 80.00),
(6661, 8065, 10419, 'SUPPLICA ALLA REGINA DEL SS. ROSARIO', 500, 0, 0.10, 0.08, 22, 1, '0', 50.00),
(6662, 8065, 7075, 'NOSTRA SIGNORA DEL ROSARIO DI POMPEI - 125BIS - OGGETTI', 2, 0, 3.50, 2.87, 22, 1, '0', 7.00),
(6663, 8065, 12533, 'NOSTRA SIGNORA DI FATIMA - 157', 2, 0, 3.50, 2.87, 22, 1, '0', 7.00),
(6664, 8065, 13090, 'CONTEMPLARE CON MARIA IL VOLTO DI CRISTO', 1, 0, 2.00, 2.00, 0, 4, '10', 1.80),
(6665, 8065, 13086, 'VENTI SABATI', 1, 0, 5.00, 5.00, 0, 4, '10', 4.50),
(6666, 8065, 13588, 'AMEN - MAG. 2018', 2, 0, 3.90, 3.90, 0, 4, '10', 7.02),
(6667, 8065, 13774, 'AMEN - GIU. 2018', 2, 0, 3.90, 3.90, 0, 4, '10', 7.02),
(6668, 8065, 13887, 'AMEN - LUG. 2018', 2, 0, 3.90, 3.90, 0, 4, '10', 7.02),
(6669, 8065, 13771, 'PREGHIERE A MARIA', 1, 0, 7.00, 7.00, 0, 4, '10', 6.30),
(6670, 8065, 13882, 'GAUDETE ET EXSULTATE', 1, 0, 2.00, 2.00, 0, 4, '10', 1.80),
(6671, 8065, 9130, 'ROSARIO LEGNO 5 COL. GRANO OVALE - 20492', 24, 0, 1.00, 0.82, 22, 1, '0', 24.00),
(6693, 8065, 9217, 'S. GIUSEPPE - 32 - OGGETTI', 3, 0, 3.50, 2.87, 22, 1, '0', 10.50),
(6694, 8065, 12120, 'BOTTIGLIE PER ACQUA BENEDETTA - CONF. 100PZ', 5, 0, 20.00, 16.39, 22, 1, '0', 100.00),
(6695, 8065, 3754, 'ECCE HOMO - 202BIS', 1, 0, 3.50, 2.87, 22, 1, '0', 3.50),
(6696, 8065, 4962, 'IMMAGINE ECCE HOMO - OGGETTI', 1, 0, 3.50, 2.87, 22, 1, '0', 3.50),
(6697, 8065, 8928, 'RESURREZIONE - 353 - OGGETTI', 2, 0, 3.50, 2.87, 22, 1, '0', 7.00),
(6698, 8065, 4986, 'IMMAGINE RISURREZIONE - 205', 2, 0, 3.50, 2.87, 22, 1, '0', 7.00),
(6699, 8065, 4961, 'IMMAGINE DOMENICA DELLE PALME - 207', 3, 0, 3.50, 2.87, 22, 1, '0', 10.50),
(6700, 8065, 7308, 'OSTIA MAGNA - OM 50', 5, 0, 3.00, 2.88, 4, 3, '0', 15.00),
(6701, 8065, 7673, 'PARTICOLE MM38', 6, 0, 2.70, 2.60, 4, 3, '0', 16.20),
(6702, 8065, 7308, 'OSTIA MAGNA - OM 50', 1, 0, 4.50, 4.33, 4, 3, '0', 4.50),
(6703, 8065, 1430, 'BUSTE ULIVO CONF. PZ 200 - OGGETTI', 1, 0, 8.50, 6.97, 22, 1, '0', 8.50),
(6704, 8065, 1941, 'CERO PASQUALE - 80 X 100 - DIPINTO', 1, 0, 130.00, 106.56, 22, 1, '0', 130.00),
(6705, 8065, 9130, 'ROSARIO LEGNO 5 COL. GRANO OVALE - 20492', 12, 0, 1.00, 0.82, 22, 1, '0', 12.00),
(6706, 8065, 4223, 'FOGLIETTI LA DOMENICA SAN PAOLO', 40, 0, 0.56, 0.56, 0, 4, '0', 22.40),
(6707, 8065, 8834, 'RC CROSS SUPPORTI X CANDELE - CROS - OGGETTI', 2, 0, 6.00, 4.92, 22, 1, '0', 12.00),
(6708, 8065, 0, 'PATENA CM 25', 1, 0, 80.00, 80.00, 0, 0, '0', 80.00),
(6709, 8065, 13753, 'RISORTO CM 85 OCCHI IN VETRO', 1, 0, 580.00, 475.41, 22, 1, '0', 580.00),
(6710, 8065, 7427, 'PALLA IN COTONE GRANDE - OGGETTI', 1, 0, 18.00, 14.75, 22, 1, '0', 18.00),
(6711, 8065, 7703, 'PASSIONE DI NOSTRO SIGNORE', 1, 0, 7.50, 7.50, 0, 4, '10', 6.75),
(6712, 8065, 8373, 'PREGHIERE EUCARISTICHE', 1, 0, 4.00, 4.00, 0, 4, '10', 3.60),
(6713, 8065, 10730, 'TRIDUO PASQUALE', 1, 0, 3.00, 3.00, 0, 4, '10', 2.70),
(6714, 8065, 9943, 'SETTIMANA SANTA', 1, 0, 6.00, 6.00, 0, 4, '10', 5.40),
(6715, 8065, 2761, 'CORONA DI CENTO REQUIEM', 2, 0, 1.50, 1.50, 0, 4, '10', 2.70),
(6716, 8065, 13648, 'BIOTESTAMENTO', 1, 0, 0.90, 0.90, 0, 4, '0', 0.90),
(6717, 8065, 5218, 'INCENSO IN GRANI OLIBANO - KG 1', 1, 0, 23.00, 18.85, 22, 1, '0', 23.00),
(6718, 8065, 9804, 'SEGNALIBRO RISURREZIONE - 110', 100, 0, 0.12, 0.10, 22, 1, '0', 12.00),
(6719, 8065, 1622, 'CANDELE VOTIVE 14X27 KG 10', 1, 0, 39.79, 32.61, 22, 1, '0', 39.79),
(6720, 8065, 7419, 'PAGELLA A TRE PAGINE - NOVENA ALLA DIVINA MISERICORDIA', 200, 0, 0.15, 0.12, 22, 1, '0', 30.00),
(6721, 8065, 9946, 'SETTIMANA SANTA - SETTIMANA SANTA', 1, 0, 7.00, 7.00, 0, 4, '10', 6.30),
(6722, 8065, 11103, 'VANGELO E ATTI DEGLI APOSTOLI - TASC.', 10, 0, 1.28, 1.28, 0, 4, '0', 12.80),
(6723, 8065, 11151, 'coroncina misericordioso', 800, 0, 0.10, 0.10, 0, 4, '0', 80.00),
(6724, 8065, 10419, 'SUPPLICA ALLA REGINA DEL SS. ROSARIO', 500, 0, 0.10, 0.08, 22, 1, '0', 50.00),
(6725, 8065, 7075, 'NOSTRA SIGNORA DEL ROSARIO DI POMPEI - 125BIS - OGGETTI', 2, 0, 3.50, 2.87, 22, 1, '0', 7.00),
(6726, 8065, 12533, 'NOSTRA SIGNORA DI FATIMA - 157', 2, 0, 3.50, 2.87, 22, 1, '0', 7.00),
(6727, 8065, 13090, 'CONTEMPLARE CON MARIA IL VOLTO DI CRISTO', 1, 0, 2.00, 2.00, 0, 4, '10', 1.80),
(6728, 8065, 13086, 'VENTI SABATI', 1, 0, 5.00, 5.00, 0, 4, '10', 4.50),
(6729, 8065, 13588, 'AMEN - MAG. 2018', 2, 0, 3.90, 3.90, 0, 4, '10', 7.02),
(6730, 8065, 13774, 'AMEN - GIU. 2018', 2, 0, 3.90, 3.90, 0, 4, '10', 7.02),
(6731, 8065, 13887, 'AMEN - LUG. 2018', 2, 0, 3.90, 3.90, 0, 4, '10', 7.02),
(6732, 8065, 13771, 'PREGHIERE A MARIA', 1, 0, 7.00, 7.00, 0, 4, '10', 6.30),
(6733, 8065, 13882, 'GAUDETE ET EXSULTATE', 1, 0, 2.00, 2.00, 0, 4, '10', 1.80),
(6734, 8065, 9130, 'ROSARIO LEGNO 5 COL. GRANO OVALE - 20492', 24, 0, 1.00, 0.82, 22, 1, '0', 24.00),
(6756, 8065, 9217, 'S. GIUSEPPE - 32 - OGGETTI', 3, 0, 3.50, 2.87, 22, 1, '0', 10.50),
(6757, 8065, 12120, 'BOTTIGLIE PER ACQUA BENEDETTA - CONF. 100PZ', 5, 0, 20.00, 16.39, 22, 1, '0', 100.00),
(6758, 8065, 3754, 'ECCE HOMO - 202BIS', 1, 0, 3.50, 2.87, 22, 1, '0', 3.50),
(6759, 8065, 4962, 'IMMAGINE ECCE HOMO - OGGETTI', 1, 0, 3.50, 2.87, 22, 1, '0', 3.50),
(6760, 8065, 8928, 'RESURREZIONE - 353 - OGGETTI', 2, 0, 3.50, 2.87, 22, 1, '0', 7.00),
(6761, 8065, 4986, 'IMMAGINE RISURREZIONE - 205', 2, 0, 3.50, 2.87, 22, 1, '0', 7.00),
(6762, 8065, 4961, 'IMMAGINE DOMENICA DELLE PALME - 207', 3, 0, 3.50, 2.87, 22, 1, '0', 10.50),
(6763, 8065, 7308, 'OSTIA MAGNA - OM 50', 5, 0, 3.00, 2.88, 4, 3, '0', 15.00),
(6764, 8065, 7673, 'PARTICOLE MM38', 6, 0, 2.70, 2.60, 4, 3, '0', 16.20),
(6765, 8065, 7308, 'OSTIA MAGNA - OM 50', 1, 0, 4.50, 4.33, 4, 3, '0', 4.50),
(6766, 8065, 1430, 'BUSTE ULIVO CONF. PZ 200 - OGGETTI', 1, 0, 8.50, 6.97, 22, 1, '0', 8.50),
(6767, 8065, 1941, 'CERO PASQUALE - 80 X 100 - DIPINTO', 1, 0, 130.00, 106.56, 22, 1, '0', 130.00),
(6768, 8065, 9130, 'ROSARIO LEGNO 5 COL. GRANO OVALE - 20492', 12, 0, 1.00, 0.82, 22, 1, '0', 12.00),
(6769, 8065, 4223, 'FOGLIETTI LA DOMENICA SAN PAOLO', 40, 0, 0.56, 0.56, 0, 4, '0', 22.40),
(6770, 8065, 8834, 'RC CROSS SUPPORTI X CANDELE - CROS - OGGETTI', 2, 0, 6.00, 4.92, 22, 1, '0', 12.00),
(6771, 8065, 0, 'PATENA CM 25', 1, 0, 80.00, 80.00, 0, 0, '0', 80.00),
(6772, 8065, 13753, 'RISORTO CM 85 OCCHI IN VETRO', 1, 0, 580.00, 475.41, 22, 1, '0', 580.00),
(6773, 8065, 7427, 'PALLA IN COTONE GRANDE - OGGETTI', 1, 0, 18.00, 14.75, 22, 1, '0', 18.00),
(6774, 8065, 7703, 'PASSIONE DI NOSTRO SIGNORE', 1, 0, 7.50, 7.50, 0, 4, '10', 6.75),
(6775, 8065, 8373, 'PREGHIERE EUCARISTICHE', 1, 0, 4.00, 4.00, 0, 4, '10', 3.60),
(6776, 8065, 10730, 'TRIDUO PASQUALE', 1, 0, 3.00, 3.00, 0, 4, '10', 2.70),
(6777, 8065, 9943, 'SETTIMANA SANTA', 1, 0, 6.00, 6.00, 0, 4, '10', 5.40),
(6778, 8065, 2761, 'CORONA DI CENTO REQUIEM', 2, 0, 1.50, 1.50, 0, 4, '10', 2.70),
(6779, 8065, 13648, 'BIOTESTAMENTO', 1, 0, 0.90, 0.90, 0, 4, '0', 0.90),
(6780, 8065, 5218, 'INCENSO IN GRANI OLIBANO - KG 1', 1, 0, 23.00, 18.85, 22, 1, '0', 23.00),
(6781, 8065, 9804, 'SEGNALIBRO RISURREZIONE - 110', 100, 0, 0.12, 0.10, 22, 1, '0', 12.00),
(6782, 8065, 1622, 'CANDELE VOTIVE 14X27 KG 10', 1, 0, 39.79, 32.61, 22, 1, '0', 39.79),
(6783, 8065, 7419, 'PAGELLA A TRE PAGINE - NOVENA ALLA DIVINA MISERICORDIA', 200, 0, 0.15, 0.12, 22, 1, '0', 30.00),
(6784, 8065, 9946, 'SETTIMANA SANTA - SETTIMANA SANTA', 1, 0, 7.00, 7.00, 0, 4, '10', 6.30),
(6785, 8065, 11103, 'VANGELO E ATTI DEGLI APOSTOLI - TASC.', 10, 0, 1.28, 1.28, 0, 4, '0', 12.80),
(6786, 8065, 11151, 'coroncina misericordioso', 800, 0, 0.10, 0.10, 0, 4, '0', 80.00),
(6787, 8065, 10419, 'SUPPLICA ALLA REGINA DEL SS. ROSARIO', 500, 0, 0.10, 0.08, 22, 1, '0', 50.00),
(6788, 8065, 7075, 'NOSTRA SIGNORA DEL ROSARIO DI POMPEI - 125BIS - OGGETTI', 2, 0, 3.50, 2.87, 22, 1, '0', 7.00),
(6789, 8065, 12533, 'NOSTRA SIGNORA DI FATIMA - 157', 2, 0, 3.50, 2.87, 22, 1, '0', 7.00),
(6790, 8065, 13090, 'CONTEMPLARE CON MARIA IL VOLTO DI CRISTO', 1, 0, 2.00, 2.00, 0, 4, '10', 1.80),
(6791, 8065, 13086, 'VENTI SABATI', 1, 0, 5.00, 5.00, 0, 4, '10', 4.50),
(6792, 8065, 13588, 'AMEN - MAG. 2018', 2, 0, 3.90, 3.90, 0, 4, '10', 7.02),
(6793, 8065, 13774, 'AMEN - GIU. 2018', 2, 0, 3.90, 3.90, 0, 4, '10', 7.02),
(6794, 8065, 13887, 'AMEN - LUG. 2018', 2, 0, 3.90, 3.90, 0, 4, '10', 7.02),
(6795, 8065, 13771, 'PREGHIERE A MARIA', 1, 0, 7.00, 7.00, 0, 4, '10', 6.30),
(6796, 8065, 13882, 'GAUDETE ET EXSULTATE', 1, 0, 2.00, 2.00, 0, 4, '10', 1.80),
(6797, 8065, 9130, 'ROSARIO LEGNO 5 COL. GRANO OVALE - 20492', 24, 0, 1.00, 0.82, 22, 1, '0', 24.00),
(6819, 8065, 9217, 'S. GIUSEPPE - 32 - OGGETTI', 3, 0, 3.50, 2.87, 22, 1, '0', 10.50),
(6820, 8065, 12120, 'BOTTIGLIE PER ACQUA BENEDETTA - CONF. 100PZ', 5, 0, 20.00, 16.39, 22, 1, '0', 100.00),
(6821, 8065, 3754, 'ECCE HOMO - 202BIS', 1, 0, 3.50, 2.87, 22, 1, '0', 3.50),
(6822, 8065, 4962, 'IMMAGINE ECCE HOMO - OGGETTI', 1, 0, 3.50, 2.87, 22, 1, '0', 3.50),
(6823, 8065, 8928, 'RESURREZIONE - 353 - OGGETTI', 2, 0, 3.50, 2.87, 22, 1, '0', 7.00),
(6824, 8065, 4986, 'IMMAGINE RISURREZIONE - 205', 2, 0, 3.50, 2.87, 22, 1, '0', 7.00),
(6825, 8065, 4961, 'IMMAGINE DOMENICA DELLE PALME - 207', 3, 0, 3.50, 2.87, 22, 1, '0', 10.50),
(6826, 8065, 7308, 'OSTIA MAGNA - OM 50', 5, 0, 3.00, 2.88, 4, 3, '0', 15.00),
(6827, 8065, 7673, 'PARTICOLE MM38', 6, 0, 2.70, 2.60, 4, 3, '0', 16.20),
(6828, 8065, 7308, 'OSTIA MAGNA - OM 50', 1, 0, 4.50, 4.33, 4, 3, '0', 4.50),
(6829, 8065, 1430, 'BUSTE ULIVO CONF. PZ 200 - OGGETTI', 1, 0, 8.50, 6.97, 22, 1, '0', 8.50),
(6830, 8065, 1941, 'CERO PASQUALE - 80 X 100 - DIPINTO', 1, 0, 130.00, 106.56, 22, 1, '0', 130.00),
(6831, 8065, 9130, 'ROSARIO LEGNO 5 COL. GRANO OVALE - 20492', 12, 0, 1.00, 0.82, 22, 1, '0', 12.00),
(6832, 8065, 4223, 'FOGLIETTI LA DOMENICA SAN PAOLO', 40, 0, 0.56, 0.56, 0, 4, '0', 22.40),
(6833, 8065, 8834, 'RC CROSS SUPPORTI X CANDELE - CROS - OGGETTI', 2, 0, 6.00, 4.92, 22, 1, '0', 12.00),
(6834, 8065, 0, 'PATENA CM 25', 1, 0, 80.00, 80.00, 0, 0, '0', 80.00),
(6835, 8065, 13753, 'RISORTO CM 85 OCCHI IN VETRO', 1, 0, 580.00, 475.41, 22, 1, '0', 580.00),
(6836, 8065, 7427, 'PALLA IN COTONE GRANDE - OGGETTI', 1, 0, 18.00, 14.75, 22, 1, '0', 18.00),
(6837, 8065, 7703, 'PASSIONE DI NOSTRO SIGNORE', 1, 0, 7.50, 7.50, 0, 4, '10', 6.75),
(6838, 8065, 8373, 'PREGHIERE EUCARISTICHE', 1, 0, 4.00, 4.00, 0, 4, '10', 3.60),
(6839, 8065, 10730, 'TRIDUO PASQUALE', 1, 0, 3.00, 3.00, 0, 4, '10', 2.70),
(6840, 8065, 9943, 'SETTIMANA SANTA', 1, 0, 6.00, 6.00, 0, 4, '10', 5.40),
(6841, 8065, 2761, 'CORONA DI CENTO REQUIEM', 2, 0, 1.50, 1.50, 0, 4, '10', 2.70),
(6842, 8065, 13648, 'BIOTESTAMENTO', 1, 0, 0.90, 0.90, 0, 4, '0', 0.90),
(6843, 8065, 5218, 'INCENSO IN GRANI OLIBANO - KG 1', 1, 0, 23.00, 18.85, 22, 1, '0', 23.00),
(6844, 8065, 9804, 'SEGNALIBRO RISURREZIONE - 110', 100, 0, 0.12, 0.10, 22, 1, '0', 12.00),
(6845, 8065, 1622, 'CANDELE VOTIVE 14X27 KG 10', 1, 0, 39.79, 32.61, 22, 1, '0', 39.79),
(6846, 8065, 7419, 'PAGELLA A TRE PAGINE - NOVENA ALLA DIVINA MISERICORDIA', 200, 0, 0.15, 0.12, 22, 1, '0', 30.00),
(6847, 8065, 9946, 'SETTIMANA SANTA - SETTIMANA SANTA', 1, 0, 7.00, 7.00, 0, 4, '10', 6.30),
(6848, 8065, 11103, 'VANGELO E ATTI DEGLI APOSTOLI - TASC.', 10, 0, 1.28, 1.28, 0, 4, '0', 12.80),
(6849, 8065, 11151, 'coroncina misericordioso', 800, 0, 0.10, 0.10, 0, 4, '0', 80.00),
(6850, 8065, 10419, 'SUPPLICA ALLA REGINA DEL SS. ROSARIO', 500, 0, 0.10, 0.08, 22, 1, '0', 50.00),
(6851, 8065, 7075, 'NOSTRA SIGNORA DEL ROSARIO DI POMPEI - 125BIS - OGGETTI', 2, 0, 3.50, 2.87, 22, 1, '0', 7.00),
(6852, 8065, 12533, 'NOSTRA SIGNORA DI FATIMA - 157', 2, 0, 3.50, 2.87, 22, 1, '0', 7.00),
(6853, 8065, 13090, 'CONTEMPLARE CON MARIA IL VOLTO DI CRISTO', 1, 0, 2.00, 2.00, 0, 4, '10', 1.80),
(6854, 8065, 13086, 'VENTI SABATI', 1, 0, 5.00, 5.00, 0, 4, '10', 4.50),
(6855, 8065, 13588, 'AMEN - MAG. 2018', 2, 0, 3.90, 3.90, 0, 4, '10', 7.02),
(6856, 8065, 13774, 'AMEN - GIU. 2018', 2, 0, 3.90, 3.90, 0, 4, '10', 7.02),
(6857, 8065, 13887, 'AMEN - LUG. 2018', 2, 0, 3.90, 3.90, 0, 4, '10', 7.02),
(6858, 8065, 13771, 'PREGHIERE A MARIA', 1, 0, 7.00, 7.00, 0, 4, '10', 6.30),
(6859, 8065, 13882, 'GAUDETE ET EXSULTATE', 1, 0, 2.00, 2.00, 0, 4, '10', 1.80),
(6860, 8065, 9130, 'ROSARIO LEGNO 5 COL. GRANO OVALE - 20492', 24, 0, 1.00, 0.82, 22, 1, '0', 24.00),
(6861, 8070, 12355, 'VANGELO E ATTI DEGLI APOSTOLI - TASC. CENA', 126, -126, 1.00, 1.00, 0, 4, '0', 126.00),
(6862, 8070, 10419, 'SUPPLICA ALLA REGINA DEL SS. ROSARIO', 100, -100, 0.10, 0.08, 22, 1, '0', 10.00),
(6864, 8070, 12355, 'VANGELO E ATTI DEGLI APOSTOLI - TASC. CENA', 126, -126, 1.00, 1.00, 0, 4, '0', 126.00),
(6865, 8070, 10419, 'SUPPLICA ALLA REGINA DEL SS. ROSARIO', 100, -100, 0.10, 0.08, 22, 1, '0', 10.00),
(6866, 8070, 11384, 'VINO BIANCO DOLCE - 102', 6, -6, 6.50, 5.33, 22, 1, '0', 39.00),
(6867, 8070, 1914, 'CERA DELLA LITURGIA', 12, -12, 3.50, 2.87, 22, 1, '0', 42.00),
(6868, 8070, 1914, 'CERA DELLA LITURGIA', 1, -1, 3.50, 2.87, 22, 1, '100', 0.00),
(6871, 4993, 11858, 'FOGLIETTI LA DOMENICA - LER', 960, -960, 0.03, 0.03, 0, 4, '0', 28.80),
(6872, 8083, 7202, 'OGGETTISTICA VARIA - OGGETTI', 2, -2, 5.00, 4.10, 22, 1, '0', 10.00),
(6873, 7670, 7202, 'OGGETTISTICA VARIA - OGGETTI', 1, -1, 100.00, 81.97, 22, 1, '0', 100.00),
(6874, 7722, 7202, 'OGGETTISTICA VARIA - OGGETTI', 4, -4, 6.00, 4.92, 22, 1, '0', 21.00),
(6875, 7722, 13882, 'GAUDETE ET EXSULTATE', 3, -3, 2.00, 2.00, 0, 4, '0', 6.00),
(6877, 7730, 12815, 'LIBRO DEI CRESIMATI', 1, -1, 30.40, 24.92, 22, 1, '0', 30.40),
(6878, 7730, 7202, 'OGGETTISTICA VARIA - OGGETTI', 1, -1, 71.00, 58.20, 22, 1, '0', 71.00),
(6879, 7730, 13780, 'RISCOPRIAMO LA BELLEZZA DEL BATTESIMO', 1, -1, 5.00, 5.00, 0, 4, '10', 4.50),
(6880, 7730, 13418, 'AD RESURGENDUM CUM CHRISTO', 1, -1, 5.00, 5.00, 0, 4, '10', 4.50),
(6881, 7730, 9518, 'SAN VINCENZO DE PAOLI - DON D.BERNARDO', 1, -1, 3.50, 3.50, 0, 4, '10', 3.15),
(6882, 7730, 9475, 'SAN MARCO EV. - G.PESENTI', 1, -1, 3.50, 3.50, 0, 4, '10', 3.15),
(6883, 7730, 9472, 'SAN LUCA EV. - F.INNOCENTE', 1, -1, 3.50, 3.50, 0, 4, '10', 3.15),
(6884, 7730, 9479, 'SAN MATTEO APOSTOLO ED EVANGELISTA', 1, -1, 3.50, 3.50, 0, 4, '10', 3.15),
(6885, 7730, 9449, 'SAN GIOVANNI AP. ED EVANGELISTA - A. GOVERNALE', 1, -1, 3.50, 3.50, 0, 4, '10', 3.15),
(6886, 7730, 9487, 'SAN MICHELE ARCANGELO - F.INNOCENTE', 1, -1, 3.50, 3.50, 0, 4, '10', 3.15),
(6887, 7730, 6744, 'MISERICORDIA ET MISERA', 1, -1, 1.90, 1.90, 0, 4, '0', 1.90),
(6888, 7730, 7217, 'OLIO DI NARDO NATURALE - 1079/103ITA', 1, -1, 5.50, 4.51, 22, 1, '0', 5.50),
(6889, 7730, 2367, 'CLERGY NERO MISTO MM - XXL', 1, -1, 29.00, 23.77, 22, 1, '0', 29.00),
(6892, 7759, 7202, 'OGGETTISTICA VARIA - OGGETTI', 1, -1, 160.00, 131.15, 22, 1, '0', 160.00),
(6893, 7898, 7202, 'OGGETTISTICA VARIA - OGGETTI', 1, -1, 100.00, 81.97, 22, 1, '0', 100.00),
(6894, 8022, 13750, 'TUNICA DUE PIEGONI', 24, -24, 45.00, 36.89, 22, 1, '0', 1080.00),
(6895, 8022, 2958, 'CROCE CON DECORAZIONI STAMPATE - 2320', 24, -24, 1.80, 1.48, 22, 1, '0', 43.20),
(6896, 8022, 2958, 'CROCE CON DECORAZIONI STAMPATE - 2320', 9, -9, 2.80, 2.30, 22, 1, '0', 25.20),
(6897, 7224, 514, 'AMORE POSSIBILE', 1, -1, 2.45, 2.45, 0, 4, '0', 2.45),
(6898, 7224, 13355, 'ROSARIO CRISTALLO VARI COLORI', 1, -1, 10.00, 8.20, 22, 1, '0', 10.00),
(6899, 7224, 7308, 'OSTIA MAGNA - OM 50', 1, -1, 3.00, 2.88, 4, 3, '0', 3.00),
(6900, 7224, 11264, 'VESTINA BATTESIMALE', 40, -40, 1.75, 1.43, 22, 1, '0', 70.00),
(6901, 7224, 791, 'ASSISI IN BUSTA BATTESIMO - 20X270 - BAAS', 40, -40, 1.20, 0.98, 22, 1, '0', 48.00),
(6902, 7224, 13504, 'SACRAMENTO DELLA RICONCILIAZIONE RAGAZZI', 100, -100, 0.24, 0.20, 22, 1, '0', 24.00),
(6903, 7224, 13710, 'CENTO GIORNI CON GESU\' - A. GINOTTA', 3, -3, 18.00, 18.00, 0, 4, '10', 48.60),
(6904, 7224, 13029, 'ANTROPOLOGIA TEOLOGICA - F. BRAMBILLA', 2, -2, 38.00, 38.00, 0, 4, '10', 68.40),
(6905, 7224, 5739, 'LETTERE PAOLINE E ALTRE LETTERE - 6 - CORSO STUDI BIBLICI - LOGOS', 1, -1, 35.00, 35.00, 0, 4, '10', 31.50),
(6906, 7224, 13432, 'ARTE DI RICOMINCIARE', 1, -1, 14.50, 14.50, 0, 4, '10', 13.05),
(6907, 7224, 8712, 'QUANTE STORIE', 6, -6, 6.00, 6.00, 0, 4, '0', 36.00),
(6908, 7224, 12217, 'ROSARIO CRISTALLO BLU FATIMA', 1, -1, 5.00, 4.10, 22, 1, '0', 5.00),
(6912, 7559, 11152, 'VARIE - OSTIE - PARTICOLE', 1, -1, 3.00, 2.88, 4, 3, '0', 3.00),
(6913, 7559, 11152, 'VARIE - OSTIE - PARTICOLE', 1, -1, 1.50, 1.44, 4, 3, '0', 1.50),
(6914, 7559, 11151, 'VARIE', 1, -1, 2.40, 2.40, 0, 4, '0', 2.40),
(6915, 7559, 11384, 'VINO BIANCO DOLCE - 102', 1, -1, 6.50, 5.33, 22, 1, '0', 6.50),
(6916, 7559, 13777, 'SULLA TUA PAROLA - MAG/GIU 2018', 1, -1, 4.00, 4.00, 0, 4, '10', 3.60),
(6919, 7576, 7202, 'OGGETTISTICA VARIA - OGGETTI', 1, -1, 2.40, 1.97, 22, 1, '0', 2.40),
(6920, 7576, 799, 'ASTUCCIO PORTA VIATICO - 64', 1, -1, 60.00, 49.18, 22, 1, '0', 60.00),
(6921, 7576, 11754, 'VINO BIANCO DOLCE - 14,5%', 6, -6, 5.50, 4.51, 22, 1, '0', 33.00),
(6922, 7576, 11264, 'VESTINA BATTESIMALE', 5, -5, 2.50, 2.05, 22, 1, '0', 12.50),
(6923, 7576, 1709, 'CARBONCINI LITURGICI', 1, -1, 10.00, 8.20, 22, 1, '0', 10.00),
(6924, 7576, 11272, 'VETRO ROSSO RUBINO - VKINGS', 1, -1, 10.00, 8.20, 22, 1, '0', 10.00),
(6925, 7576, 5105, 'IMMAGINI SACRE SERIE STELLA 20X25 - OGGETTI', 3, -3, 0.70, 0.57, 22, 1, '0', 2.10),
(6926, 7923, 13048, 'TECA STANDARD IHS NIK', 1, -1, 20.00, 16.39, 22, 1, '0', 20.00),
(6927, 7923, 5021, 'IMMAGINI - CS 006-005 + BUSTA - 041', 1, -1, 0.80, 0.66, 22, 1, '0', 0.80),
(6928, 7923, 5041, 'IMMAGINI - CS 938-005 + BUSTA - 041', 1, -1, 0.80, 0.66, 22, 1, '0', 0.80),
(6929, 7923, 5005, 'IMMAGINI - AD 536-010 + BUSTA - 049', 1, -1, 1.00, 0.82, 22, 1, '0', 1.00),
(6930, 7923, 7202, 'OGGETTISTICA VARIA - OGGETTI', 2, -2, 1.00, 0.82, 22, 1, '0', 2.00),
(6933, 8028, 3365, 'DECINA LEGNO MISSIONARIO MM 6 - RG 05/10 - OGGETTI', 4, -4, 0.70, 0.57, 22, 1, '0', 2.80),
(6934, 8028, 13878, 'GAUDETE ET EXSULTATE', 6, -6, 1.50, 1.50, 0, 4, '0', 9.00),
(6935, 8028, 7202, 'OGGETTISTICA VARIA - OGGETTI', 1, -1, 3.90, 3.20, 22, 1, '0', 3.90),
(6936, 8028, 11756, 'VINO BIANCO SECCO - 14%', 1, -1, 5.00, 4.10, 22, 1, '0', 5.00),
(6937, 8028, 13780, 'RISCOPRIAMO LA BELLEZZA DEL BATTESIMO', 1, -1, 5.00, 5.00, 0, 4, '10', 4.50),
(6940, 8094, 13840, 'NONNI SONO UN TESORO', 5, 0, 1.50, 1.50, 0, 4, '35', 4.88),
(6941, 8094, 13836, 'RITO DEL BATTESIMO DEI BAMBINI - V. DASSISI', 1, 0, 9.00, 9.00, 0, 4, '35', 5.85),
(6942, 8094, 13834, 'NEL ROTOLO DEL LIBRO DI ME E SCRITTO', 1, 0, 17.90, 17.90, 0, 4, '35', 11.64),
(6943, 8094, 13837, 'DACCAPO - C. SANTAMBROGIO', 1, 0, 12.90, 12.90, 0, 4, '35', 8.39),
(6944, 8094, 13835, 'HOC FACITE - Z. CARRA', 1, 0, 20.50, 20.50, 0, 4, '35', 13.33),
(6945, 8094, 13839, 'MESSALE FERIALE LAT./ITA. - VOL 1', 1, 0, 32.00, 32.00, 0, 4, '35', 20.80),
(6946, 8094, 13838, 'MESSALE FERIALE LAT./ITA.', 1, 0, 32.00, 32.00, 0, 4, '35', 20.80),
(6947, 8094, 2016, 'CHIERICHETTI IERI, OGGI, DOMANI', 21, 0, 2.50, 2.50, 0, 4, '35', 34.13),
(6948, 8094, 346, 'AL DI LÀ DELLE COSE - CARLO CARRETTO', 1, 0, 14.80, 14.80, 0, 4, '35', 9.62),
(6949, 8094, 10133, 'SPESE DI TRASPORTO', 1, 0, 6.00, 6.00, 0, 4, '0', 6.00),
(6950, 8094, 6563, 'MESSALE FESTIVO - LATINO/ITALIANO', 1, 0, 32.00, 32.00, 0, 4, '35', 20.80),
(6951, 8094, 13921, 'PSICOTERAPIA DEL CUORE E BEATITUDINI - P. RICCARDI', 1, 0, 11.90, 11.90, 0, 4, '35', 7.74),
(6952, 8094, 13922, 'DONNE DELLA BIBBIA - E. BOSETTI', 1, 0, 13.00, 13.00, 0, 4, '35', 8.45),
(6953, 8094, 13923, 'FEDE DI GESU - G. COMI', 1, 0, 24.50, 24.50, 0, 4, '35', 15.93),
(6954, 8094, 13920, 'TEOLOGIA DELLA CREAZIONE - R. DE LA PEGNA', 1, 0, 17.50, 17.50, 0, 4, '35', 11.38),
(6955, 8094, 13919, 'ALTRA DIMENSIONE - R. DE LA PEGNA', 1, 0, 32.50, 32.50, 0, 4, '35', 21.13),
(6956, 8094, 13918, 'giovanni maestro spirituale', 1, 0, 18.00, 18.00, 0, 4, '35', 11.70),
(6957, 8094, 10133, 'SPESE DI TRASPORTO', 1, 0, 6.00, 6.00, 0, 4, '0', 6.00),
(6971, 7606, 8522, 'PRIMO INCONTRO CON LA BIBBIA', 3, 0, 10.33, 10.33, 0, 4, '50', 15.50),
(6972, 7606, 8488, 'PRIMA CONFESSIONE E MESSA PRIMA COMUNIONE', 139, 0, 2.10, 2.10, 0, 4, '50', 145.95),
(6973, 7606, 2880, 'CRESIMA: UN DONO E UN PROGETTO', 2, 0, 2.40, 2.40, 0, 4, '50', 2.40),
(6974, 7606, 5547, 'LAMPADA AI MIEI PASSI - ANNO B', 1, 0, 10.33, 10.33, 0, 4, '50', 5.17),
(6975, 7606, 2448, 'COLUI IN CUI CREDO', 41, 0, 2.50, 2.50, 0, 4, '50', 51.25),
(6976, 7606, 9675, 'SARETE MIEI TESTIMONI', 30, 0, 3.00, 3.00, 0, 4, '50', 45.00),
(6977, 7606, 8254, 'PREGHIAMO CON MARIA', 1, 0, 0.65, 0.65, 0, 4, '50', 0.33),
(6978, 7606, 5457, 'IO SONO CON VOI 1 PARTE', 48, 0, 2.00, 2.00, 0, 4, '50', 48.00),
(6979, 7606, 5458, 'IO SONO CON VOI 2 PARTE', 44, 0, 2.00, 2.00, 0, 4, '50', 44.00),
(6980, 7606, 11191, 'VENITE CON ME 1 PARTE', 8, 0, 2.00, 2.00, 0, 4, '50', 8.00),
(6981, 7606, 11192, 'VENITE CON ME 2 PARTE', 32, 0, 2.00, 2.00, 0, 4, '50', 32.00),
(6982, 7606, 11312, 'VIA CRUCIS PER RAGAZZI - VIA CRUCIS', 80, 0, 0.85, 0.85, 0, 4, '50', 34.00),
(6983, 7606, 523, 'AMORE VINCE LA MORTE - VIA CRUCIS', 42, 0, 0.85, 0.85, 0, 4, '50', 17.85),
(6984, 7606, 3443, 'DIECI PAROLE D\'AMORE', 1, 0, 2.50, 2.50, 0, 4, '50', 1.25),
(6985, 7606, 5251, 'INCONTRI EUCARISTICI', 75, 0, 4.50, 4.50, 0, 4, '50', 168.75),
(6986, 7606, 8243, 'PREGARE OGNI GIORNO', 374, 0, 1.00, 1.00, 0, 4, '50', 187.00),
(6987, 7606, 8510, 'PRIMI PASSI CON GESÙ - ANNO B', 13, 0, 3.40, 3.40, 0, 4, '50', 22.10),
(6988, 7606, 1874, 'CELEBRARE LA PAROLA - ANNO C', 1, 0, 10.00, 10.00, 0, 4, '50', 5.00),
(6989, 7606, 11308, 'VIA CRUCIS PER ADULTI - VIA CRUCIS', 6, 0, 1.50, 1.50, 0, 4, '50', 4.50),
(6990, 7606, 3978, 'EUCARISTIA: RITO E VITA', 65, 0, 10.00, 10.00, 0, 4, '50', 325.00),
(6991, 7606, 8489, 'PRIMA CONFESSIONE... - GUIDA', 4, 0, 6.00, 6.00, 0, 4, '50', 12.00),
(6992, 7606, 6629, 'MIA PREGHIERA', 180, 0, 0.65, 0.65, 0, 4, '50', 58.50),
(6993, 7606, 8408, 'PRENDETE E MANGIATE', 65, 0, 2.80, 2.80, 0, 4, '50', 91.00),
(6994, 7606, 4154, 'FESTA DEL PERDONO', 30, 0, 3.00, 3.00, 0, 4, '50', 45.00),
(6995, 7606, 7824, 'PER ILLUMINARE IL CAMMINO', 13, 0, 0.90, 0.90, 0, 4, '50', 5.85),
(6996, 7606, 2679, 'CONOSCERE GESU\'', 17, 0, 3.40, 3.40, 0, 4, '50', 28.90),
(6997, 7606, 11097, 'VANGELO E ATTI DEGLI APOSTOLI', 1, 0, 5.00, 5.00, 0, 4, '50', 2.50),
(6998, 7606, 11102, 'VANGELO E ATTI DEGLI APOSTOLI - RIL.', 19, 0, 8.50, 8.50, 0, 4, '50', 80.75),
(6999, 7606, 11103, 'VANGELO E ATTI DEGLI APOSTOLI - TASC.', 77, 0, 1.60, 1.60, 0, 4, '50', 61.60),
(7000, 7606, 11104, 'VANGELO E ATTI DEGLI APOSTOLI - TASC. RAGAZZI', 311, 0, 1.60, 1.60, 0, 4, '50', 248.80),
(7001, 7606, 1886, 'CELEBRIAMO CON GIOIA 3A EDIZ. - A. SORRENTINO', 2, 0, 25.00, 25.00, 0, 4, '50', 25.00),
(7002, 7606, 7543, 'PARABOLE DI GESÙ', 26, 0, 3.00, 3.00, 0, 4, '50', 39.00),
(7003, 7606, 4394, 'GESÙ CI CHIAMA 1 - SCHEDE', 10, 0, 3.50, 3.50, 0, 4, '50', 17.50),
(7004, 7606, 4397, 'GESÙ CI RIVELA IL PADRE 2 - SCHEDE', 7, 0, 3.50, 3.50, 0, 4, '50', 12.25),
(7005, 7606, 4393, 'GESÙ CI CHIAMA 1 - GUIDA', 5, 0, 10.00, 10.00, 0, 4, '50', 25.00),
(7006, 7606, 4495, 'GESÙ RESTA CON NOI 3 - SCHEDE', 9, 0, 3.50, 3.50, 0, 4, '50', 15.75),
(7007, 7606, 12355, 'VANGELO E ATTI DEGLI APOSTOLI - TASC. CENA', 282, 0, 1.60, 1.60, 0, 4, '50', 225.60),
(7008, 7606, 4396, 'GESÙ CI RIVELA IL PADRE 2 - GUIDA', 7, 0, 10.00, 10.00, 0, 4, '50', 35.00),
(7009, 7606, 1379, 'BRUGNOLI MUSICISTA E COMPOSITORE', 1, 0, 9.00, 9.00, 0, 4, '50', 4.50),
(7010, 7606, 4494, 'GESÙ RESTA CON NOI 3 - GUIDA', 7, 0, 10.00, 10.00, 0, 4, '50', 35.00),
(7011, 7606, 12819, 'REGISTRO DEL CATECHISTA ', 32, 0, 1.00, 0.82, 22, 1, '50', 16.00),
(7012, 7606, 12253, 'MIO LIBRO DI PREGHIERE', 161, 0, 2.80, 2.80, 0, 4, '50', 225.40),
(7013, 7606, 12813, 'MARIA MADRE NOSTRA', 12, 0, 3.00, 3.00, 0, 4, '50', 18.00),
(7014, 7606, 12255, 'IN CAMMINO CON GESU\'', 85, 0, 3.80, 3.80, 0, 4, '50', 161.50),
(7015, 7606, 12812, 'CATECHISTA SECONDO PAPA FRANCESCO', 24, 0, 3.50, 3.50, 0, 4, '50', 42.00),
(7016, 7606, 11105, 'VANGELO E ATTI DEGLI APOSTOLI PER OCCASIONI', 24, 0, 3.50, 3.50, 0, 4, '50', 42.00),
(7017, 7606, 12842, 'RICEVI IL SIGILLO DELLO SPIRITO SANTO', 22, 0, 6.00, 6.00, 0, 4, '50', 66.00),
(7018, 7606, 13137, 'CON LA BIBBIA E IL CATECHISMO - S. LA PEGNA', 19, 0, 10.00, 10.00, 0, 4, '50', 95.00),
(7019, 7606, 13397, 'MIO GESU\'', 235, 0, 3.50, 3.50, 0, 4, '50', 411.25),
(7034, 8096, 8488, 'PRIMA CONFESSIONE E MESSA PRIMA COMUNIONE', 83, 0, 2.10, 2.10, 0, 4, '50', 87.15),
(7035, 8096, 6718, 'MIRACOLI DI GESÙ', 2, 0, 2.60, 2.60, 0, 4, '50', 2.60),
(7036, 8096, 2448, 'COLUI IN CUI CREDO', 7, 0, 2.50, 2.50, 0, 4, '50', 8.75),
(7037, 8096, 9675, 'SARETE MIEI TESTIMONI', 4, 0, 3.00, 3.00, 0, 4, '50', 6.00),
(7038, 8096, 5457, 'IO SONO CON VOI 1 PARTE', 43, 0, 2.00, 2.00, 0, 4, '50', 43.00),
(7039, 8096, 5458, 'IO SONO CON VOI 2 PARTE', 46, 0, 2.00, 2.00, 0, 4, '50', 46.00),
(7040, 8096, 11191, 'VENITE CON ME 1 PARTE', 12, 0, 2.00, 2.00, 0, 4, '50', 12.00),
(7041, 8096, 11192, 'VENITE CON ME 2 PARTE', 23, 0, 2.00, 2.00, 0, 4, '50', 23.00),
(7042, 8096, 5251, 'INCONTRI EUCARISTICI', 41, 0, 4.50, 4.50, 0, 4, '50', 92.25),
(7043, 8096, 8243, 'PREGARE OGNI GIORNO', 201, 0, 1.00, 1.00, 0, 4, '50', 100.50),
(7044, 8096, 1873, 'CELEBRARE LA PAROLA - ANNO B', 2, 0, 10.00, 10.00, 0, 4, '50', 10.00),
(7045, 8096, 1874, 'CELEBRARE LA PAROLA - ANNO C', 1, 0, 10.00, 10.00, 0, 4, '50', 5.00),
(7046, 8096, 3978, 'EUCARISTIA: RITO E VITA', 31, 0, 10.00, 10.00, 0, 4, '50', 155.00),
(7047, 8096, 8489, 'PRIMA CONFESSIONE... - GUIDA', 2, 0, 6.00, 6.00, 0, 4, '50', 6.00),
(7048, 8096, 6629, 'MIA PREGHIERA', 171, 0, 0.65, 0.65, 0, 4, '50', 55.58),
(7049, 8096, 8408, 'PRENDETE E MANGIATE', 82, 0, 2.80, 2.80, 0, 4, '50', 114.80),
(7050, 8096, 8409, 'PRENDETE E MANGIATE - GUIDA', 6, 0, 5.00, 5.00, 0, 4, '50', 15.00),
(7051, 8096, 4155, 'FESTA DEL PERDONO - GUIDA', 2, 0, 5.00, 5.00, 0, 4, '50', 5.00),
(7052, 8096, 4154, 'FESTA DEL PERDONO', 21, 0, 3.00, 3.00, 0, 4, '50', 31.50),
(7053, 8096, 7824, 'PER ILLUMINARE IL CAMMINO', 13, 0, 0.90, 0.90, 0, 4, '50', 5.85),
(7054, 8096, 2679, 'CONOSCERE GESU', 17, 0, 3.40, 3.40, 0, 4, '50', 28.90),
(7055, 8096, 11097, 'VANGELO E ATTI DEGLI APOSTOLI', 88, 0, 5.00, 5.00, 0, 4, '50', 220.00),
(7056, 8096, 11103, 'VANGELO E ATTI DEGLI APOSTOLI - TASC.', 129, 0, 1.60, 1.60, 0, 4, '50', 103.20),
(7057, 8096, 11104, 'VANGELO E ATTI DEGLI APOSTOLI - TASC. RAGAZZI', 850, 0, 1.60, 1.60, 0, 4, '50', 680.00),
(7058, 8096, 7543, 'PARABOLE DI GESÙ', 19, 0, 3.00, 3.00, 0, 4, '50', 28.50),
(7059, 8096, 12355, 'VANGELO E ATTI DEGLI APOSTOLI - TASC. CENA', 114, 0, 1.60, 1.60, 0, 4, '50', 91.20),
(7060, 8096, 1379, 'BRUGNOLI MUSICISTA E COMPOSITORE', 1, 0, 9.00, 9.00, 0, 4, '50', 4.50),
(7061, 8096, 12253, 'MIO LIBRO DI PREGHIERE', 185, 0, 2.80, 2.80, 0, 4, '50', 259.00),
(7062, 8096, 12813, 'MARIA MADRE NOSTRA', 13, 0, 3.00, 3.00, 0, 4, '50', 19.50),
(7063, 8096, 12255, 'IN CAMMINO CON GESU', 139, 0, 3.80, 3.80, 0, 4, '50', 264.10),
(7064, 8096, 12812, 'CATECHISTA SECONDO PAPA FRANCESCO', 54, 0, 3.50, 3.50, 0, 4, '50', 94.50),
(7065, 8096, 11105, 'VANGELO E ATTI DEGLI APOSTOLI PER OCCASIONI', 143, 0, 3.50, 3.50, 0, 4, '50', 250.25),
(7066, 8096, 12842, 'RICEVI IL SIGILLO DELLO SPIRITO SANTO', 17, 0, 6.00, 6.00, 0, 4, '50', 51.00),
(7067, 8096, 13137, 'CON LA BIBBIA E IL CATECHISMO - S. LA PEGNA', 6, 0, 10.00, 10.00, 0, 4, '50', 30.00),
(7068, 8096, 13397, 'MIO GESU', 255, 0, 3.50, 3.50, 0, 4, '50', 446.25),
(7069, 8096, 11102, 'VANGELO E ATTI DEGLI APOSTOLI - RIL.', 30, 0, 8.50, 8.50, 0, 4, '50', 127.50),
(7097, 7738, 7202, 'OGGETTISTICA VARIA - OGGETTI', 1, -1, 1.70, 1.39, 22, 1, '0', 1.70),
(7098, 7738, 11264, 'VESTINA BATTESIMALE', 1, -1, 2.50, 2.05, 22, 1, '0', 2.50),
(7100, 7764, 6016, 'LUMINO ELETTRONICO VOTIVO - 2297 - OGGETTI', 1, -1, 7.00, 5.74, 22, 1, '0', 7.00),
(7101, 7764, 6341, 'MEDAGLIA PADRE PIO ARGENTO - MM16 - OGGETTI', 1, -1, 20.00, 16.39, 22, 1, '0', 20.00),
(7102, 7764, 7202, 'OGGETTISTICA VARIA - OGGETTI', 1, -1, 13.00, 10.66, 22, 1, '0', 13.00),
(7103, 7832, 7202, 'OGGETTISTICA VARIA - OGGETTI', 1, -1, 16.50, 13.52, 22, 1, '0', 16.50),
(7104, 7534, 13685, 'TI VOGLIO BENE! - CD - TONINO BELLO', 1, -1, 9.90, 8.11, 22, 1, '0', 9.90),
(7105, 7534, 13700, 'PIENA DI GRAZIA - G. SACINO', 1, -1, 5.00, 5.00, 0, 4, '0', 5.00),
(7107, 7898, 7202, 'OGGETTISTICA VARIA - OGGETTI', 1, -1, 30.00, 24.59, 22, 1, '0', 30.00),
(7108, 7898, 8643, 'QUADRETTO PORTA FOTO I COM. - OGGETTI', 7, -7, 10.00, 8.20, 22, 1, '0', 70.00),
(7110, 7534, 13685, 'TI VOGLIO BENE! - CD - TONINO BELLO', 1, -1, 9.90, 8.11, 22, 1, '0', 9.90),
(7111, 7534, 13700, 'PIENA DI GRAZIA - G. SACINO', 1, -1, 5.00, 5.00, 0, 4, '0', 5.00),
(7112, 7534, 13957, 'DISCORSO DELLA MONTAGNA - E. SCHOCKENHOFF', 1, -1, 28.50, 28.50, 0, 4, '0', 28.50),
(7113, 7953, 7202, 'OGGETTISTICA VARIA - OGGETTI', 1, -1, 64.00, 52.46, 22, 1, '0', 64.00),
(7114, 7953, 13540, 'ANGELO RESINA CON CUORE - 4202', 12, -12, 8.00, 6.56, 22, 1, '0', 96.00),
(7116, 7787, 1743, 'CARTONCINO COMUNIONE CON CROCETTA - OGGETTI', 50, -50, 2.00, 1.64, 22, 1, '0', 100.00),
(7117, 7787, 11151, 'VARIE', 1, -1, 54.50, 54.50, 0, 4, '0', 54.50),
(7118, 7787, 11152, 'VARIE - OSTIE - PARTICOLE', 7, -7, 1.50, 1.44, 4, 3, '0', 10.50),
(7119, 7787, 1743, 'CARTONCINO COMUNIONE CON CROCETTA - OGGETTI', 3, -3, 2.00, 1.64, 22, 1, '100', 0.00),
(7123, 8030, 3244, 'CUSTODIA BIBBIA DI GERUSALEMME - 102', 1, -1, 26.79, 21.96, 22, 1, '0', 26.79),
(7124, 8030, 1135, 'BIBBIA DI GERUSALEMME + AUDIOLIBRO', 1, -1, 44.90, 44.90, 0, 4, '10', 40.41),
(7125, 8030, 9791, 'SEGNABIBBIA - 3110', 1, -1, 4.80, 3.93, 22, 1, '0', 4.80),
(7126, 8030, 5024, 'IMMAGINI - CS 057-005 + BUSTA - 041', 1, -1, 0.80, 0.66, 22, 1, '100', 0.00),
(7130, 8070, 12355, 'VANGELO E ATTI DEGLI APOSTOLI - TASC. CENA', 189, -189, 1.00, 1.00, 0, 4, '0', 189.00),
(7131, 8070, 10419, 'SUPPLICA ALLA REGINA DEL SS. ROSARIO', 50, -50, 0.10, 0.08, 22, 1, '0', 5.00),
(7132, 8070, 11384, 'VINO BIANCO DOLCE - 102', 6, -6, 6.50, 5.33, 22, 1, '0', 39.00),
(7133, 8070, 1914, 'CERA DELLA LITURGIA', 12, -12, 3.50, 2.87, 22, 1, '0', 42.00),
(7134, 8070, 1914, 'CERA DELLA LITURGIA', 1, -1, 3.50, 2.87, 22, 1, '100', 0.00),
(7137, 7666, 8243, 'PREGARE OGNI GIORNO', 1, -1, 0.80, 0.80, 0, 4, '0', 0.80),
(7138, 7666, 11151, 'VARIE', 1, -1, 0.30, 0.30, 0, 4, '0', 0.30),
(7140, 8063, 11592, 'YOUCAT', 15, -15, 12.99, 12.99, 0, 4, '10', 175.35),
(7141, 8063, 11151, 'VARIE', 1, -1, 2.15, 2.15, 0, 4, '', 2.15),
(7142, 8063, 11264, 'VESTINA BATTESIMALE', 5, -5, 2.50, 2.05, 22, 1, '0', 12.50),
(7143, 7985, 7915, 'PERGAMENE - 1A COMUNIONE MOD. D', 130, -130, 0.50, 0.41, 22, 1, '20', 52.00),
(7144, 7985, 8488, 'PRIMA CONFESSIONE E MESSA PRIMA COMUNIONE', 110, -110, 2.10, 2.10, 0, 4, '20', 184.80),
(7146, 7967, 10083, 'SOPRACULLA CON STELLA - 1495RO', 1, -1, 3.80, 3.11, 22, 1, '0', 3.80),
(7147, 7967, 13878, 'GAUDETE ET EXSULTATE', 1, -1, 1.50, 1.50, 0, 4, '0', 1.50),
(7148, 7967, 7202, 'OGGETTISTICA VARIA - OGGETTI', 1, -1, 5.00, 4.10, 22, 1, '0', 5.00),
(7149, 7967, 13103, 'BRACCIALE BAMBOO - CY B 774', 10, -10, 1.00, 0.82, 22, 1, '0', 10.00),
(7150, 7967, 10240, 'STOLA DIACONALE - STD 02 P - OGGETTI', 1, -1, 69.70, 57.13, 22, 1, '0', 69.70),
(7151, 7967, 5082, 'IMMAGINI - VITA 1619-001 + BUSTA - 040', 1, -1, 0.50, 0.41, 22, 1, '100', 0.00),
(7152, 7754, 1709, 'CARBONCINI LITURGICI', 1, -1, 10.00, 8.20, 22, 1, '0', 10.00),
(7153, 7754, 1914, 'CERA DELLA LITURGIA', 12, -12, 3.50, 2.87, 22, 1, '0', 42.00),
(7154, 7754, 1914, 'CERA DELLA LITURGIA', 1, -1, 3.50, 2.87, 22, 1, '100', 0.00),
(7155, 7754, 7673, 'PARTICOLE MM38', 5, -5, 2.70, 2.60, 4, 3, '0', 13.50),
(7156, 7754, 11384, 'VINO BIANCO DOLCE - 102', 6, -6, 6.50, 5.33, 22, 1, '0', 39.00),
(7157, 7754, 1061, 'BENEDIZIONI - VERGINE DELLA TENEREZZA', 400, -400, 0.15, 0.12, 22, 1, '20', 48.00),
(7158, 7754, 11264, 'VESTINA BATTESIMALE', 20, -20, 2.00, 1.64, 22, 1, '0', 40.00),
(7159, 8150, 13965, 'QUESTI SONO I NOMI... - BENZI/ROSSI', 1, 1, 13.00, 13.00, 0, 4, '33', 8.71),
(7160, 8150, 13966, 'FEDE AL FEMMINILE - A. PELLETIER', 1, 1, 10.00, 10.00, 0, 4, '30', 7.00),
(7161, 8150, 13967, 'COMPENDIO DI TEOLOGIA ASCETICA E MISTICA - A. TANQUEREY', 1, 1, 50.00, 50.00, 0, 4, '33', 33.50),
(7162, 8150, 13968, 'FORZA SALVIFICA DELLA MISTICA - V. FERNANDEZ', 1, 1, 16.00, 16.00, 0, 4, '33', 10.72),
(7163, 8150, 13969, 'DIO TI PRENDO IN PAROLA - C. GHIDELLI', 1, 1, 9.00, 9.00, 0, 4, '30', 6.30),
(7164, 8150, 13970, 'STORIA DI SAN FRANCESCO - U. OCCHIALINI', 1, 1, 8.00, 8.00, 0, 4, '30', 5.60),
(7165, 8150, 13971, 'PAROLA OFFERTA A TUTTI - C. MARTINI', 1, 1, 9.00, 9.00, 0, 4, '30', 6.30),
(7166, 8150, 13972, 'DIO TI AMA - G. DI SCHINO', 1, 1, 15.00, 15.00, 0, 4, '30', 10.50),
(7174, 7534, 13685, 'TI VOGLIO BENE! - CD - TONINO BELLO', 1, -1, 9.90, 8.11, 22, 1, '0', 9.90),
(7175, 7534, 13700, 'PIENA DI GRAZIA - G. SACINO', 1, -1, 5.00, 5.00, 0, 4, '0', 5.00),
(7176, 7534, 13957, 'DISCORSO DELLA MONTAGNA - E. SCHOCKENHOFF', 1, -1, 28.50, 28.50, 0, 4, '0', 28.50),
(7177, 7534, 7340, 'PADRE NOSTRO - K. BERGER', 1, -1, 16.50, 16.50, 0, 4, '0', 16.50),
(7181, 8150, 13965, 'QUESTI SONO I NOMI... - BENZI/ROSSI', 1, 1, 13.00, 13.00, 0, 4, '33', 8.71),
(7182, 8150, 13966, 'FEDE AL FEMMINILE - A. PELLETIER', 1, 1, 10.00, 10.00, 0, 4, '30', 7.00),
(7183, 8150, 13967, 'COMPENDIO DI TEOLOGIA ASCETICA E MISTICA - A. TANQUEREY', 1, 1, 50.00, 50.00, 0, 4, '33', 33.50),
(7184, 8150, 13968, 'FORZA SALVIFICA DELLA MISTICA - V. FERNANDEZ', 1, 1, 16.00, 16.00, 0, 4, '33', 10.72),
(7185, 8150, 13969, 'DIO TI PRENDO IN PAROLA - C. GHIDELLI', 1, 1, 9.00, 9.00, 0, 4, '30', 6.30),
(7186, 8150, 13970, 'STORIA DI SAN FRANCESCO - U. OCCHIALINI', 1, 1, 8.00, 8.00, 0, 4, '30', 5.60),
(7187, 8150, 13971, 'PAROLA OFFERTA A TUTTI - C. MARTINI', 1, 1, 9.00, 9.00, 0, 4, '30', 6.30),
(7188, 8150, 13972, 'DIO TI AMA - G. DI SCHINO', 1, 1, 15.00, 15.00, 0, 4, '30', 10.50),
(7189, 8150, 13973, 'INSIEME NELLA MESSA - LUG. 2018', 1, 1, 1.80, 1.80, 0, 4, '33', 1.21),
(7190, 8150, 13974, 'PAROLA E PREGHIERA  - LUG. 2018', 5, 5, 2.90, 2.90, 0, 4, '33', 9.72),
(7191, 8150, 13975, 'GENESI', 1, 1, 8.11, 6.65, 22, 1, '25', 7.42),
(7192, 8150, 13976, 'ABRAMO', 1, 1, 8.11, 6.65, 22, 1, '25', 7.42),
(7193, 8150, 13977, 'OGGI SPOSI BIGLIETTO + CD', 1, 1, 4.83, 3.96, 22, 1, '30', 4.12),
(7194, 8150, 13978, 'CLASSICI MARIANI - VOL. 3', 1, 1, 12.29, 10.07, 22, 1, '30', 10.50),
(7195, 8150, 13979, 'BANS 2 CANZONI PER LANIMAZIONE - CD', 1, 1, 9.42, 7.72, 22, 1, '30', 8.04),
(7196, 8150, 13980, 'BANS 2 CANZONI PER LANIMAZIONE - SPARTITO', 1, 1, 9.61, 9.24, 4, 3, '30', 7.00),
(7212, 7783, 7202, 'OGGETTISTICA VARIA - OGGETTI', 1, -1, 21.50, 17.62, 22, 1, '0', 21.50),
(7213, 7783, 5903, 'LITURGICO ART. 60LT ROSSO SUPER', 1, -1, 2.80, 2.30, 22, 1, '0', 2.80),
(7214, 7783, 1951, 'CERONI S.S. T60 CF (CART.4X25)', 1, -1, 2.70, 2.21, 22, 1, '0', 2.70),
(7215, 7783, 4841, 'HOLY CARD - S. RITA - M0100/S0059', 1, -1, 0.50, 0.41, 22, 1, '0', 0.50),
(7216, 7783, 1336, 'BRACCIALE MULTICOLOR - CY1421', 5, -5, 1.50, 1.23, 22, 1, '0', 7.50),
(7219, 7986, 9906, 'SERVIZIO MESSA IN LINO CON RICAMO', 1, -1, 40.00, 32.79, 22, 1, '0', 40.00),
(7220, 7986, 5088, 'IMMAGINI - VITA 1687 + BUSTA', 1, -1, 0.50, 0.41, 22, 1, '100', 0.00),
(7221, 7986, 5011, 'IMMAGINI - AD 676-010 + BUSTA - 049', 1, -1, 1.00, 0.82, 22, 1, '100', 0.00),
(7222, 7986, 7202, 'OGGETTISTICA VARIA - OGGETTI - stola', 1, -1, 105.00, 86.07, 22, 1, '0', 105.00),
(7223, 7986, 5029, 'IMMAGINI - CS 138-005 + BUSTA - 041', 1, -1, 0.80, 0.66, 22, 1, '100', 0.00),
(7224, 7986, 2649, 'CONFEZIONE AUGURALE - VM 60-102', 1, -1, 1.60, 1.31, 22, 1, '100', 0.00),
(7225, 7811, 2439, 'COLORO I SANTI', 1, -1, 4.90, 4.90, 0, 4, '10', 4.41),
(7226, 7811, 13548, 'CONFEZIONE BRACCIALE CRESIMA - 2357/99', 1, -1, 2.50, 2.05, 22, 1, '0', 2.50),
(7227, 7811, 13701, 'VENITE E VEDRETE - P. CURTAZ', 1, -1, 8.00, 8.00, 0, 4, '10', 7.20),
(7228, 7811, 7202, 'OGGETTISTICA VARIA - OGGETTI', 1, -1, 1.00, 0.82, 22, 1, '0', 1.00),
(7229, 7811, 11151, 'VARIE', 1, -1, 4.10, 4.10, 0, 4, '0', 4.10),
(7230, 7811, 13777, 'SULLA TUA PAROLA - MAG/GIU 2018', 3, -3, 4.00, 4.00, 0, 4, '10', 10.80),
(7232, 8157, 8254, 'PREGHIAMO CON MARIA', 50, -50, 0.45, 0.45, 0, 4, '0', 22.50),
(7233, 8157, 12131, 'MADONNA DI FATIMA CENTENARIO - 451', 1, -1, 3.50, 2.87, 22, 1, '0', 3.50),
(7234, 8157, 9150, 'ROSARIO LEGNO SCURO E CORDA - 99999', 62, -62, 1.00, 0.82, 22, 1, '0', 62.00),
(7235, 8157, 9130, 'ROSARIO LEGNO 5 COL. GRANO OVALE - 20492', 48, -48, 0.80, 0.66, 22, 1, '0', 38.40),
(7236, 8157, 7202, 'OGGETTISTICA VARIA - stola mariana', 1, -1, 80.00, 65.57, 22, 1, '0', 80.00),
(7239, 7823, 7442, 'PANE QUOTIDIANO', 1, -1, 3.00, 3.00, 0, 4, '10', 2.70),
(7240, 7823, 7202, 'OGGETTISTICA VARIA - OGGETTI', 1, -1, 1.00, 0.82, 22, 1, '0', 1.00),
(7242, 8136, 5473, 'IOHANNES 25G - ROSA - EVE - OGGETTI', 1, -1, 1.00, 0.82, 22, 1, '0', 1.00),
(7243, 8136, 4697, 'GLORIA MISCELA 25G - GLORE', 1, -1, 1.00, 0.82, 22, 1, '0', 1.00),
(7244, 8136, 7202, 'OGGETTISTICA VARIA - OGGETTI', 1, -1, 1.00, 0.82, 22, 1, '0', 1.00),
(7245, 7635, 7308, 'OSTIA MAGNA - OM 50', 1, -1, 4.50, 4.33, 4, 3, '0', 4.50),
(7246, 7635, 11151, 'VARIE', 1, -1, 2.00, 2.00, 0, 4, '0', 2.00),
(7247, 7635, 7308, 'OSTIA MAGNA - OM 50', 8, -8, 3.00, 2.88, 4, 3, '0', 24.00),
(7248, 7635, 7673, 'PARTICOLE MM38', 20, -20, 2.70, 2.60, 4, 3, '0', 54.00),
(7249, 7635, 5029, 'IMMAGINI - CS 138-005 + BUSTA - 041', 1, -1, 0.50, 0.41, 22, 1, '0', 0.50),
(7250, 7635, 5224, 'INCENSO NERO GR 400', 1, -1, 18.00, 14.75, 22, 1, '0', 18.00),
(7251, 7635, 1709, 'CARBONCINI LITURGICI', 1, -1, 10.00, 8.20, 22, 1, '0', 10.00),
(7252, 7635, 1710, 'CARBONCINI PER TURIBOLO BIANCHI - PZ 120', 1, -1, 13.00, 10.66, 22, 1, '0', 13.00),
(7253, 7635, 13882, 'GAUDETE ET EXSULTATE', 1, -1, 2.00, 2.00, 0, 4, '0', 2.00),
(7254, 7635, 9815, 'SEGNO DELLA CROCE', 2, -2, 1.00, 1.00, 0, 4, '0', 2.00),
(7260, 7806, 11384, 'VINO BIANCO DOLCE - 102', 2, -2, 6.50, 5.33, 22, 1, '0', 13.00),
(7261, 7806, 7308, 'OSTIA MAGNA - OM 50', 2, -2, 3.00, 2.88, 4, 3, '0', 6.00),
(7262, 7806, 11151, 'VARIE', 1, -1, 4.68, 4.68, 0, 4, '0', 4.68),
(7263, 7806, 13878, 'GAUDETE ET EXSULTATE', 2, -2, 1.50, 1.50, 0, 4, '0', 3.00),
(7264, 7806, 13700, 'PIENA DI GRAZIA - G. SACINO', 1, -1, 5.00, 5.00, 0, 4, '10', 4.50),
(7265, 7806, 13887, 'AMEN - LUG. 2018', 1, -1, 3.90, 3.90, 0, 4, '10', 3.51),
(7266, 7806, 13774, 'AMEN - GIU. 2018', 1, -1, 3.90, 3.90, 0, 4, '10', 3.51),
(7267, 7901, 11151, 'VARIE', 1, -1, 7.00, 7.00, 0, 4, '0', 7.00),
(7268, 7910, 11151, 'VARIE', 1, -1, 6.00, 6.00, 0, 4, '0', 6.00),
(7269, 7910, 1231, 'BIGLIETTO BATTESIMO - ROSA - 598-P.G.1', 1, -1, 1.00, 0.82, 22, 1, '0', 1.00),
(7270, 7910, 7308, 'OSTIA MAGNA - OM 50', 1, -1, 2.70, 2.60, 4, 3, '0', 2.70),
(7271, 7910, 11152, 'VARIE - OSTIE - PARTICOLE', 1, -1, 1.50, 1.44, 4, 3, '0', 1.50),
(7272, 7910, 11384, 'VINO BIANCO DOLCE - 102', 1, -1, 6.50, 5.33, 22, 1, '0', 6.50),
(7275, 8132, 0, 'CANONE AFFITTO LOCALI SITI IN VIA F. WENNER,39 - PELLEZZANO - SA', 1, -1, 0.00, 0.00, 0, 0, '0', 0.00),
(7276, 8132, 0, 'SECONDO CONTRATTO', 1, -1, 3500.00, 3500.00, 0, 0, '0', 3500.00),
(7278, 7787, 1743, 'CARTONCINO COMUNIONE CON CROCETTA - OGGETTI', 45, -45, 2.00, 1.64, 22, 1, '0', 90.00),
(7279, 7787, 11151, 'VARIE', 1, -1, 54.50, 54.50, 0, 4, '0', 54.50),
(7280, 7787, 11152, 'VARIE - OSTIE - PARTICOLE', 7, -7, 1.50, 1.44, 4, 3, '0', 10.50),
(7281, 7787, 4697, 'GLORIA MISCELA 25G - GLORE', 5, -5, 1.00, 0.82, 22, 1, '0', 5.00),
(7282, 7787, 5473, 'IOHANNES 25G - ROSA - EVE - OGGETTI', 5, -5, 1.00, 0.82, 22, 1, '0', 5.00),
(7285, 7926, 13777, 'SULLA TUA PAROLA - MAG/GIU 2018', 2, -2, 4.00, 4.00, 0, 4, '10', 7.20),
(7286, 7926, 11151, 'VARIE', 10, -10, 2.00, 2.00, 0, 4, '0', 20.00),
(7287, 7926, 13771, 'PREGHIERE A MARIA', 1, -1, 7.00, 7.00, 0, 4, '10', 6.30),
(7288, 7812, 7202, 'OGGETTISTICA VARIA - OGGETTI', 1, -1, 10.00, 8.20, 22, 1, '0', 10.00),
(7289, 8060, 11151, 'VARIE', 10, -10, 0.25, 0.25, 0, 4, '0', 2.50),
(7290, 8060, 11151, 'VARIE', 1, -1, 5.00, 5.00, 0, 4, '0', 5.00),
(7292, 7534, 13685, 'TI VOGLIO BENE! - CD - TONINO BELLO', 1, -1, 9.90, 8.11, 22, 1, '0', 9.90),
(7293, 7534, 13700, 'PIENA DI GRAZIA - G. SACINO', 1, -1, 5.00, 5.00, 0, 4, '0', 5.00),
(7294, 7534, 13957, 'DISCORSO DELLA MONTAGNA - E. SCHOCKENHOFF', 1, -1, 28.50, 28.50, 0, 4, '0', 28.50),
(7295, 7534, 7340, 'PADRE NOSTRO - K. BERGER', 1, -1, 16.50, 16.50, 0, 4, '0', 16.50),
(7296, 7534, 13869, 'PAROLA E PREGHIERA  - GIU. 2018', 2, -2, 2.90, 2.90, 0, 4, '0', 5.80),
(7297, 7534, 13974, 'PAROLA E PREGHIERA  - LUG. 2018', 2, -2, 2.90, 2.90, 0, 4, '0', 5.80),
(7298, 7534, 13972, 'DIO TI AMA - G. DI SCHINO', 1, -1, 15.00, 15.00, 0, 4, '0', 15.00),
(7299, 7534, 13685, 'TI VOGLIO BENE! - CD - TONINO BELLO', 1, -1, 9.90, 8.11, 22, 1, '0', 9.90),
(7300, 7534, 13700, 'PIENA DI GRAZIA - G. SACINO', 1, -1, 5.00, 5.00, 0, 4, '0', 5.00),
(7301, 7534, 13957, 'DISCORSO DELLA MONTAGNA - E. SCHOCKENHOFF', 1, -1, 28.50, 28.50, 0, 4, '0', 28.50),
(7302, 7534, 7340, 'PADRE NOSTRO - K. BERGER', 1, -1, 16.50, 16.50, 0, 4, '0', 16.50),
(7303, 7534, 13869, 'PAROLA E PREGHIERA  - GIU. 2018', 2, -2, 2.90, 2.90, 0, 4, '0', 5.80),
(7304, 7534, 13974, 'PAROLA E PREGHIERA  - LUG. 2018', 2, -2, 2.90, 2.90, 0, 4, '0', 5.80),
(7306, 7977, 13777, 'SULLA TUA PAROLA - MAG/GIU 2018', 2, -2, 4.00, 4.00, 0, 4, '10', 7.20),
(7307, 7977, 3140, 'CROCE TRAFORATA - CRESIMA - 2336/K0055', 1, -1, 5.00, 4.10, 22, 1, '0', 5.00),
(7308, 7977, 3099, 'CROCE SAGOMATA CM 16 - AFRICA', 1, -1, 12.80, 10.49, 22, 1, '0', 12.80);
INSERT INTO `ps_document_detail_backup` (`id_document_detail`, `id_document`, `id_product`, `name`, `qt`, `qt_mov`, `price_tax_included`, `price_tax_excluded`, `tax`, `id_tax_rules_group`, `discount`, `price_total`) VALUES
(7309, 7977, 3117, 'CROCE SAN DAMIANO VETRO', 1, -1, 14.00, 11.48, 22, 1, '0', 14.00),
(7310, 7977, 7202, 'OGGETTISTICA VARIA - OGGETTI', 2, -2, 10.00, 8.20, 22, 1, '0', 20.00),
(7313, 8107, 8901, 'REPERTO MADONNA C/BAMB CM 17,5X23 - OGGETTI', 1, -1, 30.00, 24.59, 22, 1, '0', 30.00),
(7314, 8107, 8901, 'REPERTO MADONNA C/BAMB CM 17,5X23 - OGGETTI', 1, -1, 30.00, 24.59, 22, 1, '0', 30.00),
(7315, 8107, 8900, 'REPERTO MADONNA C/BAMB CM 13X19 - OGGETTI', 1, -1, 22.00, 18.03, 22, 1, '0', 22.00),
(7317, 8157, 8254, 'PREGHIAMO CON MARIA', 50, -50, 0.45, 0.45, 0, 4, '0', 22.50),
(7318, 8157, 12131, 'MADONNA DI FATIMA CENTENARIO - 451', 1, -1, 3.50, 2.87, 22, 1, '0', 3.50),
(7319, 8157, 9150, 'ROSARIO LEGNO SCURO E CORDA - 99999', 62, -62, 1.00, 0.82, 22, 1, '0', 62.00),
(7320, 8157, 9130, 'ROSARIO LEGNO 5 COL. GRANO OVALE - 20492', 48, -48, 0.80, 0.66, 22, 1, '0', 38.40),
(7321, 8157, 7202, 'OGGETTISTICA VARIA - stola mariana', 1, -1, 80.00, 65.57, 22, 1, '0', 80.00),
(7324, 7534, 13972, 'DIO TI AMA - G. DI SCHINO', 1, -1, 15.00, 15.00, 0, 4, '0', 15.00),
(7325, 8102, 13701, 'VENITE E VEDRETE - P. CURTAZ', 2, 2, 8.00, 8.00, 0, 4, '33', 10.72),
(7326, 8102, 13957, 'DISCORSO DELLA MONTAGNA - E. SCHOCKENHOFF', 1, 1, 28.50, 28.50, 0, 4, '30', 19.95),
(7327, 8102, 13622, 'ORDINAMENTO GENERALE DEL LEZIONARIO ROMANO', 2, 2, 12.00, 12.00, 0, 4, '30', 16.80),
(7328, 8102, 13927, 'ORDINAMENTO GENERALE DEL MESSALE ROMANO', 1, 1, 17.00, 17.00, 0, 4, '30', 11.90),
(7329, 8102, 13621, 'ORDINAMENTO GENERALE DEL MESSALE ROMANO', 1, 1, 16.00, 16.00, 0, 4, '30', 11.20),
(7330, 8102, 370, 'ALBUM DELLA MIA PRIMA COMUNIONE', 3, 3, 9.90, 9.90, 0, 4, '35', 19.31),
(7331, 8102, 377, 'ALBUM RICORDO DEL BATTESIMO + CD', 2, 2, 16.00, 16.00, 0, 4, '33', 21.44),
(7332, 8102, 13850, 'MIO BATTESIMO - LIBRO DEI RICORDI', 1, 1, 8.90, 8.90, 0, 4, '30', 6.23),
(7333, 8102, 12712, 'CRESIMA UNA FESTA DA VIVERE', 12, 12, 1.90, 1.90, 0, 4, '35', 14.82),
(7334, 8102, 12712, 'CRESIMA UNA FESTA DA VIVERE', 1, 1, 1.90, 1.90, 0, 4, '100', 0.00),
(7335, 8102, 6576, 'MESSALINO', 12, 12, 0.90, 0.90, 0, 4, '35', 7.02),
(7336, 8102, 6576, 'MESSALINO', 1, 1, 0.90, 0.90, 0, 4, '100', 0.00),
(7337, 8102, 816, 'ATTI DEGLI APOSTOLI', 1, 1, 8.50, 8.50, 0, 4, '35', 5.53),
(7338, 8102, 11062, 'VANGELO DI GESÙ', 1, 1, 9.00, 9.00, 0, 4, '35', 5.85),
(7339, 8102, 8924, 'RESTA CON NOI GESÙ - CD - S. SICA', 1, 1, 10.57, 8.66, 22, 1, '35', 8.38),
(7340, 8102, 13959, 'SAN DOMENICO', 1, 1, 4.00, 4.00, 0, 4, '35', 2.60),
(7341, 8102, 13960, 'CATECHESI E SEGNI DEI TEMPI', 1, 1, 15.00, 15.00, 0, 4, '35', 9.75),
(7342, 8102, 13961, 'IN CAMMINO CON PAOLO VI', 4, 4, 2.00, 2.00, 0, 4, '35', 5.20),
(7343, 8102, 11763, 'GIOVANI, LA FEDE E IL DISCERNIMENTO VOCAZIONALE', 96, 96, 1.90, 1.90, 0, 4, '35', 118.56),
(7344, 8102, 11763, 'GIOVANI, LA FEDE E IL DISCERNIMENTO VOCAZIONALE', 8, 8, 1.90, 1.90, 0, 4, '100', 0.00),
(7345, 8102, 13958, 'ENRICO MEDI', 1, 1, 3.50, 3.50, 0, 4, '35', 2.28),
(7346, 8102, 1675, 'CANTICO DI FRATE SOLE - E. MEDI', 1, 1, 6.90, 6.90, 0, 4, '35', 4.49),
(7356, 8138, 2521, 'COMMUNIO CANDELA 20X600 COMUNIONE - COM - OGGETTI', 13, -13, 2.50, 2.05, 22, 1, '0', 32.50),
(7357, 8138, 11389, 'VINO ROSSO DOLCE - 103', 3, -3, 6.50, 5.33, 22, 1, '0', 19.50),
(7358, 8138, 1914, 'CERA DELLA LITURGIA', 3, -3, 3.50, 2.87, 22, 1, '0', 10.50),
(7359, 8138, 8287, 'PREGHIERA DEL MATTINO E DELLA SERA - ECON.', 20, -20, 4.30, 4.30, 0, 4, '0', 86.00),
(7360, 8138, 452, 'AMIAMO - SEGNALIBRO 145', 9, -9, 0.15, 0.12, 22, 1, '0', 1.35),
(7361, 8138, 4402, 'GESÙ CONFIDO IN TE - 111', 51, -51, 0.15, 0.12, 22, 1, '0', 7.65),
(7362, 8138, 1709, 'CARBONCINI LITURGICI', 1, -1, 10.00, 8.20, 22, 1, '0', 10.00),
(7363, 8138, 5218, 'INCENSO IN GRANI OLIBANO - KG 1', 1, -1, 22.50, 18.44, 22, 1, '0', 22.50),
(7364, 8138, 2521, 'COMMUNIO CANDELA 20X600 COMUNIONE - COM - OGGETTI', 1, -1, 2.50, 2.05, 22, 1, '100', 0.00),
(7371, 7126, 5958, 'LUCAS 25G - FIORI DARANCIO - EVE - OGGETTI', 1, -1, 1.00, 0.82, 22, 1, '0', 1.00),
(7372, 7126, 6207, 'MARCUS 25G - MENTA - EVE - OGGETTI', 1, -1, 1.00, 0.82, 22, 1, '0', 1.00),
(7373, 7126, 4999, 'IMMAGINE SANTISSIMO SACRAMENTO - 216BIS', 1, -1, 3.30, 2.70, 22, 1, '0', 3.30),
(7374, 7838, 11152, 'VARIE - OSTIE - PARTICOLE', 100, 100, 1.12, 1.08, 4, 3, '0', 116.48),
(7375, 8165, 9103, 'ROSARIO DORATO CON SCATOLA - MATRIMONIO - OGGETTI', 1, -1, 12.00, 9.84, 22, 1, '0', 12.00),
(7376, 8165, 7202, 'STOLA DIACONALE BIANCA', 1, -1, 65.00, 53.28, 22, 1, '0', 65.00),
(7377, 8165, 6071, 'MADONNA DI FATIMA CON PASTORELLI - CM 27 - OGGETTI', 1, -1, 39.00, 31.97, 22, 1, '0', 39.00),
(7378, 7811, 2439, 'COLORO I SANTI', 1, -1, 4.90, 4.90, 0, 4, '10', 4.41),
(7379, 7811, 13548, 'CONFEZIONE BRACCIALE CRESIMA - 2357/99', 1, -1, 2.50, 2.05, 22, 1, '0', 2.50),
(7380, 7811, 13701, 'VENITE E VEDRETE - P. CURTAZ', 1, -1, 8.00, 8.00, 0, 4, '10', 7.20),
(7381, 7811, 7202, 'OGGETTISTICA VARIA - OGGETTI', 1, -1, 1.00, 0.82, 22, 1, '0', 1.00),
(7382, 7811, 13780, 'RISCOPRIAMO LA BELLEZZA DEL BATTESIMO', 1, -1, 4.10, 4.10, 0, 4, '0', 4.10),
(7383, 7811, 13777, 'SULLA TUA PAROLA - MAG/GIU 2018', 3, -3, 4.00, 4.00, 0, 4, '10', 10.80),
(7384, 8572, 7676, 'PARTICOLE SOTTILI - OP 500', 10, -10, 3.00, 2.88, 4, 3, '0', 30.00),
(7385, 8572, 7308, 'OSTIA MAGNA - OM 50', 5, -5, 1.50, 1.44, 4, 3, '0', 7.50),
(7386, 8572, 7308, 'OSTIA MAGNA - OM 50', 1, -1, 3.00, 2.88, 4, 3, '0', 3.00),
(7387, 8572, 13990, 'CUORE DORO - AMICIZIA', 1, -1, 5.00, 4.10, 22, 1, '0', 5.00),
(7388, 8572, 13986, 'CUORE DORO - GRAZIE', 1, -1, 5.00, 4.10, 22, 1, '0', 5.00),
(7389, 8572, 13991, 'CUORE DORO - PER TE', 1, -1, 5.00, 4.10, 22, 1, '0', 5.00),
(7390, 8572, 13983, 'CUORE DORO - AMORE MIO', 1, -1, 5.00, 4.10, 22, 1, '0', 5.00),
(7391, 8572, 13832, 'GAUDETE ET EXSULTATE', 1, -1, 5.00, 5.00, 0, 4, '10', 4.50),
(7392, 8572, 13537, 'ANGELO RESINA CON CUORE - 4208', 1, -1, 13.00, 10.66, 22, 1, '0', 13.00),
(7399, 7280, 7308, 'OSTIA MAGNA - OM 50', 3, -3, 3.00, 2.88, 4, 3, '0', 9.00),
(7400, 7280, 7673, 'PARTICOLE MM38', 5, -5, 2.70, 2.60, 4, 3, '0', 13.50),
(7402, 8196, 12817, 'LIBRO DEI MATRIMONI', 12, -12, 38.00, 31.15, 22, 1, '38', 282.72),
(7403, 8196, 12814, 'LIBRO DEI BATTEZZATI', 12, -12, 38.00, 31.15, 22, 1, '38', 282.72),
(7404, 8196, 12849, 'LIBRO DELLE SS. MESSE', 20, -20, 20.00, 16.39, 22, 1, '38', 248.00),
(7405, 8196, 12818, 'LIBRO DELLE PRIME COMUNIONI', 3, -3, 38.00, 31.15, 22, 1, '38', 70.68),
(7406, 8196, 12815, 'LIBRO DEI CRESIMATI', 3, -3, 38.00, 31.15, 22, 1, '38', 70.68),
(7407, 8196, 12816, 'LIBRO DEI DEFUNTI', 3, -3, 38.00, 31.15, 22, 1, '38', 70.68),
(7409, 8581, 3140, 'CROCE TRAFORATA - CRESIMA - 2336/K0055', 7, -7, 5.00, 4.10, 22, 1, '0', 35.00),
(7410, 8165, 9103, 'ROSARIO DORATO CON SCATOLA - MATRIMONIO - OGGETTI', 1, -1, 12.00, 9.84, 22, 1, '0', 12.00),
(7411, 8165, 7202, 'STOLA DIACONALE BIANCA', 1, -1, 65.00, 53.28, 22, 1, '0', 65.00),
(7412, 8165, 6071, 'MADONNA DI FATIMA CON PASTORELLI - CM 27 - OGGETTI', 1, -1, 39.00, 31.97, 22, 1, '0', 39.00),
(7413, 8165, 9124, 'ROSARIO IN PLASTICA - MARRONE', 26, -26, 0.25, 0.20, 22, 1, '0', 6.50),
(7417, 8581, 3140, 'CROCE TRAFORATA - CRESIMA - 2336/K0055', 1, -1, 5.00, 4.10, 22, 1, '0', 5.00),
(7418, 8581, 7202, 'OGGETTISTICA VARIA - OGGETTI', 1, -1, 30.00, 24.59, 22, 1, '0', 30.00),
(7419, 7374, 1945, 'CERO PASQUALE - 80 X 120 - DIPINTO A MANO', 1, -1, 140.00, 114.75, 22, 1, '0', 140.00),
(7420, 7374, 13160, 'CASULA MOD. CRISTOGRAMMA', 1, -1, 290.00, 237.70, 22, 1, '0', 290.00),
(7422, 6358, 6015, 'LUMINO ELETTRICO A BASSA TENS. - LED - OGGETTI', 2, -2, 3.00, 2.46, 22, 1, '0', 6.00),
(7423, 6358, 7895, 'PERDONO DI ASSISI', 1, -1, 0.50, 0.50, 0, 4, '0', 0.50),
(7424, 6358, 3663, 'DONI DELLO SPIRITO SANTO', 1, -1, 1.50, 1.50, 0, 4, '10', 1.35),
(7425, 6358, 2901, 'CRISTIANI PER SCELTA', 1, -1, 2.50, 2.50, 0, 4, '10', 2.25),
(7426, 6358, 1914, 'CERA DELLA LITURGIA', 36, -36, 3.50, 2.87, 22, 1, '0', 126.00),
(7427, 6358, 1914, 'CERA DELLA LITURGIA', 3, -3, 3.50, 2.87, 22, 1, '100', 0.00),
(7428, 6358, 2214, 'CLERGY F/F ML CELESTE - 42', 1, -1, 30.00, 24.59, 22, 1, '0', 30.00),
(7429, 6358, 2306, 'CLERGY GRIGIO ML - COTONE 42 ', 1, -1, 36.90, 30.25, 22, 1, '0', 36.90),
(7430, 6358, 13169, 'CLERGY TESS. BOSTON -  GRIGIO - MISTO ML 42', 1, -1, 52.00, 42.62, 22, 1, '0', 52.00),
(7437, 7930, 11858, 'FOGLIETTI LA DOMENICA - LER', 2000, -2000, 0.03, 0.03, 0, 4, '0', 60.00),
(7438, 7930, 11151, 'VARIE', 1, -1, 20.00, 20.00, 0, 4, '0', 20.00),
(7439, 7930, 13878, 'GAUDETE ET EXSULTATE', 1, -1, 1.50, 1.50, 0, 4, '0', 1.50),
(7440, 7930, 11151, 'VARIE', 1, -1, 65.00, 65.00, 0, 4, '0', 65.00),
(7444, 7926, 13777, 'SULLA TUA PAROLA - MAG/GIU 2018', 2, -2, 4.00, 4.00, 0, 4, '10', 7.20),
(7445, 7926, 11151, 'VARIE', 1, -1, 15.50, 15.50, 0, 4, '0', 15.50),
(7446, 7926, 13771, 'PREGHIERE A MARIA', 1, -1, 7.00, 7.00, 0, 4, '10', 6.30),
(7447, 7926, 13700, 'PIENA DI GRAZIA - G. SACINO', 1, -1, 5.00, 5.00, 0, 4, '10', 4.50),
(7451, 8125, 9131, 'ROSARIO LEGNO 59 PERLE C/CROCE COL. - 20491-CROCE', 40, -40, 0.80, 0.66, 22, 1, '0', 32.00),
(7452, 8125, 11151, 'VARIE', 1, -1, 5.00, 5.00, 0, 4, '0', 5.00),
(7453, 8125, 13703, 'GESU E BELLO INCONTRARTI - ALBUM PRIMA COMUNIONE', 1, -1, 13.00, 13.00, 0, 4, '10', 11.70),
(7454, 8583, 7202, 'SCAPOLARE', 1, -1, 180.00, 147.54, 22, 1, '0', 180.00),
(7455, 8577, 7202, 'OGGETTISTICA VARIA - OGGETTI', 1, -1, 115.00, 94.26, 22, 1, '0', 115.00),
(7456, 8181, 10726, 'TREDICINA A SANT\'ANTONIO DI PADOVA', 30, -30, 1.50, 1.50, 0, 4, '10', 40.50),
(7457, 8181, 9238, 'S. VITO MARTIRE - 65', 3, -3, 3.50, 2.87, 22, 1, '0', 10.50),
(7458, 8181, 7202, 'OGGETTISTICA VARIA - OGGETTI', 1, -1, 31.00, 25.41, 22, 1, '0', 31.00),
(7459, 8181, 12614, 'VASETTO', 3, -3, 6.00, 4.92, 22, 1, '0', 18.00),
(7463, 7986, 9906, 'SERVIZIO MESSA IN LINO CON RICAMO', 1, -1, 40.00, 32.79, 22, 1, '0', 40.00),
(7464, 7986, 5088, 'IMMAGINI - VITA 1687 + BUSTA', 1, -1, 0.50, 0.41, 22, 1, '100', 0.00),
(7465, 7986, 5011, 'IMMAGINI - AD 676-010 + BUSTA - 049', 1, -1, 1.00, 0.82, 22, 1, '100', 0.00),
(7466, 7986, 7202, 'OGGETTISTICA VARIA - OGGETTI - stola', 1, -1, 60.00, 49.18, 22, 1, '0', 60.00),
(7467, 7986, 5029, 'IMMAGINI - CS 138-005 + BUSTA - 041', 1, -1, 0.80, 0.66, 22, 1, '100', 0.00),
(7468, 7986, 2649, 'CONFEZIONE AUGURALE - VM 60-102', 1, -1, 1.60, 1.31, 22, 1, '100', 0.00),
(7469, 7986, 13750, 'TUNICA DUE PIEGONI', 1, -1, 45.00, 36.89, 22, 1, '0', 45.00),
(7470, 7986, 9906, 'SERVIZIO MESSA IN LINO CON RICAMO', 1, -1, 40.00, 32.79, 22, 1, '0', 40.00),
(7471, 7986, 5088, 'IMMAGINI - VITA 1687 + BUSTA', 1, -1, 0.50, 0.41, 22, 1, '100', 0.00),
(7472, 7986, 5011, 'IMMAGINI - AD 676-010 + BUSTA - 049', 1, -1, 1.00, 0.82, 22, 1, '100', 0.00),
(7473, 7986, 7202, 'OGGETTISTICA VARIA - OGGETTI - stola', 1, -1, 25.00, 20.49, 22, 1, '0', 25.00),
(7474, 7986, 5029, 'IMMAGINI - CS 138-005 + BUSTA - 041', 1, -1, 0.80, 0.66, 22, 1, '100', 0.00),
(7475, 7986, 2649, 'CONFEZIONE AUGURALE - VM 60-102', 1, -1, 1.60, 1.31, 22, 1, '100', 0.00),
(7476, 7986, 13750, 'TUNICA DUE PIEGONI', 1, -1, 45.00, 36.89, 22, 1, '0', 45.00),
(7477, 7986, 13749, 'TUNICA SVASATA COLLETTO LISTINO', 1, -1, 35.00, 28.69, 22, 1, '0', 35.00),
(7485, 7224, 514, 'AMORE POSSIBILE', 1, -1, 2.45, 2.45, 0, 4, '0', 2.45),
(7486, 7224, 13355, 'ROSARIO CRISTALLO VARI COLORI', 1, -1, 10.00, 8.20, 22, 1, '0', 10.00),
(7487, 7224, 7308, 'OSTIA MAGNA - OM 50', 1, -1, 3.00, 2.88, 4, 3, '0', 3.00),
(7488, 7224, 11264, 'VESTINA BATTESIMALE', 40, -40, 1.75, 1.43, 22, 1, '0', 70.00),
(7489, 7224, 791, 'ASSISI IN BUSTA BATTESIMO - 20X270 - BAAS', 40, -40, 1.20, 0.98, 22, 1, '0', 48.00),
(7490, 7224, 13749, 'TUNICA SVASATA COLLETTO LISTINO', 1, -1, 24.00, 19.67, 22, 1, '0', 24.00),
(7491, 7224, 13710, 'CENTO GIORNI CON GESU\' - A. GINOTTA', 3, -3, 18.00, 18.00, 0, 4, '10', 48.60),
(7492, 7224, 13029, 'ANTROPOLOGIA TEOLOGICA - F. BRAMBILLA', 2, -2, 38.00, 38.00, 0, 4, '10', 68.40),
(7493, 7224, 5739, 'LETTERE PAOLINE E ALTRE LETTERE - 6 - CORSO STUDI BIBLICI - LOGOS', 1, -1, 35.00, 35.00, 0, 4, '10', 31.50),
(7494, 7224, 13432, 'ARTE DI RICOMINCIARE', 1, -1, 14.50, 14.50, 0, 4, '10', 13.05),
(7495, 7224, 8712, 'QUANTE STORIE', 6, -6, 6.00, 6.00, 0, 4, '0', 36.00),
(7496, 7224, 12217, 'ROSARIO CRISTALLO BLU FATIMA', 1, -1, 5.00, 4.10, 22, 1, '0', 5.00),
(7500, 8165, 9103, 'ROSARIO DORATO CON SCATOLA - MATRIMONIO - OGGETTI', 1, -1, 12.00, 9.84, 22, 1, '0', 12.00),
(7501, 8165, 7202, 'STOLA DIACONALE BIANCA', 1, -1, 65.00, 53.28, 22, 1, '0', 65.00),
(7502, 8165, 6071, 'MADONNA DI FATIMA CON PASTORELLI - CM 27 - OGGETTI', 1, -1, 39.00, 31.97, 22, 1, '0', 39.00),
(7503, 8165, 9124, 'ROSARIO IN PLASTICA - MARRONE', 26, -26, 0.25, 0.20, 22, 1, '0', 6.50),
(7504, 8165, 9150, 'ROSARIO LEGNO SCURO E CORDA - 99999', 12, -12, 1.30, 1.07, 22, 1, '0', 15.60);

-- --------------------------------------------------------

--
-- Struttura della tabella `ps_document_payment`
--

CREATE TABLE `ps_document_payment` (
  `id_payment` int(11) NOT NULL,
  `name` varchar(60) NOT NULL,
  `active` tinyint(1) NOT NULL DEFAULT '1',
  `deleted` tinyint(1) NOT NULL DEFAULT '0',
  `position` int(2) NOT NULL DEFAULT '0',
  `day` int(5) NOT NULL DEFAULT '0'
) ENGINE=InnoDB DEFAULT CHARSET=latin1;

--
-- Dump dei dati per la tabella `ps_document_payment`
--

INSERT INTO `ps_document_payment` (`id_payment`, `name`, `active`, `deleted`, `position`, `day`) VALUES
(1, 'Contanti', 1, 0, 0, 0),
(2, 'Assegno', 1, 0, 0, 0),
(3, 'Bonifico', 1, 0, 0, 0),
(4, 'Paypal', 1, 0, 0, 0),
(5, 'Effettuato', 1, 0, 0, 0),
(6, 'Contrassegno', 1, 0, 0, 0),
(7, 'C.C.P.', 1, 0, 0, 0),
(8, 'Rimessa diretta', 1, 0, 0, 0),
(9, 'Bonifico anticipato', 1, 0, 0, 0),
(10, 'Bonifico 30 GG', 1, 0, 0, 30),
(11, 'Bonifico 60 GG', 1, 0, 0, 60),
(12, 'Bonifico 90 GG', 1, 0, 0, 90),
(13, 'Bonifico 120 GG', 1, 0, 0, 120),
(14, 'Bonifico 130 GG', 1, 0, 0, 130),
(15, 'POS', 1, 0, 0, 0),
(16, 'Assegno postale', 1, 0, 0, 0),
(17, ' ', 1, 0, 0, 0);

-- --------------------------------------------------------

--
-- Struttura della tabella `ps_document_type`
--

CREATE TABLE `ps_document_type` (
  `id_document_type` int(3) NOT NULL,
  `name` varchar(50) NOT NULL,
  `storehouse` tinyint(1) NOT NULL DEFAULT '1',
  `print_type` tinyint(1) NOT NULL DEFAULT '1'
) ENGINE=InnoDB DEFAULT CHARSET=latin1;

--
-- Dump dei dati per la tabella `ps_document_type`
--

INSERT INTO `ps_document_type` (`id_document_type`, `name`, `storehouse`, `print_type`) VALUES
(11, 'Cassa', 1, 1),
(12, 'Cassa 2', 1, 1),
(13, 'Cassa 3', 1, 1),
(14, 'Cassa 4', 1, 1),
(15, 'Cassa 5', 1, 1),
(21, 'Estratto conto', 1, 1),
(22, 'Fattura differita', 0, 1),
(23, 'Fattura immediata', 1, 1),
(24, 'D.D.T.', 1, 1),
(25, 'Nota di credito', 1, 1),
(26, 'Preventivo di vendita', 0, 1),
(27, 'Fattura proforma', 0, 1),
(28, 'Ordine sito', 0, 1),
(31, 'Fattura immediata', 1, 1),
(32, 'Fattura differita', 0, 1),
(33, 'D.D.T.', 1, 1),
(34, 'Nota di credito', 0, 1);

-- --------------------------------------------------------

--
-- Struttura della tabella `ps_employee`
--

CREATE TABLE `ps_employee` (
  `id_employee` int(10) UNSIGNED NOT NULL,
  `id_profile` int(10) UNSIGNED NOT NULL,
  `id_lang` int(10) UNSIGNED NOT NULL DEFAULT '0',
  `lastname` varchar(32) NOT NULL,
  `firstname` varchar(32) NOT NULL,
  `email` varchar(128) NOT NULL,
  `passwd` varchar(32) NOT NULL,
  `last_passwd_gen` timestamp NOT NULL DEFAULT CURRENT_TIMESTAMP,
  `stats_date_from` date DEFAULT NULL,
  `stats_date_to` date DEFAULT NULL,
  `stats_compare_from` date DEFAULT NULL,
  `stats_compare_to` date DEFAULT NULL,
  `stats_compare_option` int(1) UNSIGNED NOT NULL DEFAULT '1',
  `preselect_date_range` varchar(32) DEFAULT NULL,
  `bo_color` varchar(32) DEFAULT NULL,
  `bo_theme` varchar(32) DEFAULT NULL,
  `bo_css` varchar(64) DEFAULT NULL,
  `default_tab` int(10) UNSIGNED NOT NULL DEFAULT '0',
  `bo_width` int(10) UNSIGNED NOT NULL DEFAULT '0',
  `bo_menu` tinyint(1) NOT NULL DEFAULT '1',
  `active` tinyint(1) UNSIGNED NOT NULL DEFAULT '0',
  `optin` tinyint(1) UNSIGNED NOT NULL DEFAULT '1',
  `id_last_order` int(10) UNSIGNED NOT NULL DEFAULT '0',
  `id_last_customer_message` int(10) UNSIGNED NOT NULL DEFAULT '0',
  `id_last_customer` int(10) UNSIGNED NOT NULL DEFAULT '0',
  `last_connection_date` date DEFAULT '0000-00-00'
) ENGINE=InnoDB DEFAULT CHARSET=utf8;

--
-- Dump dei dati per la tabella `ps_employee`
--

INSERT INTO `ps_employee` (`id_employee`, `id_profile`, `id_lang`, `lastname`, `firstname`, `email`, `passwd`, `last_passwd_gen`, `stats_date_from`, `stats_date_to`, `stats_compare_from`, `stats_compare_to`, `stats_compare_option`, `preselect_date_range`, `bo_color`, `bo_theme`, `bo_css`, `default_tab`, `bo_width`, `bo_menu`, `active`, `optin`, `id_last_order`, `id_last_customer_message`, `id_last_customer`, `last_connection_date`) VALUES
(1, 1, 1, 'De Divitiis', 'Onofrio', 'onofrio@desktopstore.it', '572b9d3e09976370fcdf48a42d827238', '2016-02-15 03:48:07', '2016-08-01', '2016-08-28', '0000-00-00', '0000-00-00', 1, '', '', 'default', 'admin-theme.css', 1, 0, 1, 1, 1, 152, 5, 161, '2016-08-28'),
(2, 1, 1, 'Aliberti', 'Gerardo', 'gerardo@desktopstore.it', 'c6f36672d0398acefb01eace7dc475bc', '2016-02-15 03:52:16', '2016-07-01', '2016-07-28', '0000-00-00', '0000-00-00', 1, '', '', 'default', 'admin-theme.css', 21, 0, 1, 1, 1, 297, 5, 302, '2016-09-05'),
(3, 1, 1, 'Fiore', 'Carmine', 'carmine@desktopstore.it', 'c6f36672d0398acefb01eace7dc475bc', '2016-02-15 03:54:46', '2016-07-01', '2016-07-01', '0000-00-00', '0000-00-00', 1, '', '', 'default', 'admin-theme.css', 1, 0, 1, 1, 1, 18, 0, 14, '2016-07-01'),
(4, 1, 1, 'De Simone', 'Davide', 'davide@desktopstore.it', 'd94f99d4480b81e0607858c2f5bad803', '2016-02-15 03:55:05', '2016-04-02', '2016-04-02', '0000-00-00', '0000-00-00', 1, 'day', '', 'default', 'admin-theme.css', 1, 0, 1, 1, 1, 91, 2, 93, '2016-05-23');

-- --------------------------------------------------------

--
-- Struttura della tabella `ps_employee_shop`
--

CREATE TABLE `ps_employee_shop` (
  `id_employee` int(11) UNSIGNED NOT NULL,
  `id_shop` int(11) UNSIGNED NOT NULL
) ENGINE=InnoDB DEFAULT CHARSET=utf8;

--
-- Dump dei dati per la tabella `ps_employee_shop`
--

INSERT INTO `ps_employee_shop` (`id_employee`, `id_shop`) VALUES
(1, 1),
(2, 1),
(3, 1),
(4, 1);

-- --------------------------------------------------------

--
-- Struttura della tabella `ps_feature`
--

CREATE TABLE `ps_feature` (
  `id_feature` int(10) UNSIGNED NOT NULL,
  `position` int(10) UNSIGNED NOT NULL DEFAULT '0'
) ENGINE=InnoDB DEFAULT CHARSET=utf8;

--
-- Dump dei dati per la tabella `ps_feature`
--

INSERT INTO `ps_feature` (`id_feature`, `position`) VALUES
(1, 0),
(2, 1),
(3, 2),
(4, 3),
(5, 4),
(6, 5),
(7, 6);

-- --------------------------------------------------------

--
-- Struttura della tabella `ps_feature_lang`
--

CREATE TABLE `ps_feature_lang` (
  `id_feature` int(10) UNSIGNED NOT NULL,
  `id_lang` int(10) UNSIGNED NOT NULL,
  `name` varchar(128) DEFAULT NULL
) ENGINE=InnoDB DEFAULT CHARSET=utf8;

--
-- Dump dei dati per la tabella `ps_feature_lang`
--

INSERT INTO `ps_feature_lang` (`id_feature`, `id_lang`, `name`) VALUES
(1, 1, 'Altezza'),
(5, 1, 'Composizioni'),
(2, 1, 'Larghezza'),
(6, 1, 'Modelli'),
(4, 1, 'Peso'),
(3, 1, 'Profondità'),
(7, 1, 'Proprietà');

-- --------------------------------------------------------

--
-- Struttura della tabella `ps_feature_product`
--

CREATE TABLE `ps_feature_product` (
  `id_feature` int(10) UNSIGNED NOT NULL,
  `id_product` int(10) UNSIGNED NOT NULL,
  `id_feature_value` int(10) UNSIGNED NOT NULL
) ENGINE=InnoDB DEFAULT CHARSET=utf8;

-- --------------------------------------------------------

--
-- Struttura della tabella `ps_feature_shop`
--

CREATE TABLE `ps_feature_shop` (
  `id_feature` int(11) UNSIGNED NOT NULL,
  `id_shop` int(11) UNSIGNED NOT NULL
) ENGINE=InnoDB DEFAULT CHARSET=utf8;

--
-- Dump dei dati per la tabella `ps_feature_shop`
--

INSERT INTO `ps_feature_shop` (`id_feature`, `id_shop`) VALUES
(1, 1),
(2, 1),
(3, 1),
(4, 1),
(5, 1),
(6, 1),
(7, 1);

-- --------------------------------------------------------

--
-- Struttura della tabella `ps_feature_value`
--

CREATE TABLE `ps_feature_value` (
  `id_feature_value` int(10) UNSIGNED NOT NULL,
  `id_feature` int(10) UNSIGNED NOT NULL,
  `custom` tinyint(3) UNSIGNED DEFAULT NULL
) ENGINE=InnoDB DEFAULT CHARSET=utf8;

--
-- Dump dei dati per la tabella `ps_feature_value`
--

INSERT INTO `ps_feature_value` (`id_feature_value`, `id_feature`, `custom`) VALUES
(1, 5, 0),
(2, 5, 0),
(3, 5, 0),
(4, 5, 0),
(5, 5, 0),
(6, 5, 0),
(7, 5, 0),
(8, 5, 0),
(9, 5, 0),
(10, 6, 0),
(11, 6, 0),
(12, 6, 0),
(13, 6, 0),
(14, 6, 0),
(15, 6, 0),
(16, 6, 0),
(17, 7, 0),
(18, 7, 0),
(19, 7, 0),
(20, 7, 0),
(21, 7, 0),
(22, 1, 1),
(23, 2, 1),
(24, 4, 1),
(25, 3, 1),
(26, 1, 1),
(27, 2, 1),
(28, 4, 1),
(29, 3, 1),
(30, 1, 1),
(31, 2, 1),
(32, 4, 1),
(33, 3, 1);

-- --------------------------------------------------------

--
-- Struttura della tabella `ps_feature_value_lang`
--

CREATE TABLE `ps_feature_value_lang` (
  `id_feature_value` int(10) UNSIGNED NOT NULL,
  `id_lang` int(10) UNSIGNED NOT NULL,
  `value` varchar(255) DEFAULT NULL
) ENGINE=InnoDB DEFAULT CHARSET=utf8;

--
-- Dump dei dati per la tabella `ps_feature_value_lang`
--

INSERT INTO `ps_feature_value_lang` (`id_feature_value`, `id_lang`, `value`) VALUES
(1, 1, 'Poliestere'),
(2, 1, 'Lana'),
(3, 1, 'Viscosa'),
(4, 1, 'Elastan'),
(5, 1, 'Cotone'),
(6, 1, 'Seta'),
(7, 1, 'Pelle scamosciata'),
(8, 1, 'Paglia'),
(9, 1, 'Pelle'),
(10, 1, 'Classico'),
(11, 1, 'Casual'),
(12, 1, 'Militare'),
(13, 1, 'Femminile'),
(14, 1, 'Rock'),
(15, 1, 'Base'),
(16, 1, 'Elegante'),
(17, 1, 'Manica corta'),
(18, 1, 'Abito colorato'),
(19, 1, 'Abito corto'),
(20, 1, 'Abito midi'),
(21, 1, 'Abito maxi'),
(22, 1, '2.75 in'),
(23, 1, '2.06 in'),
(24, 1, '49.2 g'),
(25, 1, '0.26 in'),
(26, 1, '1.07 in'),
(27, 1, '1.62 in'),
(28, 1, '15.5 g'),
(29, 1, '0.41 in (clip included)'),
(30, 1, '4.33 in'),
(31, 1, '2.76 in'),
(32, 1, '120g'),
(33, 1, '0.31 in');

-- --------------------------------------------------------

--
-- Struttura della tabella `ps_ganalytics`
--

CREATE TABLE `ps_ganalytics` (
  `id_google_analytics` int(11) NOT NULL,
  `id_order` int(11) NOT NULL,
  `id_customer` int(10) NOT NULL,
  `id_shop` int(11) NOT NULL,
  `sent` tinyint(1) DEFAULT NULL,
  `date_add` datetime DEFAULT NULL
) ENGINE=InnoDB DEFAULT CHARSET=utf8;

--
-- Dump dei dati per la tabella `ps_ganalytics`
--

INSERT INTO `ps_ganalytics` (`id_google_analytics`, `id_order`, `id_customer`, `id_shop`, `sent`, `date_add`) VALUES
(1, 7, 0, 1, 1, '2016-03-12 15:41:54'),
(2, 8, 0, 1, 1, '2016-04-06 21:51:11'),
(3, 65, 0, 1, 1, '2016-05-05 18:40:12'),
(4, 70, 0, 1, 1, '2016-06-03 09:28:02'),
(5, 109, 0, 1, 1, '2016-06-27 10:29:31'),
(6, 115, 0, 1, 1, '2016-06-27 10:29:32'),
(7, 128, 0, 1, 1, '2016-06-25 07:24:57'),
(8, 130, 0, 1, 1, '2016-07-09 01:35:49'),
(9, 137, 0, 1, 1, '2016-07-09 00:03:37'),
(10, 152, 0, 1, 1, '2016-07-20 22:35:10'),
(11, 230, 0, 1, 1, '2016-08-14 17:44:53');

-- --------------------------------------------------------

--
-- Struttura della tabella `ps_gender`
--

CREATE TABLE `ps_gender` (
  `id_gender` int(11) NOT NULL,
  `type` tinyint(1) NOT NULL
) ENGINE=InnoDB DEFAULT CHARSET=utf8;

--
-- Dump dei dati per la tabella `ps_gender`
--

INSERT INTO `ps_gender` (`id_gender`, `type`) VALUES
(1, 0),
(2, 1);

-- --------------------------------------------------------

--
-- Struttura della tabella `ps_gender_lang`
--

CREATE TABLE `ps_gender_lang` (
  `id_gender` int(10) UNSIGNED NOT NULL,
  `id_lang` int(10) UNSIGNED NOT NULL,
  `name` varchar(20) NOT NULL
) ENGINE=InnoDB DEFAULT CHARSET=utf8;

--
-- Dump dei dati per la tabella `ps_gender_lang`
--

INSERT INTO `ps_gender_lang` (`id_gender`, `id_lang`, `name`) VALUES
(1, 1, 'Sig.'),
(2, 1, 'Sig.ra');

-- --------------------------------------------------------

--
-- Struttura della tabella `ps_group`
--

CREATE TABLE `ps_group` (
  `id_group` int(10) UNSIGNED NOT NULL,
  `reduction` decimal(17,2) NOT NULL DEFAULT '0.00',
  `price_display_method` tinyint(4) NOT NULL DEFAULT '0',
  `show_prices` tinyint(1) UNSIGNED NOT NULL DEFAULT '1',
  `date_add` datetime NOT NULL,
  `date_upd` datetime NOT NULL
) ENGINE=InnoDB DEFAULT CHARSET=utf8;

--
-- Dump dei dati per la tabella `ps_group`
--

INSERT INTO `ps_group` (`id_group`, `reduction`, `price_display_method`, `show_prices`, `date_add`, `date_upd`) VALUES
(1, 0.00, 0, 1, '2016-02-15 10:48:01', '2016-02-15 10:48:01'),
(2, 0.00, 0, 0, '2016-02-15 10:48:01', '2016-07-27 11:23:19'),
(3, 0.00, 0, 1, '2016-02-15 10:48:01', '2016-02-15 10:48:01');

-- --------------------------------------------------------

--
-- Struttura della tabella `ps_group_lang`
--

CREATE TABLE `ps_group_lang` (
  `id_group` int(10) UNSIGNED NOT NULL,
  `id_lang` int(10) UNSIGNED NOT NULL,
  `name` varchar(32) NOT NULL
) ENGINE=InnoDB DEFAULT CHARSET=utf8;

--
-- Dump dei dati per la tabella `ps_group_lang`
--

INSERT INTO `ps_group_lang` (`id_group`, `id_lang`, `name`) VALUES
(1, 1, 'Visitatore'),
(2, 1, 'Ospite'),
(3, 1, 'Cliente');

-- --------------------------------------------------------

--
-- Struttura della tabella `ps_group_reduction`
--

CREATE TABLE `ps_group_reduction` (
  `id_group_reduction` mediumint(8) UNSIGNED NOT NULL,
  `id_group` int(10) UNSIGNED NOT NULL,
  `id_category` int(10) UNSIGNED NOT NULL,
  `reduction` decimal(4,3) NOT NULL
) ENGINE=InnoDB DEFAULT CHARSET=utf8;

-- --------------------------------------------------------

--
-- Struttura della tabella `ps_group_shop`
--

CREATE TABLE `ps_group_shop` (
  `id_group` int(11) UNSIGNED NOT NULL,
  `id_shop` int(11) UNSIGNED NOT NULL
) ENGINE=InnoDB DEFAULT CHARSET=utf8;

--
-- Dump dei dati per la tabella `ps_group_shop`
--

INSERT INTO `ps_group_shop` (`id_group`, `id_shop`) VALUES
(1, 1),
(2, 1),
(3, 1);

-- --------------------------------------------------------

--
-- Struttura della tabella `ps_gsitemap_sitemap`
--

CREATE TABLE `ps_gsitemap_sitemap` (
  `link` varchar(255) DEFAULT NULL,
  `id_shop` int(11) DEFAULT '0'
) ENGINE=InnoDB DEFAULT CHARSET=utf8;

--
-- Dump dei dati per la tabella `ps_gsitemap_sitemap`
--

INSERT INTO `ps_gsitemap_sitemap` (`link`, `id_shop`) VALUES
('1_it_0_sitemap.xml', 1);

-- --------------------------------------------------------

--
-- Struttura della tabella `ps_guest`
--

CREATE TABLE `ps_guest` (
  `id_guest` int(10) UNSIGNED NOT NULL,
  `id_operating_system` int(10) UNSIGNED DEFAULT NULL,
  `id_web_browser` int(10) UNSIGNED DEFAULT NULL,
  `id_customer` int(10) UNSIGNED DEFAULT NULL,
  `javascript` tinyint(1) DEFAULT '0',
  `screen_resolution_x` smallint(5) UNSIGNED DEFAULT NULL,
  `screen_resolution_y` smallint(5) UNSIGNED DEFAULT NULL,
  `screen_color` tinyint(3) UNSIGNED DEFAULT NULL,
  `sun_java` tinyint(1) DEFAULT NULL,
  `adobe_flash` tinyint(1) DEFAULT NULL,
  `adobe_director` tinyint(1) DEFAULT NULL,
  `apple_quicktime` tinyint(1) DEFAULT NULL,
  `real_player` tinyint(1) DEFAULT NULL,
  `windows_media` tinyint(1) DEFAULT NULL,
  `accept_language` varchar(8) DEFAULT NULL,
  `mobile_theme` tinyint(1) NOT NULL DEFAULT '0'
) ENGINE=InnoDB DEFAULT CHARSET=utf8;

-- --------------------------------------------------------

--
-- Struttura della tabella `ps_homeslider`
--

CREATE TABLE `ps_homeslider` (
  `id_homeslider_slides` int(10) UNSIGNED NOT NULL,
  `id_shop` int(10) UNSIGNED NOT NULL
) ENGINE=InnoDB DEFAULT CHARSET=utf8;

--
-- Dump dei dati per la tabella `ps_homeslider`
--

INSERT INTO `ps_homeslider` (`id_homeslider_slides`, `id_shop`) VALUES
(1, 1),
(2, 1),
(3, 1);

-- --------------------------------------------------------

--
-- Struttura della tabella `ps_homeslider_slides`
--

CREATE TABLE `ps_homeslider_slides` (
  `id_homeslider_slides` int(10) UNSIGNED NOT NULL,
  `position` int(10) UNSIGNED NOT NULL DEFAULT '0',
  `active` tinyint(1) UNSIGNED NOT NULL DEFAULT '0'
) ENGINE=InnoDB DEFAULT CHARSET=utf8;

--
-- Dump dei dati per la tabella `ps_homeslider_slides`
--

INSERT INTO `ps_homeslider_slides` (`id_homeslider_slides`, `position`, `active`) VALUES
(1, 1, 1),
(2, 2, 1),
(3, 3, 1);

-- --------------------------------------------------------

--
-- Struttura della tabella `ps_homeslider_slides_lang`
--

CREATE TABLE `ps_homeslider_slides_lang` (
  `id_homeslider_slides` int(10) UNSIGNED NOT NULL,
  `id_lang` int(10) UNSIGNED NOT NULL,
  `title` varchar(255) NOT NULL,
  `description` text NOT NULL,
  `legend` varchar(255) NOT NULL,
  `url` varchar(255) NOT NULL,
  `image` varchar(255) NOT NULL
) ENGINE=InnoDB DEFAULT CHARSET=utf8;

--
-- Dump dei dati per la tabella `ps_homeslider_slides_lang`
--

INSERT INTO `ps_homeslider_slides_lang` (`id_homeslider_slides`, `id_lang`, `title`, `description`, `legend`, `url`, `image`) VALUES
(1, 1, 'Sample 1', '<h2>EXCEPTEUR<br />OCCAECAT</h2>\n				<p>Lorem ipsum dolor sit amet, consectetur adipiscing elit. Proin tristique in tortor et dignissim. Quisque non tempor leo. Maecenas egestas sem elit</p>\n				<p><button class=\"btn btn-default\" type=\"button\">Shop now !</button></p>', 'sample-1', 'http://www.prestashop.com/?utm_source=back-office&utm_medium=v16_homeslider&utm_campaign=back-office-IT&utm_content=download', 'sample-1.jpg'),
(2, 1, 'Sample 2', '<h2>EXCEPTEUR<br />OCCAECAT</h2>\n				<p>Lorem ipsum dolor sit amet, consectetur adipiscing elit. Proin tristique in tortor et dignissim. Quisque non tempor leo. Maecenas egestas sem elit</p>\n				<p><button class=\"btn btn-default\" type=\"button\">Shop now !</button></p>', 'sample-2', 'http://www.prestashop.com/?utm_source=back-office&utm_medium=v16_homeslider&utm_campaign=back-office-IT&utm_content=download', 'sample-2.jpg'),
(3, 1, 'Sample 3', '<h2>EXCEPTEUR<br />OCCAECAT</h2>\n				<p>Lorem ipsum dolor sit amet, consectetur adipiscing elit. Proin tristique in tortor et dignissim. Quisque non tempor leo. Maecenas egestas sem elit</p>\n				<p><button class=\"btn btn-default\" type=\"button\">Shop now !</button></p>', 'sample-3', 'http://www.prestashop.com/?utm_source=back-office&utm_medium=v16_homeslider&utm_campaign=back-office-IT&utm_content=download', 'sample-3.jpg');

-- --------------------------------------------------------

--
-- Struttura della tabella `ps_hook`
--

CREATE TABLE `ps_hook` (
  `id_hook` int(10) UNSIGNED NOT NULL,
  `name` varchar(64) NOT NULL,
  `title` varchar(64) NOT NULL,
  `description` text,
  `position` tinyint(1) NOT NULL DEFAULT '1',
  `live_edit` tinyint(1) NOT NULL DEFAULT '0'
) ENGINE=InnoDB DEFAULT CHARSET=utf8;

--
-- Dump dei dati per la tabella `ps_hook`
--

INSERT INTO `ps_hook` (`id_hook`, `name`, `title`, `description`, `position`, `live_edit`) VALUES
(1, 'displayPayment', 'Payment', 'This hook displays new elements on the payment page', 1, 1),
(2, 'actionValidateOrder', 'New orders', '', 1, 0),
(3, 'displayMaintenance', 'Maintenance Page', 'This hook displays new elements on the maintenance page', 1, 0),
(4, 'actionPaymentConfirmation', 'Payment confirmation', 'This hook displays new elements after the payment is validated', 1, 0),
(5, 'displayPaymentReturn', 'Payment return', '', 1, 0),
(6, 'actionUpdateQuantity', 'Quantity update', 'Quantity is updated only when a customer effectively places their order', 1, 0),
(7, 'displayRightColumn', 'Right column blocks', 'This hook displays new elements in the right-hand column', 1, 1),
(8, 'displayLeftColumn', 'Left column blocks', 'This hook displays new elements in the left-hand column', 1, 1),
(9, 'displayHome', 'Homepage content', 'This hook displays new elements on the homepage', 1, 1),
(10, 'Header', 'Pages html head section', 'This hook adds additional elements in the head section of your pages (head section of html)', 1, 0),
(11, 'actionCartSave', 'Cart creation and update', 'This hook is displayed when a product is added to the cart or if the cart\'s content is modified', 1, 0),
(12, 'actionAuthentication', 'Successful customer authentication', 'This hook is displayed after a customer successfully signs in', 1, 0),
(13, 'actionProductAdd', 'Product creation', 'This hook is displayed after a product is created', 1, 0),
(14, 'actionProductUpdate', 'Product update', 'This hook is displayed after a product has been updated', 1, 0),
(15, 'displayTop', 'Top of pages', 'This hook displays additional elements at the top of your pages', 1, 0),
(16, 'displayRightColumnProduct', 'New elements on the product page (right column)', 'This hook displays new elements in the right-hand column of the product page', 1, 0),
(17, 'actionProductDelete', 'Product deletion', 'This hook is called when a product is deleted', 1, 0),
(18, 'displayFooterProduct', 'Product footer', 'This hook adds new blocks under the product\'s description', 1, 1),
(19, 'displayInvoice', 'Invoice', 'This hook displays new blocks on the invoice (order)', 1, 0),
(20, 'actionOrderStatusUpdate', 'Order status update - Event', 'This hook launches modules when the status of an order changes.', 1, 0),
(21, 'displayAdminOrder', 'Display new elements in the Back Office, tab AdminOrder', 'This hook launches modules when the AdminOrder tab is displayed in the Back Office', 1, 0),
(22, 'displayAdminOrderTabOrder', 'Display new elements in Back Office, AdminOrder, panel Order', 'This hook launches modules when the AdminOrder tab is displayed in the Back Office and extends / override Order panel tabs', 1, 0),
(23, 'displayAdminOrderTabShip', 'Display new elements in Back Office, AdminOrder, panel Shipping', 'This hook launches modules when the AdminOrder tab is displayed in the Back Office and extends / override Shipping panel tabs', 1, 0),
(24, 'displayAdminOrderContentOrder', 'Display new elements in Back Office, AdminOrder, panel Order', 'This hook launches modules when the AdminOrder tab is displayed in the Back Office and extends / override Order panel content', 1, 0),
(25, 'displayAdminOrderContentShip', 'Display new elements in Back Office, AdminOrder, panel Shipping', 'This hook launches modules when the AdminOrder tab is displayed in the Back Office and extends / override Shipping panel content', 1, 0),
(26, 'displayFooter', 'Footer', 'This hook displays new blocks in the footer', 1, 0),
(27, 'displayPDFInvoice', 'PDF Invoice', 'This hook allows you to display additional information on PDF invoices', 1, 0),
(28, 'displayInvoiceLegalFreeText', 'PDF Invoice - Legal Free Text', 'This hook allows you to modify the legal free text on PDF invoices', 1, 0),
(29, 'displayAdminCustomers', 'Display new elements in the Back Office, tab AdminCustomers', 'This hook launches modules when the AdminCustomers tab is displayed in the Back Office', 1, 0),
(30, 'displayOrderConfirmation', 'Order confirmation page', 'This hook is called within an order\'s confirmation page', 1, 0),
(31, 'actionCustomerAccountAdd', 'Successful customer account creation', 'This hook is called when a new customer creates an account successfully', 1, 0),
(32, 'displayCustomerAccount', 'Customer account displayed in Front Office', 'This hook displays new elements on the customer account page', 1, 0),
(33, 'displayCustomerIdentityForm', 'Customer identity form displayed in Front Office', 'This hook displays new elements on the form to update a customer identity', 1, 0),
(34, 'actionOrderSlipAdd', 'Order slip creation', 'This hook is called when a new credit slip is added regarding client order', 1, 0),
(35, 'displayProductTab', 'Tabs on product page', 'This hook is called on the product page\'s tab', 1, 0),
(36, 'displayProductTabContent', 'Tabs content on the product page', 'This hook is called on the product page\'s tab', 1, 0),
(37, 'displayShoppingCartFooter', 'Shopping cart footer', 'This hook displays some specific information on the shopping cart\'s page', 1, 0),
(38, 'displayCustomerAccountForm', 'Customer account creation form', 'This hook displays some information on the form to create a customer account', 1, 0),
(39, 'displayAdminStatsModules', 'Stats - Modules', '', 1, 0),
(40, 'displayAdminStatsGraphEngine', 'Graph engines', '', 1, 0),
(41, 'actionOrderReturn', 'Returned product', 'This hook is displayed when a customer returns a product ', 1, 0),
(42, 'displayProductButtons', 'Product page actions', 'This hook adds new action buttons on the product page', 1, 0),
(43, 'displayBackOfficeHome', 'Administration panel homepage', 'This hook is displayed on the admin panel\'s homepage', 1, 0),
(44, 'displayAdminStatsGridEngine', 'Grid engines', '', 1, 0),
(45, 'actionWatermark', 'Watermark', '', 1, 0),
(46, 'actionProductCancel', 'Product cancelled', 'This hook is called when you cancel a product in an order', 1, 0),
(47, 'displayLeftColumnProduct', 'New elements on the product page (left column)', 'This hook displays new elements in the left-hand column of the product page', 1, 0),
(48, 'actionProductOutOfStock', 'Out-of-stock product', 'This hook displays new action buttons if a product is out of stock', 1, 0),
(49, 'actionProductAttributeUpdate', 'Product attribute update', 'This hook is displayed when a product\'s attribute is updated', 1, 0),
(50, 'displayCarrierList', 'Extra carrier (module mode)', '', 1, 0),
(51, 'displayShoppingCart', 'Shopping cart - Additional button', 'This hook displays new action buttons within the shopping cart', 1, 0),
(52, 'actionSearch', 'Search', '', 1, 0),
(53, 'displayBeforePayment', 'Redirect during the order process', 'This hook redirects the user to the module instead of displaying payment modules', 1, 0),
(54, 'actionCarrierUpdate', 'Carrier Update', 'This hook is called when a carrier is updated', 1, 0),
(55, 'actionOrderStatusPostUpdate', 'Post update of order status', '', 1, 0),
(56, 'displayCustomerAccountFormTop', 'Block above the form for create an account', 'This hook is displayed above the customer\'s account creation form', 1, 0),
(57, 'displayBackOfficeHeader', 'Administration panel header', 'This hook is displayed in the header of the admin panel', 1, 0),
(58, 'displayBackOfficeTop', 'Administration panel hover the tabs', 'This hook is displayed on the roll hover of the tabs within the admin panel', 1, 0),
(59, 'displayBackOfficeFooter', 'Administration panel footer', 'This hook is displayed within the admin panel\'s footer', 1, 0),
(60, 'actionProductAttributeDelete', 'Product attribute deletion', 'This hook is displayed when a product\'s attribute is deleted', 1, 0),
(61, 'actionCarrierProcess', 'Carrier process', '', 1, 0),
(62, 'actionOrderDetail', 'Order detail', 'This hook is used to set the follow-up in Smarty when an order\'s detail is called', 1, 0),
(63, 'displayBeforeCarrier', 'Before carriers list', 'This hook is displayed before the carrier list in Front Office', 1, 0),
(64, 'displayOrderDetail', 'Order detail', 'This hook is displayed within the order\'s details in Front Office', 1, 0),
(65, 'actionPaymentCCAdd', 'Payment CC added', '', 1, 0),
(66, 'displayProductComparison', 'Extra product comparison', '', 1, 0),
(67, 'actionCategoryAdd', 'Category creation', 'This hook is displayed when a category is created', 1, 0),
(68, 'actionCategoryUpdate', 'Category modification', 'This hook is displayed when a category is modified', 1, 0),
(69, 'actionCategoryDelete', 'Category deletion', 'This hook is displayed when a category is deleted', 1, 0),
(70, 'actionBeforeAuthentication', 'Before authentication', 'This hook is displayed before the customer\'s authentication', 1, 0),
(71, 'displayPaymentTop', 'Top of payment page', 'This hook is displayed at the top of the payment page', 1, 0),
(72, 'actionHtaccessCreate', 'After htaccess creation', 'This hook is displayed after the htaccess creation', 1, 0),
(73, 'actionAdminMetaSave', 'After saving the configuration in AdminMeta', 'This hook is displayed after saving the configuration in AdminMeta', 1, 0),
(74, 'displayAttributeGroupForm', 'Add fields to the form \'attribute group\'', 'This hook adds fields to the form \'attribute group\'', 1, 0),
(75, 'actionAttributeGroupSave', 'Saving an attribute group', 'This hook is called while saving an attributes group', 1, 0),
(76, 'actionAttributeGroupDelete', 'Deleting attribute group', 'This hook is called while deleting an attributes  group', 1, 0),
(77, 'displayFeatureForm', 'Add fields to the form \'feature\'', 'This hook adds fields to the form \'feature\'', 1, 0),
(78, 'actionFeatureSave', 'Saving attributes\' features', 'This hook is called while saving an attributes features', 1, 0),
(79, 'actionFeatureDelete', 'Deleting attributes\' features', 'This hook is called while deleting an attributes features', 1, 0),
(80, 'actionProductSave', 'Saving products', 'This hook is called while saving products', 1, 0),
(81, 'actionProductListOverride', 'Assign a products list to a category', 'This hook assigns a products list to a category', 1, 0),
(82, 'displayAttributeGroupPostProcess', 'On post-process in admin attribute group', 'This hook is called on post-process in admin attribute group', 1, 0),
(83, 'displayFeaturePostProcess', 'On post-process in admin feature', 'This hook is called on post-process in admin feature', 1, 0),
(84, 'displayFeatureValueForm', 'Add fields to the form \'feature value\'', 'This hook adds fields to the form \'feature value\'', 1, 0),
(85, 'displayFeatureValuePostProcess', 'On post-process in admin feature value', 'This hook is called on post-process in admin feature value', 1, 0),
(86, 'actionFeatureValueDelete', 'Deleting attributes\' features\' values', 'This hook is called while deleting an attributes features value', 1, 0),
(87, 'actionFeatureValueSave', 'Saving an attributes features value', 'This hook is called while saving an attributes features value', 1, 0),
(88, 'displayAttributeForm', 'Add fields to the form \'attribute value\'', 'This hook adds fields to the form \'attribute value\'', 1, 0),
(89, 'actionAttributePostProcess', 'On post-process in admin feature value', 'This hook is called on post-process in admin feature value', 1, 0),
(90, 'actionAttributeDelete', 'Deleting an attributes features value', 'This hook is called while deleting an attributes features value', 1, 0),
(91, 'actionAttributeSave', 'Saving an attributes features value', 'This hook is called while saving an attributes features value', 1, 0),
(92, 'actionTaxManager', 'Tax Manager Factory', '', 1, 0),
(93, 'displayMyAccountBlock', 'My account block', 'This hook displays extra information within the \'my account\' block\"', 1, 0),
(94, 'actionModuleInstallBefore', 'actionModuleInstallBefore', '', 1, 0),
(95, 'actionModuleInstallAfter', 'actionModuleInstallAfter', '', 1, 0),
(96, 'displayHomeTab', 'Home Page Tabs', 'This hook displays new elements on the homepage tabs', 1, 1),
(97, 'displayHomeTabContent', 'Home Page Tabs Content', 'This hook displays new elements on the homepage tabs content', 1, 1),
(98, 'displayTopColumn', 'Top column blocks', 'This hook displays new elements in the top of columns', 1, 1),
(99, 'displayBackOfficeCategory', 'Display new elements in the Back Office, tab AdminCategories', 'This hook launches modules when the AdminCategories tab is displayed in the Back Office', 1, 0),
(100, 'displayProductListFunctionalButtons', 'Display new elements in the Front Office, products list', 'This hook launches modules when the products list is displayed in the Front Office', 1, 0),
(101, 'displayNav', 'Navigation', '', 1, 1),
(102, 'displayOverrideTemplate', 'Change the default template of current controller', '', 1, 0),
(103, 'actionAdminLoginControllerSetMedia', 'Set media on admin login page header', 'This hook is called after adding media to admin login page header', 1, 0),
(104, 'actionOrderEdited', 'Order edited', 'This hook is called when an order is edited.', 1, 0),
(105, 'actionEmailAddBeforeContent', 'Add extra content before mail content', 'This hook is called just before fetching mail template', 1, 0),
(106, 'actionEmailAddAfterContent', 'Add extra content after mail content', 'This hook is called just after fetching mail template', 1, 0),
(107, 'actionObjectProductUpdateAfter', 'actionObjectProductUpdateAfter', '', 0, 0),
(108, 'actionObjectProductDeleteAfter', 'actionObjectProductDeleteAfter', '', 0, 0),
(109, 'displayCompareExtraInformation', 'displayCompareExtraInformation', '', 1, 1),
(110, 'displaySocialSharing', 'displaySocialSharing', '', 1, 1),
(111, 'displayBanner', 'displayBanner', '', 1, 1),
(112, 'actionObjectLanguageAddAfter', 'actionObjectLanguageAddAfter', '', 0, 0),
(113, 'displayPaymentEU', 'displayPaymentEU', '', 1, 1),
(114, 'actionCartListOverride', 'actionCartListOverride', '', 0, 0),
(115, 'actionAdminMetaControllerUpdate_optionsBefore', 'actionAdminMetaControllerUpdate_optionsBefore', '', 0, 0),
(116, 'actionAdminLanguagesControllerStatusBefore', 'actionAdminLanguagesControllerStatusBefore', '', 0, 0),
(117, 'actionObjectCmsUpdateAfter', 'actionObjectCmsUpdateAfter', '', 0, 0),
(118, 'actionObjectCmsDeleteAfter', 'actionObjectCmsDeleteAfter', '', 0, 0),
(119, 'actionShopDataDuplication', 'actionShopDataDuplication', '', 0, 0),
(120, 'actionAdminStoresControllerUpdate_optionsAfter', 'actionAdminStoresControllerUpdate_optionsAfter', '', 0, 0),
(121, 'actionObjectManufacturerDeleteAfter', 'actionObjectManufacturerDeleteAfter', '', 0, 0),
(122, 'actionObjectManufacturerAddAfter', 'actionObjectManufacturerAddAfter', '', 0, 0),
(123, 'actionObjectManufacturerUpdateAfter', 'actionObjectManufacturerUpdateAfter', '', 0, 0),
(125, 'actionModuleRegisterHookAfter', 'actionModuleRegisterHookAfter', '', 0, 0),
(126, 'actionModuleUnRegisterHookAfter', 'actionModuleUnRegisterHookAfter', '', 0, 0),
(127, 'displayMyAccountBlockfooter', 'My account block', 'Display extra informations inside the \"my account\" block', 1, 0),
(128, 'displayMobileTopSiteMap', 'displayMobileTopSiteMap', '', 1, 1),
(129, 'displaySearch', 'displaySearch', '', 1, 1),
(130, 'actionObjectSupplierDeleteAfter', 'actionObjectSupplierDeleteAfter', '', 0, 0),
(131, 'actionObjectSupplierAddAfter', 'actionObjectSupplierAddAfter', '', 0, 0),
(132, 'actionObjectSupplierUpdateAfter', 'actionObjectSupplierUpdateAfter', '', 0, 0),
(133, 'actionObjectCategoryUpdateAfter', 'actionObjectCategoryUpdateAfter', '', 0, 0),
(134, 'actionObjectCategoryDeleteAfter', 'actionObjectCategoryDeleteAfter', '', 0, 0),
(135, 'actionObjectCategoryAddAfter', 'actionObjectCategoryAddAfter', '', 0, 0),
(136, 'actionObjectCmsAddAfter', 'actionObjectCmsAddAfter', '', 0, 0),
(137, 'actionObjectProductAddAfter', 'actionObjectProductAddAfter', '', 0, 0),
(138, 'dashboardZoneOne', 'dashboardZoneOne', '', 0, 0),
(139, 'dashboardData', 'dashboardData', '', 0, 0),
(140, 'actionObjectOrderAddAfter', 'actionObjectOrderAddAfter', '', 0, 0),
(141, 'actionObjectCustomerAddAfter', 'actionObjectCustomerAddAfter', '', 0, 0),
(142, 'actionObjectCustomerMessageAddAfter', 'actionObjectCustomerMessageAddAfter', '', 0, 0),
(143, 'actionObjectCustomerThreadAddAfter', 'actionObjectCustomerThreadAddAfter', '', 0, 0),
(144, 'actionObjectOrderReturnAddAfter', 'actionObjectOrderReturnAddAfter', '', 0, 0),
(145, 'actionAdminControllerSetMedia', 'actionAdminControllerSetMedia', '', 0, 0),
(146, 'dashboardZoneTwo', 'dashboardZoneTwo', '', 0, 0),
(147, 'displayProductListReviews', 'displayProductListReviews', '', 1, 1),
(148, 'actionAdminMetaControllerUpdate_optionsAfter', 'actionAdminMetaControllerUpdate_optionsAfter', '', 0, 0),
(149, 'actionAdminPerformanceControllerSaveAfter', 'actionAdminPerformanceControllerSaveAfter', '', 0, 0),
(150, 'actionObjectCarrierAddAfter', 'actionObjectCarrierAddAfter', '', 0, 0),
(151, 'actionObjectContactAddAfter', 'actionObjectContactAddAfter', '', 0, 0),
(152, 'actionAdminThemesControllerUpdate_optionsAfter', 'actionAdminThemesControllerUpdate_optionsAfter', '', 0, 0),
(153, 'actionObjectShopUpdateAfter', 'actionObjectShopUpdateAfter', '', 0, 0),
(154, 'actionAdminPreferencesControllerUpdate_optionsAfter', 'actionAdminPreferencesControllerUpdate_optionsAfter', '', 0, 0),
(155, 'actionObjectShopAddAfter', 'actionObjectShopAddAfter', '', 0, 0),
(156, 'actionObjectShopGroupAddAfter', 'actionObjectShopGroupAddAfter', '', 0, 0),
(157, 'actionObjectCartAddAfter', 'actionObjectCartAddAfter', '', 0, 0),
(158, 'actionObjectEmployeeAddAfter', 'actionObjectEmployeeAddAfter', '', 0, 0),
(159, 'actionObjectImageAddAfter', 'actionObjectImageAddAfter', '', 0, 0),
(160, 'actionObjectCartRuleAddAfter', 'actionObjectCartRuleAddAfter', '', 0, 0),
(161, 'actionAdminStoresControllerSaveAfter', 'actionAdminStoresControllerSaveAfter', '', 0, 0),
(162, 'actionAdminWebserviceControllerSaveAfter', 'actionAdminWebserviceControllerSaveAfter', '', 0, 0),
(163, 'gSitemapAppendUrls', 'GSitemap Append URLs', 'This hook allows a module to add URLs to a generated sitemap', 1, 0),
(164, 'actionPSCleanerGetModulesTables', 'actionPSCleanerGetModulesTables', '', 0, 0),
(165, 'displayMobileHeader', 'displayMobileHeader', '', 1, 1),
(166, 'displayMobileShoppingCartTop', 'displayMobileShoppingCartTop', '', 1, 1),
(167, 'displayMobileAddToCartTop', 'displayMobileAddToCartTop', '', 1, 1),
(168, 'actionProductCoverage', 'actionProductCoverage', '', 0, 0);

-- --------------------------------------------------------

--
-- Struttura della tabella `ps_hook_alias`
--

CREATE TABLE `ps_hook_alias` (
  `id_hook_alias` int(10) UNSIGNED NOT NULL,
  `alias` varchar(64) NOT NULL,
  `name` varchar(64) NOT NULL
) ENGINE=InnoDB DEFAULT CHARSET=utf8;

--
-- Dump dei dati per la tabella `ps_hook_alias`
--

INSERT INTO `ps_hook_alias` (`id_hook_alias`, `alias`, `name`) VALUES
(1, 'payment', 'displayPayment'),
(2, 'newOrder', 'actionValidateOrder'),
(3, 'paymentConfirm', 'actionPaymentConfirmation'),
(4, 'paymentReturn', 'displayPaymentReturn'),
(5, 'updateQuantity', 'actionUpdateQuantity'),
(6, 'rightColumn', 'displayRightColumn'),
(7, 'leftColumn', 'displayLeftColumn'),
(8, 'home', 'displayHome'),
(9, 'displayHeader', 'Header'),
(10, 'cart', 'actionCartSave'),
(11, 'authentication', 'actionAuthentication'),
(12, 'addproduct', 'actionProductAdd'),
(13, 'updateproduct', 'actionProductUpdate'),
(14, 'top', 'displayTop'),
(15, 'extraRight', 'displayRightColumnProduct'),
(16, 'deleteproduct', 'actionProductDelete'),
(17, 'productfooter', 'displayFooterProduct'),
(18, 'invoice', 'displayInvoice'),
(19, 'updateOrderStatus', 'actionOrderStatusUpdate'),
(20, 'adminOrder', 'displayAdminOrder'),
(21, 'footer', 'displayFooter'),
(22, 'PDFInvoice', 'displayPDFInvoice'),
(23, 'adminCustomers', 'displayAdminCustomers'),
(24, 'orderConfirmation', 'displayOrderConfirmation'),
(25, 'createAccount', 'actionCustomerAccountAdd'),
(26, 'customerAccount', 'displayCustomerAccount'),
(27, 'orderSlip', 'actionOrderSlipAdd'),
(28, 'productTab', 'displayProductTab'),
(29, 'productTabContent', 'displayProductTabContent'),
(30, 'shoppingCart', 'displayShoppingCartFooter'),
(31, 'createAccountForm', 'displayCustomerAccountForm'),
(32, 'AdminStatsModules', 'displayAdminStatsModules'),
(33, 'GraphEngine', 'displayAdminStatsGraphEngine'),
(34, 'orderReturn', 'actionOrderReturn'),
(35, 'productActions', 'displayProductButtons'),
(36, 'backOfficeHome', 'displayBackOfficeHome'),
(37, 'GridEngine', 'displayAdminStatsGridEngine'),
(38, 'watermark', 'actionWatermark'),
(39, 'cancelProduct', 'actionProductCancel'),
(40, 'extraLeft', 'displayLeftColumnProduct'),
(41, 'productOutOfStock', 'actionProductOutOfStock'),
(42, 'updateProductAttribute', 'actionProductAttributeUpdate'),
(43, 'extraCarrier', 'displayCarrierList'),
(44, 'shoppingCartExtra', 'displayShoppingCart'),
(45, 'search', 'actionSearch'),
(46, 'backBeforePayment', 'displayBeforePayment'),
(47, 'updateCarrier', 'actionCarrierUpdate'),
(48, 'postUpdateOrderStatus', 'actionOrderStatusPostUpdate'),
(49, 'createAccountTop', 'displayCustomerAccountFormTop'),
(50, 'backOfficeHeader', 'displayBackOfficeHeader'),
(51, 'backOfficeTop', 'displayBackOfficeTop'),
(52, 'backOfficeFooter', 'displayBackOfficeFooter'),
(53, 'deleteProductAttribute', 'actionProductAttributeDelete'),
(54, 'processCarrier', 'actionCarrierProcess'),
(55, 'orderDetail', 'actionOrderDetail'),
(56, 'beforeCarrier', 'displayBeforeCarrier'),
(57, 'orderDetailDisplayed', 'displayOrderDetail'),
(58, 'paymentCCAdded', 'actionPaymentCCAdd'),
(59, 'extraProductComparison', 'displayProductComparison'),
(60, 'categoryAddition', 'actionCategoryAdd'),
(61, 'categoryUpdate', 'actionCategoryUpdate'),
(62, 'categoryDeletion', 'actionCategoryDelete'),
(63, 'beforeAuthentication', 'actionBeforeAuthentication'),
(64, 'paymentTop', 'displayPaymentTop'),
(65, 'afterCreateHtaccess', 'actionHtaccessCreate'),
(66, 'afterSaveAdminMeta', 'actionAdminMetaSave'),
(67, 'attributeGroupForm', 'displayAttributeGroupForm'),
(68, 'afterSaveAttributeGroup', 'actionAttributeGroupSave'),
(69, 'afterDeleteAttributeGroup', 'actionAttributeGroupDelete'),
(70, 'featureForm', 'displayFeatureForm'),
(71, 'afterSaveFeature', 'actionFeatureSave'),
(72, 'afterDeleteFeature', 'actionFeatureDelete'),
(73, 'afterSaveProduct', 'actionProductSave'),
(74, 'productListAssign', 'actionProductListOverride'),
(75, 'postProcessAttributeGroup', 'displayAttributeGroupPostProcess'),
(76, 'postProcessFeature', 'displayFeaturePostProcess'),
(77, 'featureValueForm', 'displayFeatureValueForm'),
(78, 'postProcessFeatureValue', 'displayFeatureValuePostProcess'),
(79, 'afterDeleteFeatureValue', 'actionFeatureValueDelete'),
(80, 'afterSaveFeatureValue', 'actionFeatureValueSave'),
(81, 'attributeForm', 'displayAttributeForm'),
(82, 'postProcessAttribute', 'actionAttributePostProcess'),
(83, 'afterDeleteAttribute', 'actionAttributeDelete'),
(84, 'afterSaveAttribute', 'actionAttributeSave'),
(85, 'taxManager', 'actionTaxManager'),
(86, 'myAccountBlock', 'displayMyAccountBlock');

-- --------------------------------------------------------

--
-- Struttura della tabella `ps_hook_module`
--

CREATE TABLE `ps_hook_module` (
  `id_module` int(10) UNSIGNED NOT NULL,
  `id_shop` int(11) UNSIGNED NOT NULL DEFAULT '1',
  `id_hook` int(10) UNSIGNED NOT NULL,
  `position` tinyint(2) UNSIGNED NOT NULL
) ENGINE=InnoDB DEFAULT CHARSET=utf8;

--
-- Dump dei dati per la tabella `ps_hook_module`
--

INSERT INTO `ps_hook_module` (`id_module`, `id_shop`, `id_hook`, `position`) VALUES
(1, 1, 10, 1),
(1, 1, 107, 1),
(1, 1, 108, 1),
(1, 1, 109, 1),
(2, 1, 111, 1),
(2, 1, 112, 1),
(3, 1, 1, 1),
(3, 1, 5, 1),
(3, 1, 113, 1),
(5, 1, 114, 1),
(7, 1, 8, 1),
(7, 1, 99, 1),
(7, 1, 115, 1),
(7, 1, 116, 1),
(11, 1, 67, 1),
(11, 1, 68, 1),
(11, 1, 69, 1),
(11, 1, 74, 1),
(11, 1, 75, 1),
(11, 1, 76, 1),
(11, 1, 77, 1),
(11, 1, 78, 1),
(11, 1, 79, 1),
(11, 1, 80, 1),
(11, 1, 81, 1),
(11, 1, 82, 1),
(11, 1, 83, 1),
(11, 1, 84, 1),
(11, 1, 85, 1),
(11, 1, 86, 1),
(11, 1, 87, 1),
(11, 1, 88, 1),
(11, 1, 89, 1),
(11, 1, 90, 1),
(11, 1, 91, 1),
(12, 1, 117, 1),
(12, 1, 118, 1),
(12, 1, 119, 1),
(12, 1, 120, 1),
(16, 1, 121, 1),
(16, 1, 122, 1),
(16, 1, 123, 1),
(17, 1, 125, 1),
(18, 1, 126, 1),
(19, 1, 13, 1),
(19, 1, 14, 1),
(19, 1, 17, 1),
(20, 1, 31, 1),
(22, 1, 128, 1),
(25, 1, 130, 1),
(25, 1, 131, 1),
(25, 1, 132, 1),
(31, 1, 138, 1),
(31, 1, 139, 1),
(31, 1, 140, 1),
(31, 1, 141, 1),
(31, 1, 142, 1),
(31, 1, 143, 1),
(31, 1, 144, 1),
(31, 1, 145, 1),
(32, 1, 146, 1),
(35, 1, 40, 1),
(36, 1, 44, 1),
(37, 1, 98, 1),
(40, 1, 39, 1),
(50, 1, 12, 1),
(50, 1, 26, 1),
(63, 1, 9, 1),
(63, 1, 57, 1),
(64, 1, 2, 1),
(64, 1, 20, 1),
(64, 1, 95, 1),
(64, 1, 148, 1),
(64, 1, 149, 1),
(64, 1, 150, 1),
(64, 1, 151, 1),
(64, 1, 152, 1),
(64, 1, 153, 1),
(64, 1, 154, 1),
(64, 1, 155, 1),
(64, 1, 156, 1),
(64, 1, 157, 1),
(64, 1, 158, 1),
(64, 1, 159, 1),
(64, 1, 160, 1),
(64, 1, 161, 1),
(64, 1, 162, 1),
(65, 1, 11, 1),
(65, 1, 15, 1),
(65, 1, 29, 1),
(65, 1, 32, 1),
(65, 1, 42, 1),
(65, 1, 93, 1),
(65, 1, 100, 1),
(66, 1, 35, 1),
(66, 1, 36, 1),
(66, 1, 66, 1),
(66, 1, 147, 1),
(67, 1, 47, 1),
(71, 1, 9, 1),
(75, 1, 37, 1),
(76, 1, 101, 1),
(78, 1, 6, 1),
(78, 1, 54, 1),
(78, 1, 58, 1),
(81, 1, 21, 1),
(81, 1, 30, 1),
(81, 1, 46, 1),
(82, 1, 51, 1),
(82, 1, 53, 1),
(82, 1, 164, 1),
(82, 1, 165, 1),
(82, 1, 166, 1),
(82, 1, 167, 1),
(83, 1, 41, 1),
(83, 1, 48, 1),
(83, 1, 49, 1),
(83, 1, 60, 1),
(83, 1, 104, 1),
(83, 1, 168, 1),
(84, 1, 45, 1),
(1, 1, 47, 2),
(2, 1, 10, 2),
(4, 1, 55, 2),
(5, 1, 10, 2),
(7, 1, 67, 2),
(7, 1, 69, 2),
(9, 1, 9, 2),
(11, 1, 8, 2),
(14, 1, 101, 2),
(15, 1, 26, 2),
(18, 1, 125, 2),
(23, 1, 13, 2),
(23, 1, 14, 2),
(23, 1, 17, 2),
(27, 1, 133, 2),
(27, 1, 134, 2),
(27, 1, 135, 2),
(30, 1, 1, 2),
(30, 1, 5, 2),
(30, 1, 113, 2),
(32, 1, 139, 2),
(32, 1, 145, 2),
(33, 1, 146, 2),
(39, 1, 42, 2),
(41, 1, 39, 2),
(50, 1, 31, 2),
(60, 1, 52, 2),
(63, 1, 98, 2),
(63, 1, 112, 2),
(64, 1, 57, 2),
(64, 1, 120, 2),
(64, 1, 136, 2),
(64, 1, 137, 2),
(64, 1, 141, 2),
(64, 1, 143, 2),
(66, 1, 15, 2),
(70, 1, 9, 2),
(70, 1, 68, 2),
(74, 1, 98, 2),
(77, 1, 18, 2),
(78, 1, 2, 2),
(78, 1, 20, 2),
(81, 1, 11, 2),
(82, 1, 21, 2),
(82, 1, 46, 2),
(83, 1, 6, 2),
(83, 1, 32, 2),
(83, 1, 93, 2),
(6, 1, 10, 3),
(10, 1, 15, 3),
(13, 1, 9, 3),
(20, 1, 26, 3),
(25, 1, 8, 3),
(27, 1, 107, 3),
(27, 1, 108, 3),
(27, 1, 117, 3),
(27, 1, 118, 3),
(27, 1, 121, 3),
(27, 1, 122, 3),
(27, 1, 123, 3),
(27, 1, 130, 3),
(27, 1, 131, 3),
(27, 1, 132, 3),
(27, 1, 136, 3),
(27, 1, 137, 3),
(33, 1, 139, 3),
(33, 1, 145, 3),
(34, 1, 146, 3),
(37, 1, 119, 3),
(38, 1, 13, 3),
(38, 1, 14, 3),
(38, 1, 17, 3),
(42, 1, 39, 3),
(64, 1, 140, 3),
(66, 1, 47, 3),
(68, 1, 57, 3),
(68, 1, 125, 3),
(68, 1, 126, 3),
(71, 1, 68, 3),
(75, 1, 18, 3),
(75, 1, 55, 3),
(82, 1, 1, 3),
(82, 1, 5, 3),
(82, 1, 113, 3),
(83, 1, 2, 3),
(6, 1, 26, 4),
(8, 1, 10, 4),
(27, 1, 68, 4),
(29, 1, 8, 4),
(34, 1, 139, 4),
(35, 1, 145, 4),
(40, 1, 15, 4),
(43, 1, 39, 4),
(77, 1, 13, 4),
(77, 1, 14, 4),
(77, 1, 17, 4),
(81, 1, 9, 4),
(81, 1, 18, 4),
(81, 1, 57, 4),
(4, 1, 13, 5),
(4, 1, 14, 5),
(4, 1, 17, 5),
(7, 1, 68, 5),
(10, 1, 10, 5),
(12, 1, 26, 5),
(19, 1, 8, 5),
(41, 1, 15, 5),
(44, 1, 39, 5),
(82, 1, 18, 5),
(82, 1, 57, 5),
(8, 1, 15, 6),
(12, 1, 10, 6),
(17, 1, 8, 6),
(45, 1, 39, 6),
(63, 1, 26, 6),
(70, 1, 13, 6),
(70, 1, 14, 6),
(70, 1, 17, 6),
(15, 1, 10, 7),
(27, 1, 15, 7),
(27, 1, 119, 7),
(46, 1, 39, 7),
(63, 1, 8, 7),
(71, 1, 13, 7),
(71, 1, 14, 7),
(71, 1, 17, 7),
(81, 1, 26, 7),
(4, 1, 8, 8),
(9, 1, 10, 8),
(16, 1, 10, 8),
(22, 1, 15, 8),
(47, 1, 39, 8),
(74, 1, 119, 8),
(78, 1, 13, 8),
(78, 1, 14, 8),
(78, 1, 17, 8),
(5, 1, 15, 9),
(17, 1, 10, 9),
(48, 1, 39, 9),
(83, 1, 17, 9),
(18, 1, 10, 10),
(49, 1, 39, 10),
(19, 1, 10, 11),
(51, 1, 39, 11),
(14, 1, 10, 12),
(20, 1, 10, 12),
(52, 1, 39, 12),
(21, 1, 10, 13),
(53, 1, 39, 13),
(23, 1, 10, 14),
(54, 1, 39, 14),
(24, 1, 10, 15),
(55, 1, 39, 15),
(25, 1, 10, 16),
(56, 1, 39, 16),
(26, 1, 10, 17),
(57, 1, 39, 17),
(28, 1, 10, 18),
(58, 1, 39, 18),
(38, 1, 10, 19),
(59, 1, 39, 19),
(60, 1, 39, 20),
(65, 1, 10, 20),
(61, 1, 39, 21),
(66, 1, 10, 21),
(62, 1, 39, 22),
(67, 1, 10, 22),
(77, 1, 10, 23),
(29, 1, 10, 24),
(4, 1, 10, 25),
(11, 1, 10, 26),
(76, 1, 10, 27),
(37, 1, 10, 28),
(70, 1, 10, 28),
(71, 1, 10, 29),
(39, 1, 10, 30),
(75, 1, 10, 30),
(22, 1, 10, 31),
(63, 1, 10, 31),
(27, 1, 10, 32),
(74, 1, 10, 33),
(7, 1, 10, 34),
(78, 1, 10, 35),
(81, 1, 10, 36),
(82, 1, 10, 37),
(83, 1, 10, 38);

-- --------------------------------------------------------

--
-- Struttura della tabella `ps_hook_module_exceptions`
--

CREATE TABLE `ps_hook_module_exceptions` (
  `id_hook_module_exceptions` int(10) UNSIGNED NOT NULL,
  `id_shop` int(11) UNSIGNED NOT NULL DEFAULT '1',
  `id_module` int(10) UNSIGNED NOT NULL,
  `id_hook` int(10) UNSIGNED NOT NULL,
  `file_name` varchar(255) DEFAULT NULL
) ENGINE=InnoDB DEFAULT CHARSET=utf8;

--
-- Dump dei dati per la tabella `ps_hook_module_exceptions`
--

INSERT INTO `ps_hook_module_exceptions` (`id_hook_module_exceptions`, `id_shop`, `id_module`, `id_hook`, `file_name`) VALUES
(1, 1, 4, 8, 'category'),
(2, 1, 16, 8, 'category'),
(3, 1, 17, 8, 'category'),
(4, 1, 21, 8, 'category'),
(5, 1, 25, 8, 'category'),
(8, 1, 11, 8, 'cms'),
(9, 1, 11, 8, 'address'),
(10, 1, 11, 8, 'orderopc'),
(11, 1, 11, 8, 'index'),
(12, 1, 11, 8, 'addresses'),
(13, 1, 11, 8, 'cms'),
(14, 1, 11, 8, 'sitemap'),
(15, 1, 11, 8, 'identity'),
(16, 1, 11, 8, 'contact'),
(17, 1, 11, 8, 'auth'),
(18, 1, 11, 8, 'stores'),
(19, 1, 11, 8, 'index'),
(20, 1, 11, 8, 'orderslip'),
(21, 1, 11, 8, 'discount'),
(22, 1, 11, 8, 'password'),
(23, 1, 11, 8, 'orderopc'),
(24, 1, 11, 8, 'identity'),
(25, 1, 11, 8, 'contact'),
(26, 1, 11, 8, 'order'),
(27, 1, 11, 8, 'index'),
(28, 1, 11, 8, 'contact'),
(29, 1, 11, 8, 'address'),
(30, 1, 11, 8, 'order'),
(31, 1, 11, 8, 'pagenotfound'),
(32, 1, 11, 8, 'auth'),
(33, 1, 11, 8, 'cart'),
(34, 1, 11, 8, 'auth'),
(35, 1, 11, 8, 'index'),
(36, 1, 11, 8, 'identity'),
(37, 1, 11, 8, 'cart'),
(38, 1, 11, 8, 'orderfollow'),
(39, 1, 11, 8, 'stores'),
(40, 1, 11, 8, 'orderfollow'),
(41, 1, 11, 8, 'stores'),
(42, 1, 11, 8, 'identity'),
(43, 1, 11, 8, 'orderopc'),
(44, 1, 11, 8, 'orderslip'),
(45, 1, 11, 8, 'auth'),
(46, 1, 11, 8, 'orderslip'),
(47, 1, 11, 8, 'password'),
(48, 1, 11, 8, 'cart'),
(49, 1, 11, 8, 'index'),
(50, 1, 11, 8, 'order'),
(51, 1, 11, 8, 'password'),
(52, 1, 11, 8, 'identity'),
(53, 1, 11, 8, 'orderslip'),
(54, 1, 11, 8, 'myaccount'),
(55, 1, 11, 8, 'identity'),
(56, 1, 11, 8, 'order'),
(57, 1, 11, 8, 'contact'),
(58, 1, 11, 8, 'order'),
(59, 1, 11, 8, 'discount'),
(60, 1, 11, 8, 'sitemap'),
(61, 1, 11, 8, 'orderslip'),
(62, 1, 11, 8, 'address'),
(63, 1, 11, 8, 'auth'),
(64, 1, 11, 8, 'addresses'),
(65, 1, 11, 8, 'discount'),
(66, 1, 11, 8, 'addresses'),
(67, 1, 11, 8, 'address'),
(68, 1, 11, 8, 'cart'),
(69, 1, 11, 8, 'sitemap'),
(70, 1, 11, 8, 'auth'),
(71, 1, 11, 8, 'o'),
(72, 1, 11, 8, 'order'),
(73, 1, 11, 8, 'orderslip'),
(74, 1, 11, 8, 'cart'),
(75, 1, 11, 8, 'identity'),
(76, 1, 11, 8, 'addresses'),
(77, 1, 11, 8, 'password'),
(78, 1, 11, 8, 'index'),
(79, 1, 11, 8, 'orderopc'),
(80, 1, 11, 8, 'stores'),
(81, 1, 11, 8, 'password'),
(82, 1, 11, 8, 'auth'),
(83, 1, 11, 8, 'password'),
(84, 1, 11, 8, 'cms'),
(85, 1, 11, 8, 'address'),
(86, 1, 11, 8, 'aut'),
(87, 1, 11, 8, 'cms'),
(88, 1, 11, 8, 'product'),
(89, 1, 11, 8, 'password'),
(90, 1, 11, 8, 'stores'),
(91, 1, 11, 8, 'orderopc'),
(92, 1, 11, 8, 'myaccount'),
(93, 1, 11, 8, 'addresses'),
(94, 1, 11, 8, 'cart'),
(95, 1, 11, 8, 'stores'),
(96, 1, 11, 8, 'pr'),
(97, 1, 11, 8, 'product'),
(98, 1, 11, 8, 'index'),
(99, 1, 11, 8, 'stores'),
(100, 1, 11, 8, 'identity'),
(101, 1, 11, 8, 'orderopc'),
(102, 1, 11, 8, 'auth'),
(103, 1, 11, 8, 'auth'),
(104, 1, 11, 8, 'auth'),
(105, 1, 11, 8, 'cms'),
(106, 1, 11, 8, 'contact'),
(107, 1, 11, 8, 'order'),
(108, 1, 11, 8, 'stores'),
(109, 1, 11, 8, 'identity'),
(110, 1, 11, 8, 'cart'),
(111, 1, 11, 8, 'cart'),
(112, 1, 11, 8, 'order'),
(113, 1, 11, 8, 'my'),
(114, 1, 11, 8, 'address'),
(115, 1, 11, 8, 'orderfollow'),
(116, 1, 11, 8, 'pageno'),
(117, 1, 11, 8, 'addresses'),
(118, 1, 11, 8, 'addresses'),
(119, 1, 11, 8, 'orderopc'),
(120, 1, 11, 8, 'cart'),
(121, 1, 11, 8, 'or'),
(122, 1, 11, 8, 'addresses'),
(123, 1, 11, 8, 'sitemap'),
(124, 1, 11, 8, 'orderfollow'),
(125, 1, 11, 8, 'identity'),
(126, 1, 11, 8, 'orderfollow'),
(127, 1, 11, 8, 'contact'),
(128, 1, 11, 8, 'a'),
(129, 1, 19, 8, 'sitemap'),
(130, 1, 19, 8, 'discount'),
(131, 1, 19, 8, 'identity'),
(132, 1, 19, 8, 'password'),
(133, 1, 19, 8, 'cart'),
(134, 1, 19, 8, 'discount'),
(135, 1, 19, 8, 'product'),
(136, 1, 19, 8, 'index'),
(137, 1, 19, 8, 'auth'),
(138, 1, 19, 8, 'discount'),
(139, 1, 19, 8, 'identity'),
(140, 1, 19, 8, 'index'),
(141, 1, 19, 8, 'order'),
(142, 1, 19, 8, 'orderopc'),
(143, 1, 19, 8, 'orderslip'),
(144, 1, 19, 8, 'index'),
(145, 1, 19, 8, 'pagenotfound'),
(146, 1, 19, 8, 'address'),
(147, 1, 19, 8, 'index'),
(148, 1, 19, 8, 'discount'),
(149, 1, 19, 8, 'cms'),
(150, 1, 19, 8, 'addresses'),
(151, 1, 19, 8, 'index'),
(152, 1, 19, 8, 'product'),
(153, 1, 19, 8, 'discount'),
(154, 1, 19, 8, 'orderslip'),
(155, 1, 19, 8, 'myaccount'),
(156, 1, 19, 8, 'contact'),
(157, 1, 19, 8, 'index'),
(158, 1, 19, 8, 'cart'),
(159, 1, 19, 8, 'cart'),
(160, 1, 19, 8, 'order'),
(161, 1, 19, 8, 'orderslip'),
(162, 1, 19, 8, 'product'),
(163, 1, 19, 8, 'sitemap'),
(164, 1, 19, 8, 'identity'),
(165, 1, 19, 8, 'identity'),
(166, 1, 19, 8, 'orderfollow'),
(167, 1, 19, 8, 'sitemap'),
(168, 1, 19, 8, 'order'),
(169, 1, 19, 8, 'orderslip'),
(170, 1, 19, 8, 'product'),
(171, 1, 19, 8, 'addresses'),
(172, 1, 19, 8, 'index'),
(173, 1, 19, 8, 'address'),
(174, 1, 19, 8, 'stores'),
(175, 1, 19, 8, 'index'),
(176, 1, 19, 8, 'address'),
(177, 1, 19, 8, 'cms'),
(178, 1, 19, 8, 'contact'),
(179, 1, 19, 8, 'password'),
(180, 1, 19, 8, 'password'),
(181, 1, 19, 8, 'sitemap'),
(182, 1, 19, 8, 'orderopc'),
(183, 1, 19, 8, 'sitemap'),
(184, 1, 19, 8, 'order'),
(185, 1, 19, 8, 'cart'),
(186, 1, 19, 8, 'password'),
(187, 1, 19, 8, 'contact'),
(188, 1, 19, 8, 'contact'),
(189, 1, 19, 8, 'order'),
(190, 1, 19, 8, 'cms'),
(191, 1, 19, 8, 'orderslip'),
(192, 1, 19, 8, 'contact'),
(193, 1, 19, 8, 'index'),
(194, 1, 19, 8, 'pagenotfound'),
(195, 1, 19, 8, 'cms'),
(196, 1, 19, 8, 'cms'),
(197, 1, 19, 8, 'product'),
(198, 1, 19, 8, 'order'),
(199, 1, 19, 8, 'stores'),
(200, 1, 19, 8, 'contact'),
(201, 1, 19, 8, 'order'),
(202, 1, 19, 8, 'orderslip'),
(203, 1, 19, 8, 'discount'),
(204, 1, 19, 8, 'product'),
(205, 1, 19, 8, 'index'),
(206, 1, 19, 8, 'myaccount'),
(207, 1, 19, 8, 'orderopc'),
(208, 1, 19, 8, 'address'),
(209, 1, 19, 8, 'password'),
(210, 1, 19, 8, 'cms'),
(211, 1, 19, 8, 'orderfollow'),
(212, 1, 19, 8, 'address'),
(213, 1, 19, 8, 'orderfollow'),
(214, 1, 19, 8, 'address'),
(215, 1, 19, 8, 'orderslip'),
(216, 1, 19, 8, 'pagenotfound'),
(217, 1, 19, 8, 'orderopc'),
(218, 1, 19, 8, 'orderslip'),
(219, 1, 19, 8, 'order'),
(220, 1, 19, 8, 'discount'),
(221, 1, 19, 8, 'password'),
(222, 1, 19, 8, 'cart'),
(223, 1, 19, 8, 'identity'),
(224, 1, 19, 8, 'contact'),
(225, 1, 19, 8, 'stores'),
(226, 1, 19, 8, 'orderfollow'),
(227, 1, 19, 8, 'orderopc'),
(228, 1, 19, 8, 'discount'),
(229, 1, 19, 8, 'addresses'),
(230, 1, 19, 8, 'password'),
(231, 1, 19, 8, 'orderopc'),
(232, 1, 19, 8, 'discount'),
(233, 1, 19, 8, 'orderfollow'),
(234, 1, 19, 8, 'orderopc'),
(235, 1, 19, 8, 'addresses'),
(236, 1, 19, 8, 'cms'),
(237, 1, 19, 8, 'identity'),
(238, 1, 19, 8, 'stores'),
(239, 1, 19, 8, 'address'),
(240, 1, 19, 8, 'cms'),
(241, 1, 19, 8, 'pagenotfound'),
(242, 1, 25, 8, 'addresses'),
(243, 1, 25, 8, 'category'),
(244, 1, 25, 8, 'addresses'),
(245, 1, 25, 8, 'password'),
(246, 1, 25, 8, 'discount'),
(247, 1, 25, 8, 'orderopc'),
(248, 1, 25, 8, 'pagenotfound'),
(249, 1, 25, 8, 'stores'),
(250, 1, 25, 8, 'product'),
(251, 1, 25, 8, 'auth'),
(252, 1, 25, 8, 'category'),
(253, 1, 25, 8, 'category'),
(254, 1, 25, 8, 'address'),
(255, 1, 25, 8, 'auth'),
(256, 1, 25, 8, 'order'),
(257, 1, 25, 8, 'discount'),
(258, 1, 25, 8, 'sitemap'),
(259, 1, 25, 8, 'sitemap'),
(260, 1, 25, 8, 'orderopc'),
(261, 1, 25, 8, 'addresses'),
(262, 1, 25, 8, 'stores'),
(263, 1, 25, 8, 'stores'),
(264, 1, 25, 8, 'cms'),
(265, 1, 25, 8, 'address'),
(266, 1, 25, 8, 'discount'),
(267, 1, 25, 8, 'category'),
(268, 1, 25, 8, 'discount'),
(269, 1, 25, 8, 'pagenotfound'),
(270, 1, 25, 8, 'orderslip'),
(271, 1, 25, 8, 'category'),
(272, 1, 25, 8, 'index'),
(273, 1, 25, 8, 'stores'),
(274, 1, 25, 8, 'myaccount'),
(275, 1, 25, 8, 'product'),
(276, 1, 25, 8, 'address'),
(277, 1, 25, 8, 'orderopc'),
(278, 1, 25, 8, 'orderslip'),
(279, 1, 25, 8, 'pagenotfound'),
(280, 1, 25, 8, 'orderopc'),
(281, 1, 25, 8, 'order'),
(282, 1, 25, 8, 'order'),
(283, 1, 25, 8, 'stores'),
(284, 1, 25, 8, 'pagenotfound'),
(285, 1, 25, 8, 'category'),
(286, 1, 25, 8, 'cms'),
(287, 1, 25, 8, 'category'),
(288, 1, 25, 8, 'stores'),
(289, 1, 25, 8, 'discount'),
(290, 1, 25, 8, 'category'),
(291, 1, 25, 8, 'auth'),
(292, 1, 25, 8, 'identity'),
(293, 1, 25, 8, 'co'),
(294, 1, 25, 8, 'ordersli'),
(295, 1, 25, 8, 'order'),
(296, 1, 25, 8, 'stores'),
(297, 1, 25, 8, 'order'),
(298, 1, 25, 8, 'category'),
(299, 1, 25, 8, 'contact'),
(300, 1, 25, 8, 'contact'),
(301, 1, 25, 8, 'cart'),
(302, 1, 25, 8, 'index'),
(303, 1, 25, 8, 'pagenotfound'),
(304, 1, 25, 8, 'pagenotfound'),
(305, 1, 25, 8, 'category'),
(306, 1, 25, 8, 'stores'),
(307, 1, 25, 8, 'category'),
(308, 1, 25, 8, 'identity'),
(309, 1, 25, 8, 'category'),
(310, 1, 25, 8, 'identity'),
(311, 1, 25, 8, 'cart'),
(312, 1, 25, 8, 'stores'),
(313, 1, 25, 8, 'c'),
(314, 1, 25, 8, 'category'),
(315, 1, 25, 8, 'category'),
(316, 1, 25, 8, 'discount'),
(317, 1, 25, 8, 'ident'),
(318, 1, 25, 8, 'order'),
(319, 1, 25, 8, 'category'),
(320, 1, 25, 8, 'orderopc'),
(321, 1, 25, 8, 'pagenotfound'),
(322, 1, 25, 8, 'product'),
(323, 1, 25, 8, 'contact'),
(324, 1, 25, 8, 'orderslip'),
(325, 1, 25, 8, 'orderfollow'),
(326, 1, 25, 8, 'identity'),
(327, 1, 25, 8, 'orderopc'),
(328, 1, 25, 8, 'pagenotfound'),
(329, 1, 25, 8, 'order'),
(330, 1, 25, 8, 'auth'),
(331, 1, 25, 8, 'contact'),
(332, 1, 25, 8, 'category'),
(333, 1, 25, 8, 'cms'),
(334, 1, 25, 8, 'address'),
(335, 1, 25, 8, 'myaccount'),
(336, 1, 25, 8, 'contact'),
(337, 1, 25, 8, 'auth'),
(338, 1, 25, 8, 'cart'),
(339, 1, 25, 8, 'category'),
(340, 1, 25, 8, 'discount'),
(341, 1, 25, 8, 'category'),
(342, 1, 25, 8, 'category'),
(343, 1, 25, 8, 'password'),
(344, 1, 25, 8, 'password'),
(345, 1, 25, 8, 'addresses'),
(346, 1, 25, 8, 'category'),
(347, 1, 25, 8, 'category'),
(348, 1, 25, 8, 'product'),
(349, 1, 25, 8, 'pagenotfound'),
(350, 1, 25, 8, 'order'),
(351, 1, 25, 8, 'address'),
(352, 1, 25, 8, 'cat'),
(353, 1, 29, 8, 'sitemap'),
(354, 1, 29, 8, 'cart'),
(355, 1, 29, 8, 'myaccount'),
(356, 1, 29, 8, 'orderfollow'),
(357, 1, 29, 8, 'password'),
(358, 1, 29, 8, 'addresses'),
(359, 1, 29, 8, 'pagenotfound'),
(360, 1, 29, 8, 'cms'),
(361, 1, 29, 8, 'sitemap'),
(362, 1, 29, 8, 'orderslip'),
(363, 1, 29, 8, 'stores'),
(364, 1, 29, 8, 'order'),
(365, 1, 29, 8, 'order'),
(366, 1, 29, 8, 'myaccount'),
(367, 1, 29, 8, 'orderfollow'),
(368, 1, 29, 8, 'address'),
(369, 1, 29, 8, 'product'),
(370, 1, 29, 8, 'cart'),
(371, 1, 29, 8, 'identity'),
(372, 1, 29, 8, 'cms'),
(373, 1, 29, 8, 'address'),
(374, 1, 29, 8, 'addresses'),
(375, 1, 29, 8, 'cms'),
(376, 1, 29, 8, 'auth'),
(377, 1, 29, 8, 'pagenotfound'),
(378, 1, 29, 8, 'discount'),
(379, 1, 29, 8, 'orderslip'),
(380, 1, 29, 8, 'stores'),
(381, 1, 29, 8, 'pagenotfound'),
(382, 1, 29, 8, 'orderopc'),
(383, 1, 29, 8, 'product'),
(384, 1, 29, 8, 'order'),
(385, 1, 29, 8, 'sitemap'),
(386, 1, 29, 8, 'address'),
(387, 1, 29, 8, 'index'),
(388, 1, 29, 8, 'addresses'),
(389, 1, 29, 8, 'discount'),
(390, 1, 29, 8, 'addresses'),
(391, 1, 29, 8, 'order'),
(392, 1, 29, 8, 'contact'),
(393, 1, 29, 8, 'myaccount'),
(394, 1, 29, 8, 'orderfollow'),
(395, 1, 29, 8, 'addresses'),
(396, 1, 29, 8, 'stores'),
(397, 1, 29, 8, 'stores'),
(398, 1, 29, 8, 'product'),
(399, 1, 29, 8, 'cms'),
(400, 1, 29, 8, 'cms'),
(401, 1, 29, 8, 'discount'),
(402, 1, 29, 8, 'cms'),
(403, 1, 29, 8, 'orderslip'),
(404, 1, 29, 8, 'index'),
(405, 1, 29, 8, 'myaccount'),
(406, 1, 29, 8, 'orderopc'),
(407, 1, 29, 8, 'myaccount'),
(408, 1, 29, 8, 'index'),
(409, 1, 29, 8, 'identity'),
(410, 1, 29, 8, 'orderslip'),
(411, 1, 29, 8, 'cms'),
(412, 1, 29, 8, 'password'),
(413, 1, 29, 8, 'orderfollow'),
(414, 1, 29, 8, 'myaccount'),
(415, 1, 29, 8, 'orderfollow'),
(416, 1, 29, 8, 'orderopc'),
(417, 1, 29, 8, 'sitemap'),
(418, 1, 29, 8, 'password'),
(419, 1, 29, 8, 'discount'),
(420, 1, 29, 8, 'order'),
(421, 1, 29, 8, 'auth'),
(422, 1, 29, 8, 'pagenotfound'),
(423, 1, 29, 8, 'discount'),
(424, 1, 29, 8, 'cart'),
(425, 1, 29, 8, 'pagenotfound'),
(426, 1, 29, 8, 'addresses'),
(427, 1, 29, 8, 'order'),
(428, 1, 29, 8, 'cms'),
(429, 1, 29, 8, 'stores'),
(430, 1, 29, 8, 'auth'),
(431, 1, 29, 8, 'myaccount'),
(432, 1, 29, 8, 'identity'),
(433, 1, 29, 8, 'myaccount'),
(434, 1, 29, 8, 'si'),
(435, 1, 29, 8, 'address'),
(436, 1, 29, 8, 'contact'),
(437, 1, 29, 8, 'auth'),
(438, 1, 29, 8, 'discount'),
(439, 1, 29, 8, 'password'),
(440, 1, 29, 8, 'address'),
(441, 1, 29, 8, 'password'),
(442, 1, 29, 8, 'contact'),
(443, 1, 29, 8, 'ad'),
(444, 1, 29, 8, 'cart'),
(445, 1, 29, 8, 'contact'),
(446, 1, 29, 8, 'orderopc'),
(447, 1, 29, 8, 'contact'),
(448, 1, 29, 8, 'auth'),
(449, 1, 29, 8, 'cms'),
(450, 1, 29, 8, 'index'),
(451, 1, 29, 8, 'contact'),
(452, 1, 29, 8, 'addresses'),
(453, 1, 29, 8, 'addresses'),
(454, 1, 29, 8, 'stores'),
(455, 1, 29, 8, 'cart'),
(456, 1, 29, 8, 'password'),
(457, 1, 29, 8, 'order'),
(458, 1, 29, 8, 'identity'),
(459, 1, 29, 8, 'contact'),
(460, 1, 29, 8, 'auth'),
(461, 1, 29, 8, 'index'),
(462, 1, 29, 8, 'addresses'),
(463, 1, 29, 8, 'product'),
(464, 1, 29, 8, 'cms'),
(465, 1, 29, 8, 'stores'),
(466, 1, 29, 8, 'cms'),
(467, 1, 29, 8, 'cms'),
(468, 1, 29, 8, 'cont');

-- --------------------------------------------------------

--
-- Struttura della tabella `ps_image`
--

CREATE TABLE `ps_image` (
  `id_image` int(10) UNSIGNED NOT NULL,
  `id_product` int(10) UNSIGNED NOT NULL,
  `position` smallint(2) UNSIGNED NOT NULL DEFAULT '0',
  `cover` tinyint(1) UNSIGNED DEFAULT NULL
) ENGINE=InnoDB DEFAULT CHARSET=utf8;

--
-- Dump dei dati per la tabella `ps_image`
--

INSERT INTO `ps_image` (`id_image`, `id_product`, `position`, `cover`) VALUES
(14, 5559, 1, NULL),
(15, 5444, 1, NULL),
(16, 11193, 1, NULL),
(17, 9676, 1, NULL),
(18, 11278, 1, NULL),
(19, 5435, 1, NULL),
(20, 11233, 1, NULL),
(21, 11202, 1, NULL),
(22, 8522, 1, NULL),
(23, 8488, 1, NULL),
(24, 2880, 1, NULL),
(25, 5446, 1, NULL),
(26, 11183, 1, NULL),
(27, 5547, 1, NULL),
(28, 8856, 1, NULL),
(29, 8855, 1, NULL),
(30, 5548, 1, NULL),
(31, 2570, 1, NULL),
(32, 4479, 1, NULL),
(33, 4480, 1, NULL),
(34, 8423, 1, NULL),
(35, 6718, 1, NULL),
(36, 514, 1, NULL),
(37, 3333, 1, NULL),
(38, 8226, 1, NULL),
(39, 107, 1, NULL),
(40, 106, 1, NULL),
(41, 7407, 1, NULL),
(42, 8424, 1, NULL),
(43, 2448, 1, NULL),
(44, 1829, 1, NULL),
(45, 9675, 1, NULL),
(46, 8254, 1, NULL),
(47, 2869, 1, NULL),
(48, 5457, 1, NULL),
(49, 5458, 1, NULL),
(50, 11191, 1, NULL),
(51, 11192, 1, NULL),
(52, 2571, 1, NULL),
(53, 1882, 1, NULL),
(54, 11312, 1, NULL),
(55, 523, 1, NULL),
(56, 8509, 1, NULL),
(57, 9677, 1, NULL),
(58, 3443, 1, NULL),
(59, 5643, 1, NULL),
(60, 1872, 1, NULL),
(61, 5251, 1, NULL),
(62, 8243, 1, NULL),
(63, 8510, 1, NULL),
(64, 5644, 1, NULL),
(65, 8514, 1, NULL),
(66, 1873, 1, NULL),
(67, 8511, 1, NULL),
(68, 8515, 1, NULL),
(69, 9996, 1, NULL),
(70, 5645, 1, NULL),
(71, 1874, 1, NULL),
(72, 11308, 1, NULL),
(73, 3978, 1, NULL),
(74, 8489, 1, NULL),
(75, 11426, 1, NULL),
(76, 6629, 1, NULL),
(77, 8408, 1, NULL),
(78, 8409, 1, NULL),
(79, 8710, 1, NULL),
(80, 8422, 1, NULL),
(81, 4155, 1, NULL),
(82, 4154, 1, NULL),
(83, 7824, 1, NULL),
(84, 1883, 1, NULL),
(85, 2679, 1, NULL),
(86, 2680, 1, NULL),
(87, 9970, 1, NULL),
(88, 11097, 1, NULL),
(89, 11102, 1, NULL),
(90, 8513, 1, NULL),
(91, 1002, 1, NULL),
(92, 3511, 1, NULL),
(93, 1003, 1, NULL),
(94, 10645, 1, NULL),
(95, 10364, 1, NULL),
(96, 10688, 1, NULL),
(97, 11103, 1, NULL),
(98, 1001, 1, NULL),
(99, 11104, 1, NULL),
(100, 1833, 1, NULL),
(101, 1886, 1, NULL),
(102, 8974, 1, NULL),
(103, 4394, 1, NULL),
(104, 4397, 1, NULL),
(105, 4393, 1, NULL),
(106, 4495, 1, NULL),
(107, 4396, 1, NULL),
(108, 4494, 1, NULL),
(109, 11105, 1, NULL),
(110, 12812, 1, NULL),
(112, 1061, 1, NULL),
(114, 1043, 1, NULL),
(115, 1045, 1, NULL),
(116, 1046, 1, NULL),
(117, 1047, 1, NULL),
(118, 1048, 1, NULL),
(119, 1049, 1, NULL),
(120, 1050, 1, NULL),
(121, 1051, 1, NULL),
(122, 1052, 1, NULL),
(123, 1053, 1, NULL),
(124, 1054, 1, NULL),
(125, 1055, 1, NULL),
(126, 1056, 1, NULL),
(127, 1057, 1, NULL),
(128, 1058, 1, NULL),
(129, 1059, 1, NULL),
(130, 1060, 1, NULL),
(131, 1379, 1, NULL),
(132, 12814, 1, NULL),
(133, 12815, 1, NULL),
(134, 12816, 1, NULL),
(135, 12817, 1, NULL),
(136, 12818, 1, NULL),
(137, 7543, 1, NULL),
(138, 7909, 1, NULL),
(139, 7910, 1, NULL),
(140, 7911, 1, NULL),
(141, 7914, 1, NULL),
(142, 7912, 1, NULL),
(143, 7916, 1, NULL),
(144, 7918, 1, NULL),
(145, 7917, 1, NULL),
(146, 7919, 1, NULL),
(147, 7920, 1, NULL),
(148, 7923, 1, NULL),
(149, 7922, 1, NULL),
(150, 7921, 1, NULL),
(151, 7925, 1, NULL),
(152, 7924, 1, NULL),
(153, 7926, 1, NULL),
(154, 7927, 1, NULL),
(155, 7929, 1, NULL),
(156, 7928, 1, NULL),
(157, 7930, 1, NULL),
(158, 7931, 1, NULL),
(159, 7932, 1, NULL),
(160, 7935, 1, NULL),
(161, 7934, 1, NULL),
(162, 7933, 1, NULL),
(163, 7936, 1, NULL),
(164, 7937, 1, NULL),
(165, 7938, 1, NULL),
(166, 7939, 1, NULL),
(167, 7941, 1, NULL),
(168, 7940, 1, NULL),
(169, 7943, 1, NULL),
(170, 7942, 1, NULL),
(171, 12355, 1, NULL),
(173, 12843, 1, NULL),
(174, 12842, 1, NULL),
(175, 12255, 1, NULL),
(176, 12253, 1, NULL),
(177, 12813, 1, NULL),
(178, 12819, 1, NULL),
(179, 5545, 1, NULL),
(180, 5546, 1, NULL),
(181, 5550, 1, NULL),
(182, 12849, 1, NULL),
(183, 8425, 1, NULL);

-- --------------------------------------------------------

--
-- Struttura della tabella `ps_image_lang`
--

CREATE TABLE `ps_image_lang` (
  `id_image` int(10) UNSIGNED NOT NULL,
  `id_lang` int(10) UNSIGNED NOT NULL,
  `legend` varchar(128) DEFAULT NULL
) ENGINE=InnoDB DEFAULT CHARSET=utf8;

--
-- Dump dei dati per la tabella `ps_image_lang`
--

INSERT INTO `ps_image_lang` (`id_image`, `id_lang`, `legend`) VALUES
(14, 1, ''),
(15, 1, ''),
(16, 1, ''),
(17, 1, ''),
(18, 1, ''),
(19, 1, ''),
(20, 1, ''),
(21, 1, ''),
(22, 1, ''),
(23, 1, ''),
(24, 1, ''),
(25, 1, ''),
(26, 1, ''),
(27, 1, ''),
(28, 1, ''),
(29, 1, ''),
(30, 1, ''),
(31, 1, ''),
(32, 1, ''),
(33, 1, ''),
(34, 1, ''),
(35, 1, ''),
(36, 1, ''),
(37, 1, ''),
(38, 1, ''),
(39, 1, ''),
(40, 1, ''),
(41, 1, ''),
(42, 1, ''),
(43, 1, ''),
(44, 1, ''),
(45, 1, ''),
(46, 1, ''),
(47, 1, ''),
(48, 1, ''),
(49, 1, ''),
(50, 1, ''),
(51, 1, ''),
(52, 1, ''),
(53, 1, ''),
(54, 1, ''),
(55, 1, ''),
(56, 1, ''),
(57, 1, ''),
(58, 1, ''),
(59, 1, ''),
(60, 1, ''),
(61, 1, ''),
(62, 1, ''),
(63, 1, ''),
(64, 1, ''),
(65, 1, ''),
(66, 1, ''),
(67, 1, ''),
(68, 1, ''),
(69, 1, ''),
(70, 1, ''),
(71, 1, ''),
(72, 1, ''),
(73, 1, ''),
(74, 1, ''),
(75, 1, ''),
(76, 1, ''),
(77, 1, ''),
(78, 1, ''),
(79, 1, ''),
(80, 1, ''),
(81, 1, ''),
(82, 1, ''),
(83, 1, ''),
(84, 1, ''),
(85, 1, ''),
(86, 1, ''),
(87, 1, ''),
(88, 1, ''),
(89, 1, ''),
(90, 1, ''),
(91, 1, ''),
(92, 1, ''),
(93, 1, ''),
(94, 1, ''),
(95, 1, ''),
(96, 1, ''),
(97, 1, ''),
(98, 1, ''),
(99, 1, ''),
(100, 1, ''),
(101, 1, ''),
(102, 1, ''),
(103, 1, ''),
(104, 1, ''),
(105, 1, ''),
(106, 1, ''),
(107, 1, ''),
(108, 1, ''),
(109, 1, ''),
(110, 1, ''),
(112, 1, ''),
(114, 1, ''),
(115, 1, ''),
(116, 1, ''),
(117, 1, ''),
(118, 1, ''),
(119, 1, ''),
(120, 1, ''),
(121, 1, ''),
(122, 1, ''),
(123, 1, ''),
(124, 1, ''),
(125, 1, ''),
(126, 1, ''),
(127, 1, ''),
(128, 1, ''),
(129, 1, ''),
(130, 1, ''),
(131, 1, ''),
(132, 1, ''),
(133, 1, ''),
(134, 1, ''),
(135, 1, ''),
(136, 1, ''),
(137, 1, ''),
(138, 1, ''),
(139, 1, ''),
(140, 1, ''),
(141, 1, ''),
(142, 1, ''),
(143, 1, ''),
(144, 1, ''),
(145, 1, ''),
(146, 1, ''),
(147, 1, ''),
(148, 1, ''),
(149, 1, ''),
(150, 1, ''),
(151, 1, ''),
(152, 1, ''),
(153, 1, ''),
(154, 1, ''),
(155, 1, ''),
(156, 1, ''),
(157, 1, ''),
(158, 1, ''),
(159, 1, ''),
(160, 1, ''),
(161, 1, ''),
(162, 1, ''),
(163, 1, ''),
(164, 1, ''),
(165, 1, ''),
(166, 1, ''),
(167, 1, ''),
(168, 1, ''),
(169, 1, ''),
(170, 1, ''),
(171, 1, '');

-- --------------------------------------------------------

--
-- Struttura della tabella `ps_image_shop`
--

CREATE TABLE `ps_image_shop` (
  `id_product` int(10) UNSIGNED NOT NULL,
  `id_image` int(11) UNSIGNED NOT NULL,
  `id_shop` int(11) UNSIGNED NOT NULL,
  `cover` tinyint(1) UNSIGNED DEFAULT NULL
) ENGINE=InnoDB DEFAULT CHARSET=utf8;

--
-- Dump dei dati per la tabella `ps_image_shop`
--

INSERT INTO `ps_image_shop` (`id_product`, `id_image`, `id_shop`, `cover`) VALUES
(106, 40, 1, 1),
(107, 39, 1, 1),
(514, 36, 1, 1),
(523, 55, 1, 1),
(1001, 98, 1, 1),
(1002, 91, 1, 1),
(1003, 93, 1, 1),
(1043, 114, 1, 1),
(1045, 115, 1, 1),
(1046, 116, 1, 1),
(1047, 117, 1, 1),
(1048, 118, 1, 1),
(1049, 119, 1, 1),
(1050, 120, 1, 1),
(1051, 121, 1, 1),
(1052, 122, 1, 1),
(1053, 123, 1, 1),
(1054, 124, 1, 1),
(1055, 125, 1, 1),
(1056, 126, 1, 1),
(1057, 127, 1, 1),
(1058, 128, 1, 1),
(1059, 129, 1, 1),
(1060, 130, 1, 1),
(1061, 112, 1, 1),
(1379, 131, 1, 1),
(1829, 44, 1, 1),
(1833, 100, 1, 1),
(1872, 60, 1, 1),
(1873, 66, 1, 1),
(1874, 71, 1, 1),
(1882, 53, 1, 1),
(1883, 84, 1, 1),
(1886, 101, 1, 1),
(2448, 43, 1, 1),
(2570, 31, 1, 1),
(2571, 52, 1, 1),
(2679, 85, 1, 1),
(2680, 86, 1, 1),
(2869, 47, 1, 1),
(2880, 24, 1, 1),
(3333, 37, 1, 1),
(3443, 58, 1, 1),
(3511, 92, 1, 1),
(3978, 73, 1, 1),
(4154, 82, 1, 1),
(4155, 81, 1, 1),
(4393, 105, 1, 1),
(4394, 103, 1, 1),
(4396, 107, 1, 1),
(4397, 104, 1, 1),
(4479, 32, 1, 1),
(4480, 33, 1, 1),
(4494, 108, 1, 1),
(4495, 106, 1, 1),
(5251, 61, 1, 1),
(5435, 19, 1, 1),
(5444, 15, 1, 1),
(5446, 25, 1, 1),
(5457, 48, 1, 1),
(5458, 49, 1, 1),
(5545, 179, 1, 1),
(5546, 180, 1, 1),
(5547, 27, 1, 1),
(5548, 30, 1, 1),
(5550, 181, 1, 1),
(5559, 14, 1, 1),
(5643, 59, 1, 1),
(5644, 64, 1, 1),
(5645, 70, 1, 1),
(6629, 76, 1, 1),
(6718, 35, 1, 1),
(7407, 41, 1, 1),
(7543, 137, 1, 1),
(7824, 83, 1, 1),
(7909, 138, 1, 1),
(7910, 139, 1, 1),
(7911, 140, 1, 1),
(7912, 142, 1, 1),
(7914, 141, 1, 1),
(7916, 143, 1, 1),
(7917, 145, 1, 1),
(7918, 144, 1, 1),
(7919, 146, 1, 1),
(7920, 147, 1, 1),
(7921, 150, 1, 1),
(7922, 149, 1, 1),
(7923, 148, 1, 1),
(7924, 152, 1, 1),
(7925, 151, 1, 1),
(7926, 153, 1, 1),
(7927, 154, 1, 1),
(7928, 156, 1, 1),
(7929, 155, 1, 1),
(7930, 157, 1, 1),
(7931, 158, 1, 1),
(7932, 159, 1, 1),
(7933, 162, 1, 1),
(7934, 161, 1, 1),
(7935, 160, 1, 1),
(7936, 163, 1, 1),
(7937, 164, 1, 1),
(7938, 165, 1, 1),
(7939, 166, 1, 1),
(7940, 168, 1, 1),
(7941, 167, 1, 1),
(7942, 170, 1, 1),
(7943, 169, 1, 1),
(8226, 38, 1, 1),
(8243, 62, 1, 1),
(8254, 46, 1, 1),
(8408, 77, 1, 1),
(8409, 78, 1, 1),
(8422, 80, 1, 1),
(8423, 34, 1, 1),
(8424, 42, 1, 1),
(8425, 183, 1, 1),
(8488, 23, 1, 1),
(8489, 74, 1, 1),
(8509, 56, 1, 1),
(8510, 63, 1, 1),
(8511, 67, 1, 1),
(8513, 90, 1, 1),
(8514, 65, 1, 1),
(8515, 68, 1, 1),
(8522, 22, 1, 1),
(8710, 79, 1, 1),
(8855, 29, 1, 1),
(8856, 28, 1, 1),
(8974, 102, 1, 1),
(9675, 45, 1, 1),
(9676, 17, 1, 1),
(9677, 57, 1, 1),
(9970, 87, 1, 1),
(9996, 69, 1, 1),
(10364, 95, 1, 1),
(10645, 94, 1, 1),
(10688, 96, 1, 1),
(11097, 88, 1, 1),
(11102, 89, 1, 1),
(11103, 97, 1, 1),
(11104, 99, 1, 1),
(11105, 109, 1, 1),
(11183, 26, 1, 1),
(11191, 50, 1, 1),
(11192, 51, 1, 1),
(11193, 16, 1, 1),
(11202, 21, 1, 1),
(11233, 20, 1, 1),
(11278, 18, 1, 1),
(11308, 72, 1, 1),
(11312, 54, 1, 1),
(11426, 75, 1, 1),
(12253, 176, 1, 1),
(12255, 175, 1, 1),
(12355, 171, 1, 1),
(12812, 110, 1, 1),
(12813, 177, 1, 1),
(12814, 132, 1, 1),
(12815, 133, 1, 1),
(12816, 134, 1, 1),
(12817, 135, 1, 1),
(12818, 136, 1, 1),
(12819, 178, 1, 1),
(12842, 174, 1, 1),
(12843, 173, 1, 1),
(12849, 182, 1, 1);

-- --------------------------------------------------------

--
-- Struttura della tabella `ps_image_type`
--

CREATE TABLE `ps_image_type` (
  `id_image_type` int(10) UNSIGNED NOT NULL,
  `name` varchar(64) NOT NULL,
  `width` int(10) UNSIGNED NOT NULL,
  `height` int(10) UNSIGNED NOT NULL,
  `products` tinyint(1) NOT NULL DEFAULT '1',
  `categories` tinyint(1) NOT NULL DEFAULT '1',
  `manufacturers` tinyint(1) NOT NULL DEFAULT '1',
  `suppliers` tinyint(1) NOT NULL DEFAULT '1',
  `scenes` tinyint(1) NOT NULL DEFAULT '1',
  `stores` tinyint(1) NOT NULL DEFAULT '1'
) ENGINE=InnoDB DEFAULT CHARSET=utf8;

--
-- Dump dei dati per la tabella `ps_image_type`
--

INSERT INTO `ps_image_type` (`id_image_type`, `name`, `width`, `height`, `products`, `categories`, `manufacturers`, `suppliers`, `scenes`, `stores`) VALUES
(10, 'cart_default', 80, 80, 1, 0, 0, 0, 0, 1),
(11, 'small_default', 45, 45, 1, 0, 1, 1, 0, 1),
(12, 'medium_default', 125, 125, 1, 1, 1, 1, 0, 1),
(13, 'home_default', 150, 150, 1, 0, 0, 0, 0, 1),
(14, 'large_default', 458, 458, 1, 0, 1, 1, 0, 1),
(15, 'thickbox_default', 800, 800, 1, 0, 0, 0, 0, 1),
(16, 'category_default', 550, 124, 0, 1, 0, 0, 0, 1),
(17, 'scene_default', 870, 270, 0, 0, 0, 0, 1, 1),
(18, 'm_scene_default', 161, 58, 0, 0, 0, 0, 1, 1);

-- --------------------------------------------------------

--
-- Struttura della tabella `ps_import_match`
--

CREATE TABLE `ps_import_match` (
  `id_import_match` int(10) NOT NULL,
  `name` varchar(32) NOT NULL,
  `match` text NOT NULL,
  `skip` int(2) NOT NULL
) ENGINE=InnoDB DEFAULT CHARSET=utf8;

-- --------------------------------------------------------

--
-- Struttura della tabella `ps_info`
--

CREATE TABLE `ps_info` (
  `id_info` int(10) UNSIGNED NOT NULL,
  `id_shop` int(10) UNSIGNED DEFAULT NULL
) ENGINE=InnoDB DEFAULT CHARSET=utf8;

--
-- Dump dei dati per la tabella `ps_info`
--

INSERT INTO `ps_info` (`id_info`, `id_shop`) VALUES
(1, 1),
(2, 1);

-- --------------------------------------------------------

--
-- Struttura della tabella `ps_info_lang`
--

CREATE TABLE `ps_info_lang` (
  `id_info` int(10) UNSIGNED NOT NULL,
  `id_lang` int(10) UNSIGNED NOT NULL,
  `text` text NOT NULL
) ENGINE=InnoDB DEFAULT CHARSET=utf8;

--
-- Dump dei dati per la tabella `ps_info_lang`
--

INSERT INTO `ps_info_lang` (`id_info`, `id_lang`, `text`) VALUES
(1, 1, '<ul>\n<li><em class=\"icon-truck\" id=\"icon-truck\"></em>\n<div class=\"type-text\">\n<h3>Lorem Ipsum</h3>\n<p>Lorem ipsum dolor sit amet conse ctetur voluptate velit esse cillum dolore eu</p>\n</div>\n</li>\n<li><em class=\"icon-phone\" id=\"icon-phone\"></em>\n<div class=\"type-text\">\n<h3>Dolor Sit Amet</h3>\n<p>Lorem ipsum dolor sit amet conse ctetur voluptate velit esse cillum dolore eu</p>\n</div>\n</li>\n<li><em class=\"icon-credit-card\" id=\"icon-credit-card\"></em>\n<div class=\"type-text\">\n<h3>Ctetur Voluptate</h3>\n<p>Lorem ipsum dolor sit amet conse ctetur voluptate velit esse cillum dolore eu</p>\n</div>\n</li>\n</ul>'),
(2, 1, '<h3>Custom Block</h3>\n<p><strong class=\"dark\">Lorem ipsum dolor sit amet conse ctetu</strong></p>\n<p>Sit amet conse ctetur adipisicing elit, sed do eiusmod tempor incididunt ut labore et dolore magna aliqua. Ut enim ad minim veniam, quis nostrud exercitation ullamco laboris nisi ut aliquip ex ea commodo consequat. Duis aute irure dolor in reprehenderit.</p>');

-- --------------------------------------------------------

--
-- Struttura della tabella `ps_lang`
--

CREATE TABLE `ps_lang` (
  `id_lang` int(10) UNSIGNED NOT NULL,
  `name` varchar(32) NOT NULL,
  `active` tinyint(3) UNSIGNED NOT NULL DEFAULT '0',
  `iso_code` char(2) NOT NULL,
  `language_code` char(5) NOT NULL,
  `date_format_lite` char(32) NOT NULL DEFAULT 'Y-m-d',
  `date_format_full` char(32) NOT NULL DEFAULT 'Y-m-d H:i:s',
  `is_rtl` tinyint(1) NOT NULL DEFAULT '0'
) ENGINE=InnoDB DEFAULT CHARSET=utf8;

--
-- Dump dei dati per la tabella `ps_lang`
--

INSERT INTO `ps_lang` (`id_lang`, `name`, `active`, `iso_code`, `language_code`, `date_format_lite`, `date_format_full`, `is_rtl`) VALUES
(1, 'Italiano (Italian)', 1, 'it', 'it-it', 'd/m/Y', 'd/m/Y H:i:s', 0);

-- --------------------------------------------------------

--
-- Struttura della tabella `ps_lang_shop`
--

CREATE TABLE `ps_lang_shop` (
  `id_lang` int(11) UNSIGNED NOT NULL,
  `id_shop` int(11) UNSIGNED NOT NULL
) ENGINE=InnoDB DEFAULT CHARSET=utf8;

--
-- Dump dei dati per la tabella `ps_lang_shop`
--

INSERT INTO `ps_lang_shop` (`id_lang`, `id_shop`) VALUES
(1, 1);

-- --------------------------------------------------------

--
-- Struttura della tabella `ps_layered_category`
--

CREATE TABLE `ps_layered_category` (
  `id_layered_category` int(10) UNSIGNED NOT NULL,
  `id_shop` int(11) UNSIGNED NOT NULL,
  `id_category` int(10) UNSIGNED NOT NULL,
  `id_value` int(10) UNSIGNED DEFAULT '0',
  `type` enum('category','id_feature','id_attribute_group','quantity','condition','manufacturer','weight','price') NOT NULL,
  `position` int(10) UNSIGNED NOT NULL,
  `filter_type` int(10) UNSIGNED NOT NULL DEFAULT '0',
  `filter_show_limit` int(10) UNSIGNED NOT NULL DEFAULT '0'
) ENGINE=InnoDB DEFAULT CHARSET=latin1;

--
-- Dump dei dati per la tabella `ps_layered_category`
--

INSERT INTO `ps_layered_category` (`id_layered_category`, `id_shop`, `id_category`, `id_value`, `type`, `position`, `filter_type`, `filter_show_limit`) VALUES
(1, 1, 2, NULL, 'category', 1, 0, 0),
(2, 1, 2, 1, 'id_attribute_group', 2, 0, 0),
(3, 1, 2, 3, 'id_attribute_group', 3, 0, 0),
(4, 1, 2, 5, 'id_feature', 4, 0, 0),
(5, 1, 2, 6, 'id_feature', 5, 0, 0),
(6, 1, 2, 7, 'id_feature', 6, 0, 0),
(7, 1, 2, NULL, 'quantity', 7, 0, 0),
(8, 1, 2, NULL, 'manufacturer', 8, 0, 0),
(9, 1, 2, NULL, 'condition', 9, 0, 0),
(10, 1, 2, NULL, 'weight', 10, 0, 0),
(11, 1, 2, NULL, 'price', 11, 0, 0),
(12, 1, 3, NULL, 'category', 1, 0, 0),
(13, 1, 3, 1, 'id_attribute_group', 2, 0, 0),
(14, 1, 3, 3, 'id_attribute_group', 3, 0, 0),
(15, 1, 3, 5, 'id_feature', 4, 0, 0),
(16, 1, 3, 6, 'id_feature', 5, 0, 0),
(17, 1, 3, 7, 'id_feature', 6, 0, 0),
(18, 1, 3, NULL, 'quantity', 7, 0, 0),
(19, 1, 3, NULL, 'manufacturer', 8, 0, 0),
(20, 1, 3, NULL, 'condition', 9, 0, 0),
(21, 1, 3, NULL, 'weight', 10, 0, 0),
(22, 1, 3, NULL, 'price', 11, 0, 0),
(23, 1, 4, NULL, 'category', 1, 0, 0),
(24, 1, 4, 1, 'id_attribute_group', 2, 0, 0),
(25, 1, 4, 3, 'id_attribute_group', 3, 0, 0),
(26, 1, 4, 5, 'id_feature', 4, 0, 0),
(27, 1, 4, 6, 'id_feature', 5, 0, 0),
(28, 1, 4, 7, 'id_feature', 6, 0, 0),
(29, 1, 4, NULL, 'quantity', 7, 0, 0),
(30, 1, 4, NULL, 'manufacturer', 8, 0, 0),
(31, 1, 4, NULL, 'condition', 9, 0, 0),
(32, 1, 4, NULL, 'weight', 10, 0, 0),
(33, 1, 4, NULL, 'price', 11, 0, 0),
(34, 1, 7, NULL, 'category', 1, 0, 0),
(35, 1, 7, 1, 'id_attribute_group', 2, 0, 0),
(36, 1, 7, 3, 'id_attribute_group', 3, 0, 0),
(37, 1, 7, 5, 'id_feature', 4, 0, 0),
(38, 1, 7, 6, 'id_feature', 5, 0, 0),
(39, 1, 7, 7, 'id_feature', 6, 0, 0),
(40, 1, 7, NULL, 'quantity', 7, 0, 0),
(41, 1, 7, NULL, 'manufacturer', 8, 0, 0),
(42, 1, 7, NULL, 'condition', 9, 0, 0),
(43, 1, 7, NULL, 'weight', 10, 0, 0),
(44, 1, 7, NULL, 'price', 11, 0, 0),
(45, 1, 8, NULL, 'category', 1, 0, 0),
(46, 1, 8, 1, 'id_attribute_group', 2, 0, 0),
(47, 1, 8, 3, 'id_attribute_group', 3, 0, 0),
(48, 1, 8, 5, 'id_feature', 4, 0, 0),
(49, 1, 8, 6, 'id_feature', 5, 0, 0),
(50, 1, 8, 7, 'id_feature', 6, 0, 0),
(51, 1, 8, NULL, 'quantity', 7, 0, 0),
(52, 1, 8, NULL, 'manufacturer', 8, 0, 0),
(53, 1, 8, NULL, 'condition', 9, 0, 0),
(54, 1, 8, NULL, 'weight', 10, 0, 0),
(55, 1, 8, NULL, 'price', 11, 0, 0),
(56, 1, 9, NULL, 'category', 1, 0, 0),
(57, 1, 9, 1, 'id_attribute_group', 2, 0, 0),
(58, 1, 9, 3, 'id_attribute_group', 3, 0, 0),
(59, 1, 9, 5, 'id_feature', 4, 0, 0),
(60, 1, 9, 6, 'id_feature', 5, 0, 0),
(61, 1, 9, 7, 'id_feature', 6, 0, 0),
(62, 1, 9, NULL, 'quantity', 7, 0, 0),
(63, 1, 9, NULL, 'manufacturer', 8, 0, 0),
(64, 1, 9, NULL, 'condition', 9, 0, 0),
(65, 1, 9, NULL, 'weight', 10, 0, 0),
(66, 1, 9, NULL, 'price', 11, 0, 0),
(67, 1, 10, NULL, 'category', 1, 0, 0),
(68, 1, 10, 1, 'id_attribute_group', 2, 0, 0),
(69, 1, 10, 3, 'id_attribute_group', 3, 0, 0),
(70, 1, 10, 5, 'id_feature', 4, 0, 0),
(71, 1, 10, 6, 'id_feature', 5, 0, 0),
(72, 1, 10, 7, 'id_feature', 6, 0, 0),
(73, 1, 10, NULL, 'quantity', 7, 0, 0),
(74, 1, 10, NULL, 'manufacturer', 8, 0, 0),
(75, 1, 10, NULL, 'condition', 9, 0, 0),
(76, 1, 10, NULL, 'weight', 10, 0, 0),
(77, 1, 10, NULL, 'price', 11, 0, 0),
(78, 1, 11, NULL, 'category', 1, 0, 0),
(79, 1, 11, 1, 'id_attribute_group', 2, 0, 0),
(80, 1, 11, 3, 'id_attribute_group', 3, 0, 0),
(81, 1, 11, 5, 'id_feature', 4, 0, 0),
(82, 1, 11, 6, 'id_feature', 5, 0, 0),
(83, 1, 11, 7, 'id_feature', 6, 0, 0),
(84, 1, 11, NULL, 'quantity', 7, 0, 0),
(85, 1, 11, NULL, 'manufacturer', 8, 0, 0),
(86, 1, 11, NULL, 'condition', 9, 0, 0),
(87, 1, 11, NULL, 'weight', 10, 0, 0),
(88, 1, 11, NULL, 'price', 11, 0, 0);

-- --------------------------------------------------------

--
-- Struttura della tabella `ps_layered_filter`
--

CREATE TABLE `ps_layered_filter` (
  `id_layered_filter` int(10) UNSIGNED NOT NULL,
  `name` varchar(64) NOT NULL,
  `filters` text,
  `n_categories` int(10) UNSIGNED NOT NULL,
  `date_add` datetime NOT NULL
) ENGINE=InnoDB DEFAULT CHARSET=utf8;

--
-- Dump dei dati per la tabella `ps_layered_filter`
--

INSERT INTO `ps_layered_filter` (`id_layered_filter`, `name`, `filters`, `n_categories`, `date_add`) VALUES
(1, 'Il mio template 2016-02-15', 'a:13:{s:10:\"categories\";a:8:{i:0;i:2;i:2;i:3;i:3;i:4;i:4;i:7;i:5;i:8;i:6;i:9;i:7;i:10;i:8;i:11;}s:9:\"shop_list\";a:1:{i:1;i:1;}s:31:\"layered_selection_subcategories\";a:2:{s:11:\"filter_type\";i:0;s:17:\"filter_show_limit\";i:0;}s:22:\"layered_selection_ag_1\";a:2:{s:11:\"filter_type\";i:0;s:17:\"filter_show_limit\";i:0;}s:22:\"layered_selection_ag_3\";a:2:{s:11:\"filter_type\";i:0;s:17:\"filter_show_limit\";i:0;}s:24:\"layered_selection_feat_5\";a:2:{s:11:\"filter_type\";i:0;s:17:\"filter_show_limit\";i:0;}s:24:\"layered_selection_feat_6\";a:2:{s:11:\"filter_type\";i:0;s:17:\"filter_show_limit\";i:0;}s:24:\"layered_selection_feat_7\";a:2:{s:11:\"filter_type\";i:0;s:17:\"filter_show_limit\";i:0;}s:23:\"layered_selection_stock\";a:2:{s:11:\"filter_type\";i:0;s:17:\"filter_show_limit\";i:0;}s:30:\"layered_selection_manufacturer\";a:2:{s:11:\"filter_type\";i:0;s:17:\"filter_show_limit\";i:0;}s:27:\"layered_selection_condition\";a:2:{s:11:\"filter_type\";i:0;s:17:\"filter_show_limit\";i:0;}s:31:\"layered_selection_weight_slider\";a:2:{s:11:\"filter_type\";i:0;s:17:\"filter_show_limit\";i:0;}s:30:\"layered_selection_price_slider\";a:2:{s:11:\"filter_type\";i:0;s:17:\"filter_show_limit\";i:0;}}', 9, '2016-02-15 10:48:16');

-- --------------------------------------------------------

--
-- Struttura della tabella `ps_layered_filter_shop`
--

CREATE TABLE `ps_layered_filter_shop` (
  `id_layered_filter` int(10) UNSIGNED NOT NULL,
  `id_shop` int(11) UNSIGNED NOT NULL
) ENGINE=InnoDB DEFAULT CHARSET=utf8;

--
-- Dump dei dati per la tabella `ps_layered_filter_shop`
--

INSERT INTO `ps_layered_filter_shop` (`id_layered_filter`, `id_shop`) VALUES
(1, 1);

-- --------------------------------------------------------

--
-- Struttura della tabella `ps_layered_friendly_url`
--

CREATE TABLE `ps_layered_friendly_url` (
  `id_layered_friendly_url` int(11) NOT NULL,
  `url_key` varchar(32) NOT NULL,
  `data` varchar(200) NOT NULL,
  `id_lang` int(11) NOT NULL
) ENGINE=InnoDB DEFAULT CHARSET=utf8;

--
-- Dump dei dati per la tabella `ps_layered_friendly_url`
--

INSERT INTO `ps_layered_friendly_url` (`id_layered_friendly_url`, `url_key`, `data`, `id_lang`) VALUES
(1, '9bc35dcf0ccd5738a9ae91dd6fca64f5', 'a:1:{s:8:\"category\";a:1:{i:1;s:1:\"1\";}}', 1),
(2, '97d85fb79f84f3477734bb83e66c1449', 'a:1:{s:8:\"category\";a:1:{i:2;s:1:\"2\";}}', 1),
(3, 'ade523b670fd2d9d3866d200c3a1b23f', 'a:1:{s:8:\"category\";a:1:{i:3;s:1:\"3\";}}', 1),
(4, '419246acebe9630a6dff915253c8e33a', 'a:1:{s:8:\"category\";a:1:{i:4;s:1:\"4\";}}', 1),
(5, '681021985d807b2018ebc972d2317229', 'a:1:{s:8:\"category\";a:1:{i:8;s:1:\"8\";}}', 1),
(6, '6352fef8243c8d52949b2b9da6cd7cf4', 'a:1:{s:8:\"category\";a:1:{i:5;s:1:\"5\";}}', 1),
(7, 'dc8fa6fcccd4203648656dc6efa0b4f3', 'a:1:{s:8:\"category\";a:1:{i:7;s:1:\"7\";}}', 1),
(8, '6dacb999cb3bcb994ce728d50dbc3bd6', 'a:1:{s:8:\"category\";a:1:{i:9;s:1:\"9\";}}', 1),
(9, '32768b11c476da95852bc8237a707459', 'a:1:{s:8:\"category\";a:1:{i:10;s:2:\"10\";}}', 1),
(10, '77c1b8d2b487a9b0f35a02cd66cb53c4', 'a:1:{s:8:\"category\";a:1:{i:11;s:2:\"11\";}}', 1),
(11, '662a7627ae56cf30b867b67220e1dbbb', 'a:1:{s:10:\"id_feature\";a:1:{i:1;s:3:\"5_1\";}}', 1),
(12, '6df7579c3942e4ff1065011927dd9d5c', 'a:1:{s:10:\"id_feature\";a:1:{i:2;s:3:\"5_2\";}}', 1),
(13, '390d6ecebc24887f632b44e4197b817f', 'a:1:{s:10:\"id_feature\";a:1:{i:3;s:3:\"5_3\";}}', 1),
(14, '699ff97143ef67bc0ed9a47fb1360298', 'a:1:{s:10:\"id_feature\";a:1:{i:4;s:3:\"5_4\";}}', 1),
(15, 'a62b89820a2b12788e44a78ce7c3f6e7', 'a:1:{s:10:\"id_feature\";a:1:{i:5;s:3:\"5_5\";}}', 1),
(16, 'd53aedd0fefa1b9c57410c46d3ab7d31', 'a:1:{s:10:\"id_feature\";a:1:{i:6;s:3:\"5_6\";}}', 1),
(17, '22b4783b6adaf35f734e4f49fee709fb', 'a:1:{s:10:\"id_feature\";a:1:{i:7;s:3:\"5_7\";}}', 1),
(18, '801195d307f0e1a21e6970b5f4b3feef', 'a:1:{s:10:\"id_feature\";a:1:{i:8;s:3:\"5_8\";}}', 1),
(19, '5f6f66ea50c041f44844048bb8daa95d', 'a:1:{s:10:\"id_feature\";a:1:{i:9;s:3:\"5_9\";}}', 1),
(20, '35c0a4004d39541bfef2c0e08107b942', 'a:1:{s:10:\"id_feature\";a:1:{i:10;s:4:\"6_10\";}}', 1),
(21, '91f552a8c005b73e492fc937d027bbb5', 'a:1:{s:10:\"id_feature\";a:1:{i:11;s:4:\"6_11\";}}', 1),
(22, '563864c651ec59a42aa010ccc20d54c0', 'a:1:{s:10:\"id_feature\";a:1:{i:12;s:4:\"6_12\";}}', 1),
(23, '2d9d59af780e983c2d02c85cb3caa568', 'a:1:{s:10:\"id_feature\";a:1:{i:13;s:4:\"6_13\";}}', 1),
(24, '3161e77f01c57753475a90a10e21638f', 'a:1:{s:10:\"id_feature\";a:1:{i:14;s:4:\"6_14\";}}', 1),
(25, 'c7a08bef94619e3d08b2d30ba11a6546', 'a:1:{s:10:\"id_feature\";a:1:{i:15;s:4:\"6_15\";}}', 1),
(26, 'e462c43c8d4f50a70ae892623326180f', 'a:1:{s:10:\"id_feature\";a:1:{i:16;s:4:\"6_16\";}}', 1),
(27, '3bcad838de12dc0f674fd3cb42e4d657', 'a:1:{s:10:\"id_feature\";a:1:{i:17;s:4:\"7_17\";}}', 1),
(28, '13de7b9838dac51d26d5f8614d60ee70', 'a:1:{s:10:\"id_feature\";a:1:{i:18;s:4:\"7_18\";}}', 1),
(29, '210492e3a72bd8b4a2bc94a73dd76d26', 'a:1:{s:10:\"id_feature\";a:1:{i:19;s:4:\"7_19\";}}', 1),
(30, 'b37350ebcf8fb83c0c938c673ff2f265', 'a:1:{s:10:\"id_feature\";a:1:{i:20;s:4:\"7_20\";}}', 1),
(31, '2ea4d0b8f815447e670a93afec3a54a6', 'a:1:{s:10:\"id_feature\";a:1:{i:21;s:4:\"7_21\";}}', 1),
(32, '97d9dd08827238b39342d37e16ee7fc3', 'a:1:{s:18:\"id_attribute_group\";a:1:{i:1;s:3:\"1_1\";}}', 1),
(33, '2f3d5048a6335cac20241e0f8cb5294e', 'a:1:{s:18:\"id_attribute_group\";a:1:{i:2;s:3:\"1_2\";}}', 1),
(34, '19819345209f29bb2865355fa2cdb800', 'a:1:{s:18:\"id_attribute_group\";a:1:{i:3;s:3:\"1_3\";}}', 1),
(35, 'a74d6b0f9d5be1f5670a4ed2874ad7b7', 'a:1:{s:18:\"id_attribute_group\";a:1:{i:4;s:3:\"1_4\";}}', 1),
(36, 'ed89a87e3258520ca3bd78ea4cf68883', 'a:1:{s:18:\"id_attribute_group\";a:1:{i:5;s:3:\"3_5\";}}', 1),
(37, 'd5de95ddbfa255dd6fdf3f77a49c465e', 'a:1:{s:18:\"id_attribute_group\";a:1:{i:6;s:3:\"3_6\";}}', 1),
(38, 'f036e061c6e0e9cd6b3c463f72f524a5', 'a:1:{s:18:\"id_attribute_group\";a:1:{i:7;s:3:\"3_7\";}}', 1),
(39, 'c99f87bbfcb03d37fb7b80f387752ec5', 'a:1:{s:18:\"id_attribute_group\";a:1:{i:8;s:3:\"3_8\";}}', 1),
(40, '5bc0c3fffe7a070fcbc51d0f9537202c', 'a:1:{s:18:\"id_attribute_group\";a:1:{i:9;s:3:\"3_9\";}}', 1),
(41, '8175ec4a94acbe1eadc81ce5dc0c6170', 'a:1:{s:18:\"id_attribute_group\";a:1:{i:10;s:4:\"3_10\";}}', 1),
(42, 'd7fdefe740b91cc0ed7eb97a810a67a8', 'a:1:{s:18:\"id_attribute_group\";a:1:{i:11;s:4:\"3_11\";}}', 1),
(43, 'c02af4e946c05d0db5b6d3f1ae957287', 'a:1:{s:18:\"id_attribute_group\";a:1:{i:12;s:4:\"3_12\";}}', 1),
(44, 'd6757523023318511a4c83a923166e5e', 'a:1:{s:18:\"id_attribute_group\";a:1:{i:13;s:4:\"3_13\";}}', 1),
(45, '52f0013bf4b73d2787cf874d2d65e163', 'a:1:{s:18:\"id_attribute_group\";a:1:{i:14;s:4:\"3_14\";}}', 1),
(46, '6dd5d6e16acddb5ab2d612ad65603344', 'a:1:{s:18:\"id_attribute_group\";a:1:{i:15;s:4:\"3_15\";}}', 1),
(47, '3f9b3cfe2fafed694f60b18a0169e6ac', 'a:1:{s:18:\"id_attribute_group\";a:1:{i:16;s:4:\"3_16\";}}', 1),
(48, '5b08207269468dd2cae46d93eea536dd', 'a:1:{s:18:\"id_attribute_group\";a:1:{i:17;s:4:\"3_17\";}}', 1),
(49, 'b7ca381eeae1441140d52502461c6a2c', 'a:1:{s:18:\"id_attribute_group\";a:1:{i:24;s:4:\"3_24\";}}', 1),
(50, 'e145f54b80ffd4a0b53ff0a2866ac5d5', 'a:1:{s:8:\"quantity\";a:1:{i:0;i:0;}}', 1),
(51, '9b1e1fb176c8af406051619e75908da1', 'a:1:{s:8:\"quantity\";a:1:{i:0;i:1;}}', 1),
(52, '0ca34991dd85fc29fb5d1053ee2e1fcc', 'a:1:{s:9:\"condition\";a:1:{s:3:\"new\";s:3:\"new\";}}', 1),
(53, '38370e03baee834d2d53395525a4ac56', 'a:1:{s:9:\"condition\";a:1:{s:4:\"used\";s:4:\"used\";}}', 1),
(54, '352bd2ca0fd5068c12fd6ca458ed2698', 'a:1:{s:9:\"condition\";a:1:{s:11:\"refurbished\";s:11:\"refurbished\";}}', 1),
(55, '327f7ccb21128a9f861a8e40477d4b15', 'a:1:{s:12:\"manufacturer\";a:1:{i:1;s:1:\"1\";}}', 1);

-- --------------------------------------------------------

--
-- Struttura della tabella `ps_layered_indexable_attribute_group`
--

CREATE TABLE `ps_layered_indexable_attribute_group` (
  `id_attribute_group` int(11) NOT NULL,
  `indexable` tinyint(1) NOT NULL DEFAULT '0'
) ENGINE=InnoDB DEFAULT CHARSET=utf8;

--
-- Dump dei dati per la tabella `ps_layered_indexable_attribute_group`
--

INSERT INTO `ps_layered_indexable_attribute_group` (`id_attribute_group`, `indexable`) VALUES
(1, 1),
(2, 1),
(3, 1);

-- --------------------------------------------------------

--
-- Struttura della tabella `ps_layered_indexable_attribute_group_lang_value`
--

CREATE TABLE `ps_layered_indexable_attribute_group_lang_value` (
  `id_attribute_group` int(11) NOT NULL,
  `id_lang` int(11) NOT NULL,
  `url_name` varchar(128) DEFAULT NULL,
  `meta_title` varchar(128) DEFAULT NULL
) ENGINE=InnoDB DEFAULT CHARSET=utf8;

-- --------------------------------------------------------

--
-- Struttura della tabella `ps_layered_indexable_attribute_lang_value`
--

CREATE TABLE `ps_layered_indexable_attribute_lang_value` (
  `id_attribute` int(11) NOT NULL,
  `id_lang` int(11) NOT NULL,
  `url_name` varchar(128) DEFAULT NULL,
  `meta_title` varchar(128) DEFAULT NULL
) ENGINE=InnoDB DEFAULT CHARSET=utf8;

-- --------------------------------------------------------

--
-- Struttura della tabella `ps_layered_indexable_feature`
--

CREATE TABLE `ps_layered_indexable_feature` (
  `id_feature` int(11) NOT NULL,
  `indexable` tinyint(1) NOT NULL DEFAULT '0'
) ENGINE=InnoDB DEFAULT CHARSET=utf8;

--
-- Dump dei dati per la tabella `ps_layered_indexable_feature`
--

INSERT INTO `ps_layered_indexable_feature` (`id_feature`, `indexable`) VALUES
(1, 1),
(2, 1),
(3, 1),
(4, 1),
(5, 1),
(6, 1),
(7, 1);

-- --------------------------------------------------------

--
-- Struttura della tabella `ps_layered_indexable_feature_lang_value`
--

CREATE TABLE `ps_layered_indexable_feature_lang_value` (
  `id_feature` int(11) NOT NULL,
  `id_lang` int(11) NOT NULL,
  `url_name` varchar(128) NOT NULL,
  `meta_title` varchar(128) DEFAULT NULL
) ENGINE=InnoDB DEFAULT CHARSET=utf8;

-- --------------------------------------------------------

--
-- Struttura della tabella `ps_layered_indexable_feature_value_lang_value`
--

CREATE TABLE `ps_layered_indexable_feature_value_lang_value` (
  `id_feature_value` int(11) NOT NULL,
  `id_lang` int(11) NOT NULL,
  `url_name` varchar(128) DEFAULT NULL,
  `meta_title` varchar(128) DEFAULT NULL
) ENGINE=InnoDB DEFAULT CHARSET=utf8;

-- --------------------------------------------------------

--
-- Struttura della tabella `ps_layered_price_index`
--

CREATE TABLE `ps_layered_price_index` (
  `id_product` int(11) NOT NULL,
  `id_currency` int(11) NOT NULL,
  `id_shop` int(11) NOT NULL,
  `price_min` int(11) NOT NULL,
  `price_max` int(11) NOT NULL
) ENGINE=InnoDB DEFAULT CHARSET=utf8;

--
-- Dump dei dati per la tabella `ps_layered_price_index`
--

INSERT INTO `ps_layered_price_index` (`id_product`, `id_currency`, `id_shop`, `price_min`, `price_max`) VALUES
(1, 1, 1, 9, 11),
(2, 1, 1, 19, 23),
(3, 1, 1, 9, 11),
(4, 1, 1, 12, 15),
(5, 1, 1, 18, 23),
(6, 1, 1, 0, 1),
(7, 1, 1, 0, 1),
(8, 1, 1, 1, 1),
(9, 1, 1, 10, 13),
(10, 1, 1, 10, 13),
(11, 1, 1, 0, 0),
(12, 1, 1, 10, 13),
(13, 1, 1, 7, 10),
(14, 1, 1, 10, 12),
(15, 1, 1, 17, 22),
(16, 1, 1, 0, 0),
(17, 1, 1, 0, 1),
(18, 1, 1, 1, 1),
(19, 1, 1, 1, 1),
(20, 1, 1, 22, 28),
(21, 1, 1, 0, 1),
(22, 1, 1, 20, 25),
(23, 1, 1, 12, 15),
(24, 1, 1, 18, 22),
(25, 1, 1, 0, 1),
(26, 1, 1, 6, 8),
(27, 1, 1, 0, 1),
(28, 1, 1, 11, 15),
(29, 1, 1, 0, 1),
(30, 1, 1, 11, 14),
(31, 1, 1, 9, 11),
(32, 1, 1, 10, 12),
(33, 1, 1, 26, 32),
(34, 1, 1, 0, 1),
(35, 1, 1, 0, 1),
(36, 1, 1, 1, 1),
(37, 1, 1, 14, 18),
(38, 1, 1, 14, 18),
(39, 1, 1, 0, 0),
(40, 1, 1, 10, 13),
(41, 1, 1, 12, 16),
(42, 1, 1, 16, 20),
(43, 1, 1, 22, 28),
(44, 1, 1, 0, 0),
(45, 1, 1, 0, 0),
(46, 1, 1, 1, 1),
(47, 1, 1, 9, 11),
(48, 1, 1, 11, 14),
(49, 1, 1, 0, 1),
(50, 1, 1, 0, 0),
(51, 1, 1, 0, 0),
(52, 1, 1, 0, 0),
(53, 1, 1, 0, 1),
(54, 1, 1, 0, 1),
(55, 1, 1, 0, 0),
(56, 1, 1, 0, 0),
(57, 1, 1, 0, 0),
(58, 1, 1, 0, 0),
(59, 1, 1, 0, 0),
(60, 1, 1, 0, 0),
(61, 1, 1, 0, 0),
(62, 1, 1, 0, 0),
(63, 1, 1, 0, 0),
(64, 1, 1, 1, 1),
(65, 1, 1, 0, 0),
(66, 1, 1, 1, 1),
(67, 1, 1, 0, 0),
(68, 1, 1, 0, 1),
(69, 1, 1, 10, 13),
(70, 1, 1, 0, 0),
(71, 1, 1, 0, 1),
(72, 1, 1, 0, 0),
(73, 1, 1, 0, 1),
(74, 1, 1, 0, 0),
(75, 1, 1, 6, 8),
(76, 1, 1, 5, 7),
(77, 1, 1, 19, 24),
(78, 1, 1, 23, 29),
(79, 1, 1, 3, 4),
(80, 1, 1, 15, 19),
(81, 1, 1, 4, 6),
(82, 1, 1, 8, 10),
(83, 1, 1, 3, 4),
(84, 1, 1, 0, 0),
(85, 1, 1, 7, 9),
(86, 1, 1, 21, 26),
(87, 1, 1, 5, 7),
(88, 1, 1, 5, 7),
(89, 1, 1, 17, 21),
(90, 1, 1, 6, 8),
(91, 1, 1, 6, 8),
(92, 1, 1, 5, 7),
(93, 1, 1, 11, 14),
(94, 1, 1, 19, 24),
(95, 1, 1, 10, 13),
(96, 1, 1, 19, 24),
(97, 1, 1, 24, 30),
(98, 1, 1, 24, 30),
(99, 1, 1, 0, 1),
(100, 1, 1, 0, 1),
(101, 1, 1, 6, 8),
(102, 1, 1, 0, 0),
(103, 1, 1, 0, 0),
(104, 1, 1, 0, 0),
(105, 1, 1, 0, 0),
(106, 1, 1, 0, 0),
(107, 1, 1, 12, 15),
(108, 1, 1, 16, 20),
(109, 1, 1, 15, 19),
(110, 1, 1, 20, 25),
(111, 1, 1, 16, 20),
(112, 1, 1, 17, 21),
(113, 1, 1, 11, 14),
(114, 1, 1, 13, 16),
(115, 1, 1, 11, 14),
(116, 1, 1, 12, 16),
(117, 1, 1, 13, 16),
(118, 1, 1, 4, 5),
(119, 1, 1, 13, 16),
(120, 1, 1, 4, 5),
(121, 1, 1, 4, 5),
(122, 1, 1, 10, 13),
(123, 1, 1, 14, 18),
(124, 1, 1, 21, 26),
(125, 1, 1, 21, 26),
(126, 1, 1, 6, 8),
(127, 1, 1, 4, 5),
(128, 1, 1, 9, 11),
(129, 1, 1, 13, 17),
(130, 1, 1, 4, 5),
(131, 1, 1, 10, 13),
(132, 1, 1, 9, 11),
(133, 1, 1, 20, 25),
(134, 1, 1, 20, 25),
(135, 1, 1, 4, 5),
(136, 1, 1, 9, 12),
(137, 1, 1, 0, 0),
(138, 1, 1, 38, 47),
(139, 1, 1, 13, 17),
(140, 1, 1, 0, 0),
(141, 1, 1, 11, 15),
(142, 1, 1, 0, 0),
(143, 1, 1, 0, 0),
(144, 1, 1, 0, 0),
(145, 1, 1, 0, 0),
(146, 1, 1, 0, 0),
(147, 1, 1, 0, 0),
(148, 1, 1, 24, 30),
(149, 1, 1, 24, 30),
(150, 1, 1, 47, 58),
(151, 1, 1, 0, 0),
(152, 1, 1, 0, 0),
(153, 1, 1, 0, 0),
(154, 1, 1, 0, 0),
(155, 1, 1, 0, 0),
(156, 1, 1, 0, 0),
(157, 1, 1, 0, 0),
(158, 1, 1, 0, 0),
(159, 1, 1, 0, 0),
(160, 1, 1, 0, 0),
(161, 1, 1, 0, 0),
(162, 1, 1, 0, 0),
(163, 1, 1, 0, 0),
(164, 1, 1, 0, 0),
(165, 1, 1, 0, 0),
(166, 1, 1, 0, 0),
(167, 1, 1, 0, 0),
(168, 1, 1, 0, 0),
(169, 1, 1, 0, 0),
(170, 1, 1, 0, 0),
(171, 1, 1, 0, 0),
(172, 1, 1, 0, 0),
(173, 1, 1, 0, 0),
(174, 1, 1, 0, 0),
(175, 1, 1, 0, 0),
(176, 1, 1, 0, 0),
(177, 1, 1, 0, 0),
(178, 1, 1, 0, 0),
(179, 1, 1, 0, 0),
(180, 1, 1, 0, 0),
(181, 1, 1, 0, 0),
(182, 1, 1, 0, 0),
(183, 1, 1, 0, 0),
(184, 1, 1, 0, 0),
(185, 1, 1, 0, 0),
(186, 1, 1, 0, 0),
(187, 1, 1, 0, 0),
(188, 1, 1, 0, 0),
(189, 1, 1, 0, 0),
(190, 1, 1, 0, 0),
(191, 1, 1, 0, 0),
(192, 1, 1, 0, 0),
(193, 1, 1, 0, 0),
(194, 1, 1, 0, 0),
(195, 1, 1, 0, 0),
(196, 1, 1, 0, 0),
(197, 1, 1, 0, 0),
(198, 1, 1, 0, 0),
(199, 1, 1, 0, 0),
(200, 1, 1, 0, 0),
(201, 1, 1, 0, 0),
(202, 1, 1, 0, 0),
(203, 1, 1, 0, 0),
(204, 1, 1, 0, 0),
(205, 1, 1, 0, 0),
(206, 1, 1, 0, 0),
(207, 1, 1, 0, 0),
(208, 1, 1, 0, 0),
(209, 1, 1, 0, 0),
(210, 1, 1, 0, 0),
(211, 1, 1, 0, 0),
(212, 1, 1, 0, 1),
(213, 1, 1, 0, 1),
(214, 1, 1, 0, 1),
(215, 1, 1, 0, 1),
(216, 1, 1, 0, 1),
(217, 1, 1, 0, 1),
(218, 1, 1, 0, 1),
(219, 1, 1, 0, 1),
(220, 1, 1, 0, 1),
(221, 1, 1, 0, 1),
(222, 1, 1, 0, 1),
(223, 1, 1, 0, 1),
(224, 1, 1, 0, 1),
(225, 1, 1, 0, 1),
(226, 1, 1, 0, 1),
(227, 1, 1, 0, 1),
(228, 1, 1, 0, 1),
(229, 1, 1, 0, 1),
(230, 1, 1, 0, 1),
(231, 1, 1, 0, 1),
(232, 1, 1, 0, 1),
(233, 1, 1, 0, 1),
(234, 1, 1, 1, 2),
(235, 1, 1, 1, 2),
(236, 1, 1, 1, 2),
(237, 1, 1, 1, 2),
(238, 1, 1, 0, 1),
(239, 1, 1, 0, 1),
(240, 1, 1, 0, 1),
(241, 1, 1, 0, 1),
(242, 1, 1, 0, 1),
(243, 1, 1, 0, 1),
(244, 1, 1, 0, 1),
(245, 1, 1, 0, 1),
(246, 1, 1, 0, 0),
(247, 1, 1, 0, 0),
(248, 1, 1, 0, 0),
(249, 1, 1, 0, 0),
(250, 1, 1, 0, 0),
(251, 1, 1, 0, 0),
(252, 1, 1, 0, 0),
(253, 1, 1, 0, 0),
(254, 1, 1, 0, 0),
(255, 1, 1, 0, 0),
(256, 1, 1, 0, 0),
(257, 1, 1, 0, 0),
(258, 1, 1, 6, 8),
(259, 1, 1, 7, 10),
(260, 1, 1, 6, 8),
(261, 1, 1, 7, 10),
(262, 1, 1, 7, 9),
(263, 1, 1, 7, 9),
(264, 1, 1, 0, 0),
(265, 1, 1, 0, 0),
(266, 1, 1, 0, 0),
(267, 1, 1, 0, 0),
(268, 1, 1, 0, 0),
(269, 1, 1, 0, 0),
(270, 1, 1, 45, 56),
(271, 1, 1, 33, 41),
(272, 1, 1, 40, 49),
(273, 1, 1, 54, 67),
(274, 1, 1, 59, 73),
(275, 1, 1, 43, 53),
(276, 1, 1, 77, 95),
(277, 1, 1, 111, 136),
(278, 1, 1, 37, 46),
(279, 1, 1, 43, 53),
(280, 1, 1, 71, 87),
(281, 1, 1, 75, 92),
(282, 1, 1, 77, 94),
(283, 1, 1, 48, 59),
(284, 1, 1, 14, 18),
(285, 1, 1, 5, 7),
(286, 1, 1, 9, 12),
(287, 1, 1, 13, 16),
(288, 1, 1, 10, 13),
(289, 1, 1, 9, 11),
(290, 1, 1, 9, 11),
(291, 1, 1, 40, 49),
(292, 1, 1, 1, 2),
(293, 1, 1, 20, 25),
(294, 1, 1, 2, 3),
(295, 1, 1, 2, 3),
(296, 1, 1, 5, 7),
(297, 1, 1, 15, 19),
(298, 1, 1, 12, 15),
(299, 1, 1, 5, 7),
(300, 1, 1, 5, 7),
(301, 1, 1, 4, 5),
(302, 1, 1, 21, 26),
(303, 1, 1, 16, 21),
(304, 1, 1, 21, 26),
(305, 1, 1, 16, 20),
(306, 1, 1, 1, 2),
(307, 1, 1, 1, 2),
(308, 1, 1, 3, 4),
(309, 1, 1, 2, 3),
(310, 1, 1, 0, 1),
(311, 1, 1, 2, 4),
(312, 1, 1, 4, 6),
(313, 1, 1, 6, 8),
(314, 1, 1, 9, 12),
(315, 1, 1, 12, 15),
(316, 1, 1, 10, 13),
(317, 1, 1, 9, 11),
(318, 1, 1, 9, 11),
(319, 1, 1, 4, 5),
(320, 1, 1, 0, 1),
(321, 1, 1, 187, 229),
(322, 1, 1, 327, 399),
(323, 1, 1, 278, 340),
(324, 1, 1, 217, 265),
(325, 1, 1, 22, 28),
(326, 1, 1, 256, 313),
(327, 1, 1, 327, 399),
(328, 1, 1, 351, 429),
(329, 1, 1, 233, 285),
(330, 1, 1, 301, 368),
(331, 1, 1, 384, 469),
(332, 1, 1, 425, 519),
(333, 1, 1, 507, 619),
(334, 1, 1, 187, 229),
(335, 1, 1, 5, 7),
(336, 1, 1, 9, 11),
(337, 1, 1, 5, 7),
(338, 1, 1, 4, 5),
(339, 1, 1, 4, 5),
(340, 1, 1, 6, 8),
(341, 1, 1, 6, 8),
(342, 1, 1, 6, 8),
(343, 1, 1, 6, 8),
(344, 1, 1, 3, 4),
(345, 1, 1, 3, 4),
(346, 1, 1, 3, 4),
(347, 1, 1, 2, 3),
(348, 1, 1, 2, 3),
(349, 1, 1, 2, 3),
(350, 1, 1, 3, 4),
(351, 1, 1, 4, 6),
(352, 1, 1, 5, 6),
(353, 1, 1, 3, 4),
(354, 1, 1, 2, 4),
(355, 1, 1, 9, 12),
(356, 1, 1, 7, 9),
(357, 1, 1, 13, 16),
(358, 1, 1, 13, 16),
(359, 1, 1, 2, 3),
(360, 1, 1, 5, 7),
(361, 1, 1, 5, 7),
(362, 1, 1, 5, 7),
(363, 1, 1, 9, 12),
(364, 1, 1, 7, 9),
(365, 1, 1, 1, 2),
(366, 1, 1, 1, 1),
(367, 1, 1, 4, 6),
(368, 1, 1, 6, 8),
(369, 1, 1, 1, 2),
(370, 1, 1, 1, 2),
(371, 1, 1, 2, 3),
(372, 1, 1, 13, 17),
(373, 1, 1, 2, 3),
(374, 1, 1, 2, 3),
(375, 1, 1, 13, 16),
(376, 1, 1, 1, 2),
(377, 1, 1, 1, 2),
(378, 1, 1, 1, 2),
(379, 1, 1, 1, 2),
(380, 1, 1, 2, 3),
(381, 1, 1, 12, 15),
(382, 1, 1, 4, 6),
(383, 1, 1, 2, 2),
(384, 1, 1, 2, 3),
(385, 1, 1, 2, 3),
(386, 1, 1, 2, 2),
(387, 1, 1, 2, 2),
(388, 1, 1, 1, 1),
(389, 1, 1, 1, 1),
(390, 1, 1, 6, 7),
(391, 1, 1, 2, 3),
(392, 1, 1, 1, 2),
(393, 1, 1, 2, 3),
(394, 1, 1, 2, 3),
(395, 1, 1, 2, 3),
(396, 1, 1, 3, 4),
(397, 1, 1, 2, 3),
(398, 1, 1, 4, 5),
(399, 1, 1, 2, 3),
(400, 1, 1, 1, 1),
(401, 1, 1, 2, 3),
(402, 1, 1, 4, 5),
(403, 1, 1, 2, 3),
(404, 1, 1, 1, 1),
(405, 1, 1, 0, 1),
(406, 1, 1, 2, 3),
(407, 1, 1, 2, 3),
(408, 1, 1, 2, 4),
(409, 1, 1, 4, 5),
(410, 1, 1, 1, 2),
(411, 1, 1, 0, 1),
(412, 1, 1, 1, 2),
(413, 1, 1, 1, 2),
(414, 1, 1, 2, 4),
(415, 1, 1, 2, 3),
(416, 1, 1, 7, 9),
(417, 1, 1, 7, 9),
(418, 1, 1, 4, 5),
(419, 1, 1, 3, 4),
(420, 1, 1, 2, 3),
(421, 1, 1, 2, 3),
(422, 1, 1, 2, 3),
(423, 1, 1, 7, 9),
(424, 1, 1, 3, 4),
(425, 1, 1, 2, 3),
(426, 1, 1, 2, 3),
(427, 1, 1, 2, 3),
(428, 1, 1, 3, 4),
(429, 1, 1, 4, 5),
(430, 1, 1, 3, 4),
(431, 1, 1, 4, 5),
(432, 1, 1, 1, 2),
(433, 1, 1, 1, 2),
(434, 1, 1, 2, 3),
(435, 1, 1, 1, 2),
(436, 1, 1, 3, 4),
(437, 1, 1, 3, 4),
(438, 1, 1, 3, 4),
(439, 1, 1, 3, 4),
(440, 1, 1, 1, 1),
(441, 1, 1, 4, 6),
(442, 1, 1, 3, 4),
(443, 1, 1, 2, 3),
(444, 1, 1, 10, 13),
(445, 1, 1, 6, 8),
(446, 1, 1, 9, 11),
(447, 1, 1, 10, 13),
(448, 1, 1, 9, 12),
(449, 1, 1, 12, 15),
(450, 1, 1, 7, 9),
(451, 1, 1, 7, 9),
(452, 1, 1, 8, 10),
(453, 1, 1, 4, 5),
(454, 1, 1, 6, 8),
(455, 1, 1, 6, 8),
(456, 1, 1, 2, 2),
(457, 1, 1, 18, 23),
(458, 1, 1, 18, 23),
(459, 1, 1, 18, 23),
(460, 1, 1, 18, 23),
(461, 1, 1, 34, 42),
(462, 1, 1, 34, 42),
(463, 1, 1, 34, 42),
(464, 1, 1, 34, 42),
(465, 1, 1, 34, 42),
(466, 1, 1, 34, 42),
(467, 1, 1, 64, 79),
(468, 1, 1, 64, 79),
(469, 1, 1, 102, 125),
(470, 1, 1, 143, 175),
(471, 1, 1, 143, 175),
(472, 1, 1, 221, 270),
(473, 1, 1, 196, 240),
(474, 1, 1, 0, 0),
(475, 1, 1, 2, 3),
(476, 1, 1, 3, 4),
(477, 1, 1, 3, 5),
(478, 1, 1, 2, 3),
(479, 1, 1, 4, 6),
(480, 1, 1, 2, 3),
(481, 1, 1, 1, 2),
(482, 1, 1, 2, 2),
(483, 1, 1, 2, 3),
(484, 1, 1, 5, 7),
(485, 1, 1, 1, 2),
(486, 1, 1, 2, 3),
(487, 1, 1, 2, 2),
(488, 1, 1, 3, 5),
(489, 1, 1, 4, 6),
(490, 1, 1, 1, 2),
(491, 1, 1, 1, 2),
(492, 1, 1, 11, 14),
(493, 1, 1, 2, 3),
(494, 1, 1, 3, 4),
(495, 1, 1, 5, 7),
(496, 1, 1, 8, 10),
(497, 1, 1, 1, 2),
(498, 1, 1, 1, 2),
(499, 1, 1, 2, 3),
(500, 1, 1, 1, 2),
(501, 1, 1, 5, 6),
(502, 1, 1, 15, 18),
(503, 1, 1, 7, 9),
(504, 1, 1, 3, 4),
(505, 1, 1, 0, 0),
(506, 1, 1, 0, 1),
(507, 1, 1, 1, 1),
(508, 1, 1, 1, 1),
(509, 1, 1, 0, 1),
(510, 1, 1, 0, 1),
(511, 1, 1, 2, 3),
(512, 1, 1, 12, 15),
(513, 1, 1, 1, 2),
(514, 1, 1, 1, 2),
(515, 1, 1, 5, 7),
(516, 1, 1, 0, 0),
(517, 1, 1, 3, 4),
(518, 1, 1, 4, 6),
(519, 1, 1, 10, 13),
(520, 1, 1, 4, 6),
(521, 1, 1, 4, 5),
(522, 1, 1, 2, 3),
(523, 1, 1, 0, 1),
(524, 1, 1, 8, 10),
(525, 1, 1, 2, 2),
(526, 1, 1, 3, 4),
(527, 1, 1, 3, 5),
(528, 1, 1, 3, 5),
(529, 1, 1, 4, 6),
(530, 1, 1, 4, 6),
(531, 1, 1, 2, 3),
(532, 1, 1, 1, 2),
(533, 1, 1, 4, 5),
(534, 1, 1, 6, 8),
(535, 1, 1, 3, 5),
(536, 1, 1, 1, 1),
(537, 1, 1, 2, 2),
(538, 1, 1, 4, 5),
(539, 1, 1, 3, 4),
(540, 1, 1, 10, 13),
(541, 1, 1, 3, 5),
(542, 1, 1, 4, 5),
(543, 1, 1, 5, 7),
(544, 1, 1, 3, 4),
(545, 1, 1, 8, 10),
(546, 1, 1, 3, 5),
(547, 1, 1, 2, 3),
(548, 1, 1, 2, 3),
(549, 1, 1, 2, 3),
(550, 1, 1, 1, 1),
(551, 1, 1, 2, 3),
(552, 1, 1, 2, 2),
(553, 1, 1, 3, 5),
(554, 1, 1, 2, 3),
(555, 1, 1, 5, 7),
(556, 1, 1, 5, 7),
(557, 1, 1, 2, 3),
(558, 1, 1, 2, 3),
(559, 1, 1, 14, 18),
(560, 1, 1, 13, 17);

-- --------------------------------------------------------

--
-- Struttura della tabella `ps_layered_product_attribute`
--

CREATE TABLE `ps_layered_product_attribute` (
  `id_attribute` int(10) UNSIGNED NOT NULL,
  `id_product` int(10) UNSIGNED NOT NULL,
  `id_attribute_group` int(10) UNSIGNED NOT NULL DEFAULT '0',
  `id_shop` int(10) UNSIGNED NOT NULL DEFAULT '1'
) ENGINE=InnoDB DEFAULT CHARSET=utf8;

-- --------------------------------------------------------

--
-- Struttura della tabella `ps_linksmenutop`
--

CREATE TABLE `ps_linksmenutop` (
  `id_linksmenutop` int(10) UNSIGNED NOT NULL,
  `id_shop` int(11) UNSIGNED NOT NULL,
  `new_window` tinyint(1) NOT NULL
) ENGINE=InnoDB DEFAULT CHARSET=utf8;

--
-- Dump dei dati per la tabella `ps_linksmenutop`
--

INSERT INTO `ps_linksmenutop` (`id_linksmenutop`, `id_shop`, `new_window`) VALUES
(1, 1, 0),
(2, 1, 0),
(3, 1, 0);

-- --------------------------------------------------------

--
-- Struttura della tabella `ps_linksmenutop_lang`
--

CREATE TABLE `ps_linksmenutop_lang` (
  `id_linksmenutop` int(11) UNSIGNED NOT NULL,
  `id_lang` int(11) UNSIGNED NOT NULL,
  `id_shop` int(11) UNSIGNED NOT NULL,
  `label` varchar(128) NOT NULL,
  `link` varchar(128) NOT NULL
) ENGINE=InnoDB DEFAULT CHARSET=utf8;

--
-- Dump dei dati per la tabella `ps_linksmenutop_lang`
--

INSERT INTO `ps_linksmenutop_lang` (`id_linksmenutop`, `id_lang`, `id_shop`, `label`, `link`) VALUES
(1, 1, 1, 'HOME', '/'),
(2, 1, 1, 'NUOVI PRODOTTI', '/nuovi-prodotti'),
(3, 1, 1, 'più venduti', '/migliori-vendite');

-- --------------------------------------------------------

--
-- Struttura della tabella `ps_log`
--

CREATE TABLE `ps_log` (
  `id_log` int(10) UNSIGNED NOT NULL,
  `severity` tinyint(1) NOT NULL,
  `error_code` int(11) DEFAULT NULL,
  `message` text NOT NULL,
  `object_type` varchar(32) DEFAULT NULL,
  `object_id` int(10) UNSIGNED DEFAULT NULL,
  `id_employee` int(10) UNSIGNED DEFAULT NULL,
  `date_add` datetime NOT NULL,
  `date_upd` datetime NOT NULL
) ENGINE=InnoDB DEFAULT CHARSET=utf8;

--
-- Dump dei dati per la tabella `ps_log`
--

INSERT INTO `ps_log` (`id_log`, `severity`, `error_code`, `message`, `object_type`, `object_id`, `id_employee`, `date_add`, `date_upd`) VALUES
(1, 1, 0, 'Connessione al Back Office da 151.70.61.235', '', 0, 1, '2016-02-15 10:49:47', '2016-02-15 10:49:47'),
(2, 1, 0, 'Aggiunta Employee', 'Employee', 2, 1, '2016-02-15 10:52:16', '2016-02-15 10:52:16'),
(3, 1, 0, 'Connessione al Back Office da 151.70.61.235', '', 0, 2, '2016-02-15 10:52:43', '2016-02-15 10:52:43'),
(4, 1, 0, 'Employee modifica', 'Employee', 2, 1, '2016-02-15 10:53:22', '2016-02-15 10:53:22'),
(5, 1, 0, 'Connessione al Back Office da 151.70.61.235', '', 0, 2, '2016-02-15 10:53:39', '2016-02-15 10:53:39'),
(6, 1, 0, 'Employee modifica', 'Employee', 2, 1, '2016-02-15 10:54:23', '2016-02-15 10:54:23'),
(7, 1, 0, 'Aggiunta Employee', 'Employee', 3, 1, '2016-02-15 10:54:46', '2016-02-15 10:54:46'),
(8, 1, 0, 'Aggiunta Employee', 'Employee', 4, 1, '2016-02-15 10:55:05', '2016-02-15 10:55:05'),
(9, 1, 0, 'Connessione al Back Office da 93.45.65.28', '', 0, 2, '2016-02-15 15:31:57', '2016-02-15 15:31:57'),
(10, 1, 0, 'Importazione Prodotti', '', 0, 2, '2016-02-15 15:34:41', '2016-02-15 15:34:41'),
(11, 1, 0, 'Connessione al Back Office da 93.45.65.28', '', 0, 3, '2016-02-15 15:35:29', '2016-02-15 15:35:29'),
(12, 1, 0, 'Connessione al Back Office da 93.45.65.28', '', 0, 1, '2016-02-15 15:35:30', '2016-02-15 15:35:30'),
(13, 1, 0, 'Employee modifica', 'Employee', 4, 1, '2016-02-15 15:36:15', '2016-02-15 15:36:15'),
(14, 1, 0, 'Importazione Prodotti con sovrascrittura (truncate)', '', 0, 2, '2016-02-15 15:42:16', '2016-02-15 15:42:16'),
(15, 1, 0, 'Cancellazione Product', 'Product', 1, 1, '2016-02-15 15:44:17', '2016-02-15 15:44:17'),
(16, 1, 0, 'Cancellazione Product', 'Product', 2, 1, '2016-02-15 15:44:17', '2016-02-15 15:44:17'),
(17, 1, 0, 'Cancellazione Product', 'Product', 3, 1, '2016-02-15 15:44:17', '2016-02-15 15:44:17'),
(18, 1, 0, 'Cancellazione Product', 'Product', 4, 1, '2016-02-15 15:44:17', '2016-02-15 15:44:17'),
(19, 1, 0, 'Cancellazione Product', 'Product', 5, 1, '2016-02-15 15:44:17', '2016-02-15 15:44:17'),
(20, 1, 0, 'Cancellazione Product', 'Product', 6, 1, '2016-02-15 15:44:17', '2016-02-15 15:44:17'),
(21, 1, 0, 'Cancellazione Product', 'Product', 7, 1, '2016-02-15 15:44:17', '2016-02-15 15:44:17'),
(22, 1, 0, 'Cancellazione Product', 'Product', 8, 1, '2016-02-15 15:44:17', '2016-02-15 15:44:17'),
(23, 1, 0, 'Cancellazione Product', 'Product', 9, 1, '2016-02-15 15:44:17', '2016-02-15 15:44:17'),
(24, 1, 0, 'Cancellazione Product', 'Product', 10, 1, '2016-02-15 15:44:18', '2016-02-15 15:44:18'),
(25, 1, 0, 'Cancellazione Product', 'Product', 11, 1, '2016-02-15 15:44:18', '2016-02-15 15:44:18'),
(26, 1, 0, 'Cancellazione Product', 'Product', 12, 1, '2016-02-15 15:44:18', '2016-02-15 15:44:18'),
(27, 1, 0, 'Cancellazione Product', 'Product', 13, 1, '2016-02-15 15:44:18', '2016-02-15 15:44:18'),
(28, 1, 0, 'Cancellazione Product', 'Product', 14, 1, '2016-02-15 15:44:18', '2016-02-15 15:44:18'),
(29, 1, 0, 'Cancellazione Product', 'Product', 15, 1, '2016-02-15 15:44:18', '2016-02-15 15:44:18'),
(30, 1, 0, 'Cancellazione Product', 'Product', 16, 1, '2016-02-15 15:44:18', '2016-02-15 15:44:18'),
(31, 1, 0, 'Cancellazione Product', 'Product', 17, 1, '2016-02-15 15:44:18', '2016-02-15 15:44:18'),
(32, 1, 0, 'Cancellazione Product', 'Product', 18, 1, '2016-02-15 15:44:18', '2016-02-15 15:44:18'),
(33, 1, 0, 'Cancellazione Product', 'Product', 19, 1, '2016-02-15 15:44:18', '2016-02-15 15:44:18'),
(34, 1, 0, 'Cancellazione Product', 'Product', 20, 1, '2016-02-15 15:44:18', '2016-02-15 15:44:18'),
(35, 1, 0, 'Cancellazione Product', 'Product', 21, 1, '2016-02-15 15:44:18', '2016-02-15 15:44:18'),
(36, 1, 0, 'Cancellazione Product', 'Product', 22, 1, '2016-02-15 15:44:19', '2016-02-15 15:44:19'),
(37, 1, 0, 'Cancellazione Product', 'Product', 23, 1, '2016-02-15 15:44:19', '2016-02-15 15:44:19'),
(38, 1, 0, 'Cancellazione Product', 'Product', 24, 1, '2016-02-15 15:44:19', '2016-02-15 15:44:19'),
(39, 1, 0, 'Cancellazione Product', 'Product', 25, 1, '2016-02-15 15:44:19', '2016-02-15 15:44:19'),
(40, 1, 0, 'Cancellazione Product', 'Product', 26, 1, '2016-02-15 15:44:19', '2016-02-15 15:44:19'),
(41, 1, 0, 'Cancellazione Product', 'Product', 27, 1, '2016-02-15 15:44:19', '2016-02-15 15:44:19'),
(42, 1, 0, 'Cancellazione Product', 'Product', 28, 1, '2016-02-15 15:44:19', '2016-02-15 15:44:19'),
(43, 1, 0, 'Cancellazione Product', 'Product', 29, 1, '2016-02-15 15:44:19', '2016-02-15 15:44:19'),
(44, 1, 0, 'Cancellazione Product', 'Product', 30, 1, '2016-02-15 15:44:19', '2016-02-15 15:44:19'),
(45, 1, 0, 'Cancellazione Product', 'Product', 31, 1, '2016-02-15 15:44:19', '2016-02-15 15:44:19'),
(46, 1, 0, 'Cancellazione Product', 'Product', 32, 1, '2016-02-15 15:44:19', '2016-02-15 15:44:19'),
(47, 1, 0, 'Cancellazione Product', 'Product', 33, 1, '2016-02-15 15:44:19', '2016-02-15 15:44:19'),
(48, 1, 0, 'Cancellazione Product', 'Product', 34, 1, '2016-02-15 15:44:20', '2016-02-15 15:44:20'),
(49, 1, 0, 'Cancellazione Product', 'Product', 35, 1, '2016-02-15 15:44:20', '2016-02-15 15:44:20'),
(50, 1, 0, 'Cancellazione Product', 'Product', 36, 1, '2016-02-15 15:44:20', '2016-02-15 15:44:20'),
(51, 1, 0, 'Cancellazione Product', 'Product', 37, 1, '2016-02-15 15:44:20', '2016-02-15 15:44:20'),
(52, 1, 0, 'Cancellazione Product', 'Product', 38, 1, '2016-02-15 15:44:20', '2016-02-15 15:44:20'),
(53, 1, 0, 'Cancellazione Product', 'Product', 39, 1, '2016-02-15 15:44:20', '2016-02-15 15:44:20'),
(54, 1, 0, 'Cancellazione Product', 'Product', 40, 1, '2016-02-15 15:44:20', '2016-02-15 15:44:20'),
(55, 1, 0, 'Cancellazione Product', 'Product', 41, 1, '2016-02-15 15:44:20', '2016-02-15 15:44:20'),
(56, 1, 0, 'Cancellazione Product', 'Product', 42, 1, '2016-02-15 15:44:20', '2016-02-15 15:44:20'),
(57, 1, 0, 'Cancellazione Product', 'Product', 43, 1, '2016-02-15 15:44:20', '2016-02-15 15:44:20'),
(58, 1, 0, 'Cancellazione Product', 'Product', 44, 1, '2016-02-15 15:44:21', '2016-02-15 15:44:21'),
(59, 1, 0, 'Cancellazione Product', 'Product', 45, 1, '2016-02-15 15:44:21', '2016-02-15 15:44:21'),
(60, 1, 0, 'Cancellazione Product', 'Product', 46, 1, '2016-02-15 15:44:21', '2016-02-15 15:44:21'),
(61, 1, 0, 'Cancellazione Product', 'Product', 47, 1, '2016-02-15 15:44:21', '2016-02-15 15:44:21'),
(62, 1, 0, 'Cancellazione Product', 'Product', 48, 1, '2016-02-15 15:44:21', '2016-02-15 15:44:21'),
(63, 1, 0, 'Cancellazione Product', 'Product', 49, 1, '2016-02-15 15:44:21', '2016-02-15 15:44:21'),
(64, 1, 0, 'Cancellazione Product', 'Product', 50, 1, '2016-02-15 15:44:21', '2016-02-15 15:44:21'),
(65, 1, 0, 'Cancellazione Product', 'Product', 51, 1, '2016-02-15 15:44:33', '2016-02-15 15:44:33'),
(66, 1, 0, 'Cancellazione Product', 'Product', 52, 1, '2016-02-15 15:44:33', '2016-02-15 15:44:33'),
(67, 1, 0, 'Cancellazione Product', 'Product', 53, 1, '2016-02-15 15:44:33', '2016-02-15 15:44:33'),
(68, 1, 0, 'Cancellazione Product', 'Product', 54, 1, '2016-02-15 15:44:33', '2016-02-15 15:44:33'),
(69, 1, 0, 'Cancellazione Product', 'Product', 55, 1, '2016-02-15 15:44:33', '2016-02-15 15:44:33'),
(70, 1, 0, 'Cancellazione Product', 'Product', 56, 1, '2016-02-15 15:44:33', '2016-02-15 15:44:33'),
(71, 1, 0, 'Cancellazione Product', 'Product', 57, 1, '2016-02-15 15:44:33', '2016-02-15 15:44:33'),
(72, 1, 0, 'Cancellazione Product', 'Product', 58, 1, '2016-02-15 15:44:33', '2016-02-15 15:44:33'),
(73, 1, 0, 'Cancellazione Product', 'Product', 59, 1, '2016-02-15 15:44:33', '2016-02-15 15:44:33'),
(74, 1, 0, 'Cancellazione Product', 'Product', 60, 1, '2016-02-15 15:44:33', '2016-02-15 15:44:33'),
(75, 1, 0, 'Cancellazione Product', 'Product', 61, 1, '2016-02-15 15:44:33', '2016-02-15 15:44:33'),
(76, 1, 0, 'Cancellazione Product', 'Product', 62, 1, '2016-02-15 15:44:33', '2016-02-15 15:44:33'),
(77, 1, 0, 'Cancellazione Product', 'Product', 63, 1, '2016-02-15 15:44:33', '2016-02-15 15:44:33'),
(78, 1, 0, 'Cancellazione Product', 'Product', 64, 1, '2016-02-15 15:44:33', '2016-02-15 15:44:33'),
(79, 1, 0, 'Cancellazione Product', 'Product', 65, 1, '2016-02-15 15:44:33', '2016-02-15 15:44:33'),
(80, 1, 0, 'Cancellazione Product', 'Product', 66, 1, '2016-02-15 15:44:33', '2016-02-15 15:44:33'),
(81, 1, 0, 'Cancellazione Product', 'Product', 67, 1, '2016-02-15 15:44:33', '2016-02-15 15:44:33'),
(82, 1, 0, 'Cancellazione Product', 'Product', 68, 1, '2016-02-15 15:44:33', '2016-02-15 15:44:33'),
(83, 1, 0, 'Cancellazione Product', 'Product', 69, 1, '2016-02-15 15:44:33', '2016-02-15 15:44:33'),
(84, 1, 0, 'Cancellazione Product', 'Product', 70, 1, '2016-02-15 15:44:33', '2016-02-15 15:44:33'),
(85, 1, 0, 'Cancellazione Product', 'Product', 71, 1, '2016-02-15 15:44:33', '2016-02-15 15:44:33'),
(86, 1, 0, 'Cancellazione Product', 'Product', 72, 1, '2016-02-15 15:44:33', '2016-02-15 15:44:33'),
(87, 1, 0, 'Cancellazione Product', 'Product', 73, 1, '2016-02-15 15:44:33', '2016-02-15 15:44:33'),
(88, 1, 0, 'Cancellazione Product', 'Product', 74, 1, '2016-02-15 15:44:33', '2016-02-15 15:44:33'),
(89, 1, 0, 'Importazione Prodotti con sovrascrittura (truncate)', '', 0, 2, '2016-02-15 15:46:52', '2016-02-15 15:46:52'),
(90, 1, 0, 'Importazione Categorie con sovrascrittura (truncate)', '', 0, 2, '2016-02-15 15:48:45', '2016-02-15 15:48:45'),
(91, 1, 0, 'Importazione Categorie', '', 0, 2, '2016-02-15 15:49:49', '2016-02-15 15:49:49'),
(92, 1, 0, 'Importazione Categorie', '', 0, 2, '2016-02-15 15:50:30', '2016-02-15 15:50:30'),
(93, 1, 0, 'Importazione Categorie', '', 0, 2, '2016-02-15 15:51:52', '2016-02-15 15:51:52'),
(94, 1, 0, 'Aggiunta Category', 'Category', 17, 2, '2016-02-15 15:56:41', '2016-02-15 15:56:41'),
(95, 1, 0, 'Aggiunta Category', 'Category', 18, 2, '2016-02-15 15:56:56', '2016-02-15 15:56:56'),
(96, 1, 0, 'Aggiunta Category', 'Category', 19, 2, '2016-02-15 15:57:09', '2016-02-15 15:57:09'),
(97, 1, 0, 'Aggiunta Category', 'Category', 20, 2, '2016-02-15 15:58:29', '2016-02-15 15:58:29'),
(98, 1, 0, 'Aggiunta Category', 'Category', 21, 2, '2016-02-15 15:59:26', '2016-02-15 15:59:26'),
(99, 1, 0, 'Aggiunta Category', 'Category', 22, 2, '2016-02-15 15:59:36', '2016-02-15 15:59:36'),
(100, 1, 0, 'Aggiunta Category', 'Category', 23, 2, '2016-02-15 15:59:45', '2016-02-15 15:59:45'),
(101, 1, 0, 'Aggiunta Category', 'Category', 24, 2, '2016-02-15 15:59:58', '2016-02-15 15:59:58'),
(102, 1, 0, 'Aggiunta Category', 'Category', 25, 2, '2016-02-15 16:00:52', '2016-02-15 16:00:52'),
(103, 1, 0, 'Aggiunta Category', 'Category', 26, 2, '2016-02-15 16:01:09', '2016-02-15 16:01:09'),
(104, 1, 0, 'Connessione al Back Office da 93.45.65.28', '', 0, 1, '2016-02-15 16:02:15', '2016-02-15 16:02:15'),
(105, 1, 0, 'Aggiunta Category', 'Category', 27, 2, '2016-02-15 16:02:16', '2016-02-15 16:02:16'),
(106, 1, 0, 'Aggiunta Category', 'Category', 28, 2, '2016-02-15 16:03:48', '2016-02-15 16:03:48'),
(107, 1, 0, 'Aggiunta Category', 'Category', 29, 2, '2016-02-15 16:04:13', '2016-02-15 16:04:13'),
(108, 1, 0, 'Aggiunta Category', 'Category', 30, 2, '2016-02-15 16:04:28', '2016-02-15 16:04:28'),
(109, 1, 0, 'Aggiunta Category', 'Category', 31, 2, '2016-02-15 16:04:55', '2016-02-15 16:04:55'),
(110, 1, 0, 'Aggiunta Category', 'Category', 32, 2, '2016-02-15 16:05:17', '2016-02-15 16:05:17'),
(111, 1, 0, 'Aggiunta Category', 'Category', 33, 2, '2016-02-15 16:05:50', '2016-02-15 16:05:50'),
(112, 1, 0, 'Aggiunta Category', 'Category', 34, 2, '2016-02-15 16:06:04', '2016-02-15 16:06:04'),
(113, 1, 0, 'Aggiunta Category', 'Category', 35, 2, '2016-02-15 16:08:11', '2016-02-15 16:08:11'),
(114, 1, 0, 'Category modifica', 'Category', 35, 2, '2016-02-15 16:09:57', '2016-02-15 16:09:57'),
(115, 1, 0, 'Category modifica', 'Category', 35, 2, '2016-02-15 16:10:07', '2016-02-15 16:10:07'),
(116, 1, 0, 'Aggiunta Category', 'Category', 36, 2, '2016-02-15 16:10:33', '2016-02-15 16:10:33'),
(117, 1, 0, 'Aggiunta Category', 'Category', 37, 2, '2016-02-15 16:11:03', '2016-02-15 16:11:03'),
(118, 1, 0, 'Cancellazione Category', 'Category', 36, 2, '2016-02-15 16:11:19', '2016-02-15 16:11:19'),
(119, 1, 0, 'Category modifica', 'Category', 35, 2, '2016-02-15 16:11:33', '2016-02-15 16:11:33'),
(120, 1, 0, 'Aggiunta Category', 'Category', 38, 2, '2016-02-15 16:11:46', '2016-02-15 16:11:46'),
(121, 1, 0, 'Aggiunta Category', 'Category', 39, 2, '2016-02-15 16:12:21', '2016-02-15 16:12:21'),
(122, 1, 0, 'Aggiunta Category', 'Category', 40, 2, '2016-02-15 16:12:28', '2016-02-15 16:12:28'),
(123, 1, 0, 'Aggiunta Category', 'Category', 41, 2, '2016-02-15 16:12:42', '2016-02-15 16:12:42'),
(124, 1, 0, 'Aggiunta Category', 'Category', 42, 2, '2016-02-15 16:12:53', '2016-02-15 16:12:53'),
(125, 1, 0, 'Aggiunta Category', 'Category', 43, 2, '2016-02-15 16:13:39', '2016-02-15 16:13:39'),
(126, 1, 0, 'Aggiunta Category', 'Category', 44, 2, '2016-02-15 16:13:50', '2016-02-15 16:13:50'),
(127, 1, 0, 'Aggiunta Category', 'Category', 45, 2, '2016-02-15 16:15:02', '2016-02-15 16:15:02'),
(128, 1, 0, 'Aggiunta Category', 'Category', 46, 2, '2016-02-15 16:15:11', '2016-02-15 16:15:11'),
(129, 1, 0, 'Category modifica', 'Category', 12, 2, '2016-02-15 16:15:38', '2016-02-15 16:15:38'),
(130, 1, 0, 'Cancellazione Category', 'Category', 13, 2, '2016-02-15 16:15:51', '2016-02-15 16:15:51'),
(131, 1, 0, 'Aggiunta Category', 'Category', 47, 2, '2016-02-15 16:21:12', '2016-02-15 16:21:12'),
(132, 1, 0, 'Aggiunta Category', 'Category', 48, 2, '2016-02-15 16:22:23', '2016-02-15 16:22:23'),
(133, 1, 0, 'Aggiunta Category', 'Category', 49, 2, '2016-02-15 16:28:27', '2016-02-15 16:28:27'),
(134, 1, 0, 'Aggiunta Category', 'Category', 50, 2, '2016-02-15 16:28:40', '2016-02-15 16:28:40'),
(135, 1, 0, 'Aggiunta Category', 'Category', 51, 2, '2016-02-15 16:28:52', '2016-02-15 16:28:52'),
(136, 1, 0, 'Aggiunta Category', 'Category', 52, 2, '2016-02-15 16:34:10', '2016-02-15 16:34:10'),
(137, 1, 0, 'Aggiunta Category', 'Category', 53, 2, '2016-02-15 16:35:08', '2016-02-15 16:35:08'),
(138, 1, 0, 'Aggiunta Category', 'Category', 54, 2, '2016-02-15 16:35:19', '2016-02-15 16:35:19'),
(139, 1, 0, 'Connessione al Back Office da 79.42.195.64', '', 0, 2, '2016-02-17 01:33:44', '2016-02-17 01:33:44'),
(140, 1, 0, 'Connessione al Back Office da 151.70.61.235', '', 0, 1, '2016-02-17 10:35:51', '2016-02-17 10:35:51'),
(141, 1, 0, 'Connessione al Back Office da 193.205.162.64', '', 0, 2, '2016-02-17 12:30:40', '2016-02-17 12:30:40'),
(142, 1, 0, 'Employee modifica', 'Employee', 2, 2, '2016-02-17 12:30:55', '2016-02-17 12:30:55'),
(143, 1, 0, 'Product modifica', 'Product', 1, 2, '2016-02-17 12:32:12', '2016-02-17 12:32:12'),
(144, 1, 0, 'Product modifica', 'Product', 1, 2, '2016-02-17 12:33:17', '2016-02-17 12:33:17'),
(145, 1, 0, 'Product modifica', 'Product', 2, 2, '2016-02-17 12:34:49', '2016-02-17 12:34:49'),
(146, 1, 0, 'Product modifica', 'Product', 2, 2, '2016-02-17 12:36:01', '2016-02-17 12:36:01'),
(147, 1, 0, 'Product modifica', 'Product', 1, 2, '2016-02-17 12:39:03', '2016-02-17 12:39:03'),
(148, 1, 0, 'Product modifica', 'Product', 3, 2, '2016-02-17 12:40:01', '2016-02-17 12:40:01'),
(149, 1, 0, 'Product modifica', 'Product', 3, 2, '2016-02-17 12:40:01', '2016-02-17 12:40:01'),
(150, 1, 0, 'Product modifica', 'Product', 2, 2, '2016-02-17 12:40:24', '2016-02-17 12:40:24'),
(151, 1, 0, 'Product modifica', 'Product', 4, 2, '2016-02-17 12:41:14', '2016-02-17 12:41:14'),
(152, 1, 0, 'Product modifica', 'Product', 5, 2, '2016-02-17 12:41:45', '2016-02-17 12:41:45'),
(153, 1, 0, 'Product modifica', 'Product', 5, 2, '2016-02-17 12:42:38', '2016-02-17 12:42:38'),
(154, 1, 0, 'Product modifica', 'Product', 6, 2, '2016-02-17 12:44:11', '2016-02-17 12:44:11'),
(155, 1, 0, 'Product modifica', 'Product', 7, 2, '2016-02-17 12:47:31', '2016-02-17 12:47:31'),
(156, 1, 0, 'Product modifica', 'Product', 2, 2, '2016-02-17 12:50:26', '2016-02-17 12:50:26'),
(157, 1, 0, 'Product modifica', 'Product', 7, 2, '2016-02-17 12:51:14', '2016-02-17 12:51:14'),
(158, 1, 0, 'Product modifica', 'Product', 8, 2, '2016-02-17 12:52:10', '2016-02-17 12:52:10'),
(159, 1, 0, 'Product modifica', 'Product', 9, 2, '2016-02-17 12:53:13', '2016-02-17 12:53:13'),
(160, 1, 0, 'Product modifica', 'Product', 9, 2, '2016-02-17 12:53:50', '2016-02-17 12:53:50'),
(161, 1, 0, 'Product modifica', 'Product', 10, 2, '2016-02-17 12:54:34', '2016-02-17 12:54:34'),
(162, 1, 0, 'Product modifica', 'Product', 9, 2, '2016-02-17 12:54:49', '2016-02-17 12:54:49'),
(163, 1, 0, 'Product modifica', 'Product', 10, 2, '2016-02-17 12:55:04', '2016-02-17 12:55:04'),
(164, 1, 0, 'Product modifica', 'Product', 11, 2, '2016-02-17 12:55:33', '2016-02-17 12:55:33'),
(165, 1, 0, 'Product modifica', 'Product', 6, 2, '2016-02-17 12:56:09', '2016-02-17 12:56:09'),
(166, 1, 0, 'Cancellazione Product', 'Product', 11, 2, '2016-02-17 12:56:18', '2016-02-17 12:56:18'),
(167, 1, 0, 'Product modifica', 'Product', 12, 2, '2016-02-17 12:57:09', '2016-02-17 12:57:09'),
(168, 1, 0, 'Product modifica', 'Product', 13, 2, '2016-02-17 12:59:44', '2016-02-17 12:59:44'),
(169, 1, 0, 'Product modifica', 'Product', 9, 2, '2016-02-17 12:59:59', '2016-02-17 12:59:59'),
(170, 1, 0, 'Product modifica', 'Product', 14, 2, '2016-02-17 13:02:23', '2016-02-17 13:02:23'),
(171, 1, 0, 'Product modifica', 'Product', 15, 2, '2016-02-17 13:03:25', '2016-02-17 13:03:25'),
(172, 1, 0, 'Cancellazione Product', 'Product', 16, 2, '2016-02-17 13:03:39', '2016-02-17 13:03:39'),
(173, 1, 0, 'Product modifica', 'Product', 17, 2, '2016-02-17 13:04:55', '2016-02-17 13:04:55'),
(174, 1, 0, 'Product modifica', 'Product', 17, 2, '2016-02-17 13:05:21', '2016-02-17 13:05:21'),
(175, 1, 0, 'Product modifica', 'Product', 18, 2, '2016-02-17 13:06:33', '2016-02-17 13:06:33'),
(176, 1, 0, 'Product modifica', 'Product', 18, 2, '2016-02-17 13:06:52', '2016-02-17 13:06:52'),
(177, 1, 0, 'Product modifica', 'Product', 19, 2, '2016-02-17 13:10:11', '2016-02-17 13:10:11'),
(178, 1, 0, 'Product modifica', 'Product', 20, 2, '2016-02-17 13:11:55', '2016-02-17 13:11:55'),
(179, 1, 0, 'Product modifica', 'Product', 20, 2, '2016-02-17 13:12:16', '2016-02-17 13:12:16'),
(180, 1, 0, 'Product modifica', 'Product', 21, 2, '2016-02-17 13:13:12', '2016-02-17 13:13:12'),
(181, 1, 0, 'Product modifica', 'Product', 22, 2, '2016-02-17 13:21:48', '2016-02-17 13:21:48'),
(182, 1, 0, 'Product modifica', 'Product', 23, 2, '2016-02-17 13:22:45', '2016-02-17 13:22:45'),
(183, 1, 0, 'Product modifica', 'Product', 24, 2, '2016-02-17 13:24:43', '2016-02-17 13:24:43'),
(184, 1, 0, 'Product modifica', 'Product', 25, 2, '2016-02-17 13:26:11', '2016-02-17 13:26:11'),
(185, 1, 0, 'Product modifica', 'Product', 25, 2, '2016-02-17 13:28:06', '2016-02-17 13:28:06'),
(186, 1, 0, 'Product modifica', 'Product', 26, 2, '2016-02-17 13:30:10', '2016-02-17 13:30:10'),
(187, 1, 0, 'Product modifica', 'Product', 26, 2, '2016-02-17 13:31:06', '2016-02-17 13:31:06'),
(188, 1, 0, 'Product modifica', 'Product', 27, 2, '2016-02-17 13:33:15', '2016-02-17 13:33:15'),
(189, 1, 0, 'Product modifica', 'Product', 28, 2, '2016-02-17 13:34:30', '2016-02-17 13:34:30'),
(190, 1, 0, 'Connessione al Back Office da 193.205.162.64', '', 0, 2, '2016-02-17 14:14:06', '2016-02-17 14:14:06'),
(191, 1, 0, 'Aggiunta Category', 'Category', 55, 2, '2016-02-17 14:18:27', '2016-02-17 14:18:27'),
(192, 1, 0, 'Product modifica', 'Product', 29, 2, '2016-02-17 14:22:14', '2016-02-17 14:22:14'),
(193, 1, 0, 'Product modifica', 'Product', 30, 2, '2016-02-17 14:25:08', '2016-02-17 14:25:08'),
(194, 1, 0, 'Product modifica', 'Product', 30, 2, '2016-02-17 14:28:22', '2016-02-17 14:28:22'),
(195, 1, 0, 'Product modifica', 'Product', 31, 2, '2016-02-17 14:31:56', '2016-02-17 14:31:56'),
(196, 1, 0, 'Product modifica', 'Product', 32, 2, '2016-02-17 14:35:01', '2016-02-17 14:35:01'),
(197, 1, 0, 'Product modifica', 'Product', 33, 2, '2016-02-17 14:42:06', '2016-02-17 14:42:06'),
(198, 1, 0, 'Product modifica', 'Product', 34, 2, '2016-02-17 14:44:22', '2016-02-17 14:44:22'),
(199, 1, 0, 'Product modifica', 'Product', 34, 2, '2016-02-17 14:46:20', '2016-02-17 14:46:20'),
(200, 1, 0, 'Product modifica', 'Product', 35, 2, '2016-02-17 14:48:51', '2016-02-17 14:48:51'),
(201, 1, 0, 'Product modifica', 'Product', 36, 2, '2016-02-17 14:52:11', '2016-02-17 14:52:11'),
(202, 1, 0, 'Product modifica', 'Product', 36, 2, '2016-02-17 14:55:10', '2016-02-17 14:55:10'),
(203, 1, 0, 'Product modifica', 'Product', 37, 2, '2016-02-17 14:59:30', '2016-02-17 14:59:30'),
(204, 1, 0, 'Product modifica', 'Product', 37, 2, '2016-02-17 15:00:29', '2016-02-17 15:00:29'),
(205, 1, 0, 'Product modifica', 'Product', 38, 2, '2016-02-17 15:09:50', '2016-02-17 15:09:50'),
(206, 1, 0, 'Product modifica', 'Product', 38, 2, '2016-02-17 15:11:49', '2016-02-17 15:11:49'),
(207, 1, 0, 'Cancellazione Product', 'Product', 39, 2, '2016-02-17 15:16:23', '2016-02-17 15:16:23'),
(208, 1, 0, 'Product modifica', 'Product', 40, 2, '2016-02-17 15:17:41', '2016-02-17 15:17:41'),
(209, 1, 0, 'Product modifica', 'Product', 41, 2, '2016-02-17 15:21:01', '2016-02-17 15:21:01'),
(210, 1, 0, 'Connessione al Back Office da 193.205.162.64', '', 0, 2, '2016-02-17 15:46:47', '2016-02-17 15:46:47'),
(211, 1, 0, 'Product modifica', 'Product', 42, 2, '2016-02-17 15:50:11', '2016-02-17 15:50:11'),
(212, 1, 0, 'Connessione al Back Office da 193.205.162.64', '', 0, 2, '2016-02-17 16:25:24', '2016-02-17 16:25:24'),
(213, 1, 0, 'Product modifica', 'Product', 43, 2, '2016-02-17 16:26:19', '2016-02-17 16:26:19'),
(214, 1, 0, 'Product modifica', 'Product', 45, 2, '2016-02-17 16:27:17', '2016-02-17 16:27:17'),
(215, 1, 0, 'Product modifica', 'Product', 45, 2, '2016-02-17 16:27:57', '2016-02-17 16:27:57'),
(216, 1, 0, 'Product modifica', 'Product', 46, 2, '2016-02-17 16:30:41', '2016-02-17 16:30:41'),
(217, 1, 0, 'Product modifica', 'Product', 23, 2, '2016-02-17 16:31:12', '2016-02-17 16:31:12'),
(218, 1, 0, 'Product modifica', 'Product', 47, 2, '2016-02-17 16:33:10', '2016-02-17 16:33:10'),
(219, 1, 0, 'Product modifica', 'Product', 48, 2, '2016-02-17 16:34:43', '2016-02-17 16:34:43'),
(220, 1, 0, 'Product modifica', 'Product', 48, 2, '2016-02-17 16:34:43', '2016-02-17 16:34:43'),
(221, 1, 0, 'Product modifica', 'Product', 18, 2, '2016-02-17 16:35:16', '2016-02-17 16:35:16'),
(222, 1, 0, 'Product modifica', 'Product', 49, 2, '2016-02-17 16:36:28', '2016-02-17 16:36:28'),
(223, 1, 0, 'Product modifica', 'Product', 50, 2, '2016-02-17 16:37:27', '2016-02-17 16:37:27'),
(224, 1, 0, 'Product modifica', 'Product', 51, 2, '2016-02-17 16:39:45', '2016-02-17 16:39:45'),
(225, 1, 0, 'Product modifica', 'Product', 23, 2, '2016-02-17 16:42:55', '2016-02-17 16:42:55'),
(226, 1, 0, 'Connessione al Back Office da 93.44.154.149', '', 0, 2, '2016-02-18 12:11:56', '2016-02-18 12:11:56'),
(227, 1, 0, 'Product modifica', 'Product', 4, 2, '2016-02-18 12:12:26', '2016-02-18 12:12:26'),
(228, 1, 0, 'Connessione al Back Office da 79.42.195.64', '', 0, 2, '2016-02-18 22:01:31', '2016-02-18 22:01:31'),
(229, 1, 0, 'Product modifica', 'Product', 48, 2, '2016-02-18 22:03:55', '2016-02-18 22:03:55'),
(230, 1, 0, 'Product modifica', 'Product', 50, 2, '2016-02-18 22:04:22', '2016-02-18 22:04:22'),
(231, 1, 0, 'Product modifica', 'Product', 51, 2, '2016-02-18 22:04:38', '2016-02-18 22:04:38'),
(232, 1, 0, 'Product modifica', 'Product', 52, 2, '2016-02-18 22:05:14', '2016-02-18 22:05:14'),
(233, 1, 0, 'Product modifica', 'Product', 53, 2, '2016-02-18 22:07:06', '2016-02-18 22:07:06'),
(234, 1, 0, 'Product modifica', 'Product', 53, 2, '2016-02-18 22:07:29', '2016-02-18 22:07:29'),
(235, 1, 0, 'Product modifica', 'Product', 53, 2, '2016-02-18 22:07:54', '2016-02-18 22:07:54'),
(236, 1, 0, 'Product modifica', 'Product', 54, 2, '2016-02-18 22:10:24', '2016-02-18 22:10:24'),
(237, 1, 0, 'Product modifica', 'Product', 55, 2, '2016-02-18 22:13:36', '2016-02-18 22:13:36'),
(238, 1, 0, 'Product modifica', 'Product', 56, 2, '2016-02-18 22:15:45', '2016-02-18 22:15:45'),
(239, 1, 0, 'Cancellazione Product', 'Product', 57, 2, '2016-02-18 22:16:32', '2016-02-18 22:16:32'),
(240, 1, 0, 'Product modifica', 'Product', 58, 2, '2016-02-18 22:18:40', '2016-02-18 22:18:40'),
(241, 1, 0, 'Product modifica', 'Product', 59, 2, '2016-02-18 22:21:14', '2016-02-18 22:21:14'),
(242, 1, 0, 'Product modifica', 'Product', 60, 2, '2016-02-18 22:22:36', '2016-02-18 22:22:36'),
(243, 1, 0, 'Product modifica', 'Product', 61, 2, '2016-02-18 22:24:58', '2016-02-18 22:24:58'),
(244, 1, 0, 'Product modifica', 'Product', 61, 2, '2016-02-18 22:27:00', '2016-02-18 22:27:00'),
(245, 1, 0, 'Cancellazione Product', 'Product', 62, 2, '2016-02-18 22:27:23', '2016-02-18 22:27:23'),
(246, 1, 0, 'Product modifica', 'Product', 63, 2, '2016-02-18 22:29:42', '2016-02-18 22:29:42'),
(247, 1, 0, 'Product modifica', 'Product', 64, 2, '2016-02-18 22:31:08', '2016-02-18 22:31:08'),
(248, 1, 0, 'Product modifica', 'Product', 65, 2, '2016-02-18 22:32:17', '2016-02-18 22:32:17'),
(249, 1, 0, 'Product modifica', 'Product', 66, 2, '2016-02-18 22:34:05', '2016-02-18 22:34:05'),
(250, 1, 0, 'Product modifica', 'Product', 67, 2, '2016-02-18 22:35:07', '2016-02-18 22:35:07'),
(251, 1, 0, 'Product modifica', 'Product', 67, 2, '2016-02-18 22:35:19', '2016-02-18 22:35:19'),
(252, 1, 0, 'Product modifica', 'Product', 67, 2, '2016-02-18 22:36:30', '2016-02-18 22:36:30'),
(253, 1, 0, 'Product modifica', 'Product', 68, 2, '2016-02-18 22:37:59', '2016-02-18 22:37:59'),
(254, 1, 0, 'Product modifica', 'Product', 69, 2, '2016-02-18 22:39:48', '2016-02-18 22:39:48'),
(255, 1, 0, 'Product modifica', 'Product', 70, 2, '2016-02-18 22:42:18', '2016-02-18 22:42:18'),
(256, 1, 0, 'Product modifica', 'Product', 71, 2, '2016-02-18 22:44:34', '2016-02-18 22:44:34'),
(257, 1, 0, 'Product modifica', 'Product', 73, 2, '2016-02-18 22:46:28', '2016-02-18 22:46:28'),
(258, 1, 0, 'Product modifica', 'Product', 72, 2, '2016-02-18 22:48:39', '2016-02-18 22:48:39'),
(259, 1, 0, 'Product modifica', 'Product', 74, 2, '2016-02-18 22:50:18', '2016-02-18 22:50:18'),
(260, 1, 0, 'Connessione al Back Office da 79.42.195.64', '', 0, 2, '2016-02-18 23:30:23', '2016-02-18 23:30:23'),
(261, 1, 0, 'Connessione al Back Office da 79.42.195.64', '', 0, 2, '2016-02-19 11:35:57', '2016-02-19 11:35:57'),
(262, 1, 0, 'Category modifica', 'Category', 17, 2, '2016-02-19 11:36:30', '2016-02-19 11:36:30'),
(263, 1, 0, 'Category modifica', 'Category', 18, 2, '2016-02-19 11:36:45', '2016-02-19 11:36:45'),
(264, 1, 0, 'Category modifica', 'Category', 25, 2, '2016-02-19 11:37:48', '2016-02-19 11:37:48'),
(265, 1, 0, 'Category modifica', 'Category', 26, 2, '2016-02-19 11:38:06', '2016-02-19 11:38:06'),
(266, 1, 0, 'Category modifica', 'Category', 21, 2, '2016-02-19 11:38:46', '2016-02-19 11:38:46'),
(267, 1, 0, 'Category modifica', 'Category', 22, 2, '2016-02-19 11:39:01', '2016-02-19 11:39:01'),
(268, 1, 0, 'Category modifica', 'Category', 23, 2, '2016-02-19 11:39:13', '2016-02-19 11:39:13'),
(269, 1, 0, 'Category modifica', 'Category', 24, 2, '2016-02-19 11:39:27', '2016-02-19 11:39:27'),
(270, 1, 0, 'Aggiunta Product', 'Product', 75, 2, '2016-02-19 11:45:58', '2016-02-19 11:45:58'),
(271, 1, 0, 'Product modifica', 'Product', 75, 2, '2016-02-19 11:47:09', '2016-02-19 11:47:09'),
(272, 1, 0, 'Aggiunta Product', 'Product', 76, 2, '2016-02-19 11:53:48', '2016-02-19 11:53:48'),
(273, 1, 0, 'Product modifica', 'Product', 76, 2, '2016-02-19 11:55:04', '2016-02-19 11:55:04'),
(274, 1, 0, 'Aggiunta Product', 'Product', 77, 2, '2016-02-19 11:58:43', '2016-02-19 11:58:43'),
(275, 1, 0, 'Product modifica', 'Product', 77, 2, '2016-02-19 12:00:08', '2016-02-19 12:00:08'),
(276, 1, 0, 'Product modifica', 'Product', 77, 2, '2016-02-19 12:00:09', '2016-02-19 12:00:09'),
(277, 1, 0, 'Product modifica', 'Product', 77, 2, '2016-02-19 12:00:57', '2016-02-19 12:00:57'),
(278, 1, 0, 'Aggiunta Product', 'Product', 78, 2, '2016-02-19 12:08:14', '2016-02-19 12:08:14'),
(279, 1, 0, 'Product modifica', 'Product', 78, 2, '2016-02-19 12:10:01', '2016-02-19 12:10:01'),
(280, 1, 0, 'Product modifica', 'Product', 78, 2, '2016-02-19 12:11:05', '2016-02-19 12:11:05'),
(281, 1, 0, 'Connessione al Back Office da 193.205.162.64', '', 0, 2, '2016-02-19 12:45:51', '2016-02-19 12:45:51'),
(282, 1, 0, 'Aggiunta Product', 'Product', 79, 2, '2016-02-19 12:49:19', '2016-02-19 12:49:19'),
(283, 1, 0, 'Product modifica', 'Product', 79, 2, '2016-02-19 12:50:40', '2016-02-19 12:50:40'),
(284, 1, 0, 'Aggiunta Product', 'Product', 80, 2, '2016-02-19 12:58:42', '2016-02-19 12:58:42'),
(285, 1, 0, 'Product modifica', 'Product', 80, 2, '2016-02-19 13:00:18', '2016-02-19 13:00:18'),
(286, 1, 0, 'Aggiunta Product', 'Product', 81, 2, '2016-02-19 13:03:34', '2016-02-19 13:03:34'),
(287, 1, 0, 'Product modifica', 'Product', 81, 2, '2016-02-19 13:04:22', '2016-02-19 13:04:22'),
(288, 1, 0, 'Aggiunta Product', 'Product', 82, 2, '2016-02-19 13:08:03', '2016-02-19 13:08:03'),
(289, 1, 0, 'Product modifica', 'Product', 82, 2, '2016-02-19 13:09:23', '2016-02-19 13:09:23'),
(290, 1, 0, 'Product modifica', 'Product', 82, 2, '2016-02-19 13:10:07', '2016-02-19 13:10:07'),
(291, 1, 0, 'Product modifica', 'Product', 83, 2, '2016-02-19 13:12:50', '2016-02-19 13:12:50'),
(292, 1, 0, 'Product modifica', 'Product', 83, 2, '2016-02-19 13:12:57', '2016-02-19 13:12:57'),
(293, 1, 0, 'Product modifica', 'Product', 83, 2, '2016-02-19 13:13:18', '2016-02-19 13:13:18'),
(294, 1, 0, 'Product modifica', 'Product', 83, 2, '2016-02-19 13:13:27', '2016-02-19 13:13:27'),
(295, 1, 0, 'Product modifica', 'Product', 2, 2, '2016-02-19 13:15:54', '2016-02-19 13:15:54'),
(296, 1, 0, 'Product modifica', 'Product', 29, 2, '2016-02-19 13:22:20', '2016-02-19 13:22:20'),
(297, 1, 0, 'Product modifica', 'Product', 6, 2, '2016-02-19 13:22:43', '2016-02-19 13:22:43'),
(298, 1, 0, 'Product modifica', 'Product', 44, 2, '2016-02-19 13:31:30', '2016-02-19 13:31:30'),
(299, 1, 0, 'Aggiunta Product', 'Product', 84, 2, '2016-02-19 13:48:21', '2016-02-19 13:48:21'),
(300, 1, 0, 'Aggiunta Product', 'Product', 85, 2, '2016-02-19 13:48:22', '2016-02-19 13:48:22'),
(301, 1, 0, 'Product modifica', 'Product', 85, 2, '2016-02-19 13:49:16', '2016-02-19 13:49:16'),
(302, 1, 0, 'Product modifica', 'Product', 85, 2, '2016-02-19 13:49:37', '2016-02-19 13:49:37'),
(303, 1, 0, 'Aggiunta Product', 'Product', 86, 2, '2016-02-19 13:52:10', '2016-02-19 13:52:10'),
(304, 1, 0, 'Product modifica', 'Product', 86, 2, '2016-02-19 13:52:45', '2016-02-19 13:52:45'),
(305, 1, 0, 'Product modifica', 'Product', 86, 2, '2016-02-19 13:52:46', '2016-02-19 13:52:46'),
(306, 1, 0, 'Product modifica', 'Product', 86, 2, '2016-02-19 13:53:19', '2016-02-19 13:53:19'),
(307, 1, 0, 'Product modifica', 'Product', 86, 2, '2016-02-19 13:54:10', '2016-02-19 13:54:10'),
(308, 1, 0, 'Cancellazione Product', 'Product', 84, 2, '2016-02-19 13:54:40', '2016-02-19 13:54:40'),
(309, 1, 0, 'Aggiunta Product', 'Product', 87, 2, '2016-02-19 13:58:03', '2016-02-19 13:58:03'),
(310, 1, 0, 'Product modifica', 'Product', 87, 2, '2016-02-19 13:58:40', '2016-02-19 13:58:40'),
(311, 1, 0, 'Product modifica', 'Product', 88, 2, '2016-02-19 14:01:18', '2016-02-19 14:01:18'),
(312, 1, 0, 'Product modifica', 'Product', 88, 2, '2016-02-19 14:07:50', '2016-02-19 14:07:50'),
(313, 1, 0, 'Product modifica', 'Product', 88, 2, '2016-02-19 14:08:12', '2016-02-19 14:08:12'),
(314, 1, 0, 'Product modifica', 'Product', 89, 2, '2016-02-19 14:11:34', '2016-02-19 14:11:34'),
(315, 1, 0, 'Product modifica', 'Product', 89, 2, '2016-02-19 14:11:52', '2016-02-19 14:11:52'),
(316, 1, 0, 'Product modifica', 'Product', 90, 2, '2016-02-19 14:15:55', '2016-02-19 14:15:55'),
(317, 1, 0, 'Product modifica', 'Product', 80, 2, '2016-02-19 14:16:19', '2016-02-19 14:16:19'),
(318, 1, 0, 'Product modifica', 'Product', 90, 2, '2016-02-19 14:16:47', '2016-02-19 14:16:47'),
(319, 1, 0, 'Product modifica', 'Product', 90, 2, '2016-02-19 14:17:26', '2016-02-19 14:17:26'),
(320, 1, 0, 'Product modifica', 'Product', 79, 2, '2016-02-19 14:29:32', '2016-02-19 14:29:32'),
(321, 1, 0, 'Connessione al Back Office da 193.205.162.64', '', 0, 2, '2016-02-19 15:14:10', '2016-02-19 15:14:10'),
(322, 1, 0, 'Aggiunta Product', 'Product', 91, 2, '2016-02-19 15:20:21', '2016-02-19 15:20:21'),
(323, 1, 0, 'Product modifica', 'Product', 91, 2, '2016-02-19 15:21:09', '2016-02-19 15:21:09'),
(324, 1, 0, 'Product modifica', 'Product', 91, 2, '2016-02-19 15:21:41', '2016-02-19 15:21:41'),
(325, 1, 0, 'Product modifica', 'Product', 91, 2, '2016-02-19 15:22:15', '2016-02-19 15:22:15'),
(326, 1, 0, 'Product modifica', 'Product', 91, 2, '2016-02-19 15:22:55', '2016-02-19 15:22:55'),
(327, 1, 0, 'Aggiunta Product', 'Product', 92, 2, '2016-02-19 15:32:19', '2016-02-19 15:32:19'),
(328, 1, 0, 'Product modifica', 'Product', 92, 2, '2016-02-19 15:32:47', '2016-02-19 15:32:47'),
(329, 1, 0, 'Connessione al Back Office da 193.205.162.64', '', 0, 2, '2016-02-19 16:17:03', '2016-02-19 16:17:03'),
(330, 1, 0, 'Connessione al Back Office da 79.42.195.64', '', 0, 2, '2016-02-19 19:56:49', '2016-02-19 19:56:49'),
(331, 1, 0, 'Connessione al Back Office da 79.42.195.64', '', 0, 2, '2016-02-19 20:45:22', '2016-02-19 20:45:22'),
(332, 1, 0, 'Product modifica', 'Product', 38, 2, '2016-02-19 20:45:52', '2016-02-19 20:45:52'),
(333, 1, 0, 'Product modifica', 'Product', 69, 2, '2016-02-19 20:47:52', '2016-02-19 20:47:52'),
(334, 1, 0, 'Product modifica', 'Product', 71, 2, '2016-02-19 20:48:13', '2016-02-19 20:48:13'),
(335, 1, 0, 'Connessione al Back Office da 79.12.86.40', '', 0, 4, '2016-02-20 11:53:15', '2016-02-20 11:53:15'),
(336, 1, 0, 'Aggiunta Product', 'Product', 93, 4, '2016-02-20 12:05:23', '2016-02-20 12:05:23'),
(337, 1, 0, 'Connessione al Back Office da 79.42.195.64', '', 0, 2, '2016-02-20 12:06:10', '2016-02-20 12:06:10'),
(338, 1, 0, 'Product modifica', 'Product', 93, 4, '2016-02-20 12:07:02', '2016-02-20 12:07:02'),
(339, 1, 0, 'Product modifica', 'Product', 93, 4, '2016-02-20 12:08:41', '2016-02-20 12:08:41'),
(340, 1, 0, 'Product modifica', 'Product', 93, 4, '2016-02-20 12:09:46', '2016-02-20 12:09:46'),
(341, 1, 0, 'Product modifica', 'Product', 93, 2, '2016-02-20 12:10:11', '2016-02-20 12:10:11'),
(342, 1, 0, 'Product modifica', 'Product', 93, 2, '2016-02-20 12:10:36', '2016-02-20 12:10:36'),
(343, 1, 0, 'Product modifica', 'Product', 93, 2, '2016-02-20 12:11:37', '2016-02-20 12:11:37'),
(344, 1, 0, 'Product modifica', 'Product', 93, 2, '2016-02-20 12:12:10', '2016-02-20 12:12:10'),
(345, 1, 0, 'Category modifica', 'Category', 54, 2, '2016-02-20 12:19:51', '2016-02-20 12:19:51'),
(346, 1, 0, 'Category modifica', 'Category', 52, 2, '2016-02-20 12:21:02', '2016-02-20 12:21:02'),
(347, 1, 0, 'Category modifica', 'Category', 52, 2, '2016-02-20 12:21:56', '2016-02-20 12:21:56'),
(348, 1, 0, 'Connessione al Back Office da 79.12.86.40', '', 0, 4, '2016-02-20 16:05:57', '2016-02-20 16:05:57'),
(349, 1, 0, 'Aggiunta Product', 'Product', 94, 4, '2016-02-20 16:08:48', '2016-02-20 16:08:48'),
(350, 1, 0, 'Product modifica', 'Product', 94, 4, '2016-02-20 16:09:55', '2016-02-20 16:09:55'),
(351, 1, 0, 'Aggiunta Product', 'Product', 95, 4, '2016-02-20 16:11:05', '2016-02-20 16:11:05'),
(352, 1, 0, 'Product modifica', 'Product', 93, 4, '2016-02-20 16:11:53', '2016-02-20 16:11:53'),
(353, 1, 0, 'Product modifica', 'Product', 95, 4, '2016-02-20 16:12:49', '2016-02-20 16:12:49'),
(354, 1, 0, 'Aggiunta Product', 'Product', 96, 4, '2016-02-20 16:14:20', '2016-02-20 16:14:20'),
(355, 1, 0, 'Product modifica', 'Product', 95, 4, '2016-02-20 16:16:38', '2016-02-20 16:16:38'),
(356, 1, 0, 'Aggiunta Product', 'Product', 97, 4, '2016-02-20 16:18:59', '2016-02-20 16:18:59'),
(357, 1, 0, 'Product modifica', 'Product', 97, 4, '2016-02-20 16:20:06', '2016-02-20 16:20:06'),
(358, 1, 0, 'Product modifica', 'Product', 96, 4, '2016-02-20 16:20:55', '2016-02-20 16:20:55'),
(359, 1, 0, 'Aggiunta Product', 'Product', 98, 4, '2016-02-20 16:22:12', '2016-02-20 16:22:12'),
(360, 1, 0, 'Product modifica', 'Product', 98, 4, '2016-02-20 16:23:19', '2016-02-20 16:23:19'),
(361, 1, 0, 'Connessione al Back Office da 79.12.86.40', '', 0, 4, '2016-02-21 12:48:40', '2016-02-21 12:48:40'),
(362, 1, 0, 'Connessione al Back Office da 79.12.86.40', '', 0, 4, '2016-02-21 14:01:39', '2016-02-21 14:01:39'),
(363, 1, 0, 'Connessione al Back Office da 95.252.254.131', '', 0, 4, '2016-02-22 12:17:41', '2016-02-22 12:17:41'),
(364, 1, 0, 'Connessione al Back Office da 193.205.162.64', '', 0, 2, '2016-02-22 12:28:03', '2016-02-22 12:28:03'),
(365, 1, 0, 'Product modifica', 'Product', 94, 2, '2016-02-22 12:34:23', '2016-02-22 12:34:23'),
(366, 1, 0, 'Product modifica', 'Product', 95, 2, '2016-02-22 12:35:01', '2016-02-22 12:35:01'),
(367, 1, 0, 'Product modifica', 'Product', 96, 2, '2016-02-22 12:35:40', '2016-02-22 12:35:40'),
(368, 1, 0, 'Product modifica', 'Product', 97, 2, '2016-02-22 12:36:14', '2016-02-22 12:36:14'),
(369, 1, 0, 'Product modifica', 'Product', 98, 2, '2016-02-22 12:36:46', '2016-02-22 12:36:46'),
(370, 1, 0, 'Product modifica', 'Product', 15, 2, '2016-02-22 12:37:38', '2016-02-22 12:37:38'),
(371, 1, 0, 'Aggiunta Product', 'Product', 99, 2, '2016-02-22 12:43:14', '2016-02-22 12:43:14'),
(372, 1, 0, 'Product modifica', 'Product', 99, 2, '2016-02-22 12:44:09', '2016-02-22 12:44:09'),
(373, 1, 0, 'Aggiunta Product', 'Product', 100, 2, '2016-02-22 12:45:04', '2016-02-22 12:45:04'),
(374, 1, 0, 'Product modifica', 'Product', 100, 2, '2016-02-22 12:46:06', '2016-02-22 12:46:06'),
(375, 1, 0, 'Product modifica', 'Product', 100, 2, '2016-02-22 12:47:52', '2016-02-22 12:47:52'),
(376, 1, 0, 'Product modifica', 'Product', 100, 2, '2016-02-22 12:48:49', '2016-02-22 12:48:49'),
(377, 1, 0, 'Aggiunta Product', 'Product', 101, 2, '2016-02-22 12:50:02', '2016-02-22 12:50:02'),
(378, 1, 0, 'Product modifica', 'Product', 101, 2, '2016-02-22 12:50:38', '2016-02-22 12:50:38'),
(379, 1, 0, 'Aggiunta Product', 'Product', 102, 2, '2016-02-22 12:52:25', '2016-02-22 12:52:25'),
(380, 1, 0, 'Product modifica', 'Product', 102, 2, '2016-02-22 12:52:59', '2016-02-22 12:52:59'),
(381, 1, 0, 'Connessione al Back Office da 193.205.162.64', '', 0, 2, '2016-02-22 13:47:43', '2016-02-22 13:47:43'),
(382, 1, 0, 'Aggiunta Product', 'Product', 103, 2, '2016-02-22 13:59:12', '2016-02-22 13:59:12'),
(383, 1, 0, 'Product modifica', 'Product', 103, 2, '2016-02-22 13:59:54', '2016-02-22 13:59:54'),
(384, 1, 0, 'Aggiunta Product', 'Product', 104, 2, '2016-02-22 14:00:47', '2016-02-22 14:00:47'),
(385, 1, 0, 'Product modifica', 'Product', 104, 2, '2016-02-22 14:01:22', '2016-02-22 14:01:22'),
(386, 1, 0, 'Aggiunta Product', 'Product', 105, 2, '2016-02-22 14:03:11', '2016-02-22 14:03:11'),
(387, 1, 0, 'Product modifica', 'Product', 105, 2, '2016-02-22 14:04:47', '2016-02-22 14:04:47'),
(388, 1, 0, 'Aggiunta Product', 'Product', 106, 2, '2016-02-22 14:05:33', '2016-02-22 14:05:33'),
(389, 1, 0, 'Product modifica', 'Product', 106, 2, '2016-02-22 14:06:34', '2016-02-22 14:06:34'),
(390, 1, 0, 'Connessione al Back Office da 95.252.254.131', '', 0, 4, '2016-02-22 14:14:15', '2016-02-22 14:14:15'),
(391, 1, 0, 'Aggiunta Product', 'Product', 107, 2, '2016-02-22 14:17:06', '2016-02-22 14:17:06'),
(392, 1, 0, 'Product modifica', 'Product', 107, 2, '2016-02-22 14:17:34', '2016-02-22 14:17:34'),
(393, 1, 0, 'Product modifica', 'Product', 107, 2, '2016-02-22 14:18:52', '2016-02-22 14:18:52'),
(394, 1, 0, 'Connessione al Back Office da 87.18.250.237', '', 0, 4, '2016-02-22 14:20:15', '2016-02-22 14:20:15'),
(395, 1, 0, 'Aggiunta Product', 'Product', 108, 4, '2016-02-22 14:24:58', '2016-02-22 14:24:58'),
(396, 1, 0, 'Product modifica', 'Product', 108, 2, '2016-02-22 14:27:07', '2016-02-22 14:27:07'),
(397, 1, 0, 'Aggiunta Category', 'Category', 56, 2, '2016-02-22 14:29:53', '2016-02-22 14:29:53'),
(398, 1, 0, 'Aggiunta Category', 'Category', 57, 2, '2016-02-22 14:31:08', '2016-02-22 14:31:08'),
(399, 1, 0, 'Product modifica', 'Product', 108, 4, '2016-02-22 14:33:37', '2016-02-22 14:33:37'),
(400, 1, 0, 'Aggiunta Product', 'Product', 109, 2, '2016-02-22 14:36:30', '2016-02-22 14:36:30'),
(401, 1, 0, 'Product modifica', 'Product', 109, 2, '2016-02-22 14:37:08', '2016-02-22 14:37:08'),
(402, 1, 0, 'Product modifica', 'Product', 109, 2, '2016-02-22 14:37:55', '2016-02-22 14:37:55'),
(403, 1, 0, 'Connessione al Back Office da 82.57.99.162', '', 0, 4, '2016-02-22 14:41:26', '2016-02-22 14:41:26'),
(404, 1, 0, 'Aggiunta Product', 'Product', 110, 2, '2016-02-22 14:42:11', '2016-02-22 14:42:11'),
(405, 1, 0, 'Aggiunta Product', 'Product', 111, 4, '2016-02-22 14:43:06', '2016-02-22 14:43:06'),
(406, 1, 0, 'Product modifica', 'Product', 110, 2, '2016-02-22 14:44:36', '2016-02-22 14:44:36'),
(407, 1, 0, 'Aggiunta Product', 'Product', 112, 2, '2016-02-22 14:48:50', '2016-02-22 14:48:50'),
(408, 1, 0, 'Product modifica', 'Product', 111, 4, '2016-02-22 14:49:24', '2016-02-22 14:49:24'),
(409, 1, 0, 'Product modifica', 'Product', 111, 4, '2016-02-22 14:49:33', '2016-02-22 14:49:33'),
(410, 1, 0, 'Product modifica', 'Product', 112, 2, '2016-02-22 14:50:36', '2016-02-22 14:50:36'),
(411, 1, 0, 'Product modifica', 'Product', 111, 2, '2016-02-22 14:51:59', '2016-02-22 14:51:59'),
(412, 1, 0, 'Connessione al Back Office da 82.57.99.162', '', 0, 4, '2016-02-22 14:58:16', '2016-02-22 14:58:16'),
(413, 1, 0, 'Aggiunta Product', 'Product', 113, 4, '2016-02-22 15:06:20', '2016-02-22 15:06:20'),
(414, 1, 0, 'Product modifica', 'Product', 113, 4, '2016-02-22 15:07:15', '2016-02-22 15:07:15'),
(415, 1, 0, 'Aggiunta Product', 'Product', 114, 4, '2016-02-22 15:08:28', '2016-02-22 15:08:28'),
(416, 1, 0, 'Product modifica', 'Product', 114, 4, '2016-02-22 15:12:10', '2016-02-22 15:12:10'),
(417, 1, 0, 'Connessione al Back Office da 193.205.162.64', '', 0, 2, '2016-02-22 15:13:06', '2016-02-22 15:13:06'),
(418, 1, 0, 'Aggiunta Product', 'Product', 116, 4, '2016-02-22 15:15:47', '2016-02-22 15:15:47'),
(419, 1, 0, 'Product modifica', 'Product', 115, 2, '2016-02-22 15:16:19', '2016-02-22 15:16:19'),
(420, 1, 0, 'Product modifica', 'Product', 116, 4, '2016-02-22 15:17:30', '2016-02-22 15:17:30'),
(421, 1, 0, 'Product modifica', 'Product', 115, 2, '2016-02-22 15:18:20', '2016-02-22 15:18:20'),
(422, 1, 0, 'Product modifica', 'Product', 112, 2, '2016-02-22 15:19:06', '2016-02-22 15:19:06'),
(423, 1, 0, 'Aggiunta Product', 'Product', 117, 4, '2016-02-22 15:21:02', '2016-02-22 15:21:02'),
(424, 1, 0, 'Product modifica', 'Product', 117, 4, '2016-02-22 15:23:57', '2016-02-22 15:23:57'),
(425, 1, 0, 'Aggiunta Product', 'Product', 118, 2, '2016-02-22 15:26:34', '2016-02-22 15:26:34'),
(426, 1, 0, 'Product modifica', 'Product', 118, 2, '2016-02-22 15:28:03', '2016-02-22 15:28:03'),
(427, 1, 0, 'Product modifica', 'Product', 115, 2, '2016-02-22 15:29:37', '2016-02-22 15:29:37'),
(428, 1, 0, 'Product modifica', 'Product', 76, 2, '2016-02-22 15:31:28', '2016-02-22 15:31:28'),
(429, 1, 0, 'Aggiunta Product', 'Product', 119, 2, '2016-02-22 15:36:47', '2016-02-22 15:36:47'),
(430, 1, 0, 'Product modifica', 'Product', 119, 2, '2016-02-22 15:37:46', '2016-02-22 15:37:46'),
(431, 1, 0, 'Connessione al Back Office da 82.57.99.162', '', 0, 4, '2016-02-22 15:39:36', '2016-02-22 15:39:36'),
(432, 1, 0, 'Product modifica', 'Product', 89, 2, '2016-02-22 15:42:25', '2016-02-22 15:42:25'),
(433, 1, 0, 'Product modifica', 'Product', 82, 2, '2016-02-22 15:43:04', '2016-02-22 15:43:04'),
(434, 1, 0, 'Aggiunta Product', 'Product', 120, 2, '2016-02-22 15:47:04', '2016-02-22 15:47:04'),
(435, 1, 0, 'Product modifica', 'Product', 120, 2, '2016-02-22 15:47:42', '2016-02-22 15:47:42'),
(436, 1, 0, 'Aggiunta Product', 'Product', 122, 4, '2016-02-22 15:48:45', '2016-02-22 15:48:45'),
(437, 1, 0, 'Product modifica', 'Product', 121, 2, '2016-02-22 15:48:55', '2016-02-22 15:48:55'),
(438, 1, 0, 'Product modifica', 'Product', 120, 2, '2016-02-22 15:49:40', '2016-02-22 15:49:40'),
(439, 1, 0, 'Product modifica', 'Product', 122, 4, '2016-02-22 15:50:19', '2016-02-22 15:50:19'),
(440, 1, 0, 'Aggiunta Product', 'Product', 123, 4, '2016-02-22 15:51:45', '2016-02-22 15:51:45'),
(441, 1, 0, 'Aggiunta Product', 'Product', 124, 4, '2016-02-22 15:53:28', '2016-02-22 15:53:28'),
(442, 1, 0, 'Product modifica', 'Product', 123, 4, '2016-02-22 15:55:14', '2016-02-22 15:55:14'),
(443, 1, 0, 'Product modifica', 'Product', 124, 4, '2016-02-22 15:55:51', '2016-02-22 15:55:51'),
(444, 1, 0, 'Aggiunta Product', 'Product', 125, 4, '2016-02-22 15:56:58', '2016-02-22 15:56:58'),
(445, 1, 0, 'Product modifica', 'Product', 125, 4, '2016-02-22 15:57:54', '2016-02-22 15:57:54'),
(446, 1, 0, 'Aggiunta Product', 'Product', 126, 2, '2016-02-22 16:00:38', '2016-02-22 16:00:38'),
(447, 1, 0, 'Product modifica', 'Product', 126, 2, '2016-02-22 16:01:30', '2016-02-22 16:01:30'),
(448, 1, 0, 'Aggiunta Product', 'Product', 127, 2, '2016-02-22 16:04:44', '2016-02-22 16:04:44'),
(449, 1, 0, 'Product modifica', 'Product', 127, 2, '2016-02-22 16:05:14', '2016-02-22 16:05:14'),
(450, 1, 0, 'Aggiunta Product', 'Product', 128, 2, '2016-02-22 16:10:10', '2016-02-22 16:10:10'),
(451, 1, 0, 'Product modifica', 'Product', 128, 2, '2016-02-22 16:10:37', '2016-02-22 16:10:37'),
(452, 1, 0, 'Product modifica', 'Product', 126, 2, '2016-02-22 16:12:34', '2016-02-22 16:12:34'),
(453, 1, 0, 'Product modifica', 'Product', 127, 2, '2016-02-22 16:13:04', '2016-02-22 16:13:04'),
(454, 1, 0, 'Product modifica', 'Product', 129, 2, '2016-02-22 16:15:38', '2016-02-22 16:15:38'),
(455, 1, 0, 'Product modifica', 'Product', 130, 2, '2016-02-22 16:20:57', '2016-02-22 16:20:57'),
(456, 1, 0, 'Product modifica', 'Product', 130, 2, '2016-02-22 16:21:30', '2016-02-22 16:21:30'),
(457, 1, 0, 'Connessione al Back Office da 193.205.162.64', '', 0, 2, '2016-02-22 16:59:22', '2016-02-22 16:59:22'),
(458, 1, 0, 'Aggiunta Product', 'Product', 131, 2, '2016-02-22 17:03:09', '2016-02-22 17:03:09'),
(459, 1, 0, 'Product modifica', 'Product', 131, 2, '2016-02-22 17:04:08', '2016-02-22 17:04:08'),
(460, 1, 0, 'Aggiunta Product', 'Product', 132, 2, '2016-02-22 17:13:04', '2016-02-22 17:13:04'),
(461, 1, 0, 'Product modifica', 'Product', 132, 2, '2016-02-22 17:13:57', '2016-02-22 17:13:57'),
(462, 1, 0, 'Aggiunta Product', 'Product', 133, 2, '2016-02-22 17:18:00', '2016-02-22 17:18:00'),
(463, 1, 0, 'Product modifica', 'Product', 133, 2, '2016-02-22 17:18:30', '2016-02-22 17:18:30'),
(464, 1, 0, 'Product modifica', 'Product', 134, 2, '2016-02-22 17:20:03', '2016-02-22 17:20:03'),
(465, 1, 0, 'Product modifica', 'Product', 134, 2, '2016-02-22 17:21:13', '2016-02-22 17:21:13'),
(466, 1, 0, 'Product modifica', 'Product', 134, 2, '2016-02-22 17:27:16', '2016-02-22 17:27:16'),
(467, 1, 0, 'Product modifica', 'Product', 135, 2, '2016-02-22 17:29:35', '2016-02-22 17:29:35'),
(468, 1, 0, 'Product modifica', 'Product', 135, 2, '2016-02-22 17:31:38', '2016-02-22 17:31:38'),
(469, 1, 0, 'Aggiunta Product', 'Product', 136, 2, '2016-02-22 17:35:37', '2016-02-22 17:35:37'),
(470, 1, 0, 'Product modifica', 'Product', 136, 2, '2016-02-22 17:36:27', '2016-02-22 17:36:27'),
(471, 1, 0, 'Connessione al Back Office da 79.42.195.64', '', 0, 2, '2016-02-22 20:19:35', '2016-02-22 20:19:35'),
(472, 1, 0, 'Aggiunta Product', 'Product', 137, 2, '2016-02-22 20:27:21', '2016-02-22 20:27:21'),
(473, 1, 0, 'Product modifica', 'Product', 137, 2, '2016-02-22 20:28:03', '2016-02-22 20:28:03'),
(474, 1, 0, 'Aggiunta Product', 'Product', 138, 2, '2016-02-22 20:32:56', '2016-02-22 20:32:56'),
(475, 1, 0, 'Product modifica', 'Product', 138, 2, '2016-02-22 20:33:22', '2016-02-22 20:33:22'),
(476, 1, 0, 'Product modifica', 'Product', 139, 2, '2016-02-22 20:37:23', '2016-02-22 20:37:23'),
(477, 1, 0, 'Product modifica', 'Product', 139, 2, '2016-02-22 20:37:58', '2016-02-22 20:37:58'),
(478, 1, 0, 'Connessione al Back Office da 93.44.131.58', '', 0, 4, '2016-02-23 11:06:19', '2016-02-23 11:06:19'),
(479, 1, 0, 'Connessione al Back Office da 93.44.131.58', '', 0, 3, '2016-02-23 11:38:11', '2016-02-23 11:38:11'),
(480, 1, 0, 'Aggiunta Product', 'Product', 140, 4, '2016-02-23 11:40:49', '2016-02-23 11:40:49'),
(481, 1, 0, 'Product modifica', 'Product', 140, 4, '2016-02-23 11:42:09', '2016-02-23 11:42:09'),
(482, 1, 0, 'Aggiunta Product', 'Product', 141, 4, '2016-02-23 11:45:28', '2016-02-23 11:45:28'),
(483, 1, 0, 'Product modifica', 'Product', 141, 4, '2016-02-23 11:46:19', '2016-02-23 11:46:19'),
(484, 1, 0, 'Product modifica', 'Product', 141, 4, '2016-02-23 11:47:03', '2016-02-23 11:47:03'),
(485, 1, 0, 'Aggiunta Product', 'Product', 142, 4, '2016-02-23 11:52:03', '2016-02-23 11:52:03'),
(486, 1, 0, 'Product modifica', 'Product', 142, 4, '2016-02-23 11:53:02', '2016-02-23 11:53:02'),
(487, 1, 0, 'Aggiunta Product', 'Product', 143, 4, '2016-02-23 12:04:52', '2016-02-23 12:04:52'),
(488, 1, 0, 'Product modifica', 'Product', 143, 4, '2016-02-23 12:07:41', '2016-02-23 12:07:41'),
(489, 1, 0, 'Product modifica', 'Product', 143, 4, '2016-02-23 12:08:20', '2016-02-23 12:08:20'),
(490, 1, 0, 'Aggiunta Product', 'Product', 144, 4, '2016-02-23 12:15:57', '2016-02-23 12:15:57'),
(491, 1, 0, 'Product modifica', 'Product', 144, 4, '2016-02-23 12:16:52', '2016-02-23 12:16:52'),
(492, 1, 0, 'Aggiunta Product', 'Product', 145, 4, '2016-02-23 12:21:45', '2016-02-23 12:21:45'),
(493, 1, 0, 'Product modifica', 'Product', 145, 4, '2016-02-23 12:22:35', '2016-02-23 12:22:35'),
(494, 1, 0, 'Aggiunta Product', 'Product', 146, 4, '2016-02-23 12:27:40', '2016-02-23 12:27:40'),
(495, 1, 0, 'Product modifica', 'Product', 146, 4, '2016-02-23 12:28:35', '2016-02-23 12:28:35'),
(496, 1, 0, 'Aggiunta Product', 'Product', 147, 4, '2016-02-23 12:30:16', '2016-02-23 12:30:16'),
(497, 1, 0, 'Product modifica', 'Product', 147, 4, '2016-02-23 12:31:00', '2016-02-23 12:31:00'),
(498, 1, 0, 'Product modifica', 'Product', 147, 4, '2016-02-23 12:31:50', '2016-02-23 12:31:50'),
(499, 1, 0, 'Connessione al Back Office da 93.44.131.58', '', 0, 4, '2016-02-23 13:04:13', '2016-02-23 13:04:13'),
(500, 1, 0, 'Connessione al Back Office da 93.44.131.58', '', 0, 3, '2016-02-23 19:21:26', '2016-02-23 19:21:26'),
(501, 1, 0, 'Connessione al Back Office da 79.42.195.64', '', 0, 2, '2016-02-23 23:39:43', '2016-02-23 23:39:43'),
(502, 1, 0, 'Connessione al Back Office da 193.205.162.64', '', 0, 2, '2016-02-24 12:06:39', '2016-02-24 12:06:39'),
(503, 1, 0, 'Aggiunta Product', 'Product', 148, 2, '2016-02-24 12:12:31', '2016-02-24 12:12:31'),
(504, 1, 0, 'Product modifica', 'Product', 148, 2, '2016-02-24 12:13:41', '2016-02-24 12:13:41'),
(505, 1, 0, 'Product modifica', 'Product', 146, 2, '2016-02-24 12:14:56', '2016-02-24 12:14:56'),
(506, 1, 0, 'Connessione al Back Office da 193.205.162.64', '', 0, 2, '2016-02-24 13:14:01', '2016-02-24 13:14:01'),
(507, 1, 0, 'Cancellazione Product', 'Product', 149, 2, '2016-02-24 13:14:31', '2016-02-24 13:14:31'),
(508, 1, 0, 'Aggiunta Product', 'Product', 150, 2, '2016-02-24 13:16:42', '2016-02-24 13:16:42'),
(509, 1, 0, 'Product modifica', 'Product', 150, 2, '2016-02-24 13:17:29', '2016-02-24 13:17:29');
INSERT INTO `ps_log` (`id_log`, `severity`, `error_code`, `message`, `object_type`, `object_id`, `id_employee`, `date_add`, `date_upd`) VALUES
(510, 1, 0, 'Category modifica', 'Category', 50, 2, '2016-02-24 13:19:08', '2016-02-24 13:19:08'),
(511, 1, 0, 'Category modifica', 'Category', 51, 2, '2016-02-24 13:19:27', '2016-02-24 13:19:27'),
(512, 1, 0, 'Category modifica', 'Category', 49, 2, '2016-02-24 13:19:59', '2016-02-24 13:19:59'),
(513, 1, 0, 'Connessione al Back Office da 193.205.162.64', '', 0, 2, '2016-02-24 13:35:44', '2016-02-24 13:35:44'),
(514, 1, 0, 'Connessione al Back Office da 193.205.162.64', '', 0, 2, '2016-02-24 14:23:57', '2016-02-24 14:23:57'),
(515, 1, 0, 'Product modifica', 'Product', 103, 2, '2016-02-24 14:25:28', '2016-02-24 14:25:28'),
(516, 1, 0, 'Product modifica', 'Product', 104, 2, '2016-02-24 14:26:10', '2016-02-24 14:26:10'),
(517, 1, 0, 'Product modifica', 'Product', 105, 2, '2016-02-24 14:26:50', '2016-02-24 14:26:50'),
(518, 1, 0, 'Product modifica', 'Product', 106, 2, '2016-02-24 14:27:53', '2016-02-24 14:27:53'),
(519, 1, 0, 'Aggiunta Product', 'Product', 151, 2, '2016-02-24 14:29:38', '2016-02-24 14:29:38'),
(520, 1, 0, 'Product modifica', 'Product', 151, 2, '2016-02-24 14:30:26', '2016-02-24 14:30:26'),
(521, 1, 0, 'Product modifica', 'Product', 152, 2, '2016-02-24 14:31:35', '2016-02-24 14:31:35'),
(522, 1, 0, 'Product modifica', 'Product', 152, 2, '2016-02-24 14:31:53', '2016-02-24 14:31:53'),
(523, 1, 0, 'Product modifica', 'Product', 152, 2, '2016-02-24 14:32:45', '2016-02-24 14:32:45'),
(524, 1, 0, 'Importazione Prodotti', '', 0, 2, '2016-02-24 14:41:38', '2016-02-24 14:41:38'),
(525, 1, 0, 'Aggiunta Category', 'Category', 58, 2, '2016-02-24 14:50:48', '2016-02-24 14:50:48'),
(526, 1, 0, 'Aggiunta Category', 'Category', 59, 2, '2016-02-24 14:51:16', '2016-02-24 14:51:16'),
(527, 1, 0, 'Aggiunta Category', 'Category', 60, 2, '2016-02-24 14:51:37', '2016-02-24 14:51:37'),
(528, 1, 0, 'Aggiunta Category', 'Category', 61, 2, '2016-02-24 14:52:31', '2016-02-24 14:52:31'),
(529, 1, 0, 'Product modifica', 'Product', 153, 2, '2016-02-24 14:53:44', '2016-02-24 14:53:44'),
(530, 1, 0, 'Product modifica', 'Product', 152, 2, '2016-02-24 14:55:27', '2016-02-24 14:55:27'),
(531, 1, 0, 'Product modifica', 'Product', 153, 2, '2016-02-24 14:57:41', '2016-02-24 14:57:41'),
(532, 1, 0, 'Product modifica', 'Product', 154, 2, '2016-02-24 14:58:27', '2016-02-24 14:58:27'),
(533, 1, 0, 'Product modifica', 'Product', 155, 2, '2016-02-24 15:00:01', '2016-02-24 15:00:01'),
(534, 1, 0, 'Product modifica', 'Product', 156, 2, '2016-02-24 15:02:05', '2016-02-24 15:02:05'),
(535, 1, 0, 'Product modifica', 'Product', 157, 2, '2016-02-24 15:02:45', '2016-02-24 15:02:45'),
(536, 1, 0, 'Product modifica', 'Product', 158, 2, '2016-02-24 15:03:36', '2016-02-24 15:03:36'),
(537, 1, 0, 'Product modifica', 'Product', 159, 2, '2016-02-24 15:05:04', '2016-02-24 15:05:04'),
(538, 1, 0, 'Product modifica', 'Product', 160, 2, '2016-02-24 15:05:56', '2016-02-24 15:05:56'),
(539, 1, 0, 'Product modifica', 'Product', 161, 2, '2016-02-24 15:06:42', '2016-02-24 15:06:42'),
(540, 1, 0, 'Product modifica', 'Product', 162, 2, '2016-02-24 15:07:25', '2016-02-24 15:07:25'),
(541, 1, 0, 'Product modifica', 'Product', 163, 2, '2016-02-24 15:09:06', '2016-02-24 15:09:06'),
(542, 1, 0, 'Product modifica', 'Product', 164, 2, '2016-02-24 15:11:14', '2016-02-24 15:11:14'),
(543, 1, 0, 'Product modifica', 'Product', 165, 2, '2016-02-24 15:13:01', '2016-02-24 15:13:01'),
(544, 1, 0, 'Product modifica', 'Product', 166, 2, '2016-02-24 15:13:51', '2016-02-24 15:13:51'),
(545, 1, 0, 'Product modifica', 'Product', 167, 2, '2016-02-24 15:14:42', '2016-02-24 15:14:42'),
(546, 1, 0, 'Product modifica', 'Product', 168, 2, '2016-02-24 15:17:16', '2016-02-24 15:17:16'),
(547, 1, 0, 'Product modifica', 'Product', 169, 2, '2016-02-24 15:20:56', '2016-02-24 15:20:56'),
(548, 1, 0, 'Connessione al Back Office da 193.205.162.64', '', 0, 2, '2016-02-24 15:52:52', '2016-02-24 15:52:52'),
(549, 1, 0, 'Product modifica', 'Product', 102, 2, '2016-02-24 15:54:27', '2016-02-24 15:54:27'),
(550, 1, 0, 'Importazione Prodotti', '', 0, 2, '2016-02-24 15:56:41', '2016-02-24 15:56:41'),
(551, 1, 0, 'Connessione al Back Office da 79.42.195.64', '', 0, 2, '2016-02-24 22:08:14', '2016-02-24 22:08:14'),
(552, 1, 0, 'Product modifica', 'Product', 212, 2, '2016-02-24 22:17:01', '2016-02-24 22:17:01'),
(553, 1, 0, 'Product modifica', 'Product', 213, 2, '2016-02-24 22:19:24', '2016-02-24 22:19:24'),
(554, 1, 0, 'Product modifica', 'Product', 214, 2, '2016-02-24 22:20:31', '2016-02-24 22:20:31'),
(555, 1, 0, 'Product modifica', 'Product', 215, 2, '2016-02-24 22:21:24', '2016-02-24 22:21:24'),
(556, 1, 0, 'Product modifica', 'Product', 216, 2, '2016-02-24 22:23:42', '2016-02-24 22:23:42'),
(557, 1, 0, 'Product modifica', 'Product', 217, 2, '2016-02-24 22:24:47', '2016-02-24 22:24:47'),
(558, 1, 0, 'Product modifica', 'Product', 218, 2, '2016-02-24 22:25:38', '2016-02-24 22:25:38'),
(559, 1, 0, 'Product modifica', 'Product', 219, 2, '2016-02-24 22:26:26', '2016-02-24 22:26:26'),
(560, 1, 0, 'Product modifica', 'Product', 220, 2, '2016-02-24 22:32:45', '2016-02-24 22:32:45'),
(561, 1, 0, 'Product modifica', 'Product', 221, 2, '2016-02-24 22:34:06', '2016-02-24 22:34:06'),
(562, 1, 0, 'Product modifica', 'Product', 222, 2, '2016-02-24 22:34:50', '2016-02-24 22:34:50'),
(563, 1, 0, 'Product modifica', 'Product', 223, 2, '2016-02-24 22:35:58', '2016-02-24 22:35:58'),
(564, 1, 0, 'Product modifica', 'Product', 224, 2, '2016-02-24 22:39:18', '2016-02-24 22:39:18'),
(565, 1, 0, 'Product modifica', 'Product', 225, 2, '2016-02-24 22:40:00', '2016-02-24 22:40:00'),
(566, 1, 0, 'Product modifica', 'Product', 226, 2, '2016-02-24 22:46:54', '2016-02-24 22:46:54'),
(567, 1, 0, 'Product modifica', 'Product', 227, 2, '2016-02-24 22:47:58', '2016-02-24 22:47:58'),
(568, 1, 0, 'Product modifica', 'Product', 225, 2, '2016-02-24 22:48:44', '2016-02-24 22:48:44'),
(569, 1, 0, 'Product modifica', 'Product', 228, 2, '2016-02-24 22:52:10', '2016-02-24 22:52:10'),
(570, 1, 0, 'Product modifica', 'Product', 229, 2, '2016-02-24 22:53:54', '2016-02-24 22:53:54'),
(571, 1, 0, 'Connessione al Back Office da 79.42.195.64', '', 0, 2, '2016-02-25 14:02:33', '2016-02-25 14:02:33'),
(572, 1, 0, 'Product modifica', 'Product', 230, 2, '2016-02-25 14:06:58', '2016-02-25 14:06:58'),
(573, 1, 0, 'Product modifica', 'Product', 231, 2, '2016-02-25 14:08:35', '2016-02-25 14:08:35'),
(574, 1, 0, 'Product modifica', 'Product', 232, 2, '2016-02-25 14:10:13', '2016-02-25 14:10:13'),
(575, 1, 0, 'Product modifica', 'Product', 233, 2, '2016-02-25 14:11:08', '2016-02-25 14:11:08'),
(576, 1, 0, 'Product modifica', 'Product', 234, 2, '2016-02-25 14:14:13', '2016-02-25 14:14:13'),
(577, 1, 0, 'Product modifica', 'Product', 235, 2, '2016-02-25 14:15:05', '2016-02-25 14:15:05'),
(578, 1, 0, 'Product modifica', 'Product', 236, 2, '2016-02-25 14:15:50', '2016-02-25 14:15:50'),
(579, 1, 0, 'Product modifica', 'Product', 237, 2, '2016-02-25 14:17:05', '2016-02-25 14:17:05'),
(580, 1, 0, 'Product modifica', 'Product', 237, 2, '2016-02-25 14:17:44', '2016-02-25 14:17:44'),
(581, 1, 0, 'Product modifica', 'Product', 238, 2, '2016-02-25 14:23:09', '2016-02-25 14:23:09'),
(582, 1, 0, 'Product modifica', 'Product', 239, 2, '2016-02-25 14:24:21', '2016-02-25 14:24:21'),
(583, 1, 0, 'Product modifica', 'Product', 240, 2, '2016-02-25 14:25:04', '2016-02-25 14:25:04'),
(584, 1, 0, 'Product modifica', 'Product', 241, 2, '2016-02-25 14:25:50', '2016-02-25 14:25:50'),
(585, 1, 0, 'Product modifica', 'Product', 242, 2, '2016-02-25 14:31:03', '2016-02-25 14:31:03'),
(586, 1, 0, 'Product modifica', 'Product', 243, 2, '2016-02-25 14:33:00', '2016-02-25 14:33:00'),
(587, 1, 0, 'Product modifica', 'Product', 244, 2, '2016-02-25 14:34:46', '2016-02-25 14:34:46'),
(588, 1, 0, 'Product modifica', 'Product', 245, 2, '2016-02-25 14:36:09', '2016-02-25 14:36:09'),
(589, 1, 0, 'Product modifica', 'Product', 258, 2, '2016-02-25 14:38:14', '2016-02-25 14:38:14'),
(590, 1, 0, 'Product modifica', 'Product', 259, 2, '2016-02-25 14:39:15', '2016-02-25 14:39:15'),
(591, 1, 0, 'Product modifica', 'Product', 260, 2, '2016-02-25 14:41:52', '2016-02-25 14:41:52'),
(592, 1, 0, 'Product modifica', 'Product', 261, 2, '2016-02-25 14:43:01', '2016-02-25 14:43:01'),
(593, 1, 0, 'Product modifica', 'Product', 262, 2, '2016-02-25 14:44:33', '2016-02-25 14:44:33'),
(594, 1, 0, 'Connessione al Back Office da 93.45.71.206', '', 0, 2, '2016-02-25 19:28:59', '2016-02-25 19:28:59'),
(595, 1, 0, 'Connessione al Back Office da 93.45.71.206', '', 0, 3, '2016-02-25 19:35:34', '2016-02-25 19:35:34'),
(596, 1, 0, 'Connessione al Back Office da 79.42.195.64', '', 0, 2, '2016-02-25 22:01:52', '2016-02-25 22:01:52'),
(597, 1, 0, 'Product modifica', 'Product', 212, 2, '2016-02-25 22:04:21', '2016-02-25 22:04:21'),
(598, 1, 0, 'Product modifica', 'Product', 213, 2, '2016-02-25 22:05:23', '2016-02-25 22:05:23'),
(599, 1, 0, 'Product modifica', 'Product', 214, 2, '2016-02-25 22:07:39', '2016-02-25 22:07:39'),
(600, 1, 0, 'Product modifica', 'Product', 215, 2, '2016-02-25 22:08:28', '2016-02-25 22:08:28'),
(601, 1, 0, 'Product modifica', 'Product', 216, 2, '2016-02-25 22:10:27', '2016-02-25 22:10:27'),
(602, 1, 0, 'Product modifica', 'Product', 217, 2, '2016-02-25 22:12:08', '2016-02-25 22:12:08'),
(603, 1, 0, 'Product modifica', 'Product', 218, 2, '2016-02-25 22:12:53', '2016-02-25 22:12:53'),
(604, 1, 0, 'Product modifica', 'Product', 218, 2, '2016-02-25 22:14:28', '2016-02-25 22:14:28'),
(605, 1, 0, 'Product modifica', 'Product', 219, 2, '2016-02-25 22:15:44', '2016-02-25 22:15:44'),
(606, 1, 0, 'Product modifica', 'Product', 220, 2, '2016-02-25 22:18:39', '2016-02-25 22:18:39'),
(607, 1, 0, 'Product modifica', 'Product', 221, 2, '2016-02-25 22:19:21', '2016-02-25 22:19:21'),
(608, 1, 0, 'Product modifica', 'Product', 222, 2, '2016-02-25 22:20:09', '2016-02-25 22:20:09'),
(609, 1, 0, 'Product modifica', 'Product', 223, 2, '2016-02-25 22:20:40', '2016-02-25 22:20:40'),
(610, 1, 0, 'Product modifica', 'Product', 224, 2, '2016-02-25 22:26:23', '2016-02-25 22:26:23'),
(611, 1, 0, 'Product modifica', 'Product', 225, 2, '2016-02-25 22:27:42', '2016-02-25 22:27:42'),
(612, 1, 0, 'Connessione al Back Office da 79.42.195.64', '', 0, 2, '2016-02-25 23:09:14', '2016-02-25 23:09:14'),
(613, 1, 0, 'Product modifica', 'Product', 226, 2, '2016-02-25 23:20:41', '2016-02-25 23:20:41'),
(614, 1, 0, 'Product modifica', 'Product', 227, 2, '2016-02-25 23:21:10', '2016-02-25 23:21:10'),
(615, 1, 0, 'Product modifica', 'Product', 228, 2, '2016-02-25 23:21:47', '2016-02-25 23:21:47'),
(616, 1, 0, 'Product modifica', 'Product', 229, 2, '2016-02-25 23:22:35', '2016-02-25 23:22:35'),
(617, 1, 0, 'Product modifica', 'Product', 230, 2, '2016-02-25 23:27:23', '2016-02-25 23:27:23'),
(618, 1, 0, 'Product modifica', 'Product', 231, 2, '2016-02-25 23:27:58', '2016-02-25 23:27:58'),
(619, 1, 0, 'Product modifica', 'Product', 232, 2, '2016-02-25 23:28:43', '2016-02-25 23:28:43'),
(620, 1, 0, 'Product modifica', 'Product', 233, 2, '2016-02-25 23:29:22', '2016-02-25 23:29:22'),
(621, 1, 0, 'Product modifica', 'Product', 234, 2, '2016-02-25 23:35:09', '2016-02-25 23:35:09'),
(622, 1, 0, 'Product modifica', 'Product', 235, 2, '2016-02-25 23:35:58', '2016-02-25 23:35:58'),
(623, 1, 0, 'Product modifica', 'Product', 236, 2, '2016-02-25 23:37:24', '2016-02-25 23:37:24'),
(624, 1, 0, 'Product modifica', 'Product', 237, 2, '2016-02-25 23:38:25', '2016-02-25 23:38:25'),
(625, 1, 0, 'Product modifica', 'Product', 238, 2, '2016-02-25 23:43:53', '2016-02-25 23:43:53'),
(626, 1, 0, 'Product modifica', 'Product', 239, 2, '2016-02-25 23:46:19', '2016-02-25 23:46:19'),
(627, 1, 0, 'Product modifica', 'Product', 240, 2, '2016-02-25 23:47:11', '2016-02-25 23:47:11'),
(628, 1, 0, 'Product modifica', 'Product', 241, 2, '2016-02-25 23:51:13', '2016-02-25 23:51:13'),
(629, 1, 0, 'Product modifica', 'Product', 242, 2, '2016-02-25 23:56:06', '2016-02-25 23:56:06'),
(630, 1, 0, 'Product modifica', 'Product', 243, 2, '2016-02-25 23:56:42', '2016-02-25 23:56:42'),
(631, 1, 0, 'Product modifica', 'Product', 244, 2, '2016-02-25 23:57:24', '2016-02-25 23:57:24'),
(632, 1, 0, 'Product modifica', 'Product', 245, 2, '2016-02-25 23:57:52', '2016-02-25 23:57:52'),
(633, 1, 0, 'Connessione al Back Office da 79.42.195.64', '', 0, 2, '2016-02-26 11:43:34', '2016-02-26 11:43:34'),
(634, 1, 0, 'Product modifica', 'Product', 258, 2, '2016-02-26 11:48:16', '2016-02-26 11:48:16'),
(635, 1, 0, 'Product modifica', 'Product', 258, 2, '2016-02-26 11:50:42', '2016-02-26 11:50:42'),
(636, 1, 0, 'Product modifica', 'Product', 259, 2, '2016-02-26 11:52:00', '2016-02-26 11:52:00'),
(637, 1, 0, 'Product modifica', 'Product', 259, 2, '2016-02-26 11:52:02', '2016-02-26 11:52:02'),
(638, 1, 0, 'Product modifica', 'Product', 260, 2, '2016-02-26 11:55:06', '2016-02-26 11:55:06'),
(639, 1, 0, 'Product modifica', 'Product', 261, 2, '2016-02-26 11:56:32', '2016-02-26 11:56:32'),
(640, 1, 0, 'Product modifica', 'Product', 262, 2, '2016-02-26 11:57:58', '2016-02-26 11:57:58'),
(641, 1, 0, 'Product modifica', 'Product', 263, 2, '2016-02-26 12:01:23', '2016-02-26 12:01:23'),
(642, 1, 0, 'Connessione al Back Office da 79.42.195.64', '', 0, 2, '2016-02-26 21:11:00', '2016-02-26 21:11:00'),
(643, 1, 0, 'Cancellazione Product', 'Product', 137, 2, '2016-02-26 21:20:54', '2016-02-26 21:20:54'),
(644, 1, 0, 'Product modifica', 'Product', 136, 2, '2016-02-26 21:24:22', '2016-02-26 21:24:22'),
(645, 1, 0, 'Product modifica', 'Product', 136, 2, '2016-02-26 21:24:49', '2016-02-26 21:24:49'),
(646, 1, 0, 'Connessione al Back Office da 79.42.195.64', '', 0, 2, '2016-02-26 23:05:28', '2016-02-26 23:05:28'),
(647, 1, 0, 'Product modifica', 'Product', 75, 2, '2016-02-26 23:09:00', '2016-02-26 23:09:00'),
(648, 1, 0, 'Connessione al Back Office da 79.42.195.64', '', 0, 2, '2016-02-27 00:30:25', '2016-02-27 00:30:25'),
(649, 1, 0, 'Product modifica', 'Product', 76, 2, '2016-02-27 00:32:11', '2016-02-27 00:32:11'),
(650, 1, 0, 'Product modifica', 'Product', 76, 2, '2016-02-27 00:33:32', '2016-02-27 00:33:32'),
(651, 1, 0, 'Product modifica', 'Product', 77, 2, '2016-02-27 00:35:38', '2016-02-27 00:35:38'),
(652, 1, 0, 'Product modifica', 'Product', 78, 2, '2016-02-27 12:09:36', '2016-02-27 12:09:36'),
(653, 1, 0, 'Product modifica', 'Product', 79, 2, '2016-02-27 12:11:03', '2016-02-27 12:11:03'),
(654, 1, 0, 'Product modifica', 'Product', 81, 2, '2016-02-27 12:12:20', '2016-02-27 12:12:20'),
(655, 1, 0, 'Product modifica', 'Product', 81, 2, '2016-02-27 12:13:41', '2016-02-27 12:13:41'),
(656, 1, 0, 'Product modifica', 'Product', 82, 2, '2016-02-27 12:14:18', '2016-02-27 12:14:18'),
(657, 1, 0, 'Product modifica', 'Product', 83, 2, '2016-02-27 12:15:06', '2016-02-27 12:15:06'),
(658, 1, 0, 'Product modifica', 'Product', 85, 2, '2016-02-27 12:15:52', '2016-02-27 12:15:52'),
(659, 1, 0, 'Product modifica', 'Product', 86, 2, '2016-02-27 12:17:11', '2016-02-27 12:17:11'),
(660, 1, 0, 'Product modifica', 'Product', 86, 2, '2016-02-27 12:18:13', '2016-02-27 12:18:13'),
(661, 1, 0, 'Product modifica', 'Product', 87, 2, '2016-02-27 12:19:53', '2016-02-27 12:19:53'),
(662, 1, 0, 'Product modifica', 'Product', 88, 2, '2016-02-27 12:21:26', '2016-02-27 12:21:26'),
(663, 1, 0, 'Product modifica', 'Product', 89, 2, '2016-02-27 12:26:00', '2016-02-27 12:26:00'),
(664, 1, 0, 'Product modifica', 'Product', 90, 2, '2016-02-27 12:27:07', '2016-02-27 12:27:07'),
(665, 1, 0, 'Product modifica', 'Product', 91, 2, '2016-02-27 12:28:19', '2016-02-27 12:28:19'),
(666, 1, 0, 'Product modifica', 'Product', 93, 2, '2016-02-27 12:29:51', '2016-02-27 12:29:51'),
(667, 1, 0, 'Product modifica', 'Product', 107, 2, '2016-02-27 12:31:24', '2016-02-27 12:31:24'),
(668, 1, 0, 'Product modifica', 'Product', 109, 2, '2016-02-27 12:32:25', '2016-02-27 12:32:25'),
(669, 1, 0, 'Product modifica', 'Product', 110, 2, '2016-02-27 12:33:09', '2016-02-27 12:33:09'),
(670, 1, 0, 'Product modifica', 'Product', 112, 2, '2016-02-27 12:34:20', '2016-02-27 12:34:20'),
(671, 1, 0, 'Product modifica', 'Product', 115, 2, '2016-02-27 12:35:49', '2016-02-27 12:35:49'),
(672, 1, 0, 'Product modifica', 'Product', 118, 2, '2016-02-27 12:37:33', '2016-02-27 12:37:33'),
(673, 1, 0, 'Product modifica', 'Product', 119, 2, '2016-02-27 12:39:04', '2016-02-27 12:39:04'),
(674, 1, 0, 'Connessione al Back Office da 93.45.62.44', '', 0, 2, '2016-02-27 17:31:01', '2016-02-27 17:31:01'),
(675, 1, 0, 'Connessione al Back Office da 93.45.62.44', '', 0, 3, '2016-02-27 17:34:55', '2016-02-27 17:34:55'),
(676, 1, 0, 'Product modifica', 'Product', 2, 2, '2016-02-27 17:42:03', '2016-02-27 17:42:03'),
(677, 1, 0, 'Product modifica', 'Product', 3, 2, '2016-02-27 17:45:47', '2016-02-27 17:45:47'),
(678, 1, 0, 'Product modifica', 'Product', 4, 2, '2016-02-27 17:49:03', '2016-02-27 17:49:03'),
(679, 1, 0, 'Product modifica', 'Product', 5, 2, '2016-02-27 17:50:59', '2016-02-27 17:50:59'),
(680, 1, 0, 'Product modifica', 'Product', 6, 2, '2016-02-27 17:53:57', '2016-02-27 17:53:57'),
(681, 1, 0, 'Connessione al Back Office da 87.6.32.163', '', 0, 2, '2016-02-28 20:06:15', '2016-02-28 20:06:15'),
(682, 1, 0, 'Connessione al Back Office da 93.45.56.172', '', 0, 2, '2016-02-29 15:21:36', '2016-02-29 15:21:36'),
(683, 1, 0, 'Product modifica', 'Product', 7, 2, '2016-02-29 15:23:41', '2016-02-29 15:23:41'),
(684, 1, 0, 'Product modifica', 'Product', 7, 2, '2016-02-29 15:25:24', '2016-02-29 15:25:24'),
(685, 1, 0, 'Product modifica', 'Product', 8, 2, '2016-02-29 15:26:37', '2016-02-29 15:26:37'),
(686, 1, 0, 'Product modifica', 'Product', 9, 2, '2016-02-29 15:27:47', '2016-02-29 15:27:47'),
(687, 1, 0, 'Product modifica', 'Product', 10, 2, '2016-02-29 15:31:29', '2016-02-29 15:31:29'),
(688, 1, 0, 'Product modifica', 'Product', 9, 2, '2016-02-29 15:32:59', '2016-02-29 15:32:59'),
(689, 1, 0, 'Product modifica', 'Product', 7, 2, '2016-02-29 15:34:05', '2016-02-29 15:34:05'),
(690, 1, 0, 'Product modifica', 'Product', 8, 2, '2016-02-29 15:35:24', '2016-02-29 15:35:24'),
(691, 1, 0, 'Product modifica', 'Product', 12, 2, '2016-02-29 15:37:47', '2016-02-29 15:37:47'),
(692, 1, 0, 'Product modifica', 'Product', 13, 2, '2016-02-29 15:39:54', '2016-02-29 15:39:54'),
(693, 1, 0, 'Connessione al Back Office da 93.45.56.172', '', 0, 4, '2016-02-29 15:40:44', '2016-02-29 15:40:44'),
(694, 1, 0, 'Product modifica', 'Product', 14, 2, '2016-02-29 15:41:51', '2016-02-29 15:41:51'),
(695, 1, 0, 'Product modifica', 'Product', 15, 2, '2016-02-29 15:43:10', '2016-02-29 15:43:10'),
(696, 1, 0, 'Product modifica', 'Product', 17, 2, '2016-02-29 15:44:28', '2016-02-29 15:44:28'),
(697, 1, 0, 'Product modifica', 'Product', 18, 2, '2016-02-29 15:45:49', '2016-02-29 15:45:49'),
(698, 1, 0, 'Product modifica', 'Product', 12, 2, '2016-02-29 15:46:49', '2016-02-29 15:46:49'),
(699, 1, 0, 'Product modifica', 'Product', 12, 2, '2016-02-29 15:46:49', '2016-02-29 15:46:49'),
(700, 1, 0, 'Product modifica', 'Product', 13, 2, '2016-02-29 15:47:30', '2016-02-29 15:47:30'),
(701, 1, 0, 'Product modifica', 'Product', 14, 2, '2016-02-29 15:48:24', '2016-02-29 15:48:24'),
(702, 1, 0, 'Product modifica', 'Product', 15, 2, '2016-02-29 15:49:13', '2016-02-29 15:49:13'),
(703, 1, 0, 'Product modifica', 'Product', 17, 2, '2016-02-29 15:50:15', '2016-02-29 15:50:15'),
(704, 1, 0, 'Product modifica', 'Product', 19, 2, '2016-02-29 15:52:00', '2016-02-29 15:52:00'),
(705, 1, 0, 'Product modifica', 'Product', 18, 2, '2016-02-29 15:52:38', '2016-02-29 15:52:38'),
(706, 1, 0, 'Product modifica', 'Product', 20, 2, '2016-02-29 15:53:47', '2016-02-29 15:53:47'),
(707, 1, 0, 'Product modifica', 'Product', 21, 2, '2016-02-29 15:55:17', '2016-02-29 15:55:17'),
(708, 1, 0, 'Product modifica', 'Product', 22, 2, '2016-02-29 15:56:45', '2016-02-29 15:56:45'),
(709, 1, 0, 'Product modifica', 'Product', 23, 2, '2016-02-29 15:57:53', '2016-02-29 15:57:53'),
(710, 1, 0, 'Product modifica', 'Product', 23, 2, '2016-02-29 15:58:54', '2016-02-29 15:58:54'),
(711, 1, 0, 'Product modifica', 'Product', 24, 2, '2016-02-29 16:00:03', '2016-02-29 16:00:03'),
(712, 1, 0, 'Product modifica', 'Product', 25, 2, '2016-02-29 16:01:32', '2016-02-29 16:01:32'),
(713, 1, 0, 'Product modifica', 'Product', 26, 2, '2016-02-29 16:03:48', '2016-02-29 16:03:48'),
(714, 1, 0, 'Product modifica', 'Product', 27, 2, '2016-02-29 16:04:41', '2016-02-29 16:04:41'),
(715, 1, 0, 'Product modifica', 'Product', 29, 2, '2016-02-29 16:06:01', '2016-02-29 16:06:01'),
(716, 1, 0, 'Product modifica', 'Product', 28, 2, '2016-02-29 16:07:02', '2016-02-29 16:07:02'),
(717, 1, 0, 'Product modifica', 'Product', 30, 2, '2016-02-29 16:10:21', '2016-02-29 16:10:21'),
(718, 1, 0, 'Product modifica', 'Product', 31, 2, '2016-02-29 16:12:08', '2016-02-29 16:12:08'),
(719, 1, 0, 'Product modifica', 'Product', 3, 2, '2016-02-29 16:12:43', '2016-02-29 16:12:43'),
(720, 1, 0, 'Product modifica', 'Product', 31, 2, '2016-02-29 16:13:55', '2016-02-29 16:13:55'),
(721, 1, 0, 'Product modifica', 'Product', 32, 2, '2016-02-29 16:14:38', '2016-02-29 16:14:38'),
(722, 1, 0, 'Product modifica', 'Product', 32, 2, '2016-02-29 16:16:21', '2016-02-29 16:16:21'),
(723, 1, 0, 'Product modifica', 'Product', 31, 2, '2016-02-29 16:17:23', '2016-02-29 16:17:23'),
(724, 1, 0, 'Product modifica', 'Product', 34, 2, '2016-02-29 16:18:13', '2016-02-29 16:18:13'),
(725, 1, 0, 'Product modifica', 'Product', 35, 2, '2016-02-29 16:19:08', '2016-02-29 16:19:08'),
(726, 1, 0, 'Product modifica', 'Product', 33, 2, '2016-02-29 16:20:03', '2016-02-29 16:20:03'),
(727, 1, 0, 'Product modifica', 'Product', 1, 2, '2016-02-29 16:21:27', '2016-02-29 16:21:27'),
(728, 1, 0, 'Product modifica', 'Product', 36, 2, '2016-02-29 16:22:34', '2016-02-29 16:22:34'),
(729, 1, 0, 'Product modifica', 'Product', 35, 2, '2016-02-29 16:23:46', '2016-02-29 16:23:46'),
(730, 1, 0, 'Product modifica', 'Product', 37, 2, '2016-02-29 16:25:19', '2016-02-29 16:25:19'),
(731, 1, 0, 'Product modifica', 'Product', 38, 2, '2016-02-29 16:27:19', '2016-02-29 16:27:19'),
(732, 1, 0, 'Product modifica', 'Product', 40, 2, '2016-02-29 16:30:08', '2016-02-29 16:30:08'),
(733, 1, 0, 'Product modifica', 'Product', 41, 2, '2016-02-29 16:31:21', '2016-02-29 16:31:21'),
(734, 1, 0, 'Product modifica', 'Product', 42, 2, '2016-02-29 16:32:52', '2016-02-29 16:32:52'),
(735, 1, 0, 'Product modifica', 'Product', 43, 2, '2016-02-29 16:36:13', '2016-02-29 16:36:13'),
(736, 1, 0, 'Product modifica', 'Product', 45, 2, '2016-02-29 16:37:41', '2016-02-29 16:37:41'),
(737, 1, 0, 'Product modifica', 'Product', 46, 2, '2016-02-29 16:38:59', '2016-02-29 16:38:59'),
(738, 1, 0, 'Connessione al Back Office da 151.70.6.225', '', 0, 1, '2016-02-29 16:39:01', '2016-02-29 16:39:01'),
(739, 1, 0, 'Product modifica', 'Product', 46, 2, '2016-02-29 16:40:04', '2016-02-29 16:40:04'),
(740, 1, 0, 'Product modifica', 'Product', 47, 2, '2016-02-29 16:41:23', '2016-02-29 16:41:23'),
(741, 1, 0, 'Product modifica', 'Product', 48, 2, '2016-02-29 16:43:40', '2016-02-29 16:43:40'),
(742, 1, 0, 'Product modifica', 'Product', 49, 2, '2016-02-29 16:45:07', '2016-02-29 16:45:07'),
(743, 1, 0, 'Product modifica', 'Product', 5, 2, '2016-02-29 16:47:12', '2016-02-29 16:47:12'),
(744, 1, 0, 'Product modifica', 'Product', 6, 2, '2016-02-29 16:49:36', '2016-02-29 16:49:36'),
(745, 1, 0, 'Product modifica', 'Product', 53, 2, '2016-02-29 16:50:23', '2016-02-29 16:50:23'),
(746, 1, 0, 'Product modifica', 'Product', 49, 2, '2016-02-29 16:52:29', '2016-02-29 16:52:29'),
(747, 1, 0, 'Product modifica', 'Product', 53, 2, '2016-02-29 16:54:25', '2016-02-29 16:54:25'),
(748, 1, 0, 'Connessione al Back Office da 87.6.32.163', '', 0, 2, '2016-02-29 21:50:38', '2016-02-29 21:50:38'),
(749, 1, 0, 'Product modifica', 'Product', 54, 2, '2016-02-29 21:51:50', '2016-02-29 21:51:50'),
(750, 1, 0, 'Product modifica', 'Product', 54, 2, '2016-02-29 21:52:29', '2016-02-29 21:52:29'),
(751, 1, 0, 'Product modifica', 'Product', 63, 2, '2016-02-29 21:53:02', '2016-02-29 21:53:02'),
(752, 1, 0, 'Product modifica', 'Product', 64, 2, '2016-02-29 21:54:45', '2016-02-29 21:54:45'),
(753, 1, 0, 'Product modifica', 'Product', 66, 2, '2016-02-29 21:56:18', '2016-02-29 21:56:18'),
(754, 1, 0, 'Product modifica', 'Product', 69, 2, '2016-02-29 21:58:40', '2016-02-29 21:58:40'),
(755, 1, 0, 'Product modifica', 'Product', 68, 2, '2016-02-29 22:00:03', '2016-02-29 22:00:03'),
(756, 1, 0, 'Product modifica', 'Product', 71, 2, '2016-02-29 22:02:10', '2016-02-29 22:02:10'),
(757, 1, 0, 'Product modifica', 'Product', 68, 2, '2016-02-29 22:02:45', '2016-02-29 22:02:45'),
(758, 1, 0, 'Product modifica', 'Product', 73, 2, '2016-02-29 22:04:06', '2016-02-29 22:04:06'),
(759, 1, 0, 'Product modifica', 'Product', 99, 2, '2016-02-29 22:05:43', '2016-02-29 22:05:43'),
(760, 1, 0, 'Product modifica', 'Product', 100, 2, '2016-02-29 22:07:15', '2016-02-29 22:07:15'),
(761, 1, 0, 'Product modifica', 'Product', 101, 2, '2016-02-29 22:08:20', '2016-02-29 22:08:20'),
(762, 1, 0, 'Connessione al Back Office da 93.44.141.24', '', 0, 4, '2016-03-01 16:18:43', '2016-03-01 16:18:43'),
(763, 1, 0, 'Aggiunta Category', 'Category', 62, 4, '2016-03-01 16:26:19', '2016-03-01 16:26:19'),
(764, 1, 0, 'Aggiunta Product', 'Product', 264, 4, '2016-03-01 16:31:27', '2016-03-01 16:31:27'),
(765, 1, 0, 'Product modifica', 'Product', 264, 4, '2016-03-01 16:33:17', '2016-03-01 16:33:17'),
(766, 1, 0, 'Product modifica', 'Product', 264, 4, '2016-03-01 16:34:03', '2016-03-01 16:34:03'),
(767, 1, 0, 'Product modifica', 'Product', 264, 4, '2016-03-01 16:36:59', '2016-03-01 16:36:59'),
(768, 1, 0, 'Product modifica', 'Product', 264, 4, '2016-03-01 16:38:22', '2016-03-01 16:38:22'),
(769, 1, 0, 'Connessione al Back Office da 93.44.134.162', '', 0, 2, '2016-03-02 16:15:23', '2016-03-02 16:15:23'),
(770, 1, 0, 'Product modifica', 'Product', 75, 2, '2016-03-02 16:16:27', '2016-03-02 16:16:27'),
(771, 1, 0, 'Product modifica', 'Product', 76, 2, '2016-03-02 16:17:27', '2016-03-02 16:17:27'),
(772, 1, 0, 'Product modifica', 'Product', 78, 2, '2016-03-02 16:18:31', '2016-03-02 16:18:31'),
(773, 1, 0, 'Product modifica', 'Product', 79, 2, '2016-03-02 16:19:19', '2016-03-02 16:19:19'),
(774, 1, 0, 'Product modifica', 'Product', 83, 2, '2016-03-02 16:23:18', '2016-03-02 16:23:18'),
(775, 1, 0, 'Product modifica', 'Product', 85, 2, '2016-03-02 16:24:02', '2016-03-02 16:24:02'),
(776, 1, 0, 'Product modifica', 'Product', 90, 2, '2016-03-02 16:25:25', '2016-03-02 16:25:25'),
(777, 1, 0, 'Product modifica', 'Product', 150, 2, '2016-03-02 16:31:57', '2016-03-02 16:31:57'),
(778, 1, 0, 'Connessione al Back Office da 93.44.134.162', '', 0, 4, '2016-03-02 16:36:25', '2016-03-02 16:36:25'),
(779, 1, 0, 'Aggiunta Product', 'Product', 265, 4, '2016-03-02 16:44:59', '2016-03-02 16:44:59'),
(780, 1, 0, 'Product modifica', 'Product', 265, 4, '2016-03-02 16:47:25', '2016-03-02 16:47:25'),
(781, 1, 0, 'Connessione al Back Office da 79.33.152.126', '', 0, 2, '2016-03-02 20:54:40', '2016-03-02 20:54:40'),
(782, 1, 0, 'Connessione al Back Office da 93.44.159.42', '', 0, 4, '2016-03-03 11:03:12', '2016-03-03 11:03:12'),
(783, 1, 0, 'Connessione al Back Office da 93.44.159.42', '', 0, 4, '2016-03-03 11:24:12', '2016-03-03 11:24:12'),
(784, 1, 0, 'Aggiunta Product', 'Product', 266, 4, '2016-03-03 11:25:14', '2016-03-03 11:25:14'),
(785, 1, 0, 'Product modifica', 'Product', 266, 4, '2016-03-03 11:27:21', '2016-03-03 11:27:21'),
(786, 1, 0, 'Product modifica', 'Product', 266, 4, '2016-03-03 11:29:06', '2016-03-03 11:29:06'),
(787, 1, 0, 'Aggiunta Product', 'Product', 267, 4, '2016-03-03 11:33:26', '2016-03-03 11:33:26'),
(788, 1, 0, 'Product modifica', 'Product', 267, 4, '2016-03-03 11:34:47', '2016-03-03 11:34:47'),
(789, 1, 0, 'Product modifica', 'Product', 267, 4, '2016-03-03 11:39:52', '2016-03-03 11:39:52'),
(790, 1, 0, 'Product modifica', 'Product', 267, 4, '2016-03-03 11:40:40', '2016-03-03 11:40:40'),
(791, 1, 0, 'Product modifica', 'Product', 267, 4, '2016-03-03 11:43:59', '2016-03-03 11:43:59'),
(792, 1, 0, 'Connessione al Back Office da 93.44.159.42', '', 0, 4, '2016-03-03 12:09:25', '2016-03-03 12:09:25'),
(793, 1, 0, 'Product modifica', 'Product', 267, 4, '2016-03-03 12:10:39', '2016-03-03 12:10:39'),
(794, 1, 0, 'Product modifica', 'Product', 267, 4, '2016-03-03 12:11:22', '2016-03-03 12:11:22'),
(795, 1, 0, 'Aggiunta Product', 'Product', 268, 4, '2016-03-03 12:14:18', '2016-03-03 12:14:18'),
(796, 1, 0, 'Product modifica', 'Product', 268, 4, '2016-03-03 12:16:45', '2016-03-03 12:16:45'),
(797, 1, 0, 'Product modifica', 'Product', 268, 4, '2016-03-03 12:17:36', '2016-03-03 12:17:36'),
(798, 1, 0, 'Aggiunta Product', 'Product', 269, 4, '2016-03-03 12:22:54', '2016-03-03 12:22:54'),
(799, 1, 0, 'Product modifica', 'Product', 269, 4, '2016-03-03 12:24:03', '2016-03-03 12:24:03'),
(800, 1, 0, 'Product modifica', 'Product', 269, 4, '2016-03-03 12:25:06', '2016-03-03 12:25:06'),
(801, 1, 0, 'Connessione al Back Office da 79.33.152.126', '', 0, 2, '2016-03-03 20:14:54', '2016-03-03 20:14:54'),
(802, 1, 0, 'Connessione al Back Office da 79.19.25.147', '', 0, 2, '2016-03-04 17:45:08', '2016-03-04 17:45:08'),
(803, 1, 0, 'Connessione al Back Office da 93.44.159.42', '', 0, 4, '2016-03-04 18:26:34', '2016-03-04 18:26:34'),
(804, 1, 0, 'Connessione al Back Office da 79.19.25.147', '', 0, 2, '2016-03-04 23:02:21', '2016-03-04 23:02:21'),
(805, 1, 0, 'Importazione Prodotti', '', 0, 2, '2016-03-04 23:24:26', '2016-03-04 23:24:26'),
(806, 1, 0, 'Connessione al Back Office da 151.70.101.55', '', 0, 1, '2016-03-05 10:37:57', '2016-03-05 10:37:57'),
(807, 1, 0, 'Connessione al Back Office da 79.19.25.147', '', 0, 2, '2016-03-05 11:18:58', '2016-03-05 11:18:58'),
(808, 1, 0, 'Product modifica', 'Product', 270, 2, '2016-03-05 11:21:33', '2016-03-05 11:21:33'),
(809, 1, 0, 'Product modifica', 'Product', 271, 2, '2016-03-05 11:24:31', '2016-03-05 11:24:31'),
(810, 1, 0, 'Product modifica', 'Product', 272, 2, '2016-03-05 11:29:20', '2016-03-05 11:29:20'),
(811, 1, 0, 'Product modifica', 'Product', 273, 2, '2016-03-05 11:32:05', '2016-03-05 11:32:05'),
(812, 1, 0, 'Product modifica', 'Product', 274, 2, '2016-03-05 11:39:45', '2016-03-05 11:39:45'),
(813, 1, 0, 'Product modifica', 'Product', 274, 2, '2016-03-05 11:39:47', '2016-03-05 11:39:47'),
(814, 1, 0, 'Product modifica', 'Product', 274, 2, '2016-03-05 11:40:34', '2016-03-05 11:40:34'),
(815, 1, 0, 'Product modifica', 'Product', 275, 2, '2016-03-05 11:45:15', '2016-03-05 11:45:15'),
(816, 1, 0, 'Product modifica', 'Product', 276, 2, '2016-03-05 11:48:36', '2016-03-05 11:48:36'),
(817, 1, 0, 'Product modifica', 'Product', 277, 2, '2016-03-05 11:52:11', '2016-03-05 11:52:11'),
(818, 1, 0, 'Product modifica', 'Product', 278, 2, '2016-03-05 11:55:17', '2016-03-05 11:55:17'),
(819, 1, 0, 'Product modifica', 'Product', 279, 2, '2016-03-05 11:58:16', '2016-03-05 11:58:16'),
(820, 1, 0, 'Product modifica', 'Product', 280, 2, '2016-03-05 12:03:49', '2016-03-05 12:03:49'),
(821, 1, 0, 'Product modifica', 'Product', 281, 2, '2016-03-05 12:07:50', '2016-03-05 12:07:50'),
(822, 1, 0, 'Product modifica', 'Product', 282, 2, '2016-03-05 12:12:09', '2016-03-05 12:12:09'),
(823, 1, 0, 'Category modifica', 'Category', 7, 2, '2016-03-05 12:13:56', '2016-03-05 12:13:56'),
(824, 1, 0, 'Category modifica', 'Category', 29, 2, '2016-03-05 12:14:37', '2016-03-05 12:14:37'),
(825, 1, 0, 'Category modifica', 'Category', 29, 2, '2016-03-05 12:17:13', '2016-03-05 12:17:13'),
(826, 1, 0, 'Cancellazione Store', 'Store', 1, 1, '2016-03-05 14:29:06', '2016-03-05 14:29:06'),
(827, 1, 0, 'Cancellazione Store', 'Store', 2, 1, '2016-03-05 14:29:06', '2016-03-05 14:29:06'),
(828, 1, 0, 'Cancellazione Store', 'Store', 3, 1, '2016-03-05 14:29:06', '2016-03-05 14:29:06'),
(829, 1, 0, 'Cancellazione Store', 'Store', 4, 1, '2016-03-05 14:29:06', '2016-03-05 14:29:06'),
(830, 1, 0, 'Cancellazione Store', 'Store', 5, 1, '2016-03-05 14:29:06', '2016-03-05 14:29:06'),
(831, 1, 0, 'Aggiunta Store', 'Store', 6, 1, '2016-03-05 14:29:54', '2016-03-05 14:29:54'),
(832, 1, 0, 'Connessione al Back Office da 151.70.101.55', '', 0, 1, '2016-03-05 15:13:00', '2016-03-05 15:13:00'),
(833, 1, 0, 'Connessione al Back Office da 79.19.25.147', '', 0, 2, '2016-03-05 15:46:56', '2016-03-05 15:46:56'),
(834, 1, 0, 'Connessione al Back Office da 79.19.25.147', '', 0, 2, '2016-03-05 15:58:26', '2016-03-05 15:58:26'),
(835, 1, 0, 'Connessione al Back Office da 87.21.144.13', '', 0, 2, '2016-03-06 10:58:08', '2016-03-06 10:58:08'),
(836, 1, 0, 'Cancellazione Category', 'Category', 63, 2, '2016-03-06 11:06:03', '2016-03-06 11:06:03'),
(837, 1, 0, 'Product modifica', 'Product', 282, 2, '2016-03-06 11:19:59', '2016-03-06 11:19:59'),
(838, 1, 0, 'Connessione al Back Office da 87.21.144.13', '', 0, 2, '2016-03-06 14:43:55', '2016-03-06 14:43:55'),
(839, 1, 0, 'Connessione al Back Office da 93.44.137.5', '', 0, 4, '2016-03-07 17:20:31', '2016-03-07 17:20:31'),
(840, 1, 0, 'Connessione al Back Office da 93.44.137.5', '', 0, 2, '2016-03-07 18:22:13', '2016-03-07 18:22:13'),
(841, 1, 0, 'Connessione al Back Office da 93.44.137.5', '', 0, 2, '2016-03-07 18:25:47', '2016-03-07 18:25:47'),
(842, 1, 0, 'Product modifica', 'Product', 120, 2, '2016-03-07 18:27:20', '2016-03-07 18:27:20'),
(843, 1, 0, 'Product modifica', 'Product', 121, 2, '2016-03-07 18:28:03', '2016-03-07 18:28:03'),
(844, 1, 0, 'Product modifica', 'Product', 126, 2, '2016-03-07 18:28:42', '2016-03-07 18:28:42'),
(845, 1, 0, 'Product modifica', 'Product', 127, 2, '2016-03-07 18:29:19', '2016-03-07 18:29:19'),
(846, 1, 0, 'Product modifica', 'Product', 128, 2, '2016-03-07 18:30:05', '2016-03-07 18:30:05'),
(847, 1, 0, 'Product modifica', 'Product', 128, 2, '2016-03-07 18:36:56', '2016-03-07 18:36:56'),
(848, 1, 0, 'Product modifica', 'Product', 131, 2, '2016-03-07 18:45:42', '2016-03-07 18:45:42'),
(849, 1, 0, 'Product modifica', 'Product', 132, 2, '2016-03-07 18:48:32', '2016-03-07 18:48:32'),
(850, 1, 0, 'Product modifica', 'Product', 132, 2, '2016-03-07 18:49:42', '2016-03-07 18:49:42'),
(851, 1, 0, 'Product modifica', 'Product', 129, 2, '2016-03-07 19:02:24', '2016-03-07 19:02:24'),
(852, 1, 0, 'Product modifica', 'Product', 133, 2, '2016-03-07 19:03:23', '2016-03-07 19:03:23'),
(853, 1, 0, 'Product modifica', 'Product', 134, 2, '2016-03-07 19:13:18', '2016-03-07 19:13:18'),
(854, 1, 0, 'Product modifica', 'Product', 133, 2, '2016-03-07 19:14:04', '2016-03-07 19:14:04'),
(855, 1, 0, 'Product modifica', 'Product', 135, 2, '2016-03-07 19:20:03', '2016-03-07 19:20:03'),
(856, 1, 0, 'Product modifica', 'Product', 130, 2, '2016-03-07 19:29:41', '2016-03-07 19:29:41'),
(857, 1, 0, 'Product modifica', 'Product', 136, 2, '2016-03-07 19:39:55', '2016-03-07 19:39:55'),
(858, 1, 0, 'Product modifica', 'Product', 136, 2, '2016-03-07 19:40:38', '2016-03-07 19:40:38'),
(859, 1, 0, 'Product modifica', 'Product', 116, 2, '2016-03-07 19:47:33', '2016-03-07 19:47:33'),
(860, 1, 0, 'Product modifica', 'Product', 117, 2, '2016-03-07 19:49:36', '2016-03-07 19:49:36'),
(861, 1, 0, 'Product modifica', 'Product', 116, 2, '2016-03-07 19:56:51', '2016-03-07 19:56:51'),
(862, 1, 0, 'Product modifica', 'Product', 117, 2, '2016-03-07 19:57:28', '2016-03-07 19:57:28'),
(863, 1, 0, 'Product modifica', 'Product', 116, 2, '2016-03-07 19:58:03', '2016-03-07 19:58:03'),
(864, 1, 0, 'Connessione al Back Office da 87.21.144.13', '', 0, 2, '2016-03-07 22:03:14', '2016-03-07 22:03:14'),
(865, 1, 0, 'Product modifica', 'Product', 120, 2, '2016-03-07 22:05:02', '2016-03-07 22:05:02'),
(866, 1, 0, 'Product modifica', 'Product', 121, 2, '2016-03-07 22:06:35', '2016-03-07 22:06:35'),
(867, 1, 0, 'Product modifica', 'Product', 121, 2, '2016-03-07 22:06:59', '2016-03-07 22:06:59'),
(868, 1, 0, 'Frontcontroller::init - Cart cannot be loaded or an order has already been placed using this cart', 'Cart', 8, 0, '2016-03-08 16:10:00', '2016-03-08 16:10:00'),
(869, 1, 0, 'Connessione al Back Office da 87.21.144.13', '', 0, 2, '2016-03-08 21:46:48', '2016-03-08 21:46:48'),
(870, 1, 0, 'Connessione al Back Office da 87.21.144.13', '', 0, 2, '2016-03-08 22:45:17', '2016-03-08 22:45:17'),
(871, 1, 0, 'Connessione al Back Office da 93.44.132.226', '', 0, 2, '2016-03-09 16:30:32', '2016-03-09 16:30:32'),
(872, 1, 0, 'Connessione al Back Office da 93.44.132.226', '', 0, 4, '2016-03-09 16:35:38', '2016-03-09 16:35:38'),
(873, 1, 0, 'Connessione al Back Office da 93.44.132.226', '', 0, 4, '2016-03-09 16:59:06', '2016-03-09 16:59:06'),
(874, 1, 0, 'Connessione al Back Office da 93.44.132.226', '', 0, 4, '2016-03-09 17:33:43', '2016-03-09 17:33:43'),
(875, 1, 0, 'Aggiunta Product', 'Product', 283, 4, '2016-03-09 17:38:01', '2016-03-09 17:38:01'),
(876, 1, 0, 'Product modifica', 'Product', 283, 4, '2016-03-09 17:46:31', '2016-03-09 17:46:31'),
(877, 1, 0, 'Connessione al Back Office da 93.44.132.226', '', 0, 2, '2016-03-09 18:32:36', '2016-03-09 18:32:36'),
(878, 1, 0, 'Product modifica', 'Product', 139, 2, '2016-03-09 18:42:30', '2016-03-09 18:42:30'),
(879, 1, 0, 'Product modifica', 'Product', 131, 2, '2016-03-09 18:49:19', '2016-03-09 18:49:19'),
(880, 1, 0, 'Connessione al Back Office da 87.21.144.13', '', 0, 2, '2016-03-10 01:06:07', '2016-03-10 01:06:07'),
(881, 1, 0, 'Connessione al Back Office da 93.44.132.226', '', 0, 2, '2016-03-10 17:31:36', '2016-03-10 17:31:36'),
(882, 1, 0, 'Connessione al Back Office da 93.44.132.226', '', 0, 2, '2016-03-10 18:49:26', '2016-03-10 18:49:26'),
(883, 1, 0, 'Connessione al Back Office da 93.44.132.226', '', 0, 1, '2016-03-10 18:50:01', '2016-03-10 18:50:01'),
(884, 1, 0, 'Product modifica', 'Product', 132, 2, '2016-03-10 19:25:31', '2016-03-10 19:25:31'),
(885, 1, 0, 'Connessione al Back Office da 93.44.132.226', '', 0, 4, '2016-03-10 19:25:51', '2016-03-10 19:25:51'),
(886, 1, 0, 'Product modifica', 'Product', 132, 2, '2016-03-10 19:30:09', '2016-03-10 19:30:09'),
(887, 1, 0, 'Product modifica', 'Product', 132, 2, '2016-03-10 19:31:58', '2016-03-10 19:31:58'),
(888, 1, 0, 'Product modifica', 'Product', 132, 2, '2016-03-10 19:35:37', '2016-03-10 19:35:37'),
(889, 1, 0, 'Product modifica', 'Product', 132, 2, '2016-03-10 19:36:58', '2016-03-10 19:36:58'),
(890, 1, 0, 'Product modifica', 'Product', 132, 1, '2016-03-10 19:55:02', '2016-03-10 19:55:02'),
(891, 1, 0, 'Connessione al Back Office da 87.21.144.13', '', 0, 2, '2016-03-10 21:14:27', '2016-03-10 21:14:27'),
(892, 1, 0, 'Aggiunta Category', 'Category', 64, 2, '2016-03-10 21:18:19', '2016-03-10 21:18:19'),
(893, 1, 0, 'Aggiunta Product', 'Product', 284, 2, '2016-03-10 21:19:10', '2016-03-10 21:19:10'),
(894, 1, 0, 'Product modifica', 'Product', 284, 2, '2016-03-10 21:21:01', '2016-03-10 21:21:01'),
(895, 1, 0, 'Product modifica', 'Product', 77, 2, '2016-03-10 21:38:52', '2016-03-10 21:38:52'),
(896, 1, 0, 'Product modifica', 'Product', 78, 2, '2016-03-10 21:38:58', '2016-03-10 21:38:58'),
(897, 1, 0, 'Product modifica', 'Product', 79, 2, '2016-03-10 21:39:06', '2016-03-10 21:39:06'),
(898, 1, 0, 'Product modifica', 'Product', 80, 2, '2016-03-10 21:39:07', '2016-03-10 21:39:07'),
(899, 1, 0, 'Product modifica', 'Product', 81, 2, '2016-03-10 21:39:10', '2016-03-10 21:39:10'),
(900, 1, 0, 'Product modifica', 'Product', 82, 2, '2016-03-10 21:39:14', '2016-03-10 21:39:14'),
(901, 1, 0, 'Product modifica', 'Product', 83, 2, '2016-03-10 21:39:21', '2016-03-10 21:39:21'),
(902, 1, 0, 'Product modifica', 'Product', 85, 2, '2016-03-10 21:40:26', '2016-03-10 21:40:26'),
(903, 1, 0, 'Product modifica', 'Product', 86, 2, '2016-03-10 21:40:28', '2016-03-10 21:40:28'),
(904, 1, 0, 'Product modifica', 'Product', 87, 2, '2016-03-10 21:40:30', '2016-03-10 21:40:30'),
(905, 1, 0, 'Product modifica', 'Product', 88, 2, '2016-03-10 21:41:54', '2016-03-10 21:41:54'),
(906, 1, 0, 'Product modifica', 'Product', 90, 2, '2016-03-10 21:41:56', '2016-03-10 21:41:56'),
(907, 1, 0, 'Product modifica', 'Product', 91, 2, '2016-03-10 21:41:58', '2016-03-10 21:41:58'),
(908, 1, 0, 'Product modifica', 'Product', 92, 2, '2016-03-10 21:42:04', '2016-03-10 21:42:04'),
(909, 1, 0, 'Product modifica', 'Product', 93, 2, '2016-03-10 21:42:08', '2016-03-10 21:42:08'),
(910, 1, 0, 'Product modifica', 'Product', 94, 2, '2016-03-10 21:42:15', '2016-03-10 21:42:15'),
(911, 1, 0, 'Product modifica', 'Product', 95, 2, '2016-03-10 21:42:19', '2016-03-10 21:42:19'),
(912, 1, 0, 'Product modifica', 'Product', 96, 2, '2016-03-10 21:42:25', '2016-03-10 21:42:25'),
(913, 1, 0, 'Product modifica', 'Product', 97, 2, '2016-03-10 21:42:30', '2016-03-10 21:42:30'),
(914, 1, 0, 'Product modifica', 'Product', 99, 2, '2016-03-10 21:42:42', '2016-03-10 21:42:42'),
(915, 1, 0, 'Product modifica', 'Product', 109, 2, '2016-03-10 21:44:00', '2016-03-10 21:44:00'),
(916, 1, 0, 'Product modifica', 'Product', 110, 2, '2016-03-10 21:44:02', '2016-03-10 21:44:02'),
(917, 1, 0, 'Product modifica', 'Product', 111, 2, '2016-03-10 21:44:05', '2016-03-10 21:44:05'),
(918, 1, 0, 'Product modifica', 'Product', 112, 2, '2016-03-10 21:44:09', '2016-03-10 21:44:09'),
(919, 1, 0, 'Product modifica', 'Product', 113, 2, '2016-03-10 21:44:16', '2016-03-10 21:44:16'),
(920, 1, 0, 'Product modifica', 'Product', 114, 2, '2016-03-10 21:44:17', '2016-03-10 21:44:17'),
(921, 1, 0, 'Product modifica', 'Product', 115, 2, '2016-03-10 21:44:22', '2016-03-10 21:44:22'),
(922, 1, 0, 'Product modifica', 'Product', 116, 2, '2016-03-10 21:44:25', '2016-03-10 21:44:25'),
(923, 1, 0, 'Product modifica', 'Product', 117, 2, '2016-03-10 21:44:30', '2016-03-10 21:44:30'),
(924, 1, 0, 'Product modifica', 'Product', 108, 2, '2016-03-10 21:45:16', '2016-03-10 21:45:16'),
(925, 1, 0, 'Product modifica', 'Product', 118, 2, '2016-03-10 21:46:07', '2016-03-10 21:46:07'),
(926, 1, 0, 'Product modifica', 'Product', 119, 2, '2016-03-10 21:46:15', '2016-03-10 21:46:15'),
(927, 1, 0, 'Product modifica', 'Product', 120, 2, '2016-03-10 21:47:44', '2016-03-10 21:47:44'),
(928, 1, 0, 'Product modifica', 'Product', 121, 2, '2016-03-10 21:47:48', '2016-03-10 21:47:48'),
(929, 1, 0, 'Product modifica', 'Product', 123, 2, '2016-03-10 21:48:07', '2016-03-10 21:48:07'),
(930, 1, 0, 'Product modifica', 'Product', 122, 2, '2016-03-10 21:48:08', '2016-03-10 21:48:08'),
(931, 1, 0, 'Product modifica', 'Product', 124, 2, '2016-03-10 21:48:43', '2016-03-10 21:48:43'),
(932, 1, 0, 'Product modifica', 'Product', 125, 2, '2016-03-10 21:48:47', '2016-03-10 21:48:47'),
(933, 1, 0, 'Product modifica', 'Product', 126, 2, '2016-03-10 21:49:11', '2016-03-10 21:49:11'),
(934, 1, 0, 'Product modifica', 'Product', 127, 2, '2016-03-10 21:49:15', '2016-03-10 21:49:15'),
(935, 1, 0, 'Product modifica', 'Product', 131, 2, '2016-03-10 21:50:42', '2016-03-10 21:50:42'),
(936, 1, 0, 'Product modifica', 'Product', 130, 2, '2016-03-10 21:50:44', '2016-03-10 21:50:44'),
(937, 1, 0, 'Product modifica', 'Product', 129, 2, '2016-03-10 21:50:46', '2016-03-10 21:50:46'),
(938, 1, 0, 'Product modifica', 'Product', 128, 2, '2016-03-10 21:50:47', '2016-03-10 21:50:47'),
(939, 1, 0, 'Product modifica', 'Product', 133, 2, '2016-03-10 21:52:10', '2016-03-10 21:52:10'),
(940, 1, 0, 'Product modifica', 'Product', 134, 2, '2016-03-10 21:52:15', '2016-03-10 21:52:15'),
(941, 1, 0, 'Product modifica', 'Product', 135, 2, '2016-03-10 21:52:19', '2016-03-10 21:52:19'),
(942, 1, 0, 'Product modifica', 'Product', 136, 2, '2016-03-10 21:52:24', '2016-03-10 21:52:24'),
(943, 1, 0, 'Product modifica', 'Product', 138, 2, '2016-03-10 21:52:29', '2016-03-10 21:52:29'),
(944, 1, 0, 'Product modifica', 'Product', 139, 2, '2016-03-10 21:52:33', '2016-03-10 21:52:33'),
(945, 1, 0, 'Product modifica', 'Product', 140, 2, '2016-03-10 21:53:19', '2016-03-10 21:53:19'),
(946, 1, 0, 'Product modifica', 'Product', 141, 2, '2016-03-10 21:53:22', '2016-03-10 21:53:22'),
(947, 1, 0, 'Product modifica', 'Product', 142, 2, '2016-03-10 21:53:27', '2016-03-10 21:53:27'),
(948, 1, 0, 'Product modifica', 'Product', 147, 2, '2016-03-10 21:53:47', '2016-03-10 21:53:47'),
(949, 1, 0, 'Product modifica', 'Product', 146, 2, '2016-03-10 21:53:49', '2016-03-10 21:53:49'),
(950, 1, 0, 'Product modifica', 'Product', 145, 2, '2016-03-10 21:53:49', '2016-03-10 21:53:49'),
(951, 1, 0, 'Product modifica', 'Product', 144, 2, '2016-03-10 21:53:52', '2016-03-10 21:53:52'),
(952, 1, 0, 'Product modifica', 'Product', 143, 2, '2016-03-10 21:53:54', '2016-03-10 21:53:54'),
(953, 1, 0, 'Product modifica', 'Product', 148, 2, '2016-03-10 21:54:07', '2016-03-10 21:54:07'),
(954, 1, 0, 'Product modifica', 'Product', 150, 2, '2016-03-10 21:54:13', '2016-03-10 21:54:13'),
(955, 1, 0, 'Product modifica', 'Product', 283, 2, '2016-03-10 21:54:54', '2016-03-10 21:54:54'),
(956, 1, 0, 'Product modifica', 'Product', 89, 2, '2016-03-10 21:58:44', '2016-03-10 21:58:44'),
(957, 1, 0, 'Cancellazione Carrier', 'Carrier', 11, 2, '2016-03-10 22:16:51', '2016-03-10 22:16:51'),
(958, 1, 0, 'Product modifica', 'Product', 82, 2, '2016-03-10 22:16:58', '2016-03-10 22:16:58'),
(959, 1, 0, 'Product modifica', 'Product', 89, 2, '2016-03-10 22:17:07', '2016-03-10 22:17:07'),
(960, 1, 0, 'Product modifica', 'Product', 128, 2, '2016-03-10 22:17:48', '2016-03-10 22:17:48'),
(961, 1, 0, 'Product modifica', 'Product', 133, 2, '2016-03-10 22:17:52', '2016-03-10 22:17:52'),
(962, 1, 0, 'Product modifica', 'Product', 139, 2, '2016-03-10 22:17:58', '2016-03-10 22:17:58'),
(963, 1, 0, 'Product modifica', 'Product', 148, 2, '2016-03-10 22:18:05', '2016-03-10 22:18:05'),
(964, 1, 0, 'Product modifica', 'Product', 150, 2, '2016-03-10 22:18:11', '2016-03-10 22:18:11'),
(965, 1, 0, 'Product modifica', 'Product', 136, 2, '2016-03-10 22:22:33', '2016-03-10 22:22:33'),
(966, 1, 0, 'Product modifica', 'Product', 133, 2, '2016-03-10 22:22:57', '2016-03-10 22:22:57'),
(967, 1, 0, 'Product modifica', 'Product', 118, 2, '2016-03-10 22:22:59', '2016-03-10 22:22:59'),
(968, 1, 0, 'Product modifica', 'Product', 119, 2, '2016-03-10 22:23:01', '2016-03-10 22:23:01'),
(969, 1, 0, 'Product modifica', 'Product', 115, 2, '2016-03-10 22:23:03', '2016-03-10 22:23:03'),
(970, 1, 0, 'Product modifica', 'Product', 112, 2, '2016-03-10 22:23:05', '2016-03-10 22:23:05'),
(971, 1, 0, 'Product modifica', 'Product', 110, 2, '2016-03-10 22:23:07', '2016-03-10 22:23:07'),
(972, 1, 0, 'Product modifica', 'Product', 109, 2, '2016-03-10 22:23:10', '2016-03-10 22:23:10'),
(973, 1, 0, 'Product modifica', 'Product', 148, 2, '2016-03-10 22:29:31', '2016-03-10 22:29:31'),
(974, 1, 0, 'Product modifica', 'Product', 150, 2, '2016-03-10 22:36:12', '2016-03-10 22:36:12'),
(975, 1, 0, 'Cancellazione Category', 'Category', 61, 2, '2016-03-10 22:49:56', '2016-03-10 22:49:56'),
(976, 1, 0, 'Aggiunta Category', 'Category', 65, 2, '2016-03-10 22:50:42', '2016-03-10 22:50:42'),
(977, 1, 0, 'Cancellazione Product', 'Product', 162, 2, '2016-03-10 22:51:46', '2016-03-10 22:51:46'),
(978, 1, 0, 'Cancellazione Product', 'Product', 163, 2, '2016-03-10 22:51:46', '2016-03-10 22:51:46'),
(979, 1, 0, 'Cancellazione Product', 'Product', 168, 2, '2016-03-10 22:51:46', '2016-03-10 22:51:46'),
(980, 1, 0, 'Cancellazione Product', 'Product', 169, 2, '2016-03-10 22:51:46', '2016-03-10 22:51:46'),
(981, 1, 0, 'Cancellazione Product', 'Product', 170, 2, '2016-03-10 22:51:47', '2016-03-10 22:51:47'),
(982, 1, 0, 'Cancellazione Product', 'Product', 171, 2, '2016-03-10 22:51:47', '2016-03-10 22:51:47'),
(983, 1, 0, 'Cancellazione Product', 'Product', 172, 2, '2016-03-10 22:51:47', '2016-03-10 22:51:47'),
(984, 1, 0, 'Cancellazione Product', 'Product', 173, 2, '2016-03-10 22:51:47', '2016-03-10 22:51:47'),
(985, 1, 0, 'Cancellazione Product', 'Product', 174, 2, '2016-03-10 22:51:47', '2016-03-10 22:51:47'),
(986, 1, 0, 'Cancellazione Product', 'Product', 175, 2, '2016-03-10 22:51:47', '2016-03-10 22:51:47'),
(987, 1, 0, 'Cancellazione Product', 'Product', 176, 2, '2016-03-10 22:51:47', '2016-03-10 22:51:47'),
(988, 1, 0, 'Cancellazione Product', 'Product', 177, 2, '2016-03-10 22:51:47', '2016-03-10 22:51:47'),
(989, 1, 0, 'Cancellazione Product', 'Product', 178, 2, '2016-03-10 22:51:47', '2016-03-10 22:51:47'),
(990, 1, 0, 'Cancellazione Product', 'Product', 179, 2, '2016-03-10 22:51:47', '2016-03-10 22:51:47'),
(991, 1, 0, 'Cancellazione Product', 'Product', 180, 2, '2016-03-10 22:51:47', '2016-03-10 22:51:47'),
(992, 1, 0, 'Cancellazione Product', 'Product', 181, 2, '2016-03-10 22:51:47', '2016-03-10 22:51:47'),
(993, 1, 0, 'Cancellazione Product', 'Product', 182, 2, '2016-03-10 22:51:48', '2016-03-10 22:51:48'),
(994, 1, 0, 'Cancellazione Product', 'Product', 183, 2, '2016-03-10 22:51:48', '2016-03-10 22:51:48'),
(995, 1, 0, 'Cancellazione Product', 'Product', 184, 2, '2016-03-10 22:51:48', '2016-03-10 22:51:48'),
(996, 1, 0, 'Cancellazione Product', 'Product', 185, 2, '2016-03-10 22:51:48', '2016-03-10 22:51:48'),
(997, 1, 0, 'Cancellazione Product', 'Product', 186, 2, '2016-03-10 22:51:48', '2016-03-10 22:51:48'),
(998, 1, 0, 'Cancellazione Product', 'Product', 187, 2, '2016-03-10 22:51:48', '2016-03-10 22:51:48'),
(999, 1, 0, 'Cancellazione Product', 'Product', 188, 2, '2016-03-10 22:51:48', '2016-03-10 22:51:48'),
(1000, 1, 0, 'Cancellazione Product', 'Product', 189, 2, '2016-03-10 22:51:48', '2016-03-10 22:51:48'),
(1001, 1, 0, 'Cancellazione Product', 'Product', 190, 2, '2016-03-10 22:51:48', '2016-03-10 22:51:48'),
(1002, 1, 0, 'Cancellazione Product', 'Product', 191, 2, '2016-03-10 22:51:48', '2016-03-10 22:51:48'),
(1003, 1, 0, 'Cancellazione Product', 'Product', 192, 2, '2016-03-10 22:51:48', '2016-03-10 22:51:48'),
(1004, 1, 0, 'Cancellazione Product', 'Product', 193, 2, '2016-03-10 22:51:48', '2016-03-10 22:51:48'),
(1005, 1, 0, 'Cancellazione Product', 'Product', 194, 2, '2016-03-10 22:51:48', '2016-03-10 22:51:48'),
(1006, 1, 0, 'Cancellazione Product', 'Product', 195, 2, '2016-03-10 22:51:48', '2016-03-10 22:51:48'),
(1007, 1, 0, 'Cancellazione Product', 'Product', 196, 2, '2016-03-10 22:51:49', '2016-03-10 22:51:49'),
(1008, 1, 0, 'Cancellazione Product', 'Product', 197, 2, '2016-03-10 22:51:49', '2016-03-10 22:51:49'),
(1009, 1, 0, 'Cancellazione Product', 'Product', 198, 2, '2016-03-10 22:51:49', '2016-03-10 22:51:49'),
(1010, 1, 0, 'Cancellazione Product', 'Product', 199, 2, '2016-03-10 22:51:49', '2016-03-10 22:51:49'),
(1011, 1, 0, 'Cancellazione Product', 'Product', 200, 2, '2016-03-10 22:51:49', '2016-03-10 22:51:49'),
(1012, 1, 0, 'Cancellazione Product', 'Product', 201, 2, '2016-03-10 22:51:49', '2016-03-10 22:51:49'),
(1013, 1, 0, 'Cancellazione Product', 'Product', 202, 2, '2016-03-10 22:51:49', '2016-03-10 22:51:49'),
(1014, 1, 0, 'Cancellazione Product', 'Product', 203, 2, '2016-03-10 22:51:49', '2016-03-10 22:51:49'),
(1015, 1, 0, 'Cancellazione Product', 'Product', 204, 2, '2016-03-10 22:51:49', '2016-03-10 22:51:49'),
(1016, 1, 0, 'Cancellazione Product', 'Product', 205, 2, '2016-03-10 22:51:49', '2016-03-10 22:51:49');
INSERT INTO `ps_log` (`id_log`, `severity`, `error_code`, `message`, `object_type`, `object_id`, `id_employee`, `date_add`, `date_upd`) VALUES
(1017, 1, 0, 'Cancellazione Product', 'Product', 206, 2, '2016-03-10 22:51:49', '2016-03-10 22:51:49'),
(1018, 1, 0, 'Cancellazione Product', 'Product', 207, 2, '2016-03-10 22:51:49', '2016-03-10 22:51:49'),
(1019, 1, 0, 'Cancellazione Product', 'Product', 208, 2, '2016-03-10 22:51:49', '2016-03-10 22:51:49'),
(1020, 1, 0, 'Cancellazione Product', 'Product', 209, 2, '2016-03-10 22:52:36', '2016-03-10 22:52:36'),
(1021, 1, 0, 'Cancellazione Product', 'Product', 210, 2, '2016-03-10 22:52:36', '2016-03-10 22:52:36'),
(1022, 1, 0, 'Cancellazione Product', 'Product', 211, 2, '2016-03-10 22:52:36', '2016-03-10 22:52:36'),
(1023, 1, 0, 'Product modifica', 'Product', 86, 2, '2016-03-10 22:56:07', '2016-03-10 22:56:07'),
(1024, 1, 0, 'Connessione al Back Office da 151.70.101.55', '', 0, 1, '2016-03-11 00:17:28', '2016-03-11 00:17:28'),
(1025, 1, 0, 'Connessione al Back Office da 87.21.144.13', '', 0, 2, '2016-03-11 13:32:43', '2016-03-11 13:32:43'),
(1026, 1, 0, 'Product modifica', 'Product', 95, 2, '2016-03-11 13:36:23', '2016-03-11 13:36:23'),
(1027, 1, 0, 'Product modifica', 'Product', 116, 2, '2016-03-11 13:37:23', '2016-03-11 13:37:23'),
(1028, 1, 0, 'Product modifica', 'Product', 117, 2, '2016-03-11 13:38:17', '2016-03-11 13:38:17'),
(1029, 1, 0, 'Product modifica', 'Product', 116, 2, '2016-03-11 13:41:47', '2016-03-11 13:41:47'),
(1030, 1, 0, 'Product modifica', 'Product', 117, 2, '2016-03-11 13:42:04', '2016-03-11 13:42:04'),
(1031, 1, 0, 'Connessione al Back Office da 93.45.67.185', '', 0, 1, '2016-03-11 17:24:15', '2016-03-11 17:24:15'),
(1032, 1, 0, 'Connessione al Back Office da 87.21.144.13', '', 0, 2, '2016-03-11 23:50:10', '2016-03-11 23:50:10'),
(1033, 1, 0, 'Connessione al Back Office da 87.21.144.13', '', 0, 2, '2016-03-12 13:33:38', '2016-03-12 13:33:38'),
(1034, 1, 0, 'Product modifica', 'Product', 132, 2, '2016-03-12 13:40:43', '2016-03-12 13:40:43'),
(1035, 1, 0, 'Product modifica', 'Product', 120, 2, '2016-03-12 13:43:39', '2016-03-12 13:43:39'),
(1036, 1, 0, 'Product modifica', 'Product', 121, 2, '2016-03-12 13:44:29', '2016-03-12 13:44:29'),
(1037, 1, 0, 'Product modifica', 'Product', 284, 2, '2016-03-12 13:47:20', '2016-03-12 13:47:20'),
(1038, 1, 0, 'Product modifica', 'Product', 95, 2, '2016-03-12 13:54:07', '2016-03-12 13:54:07'),
(1039, 1, 0, 'Product modifica', 'Product', 117, 2, '2016-03-12 13:57:24', '2016-03-12 13:57:24'),
(1040, 1, 0, 'Meta modifica', 'Meta', 9, 1, '2016-03-12 14:14:12', '2016-03-12 14:14:12'),
(1041, 1, 0, 'Product modifica', 'Product', 77, 2, '2016-03-12 14:23:02', '2016-03-12 14:23:02'),
(1042, 1, 0, 'Product modifica', 'Product', 78, 2, '2016-03-12 14:23:04', '2016-03-12 14:23:04'),
(1043, 1, 0, 'Product modifica', 'Product', 80, 2, '2016-03-12 14:23:11', '2016-03-12 14:23:11'),
(1044, 1, 0, 'Product modifica', 'Product', 85, 2, '2016-03-12 14:23:16', '2016-03-12 14:23:16'),
(1045, 1, 0, 'Product modifica', 'Product', 91, 2, '2016-03-12 14:23:28', '2016-03-12 14:23:28'),
(1046, 1, 0, 'Product modifica', 'Product', 118, 2, '2016-03-12 14:24:34', '2016-03-12 14:24:34'),
(1047, 1, 0, 'Product modifica', 'Product', 119, 2, '2016-03-12 14:24:35', '2016-03-12 14:24:35'),
(1048, 1, 0, 'Product modifica', 'Product', 120, 2, '2016-03-12 14:24:37', '2016-03-12 14:24:37'),
(1049, 1, 0, 'Product modifica', 'Product', 109, 2, '2016-03-12 14:37:00', '2016-03-12 14:37:00'),
(1050, 1, 0, 'Product modifica', 'Product', 109, 2, '2016-03-12 14:45:28', '2016-03-12 14:45:28'),
(1051, 1, 0, 'Frontcontroller::init - Cart cannot be loaded or an order has already been placed using this cart', 'Cart', 10, 0, '2016-03-12 15:41:52', '2016-03-12 15:41:52'),
(1052, 1, 0, 'Cancellazione Supplier', 'Supplier', 1, 1, '2016-03-12 15:44:29', '2016-03-12 15:44:29'),
(1053, 1, 0, 'Connessione al Back Office da 93.35.194.197', '', 0, 4, '2016-03-12 16:02:32', '2016-03-12 16:02:32'),
(1054, 1, 0, 'Connessione al Back Office da 93.35.194.197', '', 0, 2, '2016-03-12 16:06:23', '2016-03-12 16:06:23'),
(1055, 1, 0, 'Aggiunta Category', 'Category', 66, 2, '2016-03-12 16:10:02', '2016-03-12 16:10:02'),
(1056, 1, 0, 'Aggiunta Category', 'Category', 67, 2, '2016-03-12 16:10:58', '2016-03-12 16:10:58'),
(1057, 1, 0, 'Importazione Prodotti', '', 0, 2, '2016-03-12 16:14:17', '2016-03-12 16:14:17'),
(1058, 1, 0, 'Product modifica', 'Product', 285, 2, '2016-03-12 16:18:44', '2016-03-12 16:18:44'),
(1059, 1, 0, 'Product modifica', 'Product', 285, 2, '2016-03-12 16:19:26', '2016-03-12 16:19:26'),
(1060, 1, 0, 'Product modifica', 'Product', 286, 2, '2016-03-12 16:25:28', '2016-03-12 16:25:28'),
(1061, 1, 0, 'Product modifica', 'Product', 286, 2, '2016-03-12 16:25:54', '2016-03-12 16:25:54'),
(1062, 1, 0, 'Connessione al Back Office da 93.35.194.197', '', 0, 4, '2016-03-12 16:27:04', '2016-03-12 16:27:04'),
(1063, 1, 0, 'Product modifica', 'Product', 287, 2, '2016-03-12 16:27:24', '2016-03-12 16:27:24'),
(1064, 1, 0, 'Product modifica', 'Product', 286, 2, '2016-03-12 16:28:27', '2016-03-12 16:28:27'),
(1065, 1, 0, 'Product modifica', 'Product', 288, 2, '2016-03-12 16:29:55', '2016-03-12 16:29:55'),
(1066, 1, 0, 'Product modifica', 'Product', 289, 2, '2016-03-12 16:31:45', '2016-03-12 16:31:45'),
(1067, 1, 0, 'Product modifica', 'Product', 288, 2, '2016-03-12 16:32:09', '2016-03-12 16:32:09'),
(1068, 1, 0, 'Product modifica', 'Product', 290, 2, '2016-03-12 16:34:21', '2016-03-12 16:34:21'),
(1069, 1, 0, 'Product modifica', 'Product', 290, 2, '2016-03-12 16:36:41', '2016-03-12 16:36:41'),
(1070, 1, 0, 'Product modifica', 'Product', 289, 2, '2016-03-12 16:38:27', '2016-03-12 16:38:27'),
(1071, 1, 0, 'Connessione al Back Office da 93.35.194.197', '', 0, 4, '2016-03-12 16:41:26', '2016-03-12 16:41:26'),
(1072, 1, 0, 'Product modifica', 'Product', 290, 4, '2016-03-12 16:42:11', '2016-03-12 16:42:11'),
(1073, 1, 0, 'Product modifica', 'Product', 287, 4, '2016-03-12 16:42:20', '2016-03-12 16:42:20'),
(1074, 1, 0, 'Product modifica', 'Product', 264, 4, '2016-03-12 16:48:17', '2016-03-12 16:48:17'),
(1075, 1, 0, 'Product modifica', 'Product', 265, 4, '2016-03-12 16:48:30', '2016-03-12 16:48:30'),
(1076, 1, 0, 'Product modifica', 'Product', 266, 4, '2016-03-12 16:48:34', '2016-03-12 16:48:34'),
(1077, 1, 0, 'Product modifica', 'Product', 267, 4, '2016-03-12 16:48:41', '2016-03-12 16:48:41'),
(1078, 1, 0, 'Product modifica', 'Product', 268, 4, '2016-03-12 16:49:10', '2016-03-12 16:49:10'),
(1079, 1, 0, 'Product modifica', 'Product', 269, 4, '2016-03-12 16:49:20', '2016-03-12 16:49:20'),
(1080, 1, 0, 'Cancellazione Category', 'Category', 62, 4, '2016-03-12 16:50:29', '2016-03-12 16:50:29'),
(1081, 1, 0, 'Product modifica', 'Product', 138, 4, '2016-03-12 16:53:20', '2016-03-12 16:53:20'),
(1082, 1, 0, 'Connessione al Back Office da 93.35.194.197', '', 0, 2, '2016-03-12 16:56:18', '2016-03-12 16:56:18'),
(1083, 1, 0, 'Product modifica', 'Product', 138, 2, '2016-03-12 17:02:05', '2016-03-12 17:02:05'),
(1084, 1, 0, 'Aggiunta Product', 'Product', 291, 2, '2016-03-12 17:21:46', '2016-03-12 17:21:46'),
(1085, 1, 0, 'Product modifica', 'Product', 291, 2, '2016-03-12 17:22:45', '2016-03-12 17:22:45'),
(1086, 1, 0, 'Product modifica', 'Product', 291, 2, '2016-03-12 17:24:00', '2016-03-12 17:24:00'),
(1087, 1, 0, 'Connessione al Back Office da 93.35.194.197', '', 0, 4, '2016-03-12 17:30:30', '2016-03-12 17:30:30'),
(1088, 1, 0, 'Product modifica', 'Product', 291, 2, '2016-03-12 17:31:07', '2016-03-12 17:31:07'),
(1089, 1, 0, 'Connessione al Back Office da 87.21.142.93', '', 0, 2, '2016-03-13 21:41:17', '2016-03-13 21:41:17'),
(1090, 1, 0, 'Connessione al Back Office da 87.21.142.93', '', 0, 2, '2016-03-20 15:16:31', '2016-03-20 15:16:31'),
(1091, 1, 0, 'Connessione al Back Office da 87.21.142.93', '', 0, 2, '2016-03-20 22:43:38', '2016-03-20 22:43:38'),
(1092, 1, 0, 'Connessione al Back Office da 87.21.142.93', '', 0, 2, '2016-03-22 15:55:30', '2016-03-22 15:55:30'),
(1093, 1, 0, 'Category modifica', 'Category', 33, 2, '2016-03-22 15:56:04', '2016-03-22 15:56:04'),
(1094, 1, 0, 'Category modifica', 'Category', 34, 2, '2016-03-22 15:56:25', '2016-03-22 15:56:25'),
(1095, 1, 0, 'Category modifica', 'Category', 33, 2, '2016-03-22 15:57:16', '2016-03-22 15:57:16'),
(1096, 1, 0, 'Category modifica', 'Category', 33, 2, '2016-03-22 16:04:29', '2016-03-22 16:04:29'),
(1097, 1, 0, 'Category modifica', 'Category', 33, 2, '2016-03-22 16:06:00', '2016-03-22 16:06:00'),
(1098, 1, 0, 'Category modifica', 'Category', 33, 2, '2016-03-22 16:07:06', '2016-03-22 16:07:06'),
(1099, 1, 0, 'Category modifica', 'Category', 33, 2, '2016-03-22 16:09:08', '2016-03-22 16:09:08'),
(1100, 1, 0, 'Category modifica', 'Category', 33, 2, '2016-03-22 16:10:05', '2016-03-22 16:10:05'),
(1101, 1, 0, 'Category modifica', 'Category', 33, 2, '2016-03-22 16:12:09', '2016-03-22 16:12:09'),
(1102, 1, 0, 'Category modifica', 'Category', 34, 2, '2016-03-22 16:16:59', '2016-03-22 16:16:59'),
(1103, 1, 0, 'Category modifica', 'Category', 8, 2, '2016-03-22 19:57:38', '2016-03-22 19:57:38'),
(1104, 1, 0, 'Category modifica', 'Category', 8, 2, '2016-03-22 19:59:53', '2016-03-22 19:59:53'),
(1105, 1, 0, 'Product modifica', 'Product', 286, 2, '2016-03-24 12:00:06', '2016-03-24 12:00:06'),
(1106, 1, 0, 'Product modifica', 'Product', 285, 2, '2016-03-24 12:00:46', '2016-03-24 12:00:46'),
(1107, 1, 0, 'Product modifica', 'Product', 287, 2, '2016-03-24 12:02:26', '2016-03-24 12:02:26'),
(1108, 1, 0, 'Product modifica', 'Product', 288, 2, '2016-03-24 12:03:51', '2016-03-24 12:03:51'),
(1109, 1, 0, 'Product modifica', 'Product', 289, 2, '2016-03-24 12:05:58', '2016-03-24 12:05:58'),
(1110, 1, 0, 'Product modifica', 'Product', 290, 2, '2016-03-24 12:06:25', '2016-03-24 12:06:25'),
(1111, 1, 0, 'Connessione al Back Office da 93.35.193.51', '', 0, 3, '2016-03-24 15:52:57', '2016-03-24 15:52:57'),
(1112, 1, 0, 'Connessione al Back Office da 93.35.193.51', '', 0, 2, '2016-03-24 15:58:50', '2016-03-24 15:58:50'),
(1113, 1, 0, 'Aggiunta Category', 'Category', 68, 2, '2016-03-24 15:59:34', '2016-03-24 15:59:34'),
(1114, 1, 0, 'Connessione al Back Office da 93.35.193.51', '', 0, 3, '2016-03-24 16:30:30', '2016-03-24 16:30:30'),
(1115, 1, 0, 'Connessione al Back Office da 93.35.193.51', '', 0, 2, '2016-03-24 16:49:51', '2016-03-24 16:49:51'),
(1116, 1, 0, 'Importazione Prodotti', '', 0, 2, '2016-03-24 16:52:17', '2016-03-24 16:52:17'),
(1117, 1, 0, 'Connessione al Back Office da 87.21.142.93', '', 0, 2, '2016-03-24 19:36:43', '2016-03-24 19:36:43'),
(1118, 1, 0, 'Cancellazione Product', 'Product', 313, 2, '2016-03-24 19:38:24', '2016-03-24 19:38:24'),
(1119, 1, 0, 'Cancellazione Product', 'Product', 314, 2, '2016-03-24 19:38:24', '2016-03-24 19:38:24'),
(1120, 1, 0, 'Cancellazione Product', 'Product', 315, 2, '2016-03-24 19:38:24', '2016-03-24 19:38:24'),
(1121, 1, 0, 'Cancellazione Product', 'Product', 316, 2, '2016-03-24 19:38:24', '2016-03-24 19:38:24'),
(1122, 1, 0, 'Cancellazione Product', 'Product', 317, 2, '2016-03-24 19:38:24', '2016-03-24 19:38:24'),
(1123, 1, 0, 'Cancellazione Product', 'Product', 318, 2, '2016-03-24 19:38:24', '2016-03-24 19:38:24'),
(1124, 1, 0, 'Connessione al Back Office da 93.35.193.51', '', 0, 3, '2016-03-24 19:41:43', '2016-03-24 19:41:43'),
(1125, 1, 0, 'Product modifica', 'Product', 320, 2, '2016-03-24 19:41:57', '2016-03-24 19:41:57'),
(1126, 1, 0, 'Aggiunta Product', 'Product', 321, 3, '2016-03-24 19:45:25', '2016-03-24 19:45:25'),
(1127, 1, 0, 'Product modifica', 'Product', 321, 3, '2016-03-24 19:45:54', '2016-03-24 19:45:54'),
(1128, 1, 0, 'Product modifica', 'Product', 319, 2, '2016-03-24 19:45:55', '2016-03-24 19:45:55'),
(1129, 1, 0, 'Product modifica', 'Product', 321, 3, '2016-03-24 19:46:57', '2016-03-24 19:46:57'),
(1130, 1, 0, 'Product modifica', 'Product', 321, 3, '2016-03-24 19:47:11', '2016-03-24 19:47:11'),
(1131, 1, 0, 'Aggiunta Product', 'Product', 322, 3, '2016-03-24 19:48:37', '2016-03-24 19:48:37'),
(1132, 1, 0, 'Product modifica', 'Product', 322, 3, '2016-03-24 19:49:49', '2016-03-24 19:49:49'),
(1133, 1, 0, 'Product modifica', 'Product', 322, 3, '2016-03-24 19:50:19', '2016-03-24 19:50:19'),
(1134, 1, 0, 'Connessione al Back Office da 79.56.160.240', '', 0, 4, '2016-03-26 12:15:06', '2016-03-26 12:15:06'),
(1135, 1, 0, 'Aggiunta Product', 'Product', 323, 4, '2016-03-26 12:20:26', '2016-03-26 12:20:26'),
(1136, 1, 0, 'Product modifica', 'Product', 323, 4, '2016-03-26 12:23:03', '2016-03-26 12:23:03'),
(1137, 1, 0, 'Product modifica', 'Product', 323, 4, '2016-03-26 12:25:14', '2016-03-26 12:25:14'),
(1138, 1, 0, 'Connessione al Back Office da 79.56.160.240', '', 0, 4, '2016-03-26 17:29:34', '2016-03-26 17:29:34'),
(1139, 1, 0, 'Product modifica', 'Product', 321, 4, '2016-03-26 17:30:27', '2016-03-26 17:30:27'),
(1140, 1, 0, 'Connessione al Back Office da 79.56.160.240', '', 0, 4, '2016-03-26 18:47:08', '2016-03-26 18:47:08'),
(1141, 1, 0, 'Product modifica', 'Product', 322, 4, '2016-03-26 18:49:52', '2016-03-26 18:49:52'),
(1142, 1, 0, 'Product modifica', 'Product', 322, 4, '2016-03-26 18:50:29', '2016-03-26 18:50:29'),
(1143, 1, 0, 'Connessione al Back Office da 79.19.153.90', '', 0, 4, '2016-03-26 20:15:20', '2016-03-26 20:15:20'),
(1144, 1, 0, 'Product modifica', 'Product', 322, 4, '2016-03-26 20:16:32', '2016-03-26 20:16:32'),
(1145, 1, 0, 'Product modifica', 'Product', 323, 4, '2016-03-26 20:22:41', '2016-03-26 20:22:41'),
(1146, 1, 0, 'Product modifica', 'Product', 321, 4, '2016-03-26 20:26:09', '2016-03-26 20:26:09'),
(1147, 1, 0, 'Product modifica', 'Product', 322, 4, '2016-03-26 20:26:35', '2016-03-26 20:26:35'),
(1148, 1, 0, 'Product modifica', 'Product', 323, 4, '2016-03-26 20:27:03', '2016-03-26 20:27:03'),
(1149, 1, 0, 'Connessione al Back Office da 79.19.153.90', '', 0, 4, '2016-03-28 16:57:31', '2016-03-28 16:57:31'),
(1150, 1, 0, 'Aggiunta Product', 'Product', 324, 4, '2016-03-28 17:11:14', '2016-03-28 17:11:14'),
(1151, 1, 0, 'Connessione al Back Office da 79.19.153.90', '', 0, 4, '2016-03-28 18:28:05', '2016-03-28 18:28:05'),
(1152, 1, 0, 'Product modifica', 'Product', 324, 4, '2016-03-28 18:29:08', '2016-03-28 18:29:08'),
(1153, 1, 0, 'Product modifica', 'Product', 324, 4, '2016-03-28 18:29:25', '2016-03-28 18:29:25'),
(1154, 1, 0, 'Product modifica', 'Product', 324, 4, '2016-03-28 18:29:43', '2016-03-28 18:29:43'),
(1155, 1, 0, 'Connessione al Back Office da 87.21.142.93', '', 0, 2, '2016-03-29 14:55:11', '2016-03-29 14:55:11'),
(1156, 1, 0, 'Product modifica', 'Product', 321, 2, '2016-03-29 14:56:10', '2016-03-29 14:56:10'),
(1157, 1, 0, 'Product modifica', 'Product', 322, 2, '2016-03-29 14:56:54', '2016-03-29 14:56:54'),
(1158, 1, 0, 'Product modifica', 'Product', 321, 2, '2016-03-29 14:58:31', '2016-03-29 14:58:31'),
(1159, 1, 0, 'Product modifica', 'Product', 322, 2, '2016-03-29 14:58:52', '2016-03-29 14:58:52'),
(1160, 1, 0, 'Product modifica', 'Product', 323, 2, '2016-03-29 14:59:06', '2016-03-29 14:59:06'),
(1161, 1, 0, 'Connessione al Back Office da 93.35.192.60', '', 0, 4, '2016-03-29 15:10:08', '2016-03-29 15:10:08'),
(1162, 1, 0, 'Connessione al Back Office da 93.35.192.60', '', 0, 2, '2016-03-29 15:24:19', '2016-03-29 15:24:19'),
(1163, 1, 0, 'Connessione al Back Office da 93.35.192.60', '', 0, 2, '2016-03-29 16:56:07', '2016-03-29 16:56:07'),
(1164, 1, 0, 'Product modifica', 'Product', 312, 2, '2016-03-29 17:09:55', '2016-03-29 17:09:55'),
(1165, 1, 0, 'Product modifica', 'Product', 311, 2, '2016-03-29 17:12:40', '2016-03-29 17:12:40'),
(1166, 1, 0, 'Product modifica', 'Product', 310, 2, '2016-03-29 17:20:19', '2016-03-29 17:20:19'),
(1167, 1, 0, 'Connessione al Back Office da 93.44.131.112', '', 0, 3, '2016-03-30 12:15:53', '2016-03-30 12:15:53'),
(1168, 1, 0, 'Connessione al Back Office da 93.44.131.112', '', 0, 4, '2016-03-30 17:56:25', '2016-03-30 17:56:25'),
(1169, 1, 0, 'Connessione al Back Office da 93.44.131.112', '', 0, 2, '2016-03-31 15:39:44', '2016-03-31 15:39:44'),
(1170, 1, 0, 'Product modifica', 'Product', 305, 2, '2016-03-31 15:48:11', '2016-03-31 15:48:11'),
(1171, 1, 0, 'Product modifica', 'Product', 304, 2, '2016-03-31 15:51:12', '2016-03-31 15:51:12'),
(1172, 1, 0, 'Product modifica', 'Product', 304, 2, '2016-03-31 15:52:49', '2016-03-31 15:52:49'),
(1173, 1, 0, 'Connessione al Back Office da 93.44.131.112', '', 0, 3, '2016-03-31 15:53:35', '2016-03-31 15:53:35'),
(1174, 1, 0, 'Connessione al Back Office da 93.44.131.112', '', 0, 1, '2016-03-31 15:54:59', '2016-03-31 15:54:59'),
(1175, 1, 0, 'Product modifica', 'Product', 303, 2, '2016-03-31 15:56:51', '2016-03-31 15:56:51'),
(1176, 1, 0, 'Product modifica', 'Product', 321, 1, '2016-03-31 15:57:58', '2016-03-31 15:57:58'),
(1177, 1, 0, 'Product modifica', 'Product', 301, 2, '2016-03-31 16:00:10', '2016-03-31 16:00:10'),
(1178, 1, 0, 'Product modifica', 'Product', 302, 2, '2016-03-31 16:07:56', '2016-03-31 16:07:56'),
(1179, 1, 0, 'Connessione al Back Office da 93.44.131.112', '', 0, 2, '2016-03-31 16:50:46', '2016-03-31 16:50:46'),
(1180, 1, 0, 'Connessione al Back Office da 93.44.131.112', '', 0, 1, '2016-03-31 16:52:30', '2016-03-31 16:52:30'),
(1181, 1, 0, 'Connessione al Back Office da 93.44.131.112', '', 0, 2, '2016-03-31 17:23:40', '2016-03-31 17:23:40'),
(1182, 1, 0, 'Connessione al Back Office da 93.44.131.112', '', 0, 3, '2016-03-31 17:25:28', '2016-03-31 17:25:28'),
(1183, 1, 0, 'Product modifica', 'Product', 297, 2, '2016-03-31 17:25:50', '2016-03-31 17:25:50'),
(1184, 1, 0, 'Product modifica', 'Product', 297, 2, '2016-03-31 17:35:19', '2016-03-31 17:35:19'),
(1185, 1, 0, 'Product modifica', 'Product', 300, 2, '2016-03-31 17:39:43', '2016-03-31 17:39:43'),
(1186, 1, 0, 'Product modifica', 'Product', 294, 2, '2016-03-31 17:43:57', '2016-03-31 17:43:57'),
(1187, 1, 0, 'Product modifica', 'Product', 295, 2, '2016-03-31 17:45:42', '2016-03-31 17:45:42'),
(1188, 1, 0, 'Product modifica', 'Product', 294, 2, '2016-03-31 17:46:36', '2016-03-31 17:46:36'),
(1189, 1, 0, 'Product modifica', 'Product', 295, 2, '2016-03-31 17:47:03', '2016-03-31 17:47:03'),
(1190, 1, 0, 'Product modifica', 'Product', 295, 2, '2016-03-31 17:47:08', '2016-03-31 17:47:08'),
(1191, 1, 0, 'Product modifica', 'Product', 300, 2, '2016-03-31 17:48:31', '2016-03-31 17:48:31'),
(1192, 1, 0, 'Product modifica', 'Product', 301, 2, '2016-03-31 17:48:49', '2016-03-31 17:48:49'),
(1193, 1, 0, 'Product modifica', 'Product', 302, 2, '2016-03-31 17:49:52', '2016-03-31 17:49:52'),
(1194, 1, 0, 'Product modifica', 'Product', 303, 2, '2016-03-31 17:50:01', '2016-03-31 17:50:01'),
(1195, 1, 0, 'Connessione al Back Office da 93.44.131.112', '', 0, 3, '2016-03-31 17:50:16', '2016-03-31 17:50:16'),
(1196, 1, 0, 'Product modifica', 'Product', 297, 3, '2016-03-31 17:56:29', '2016-03-31 17:56:29'),
(1197, 1, 0, 'Product modifica', 'Product', 297, 3, '2016-03-31 17:59:08', '2016-03-31 17:59:08'),
(1198, 1, 0, 'Connessione al Back Office da 93.44.131.112', '', 0, 4, '2016-03-31 18:17:08', '2016-03-31 18:17:08'),
(1199, 1, 0, 'Product modifica', 'Product', 297, 4, '2016-03-31 18:21:18', '2016-03-31 18:21:18'),
(1200, 1, 0, 'Product modifica', 'Product', 297, 4, '2016-03-31 18:26:38', '2016-03-31 18:26:38'),
(1201, 1, 0, 'Aggiunta Product', 'Product', 325, 4, '2016-03-31 18:35:17', '2016-03-31 18:35:17'),
(1202, 1, 0, 'Product modifica', 'Product', 325, 4, '2016-03-31 18:37:12', '2016-03-31 18:37:12'),
(1203, 1, 0, 'Product modifica', 'Product', 325, 4, '2016-03-31 18:39:13', '2016-03-31 18:39:13'),
(1204, 1, 0, 'Product modifica', 'Product', 325, 4, '2016-03-31 18:41:03', '2016-03-31 18:41:03'),
(1205, 1, 0, 'Connessione al Back Office da 87.21.142.93', '', 0, 2, '2016-03-31 21:48:09', '2016-03-31 21:48:09'),
(1206, 1, 0, 'Product modifica', 'Product', 296, 2, '2016-03-31 21:59:20', '2016-03-31 21:59:20'),
(1207, 1, 0, 'Product modifica', 'Product', 298, 2, '2016-03-31 22:06:05', '2016-03-31 22:06:05'),
(1208, 1, 0, 'Product modifica', 'Product', 293, 2, '2016-03-31 22:10:36', '2016-03-31 22:10:36'),
(1209, 1, 0, 'Product modifica', 'Product', 292, 2, '2016-03-31 22:13:39', '2016-03-31 22:13:39'),
(1210, 1, 0, 'Product modifica', 'Product', 299, 2, '2016-03-31 22:17:23', '2016-03-31 22:17:23'),
(1211, 1, 0, 'Product modifica', 'Product', 304, 2, '2016-03-31 22:22:07', '2016-03-31 22:22:07'),
(1212, 1, 0, 'Product modifica', 'Product', 292, 2, '2016-03-31 22:22:41', '2016-03-31 22:22:41'),
(1213, 1, 0, 'Product modifica', 'Product', 302, 2, '2016-03-31 22:23:51', '2016-03-31 22:23:51'),
(1214, 1, 0, 'Product modifica', 'Product', 302, 2, '2016-03-31 22:23:52', '2016-03-31 22:23:52'),
(1215, 1, 0, 'Product modifica', 'Product', 299, 2, '2016-03-31 22:24:24', '2016-03-31 22:24:24'),
(1216, 1, 0, 'Product modifica', 'Product', 306, 2, '2016-03-31 22:32:41', '2016-03-31 22:32:41'),
(1217, 1, 0, 'Product modifica', 'Product', 308, 2, '2016-03-31 22:34:13', '2016-03-31 22:34:13'),
(1218, 1, 0, 'Product modifica', 'Product', 309, 2, '2016-03-31 22:36:03', '2016-03-31 22:36:03'),
(1219, 1, 0, 'Product modifica', 'Product', 307, 2, '2016-03-31 22:37:53', '2016-03-31 22:37:53'),
(1220, 1, 0, 'Product modifica', 'Product', 325, 2, '2016-03-31 22:41:28', '2016-03-31 22:41:28'),
(1221, 1, 0, 'Connessione al Back Office da 87.21.142.93', '', 0, 2, '2016-03-31 23:56:27', '2016-03-31 23:56:27'),
(1222, 1, 0, 'Product modifica', 'Product', 311, 2, '2016-04-01 00:11:09', '2016-04-01 00:11:09'),
(1223, 1, 0, 'Product modifica', 'Product', 311, 2, '2016-04-01 00:11:25', '2016-04-01 00:11:25'),
(1224, 1, 0, 'Product modifica', 'Product', 319, 2, '2016-04-01 00:12:16', '2016-04-01 00:12:16'),
(1225, 1, 0, 'Product modifica', 'Product', 312, 2, '2016-04-01 00:12:25', '2016-04-01 00:12:25'),
(1226, 1, 0, 'Product modifica', 'Product', 305, 2, '2016-04-01 00:13:05', '2016-04-01 00:13:05'),
(1227, 1, 0, 'Connessione al Back Office da 93.44.132.242', '', 0, 3, '2016-04-01 18:06:09', '2016-04-01 18:06:09'),
(1228, 1, 0, 'Product modifica', 'Product', 325, 3, '2016-04-01 18:10:13', '2016-04-01 18:10:13'),
(1229, 1, 0, 'Product modifica', 'Product', 325, 3, '2016-04-01 18:15:29', '2016-04-01 18:15:29'),
(1230, 1, 0, 'Product modifica', 'Product', 325, 3, '2016-04-01 18:17:11', '2016-04-01 18:17:11'),
(1231, 1, 0, 'Connessione al Back Office da 87.21.142.93', '', 0, 2, '2016-04-01 19:32:04', '2016-04-01 19:32:04'),
(1232, 1, 0, 'Connessione al Back Office da 87.21.142.93', '', 0, 2, '2016-04-01 20:51:11', '2016-04-01 20:51:11'),
(1233, 1, 0, 'Connessione al Back Office da 87.21.142.93', '', 0, 2, '2016-04-01 21:17:46', '2016-04-01 21:17:46'),
(1234, 1, 0, 'Product modifica', 'Product', 321, 2, '2016-04-01 21:18:52', '2016-04-01 21:18:52'),
(1235, 1, 0, 'Product modifica', 'Product', 307, 2, '2016-04-01 21:19:06', '2016-04-01 21:19:06'),
(1236, 1, 0, 'Product modifica', 'Product', 293, 2, '2016-04-01 21:20:20', '2016-04-01 21:20:20'),
(1237, 1, 0, 'Connessione al Back Office da 87.21.142.93', '', 0, 2, '2016-04-01 21:47:52', '2016-04-01 21:47:52'),
(1238, 1, 0, 'Connessione al Back Office da 87.21.142.93', '', 0, 2, '2016-04-01 22:59:46', '2016-04-01 22:59:46'),
(1239, 1, 0, 'Connessione al Back Office da 87.21.142.93', '', 0, 2, '2016-04-01 23:41:03', '2016-04-01 23:41:03'),
(1240, 1, 0, 'Cancellazione Customer', 'Customer', 2, 2, '2016-04-01 23:41:58', '2016-04-01 23:41:58'),
(1241, 1, 0, 'Cancellazione Customer', 'Customer', 1, 2, '2016-04-01 23:41:58', '2016-04-01 23:41:58'),
(1242, 1, 0, 'Connessione al Back Office da 151.70.4.118', '', 0, 1, '2016-04-02 00:00:41', '2016-04-02 00:00:41'),
(1243, 1, 0, 'Connessione al Back Office da 93.44.132.242', '', 0, 4, '2016-04-02 10:19:45', '2016-04-02 10:19:45'),
(1244, 1, 0, 'Connessione al Back Office da 93.44.132.242', '', 0, 2, '2016-04-02 10:26:03', '2016-04-02 10:26:03'),
(1245, 1, 0, 'Aggiunta Product', 'Product', 326, 2, '2016-04-02 10:33:59', '2016-04-02 10:33:59'),
(1246, 1, 0, 'Product modifica', 'Product', 326, 2, '2016-04-02 10:35:26', '2016-04-02 10:35:26'),
(1247, 1, 0, 'Product modifica', 'Product', 327, 2, '2016-04-02 10:41:48', '2016-04-02 10:41:48'),
(1248, 1, 0, 'Product modifica', 'Product', 327, 2, '2016-04-02 10:42:21', '2016-04-02 10:42:21'),
(1249, 1, 0, 'Product modifica', 'Product', 328, 2, '2016-04-02 10:48:29', '2016-04-02 10:48:29'),
(1250, 1, 0, 'Product modifica', 'Product', 329, 2, '2016-04-02 10:54:27', '2016-04-02 10:54:27'),
(1251, 1, 0, 'Product modifica', 'Product', 330, 2, '2016-04-02 11:02:01', '2016-04-02 11:02:01'),
(1252, 1, 0, 'Product modifica', 'Product', 331, 2, '2016-04-02 11:09:05', '2016-04-02 11:09:05'),
(1253, 1, 0, 'Product modifica', 'Product', 331, 2, '2016-04-02 11:09:31', '2016-04-02 11:09:31'),
(1254, 1, 0, 'Connessione al Back Office da 93.44.132.242', '', 0, 2, '2016-04-02 12:44:30', '2016-04-02 12:44:30'),
(1255, 1, 0, 'Aggiunta Product', 'Product', 332, 2, '2016-04-02 12:47:14', '2016-04-02 12:47:14'),
(1256, 1, 0, 'Product modifica', 'Product', 332, 2, '2016-04-02 12:48:32', '2016-04-02 12:48:32'),
(1257, 1, 0, 'Product modifica', 'Product', 332, 2, '2016-04-02 13:03:21', '2016-04-02 13:03:21'),
(1258, 1, 0, 'Product modifica', 'Product', 333, 2, '2016-04-02 13:04:52', '2016-04-02 13:04:52'),
(1259, 1, 0, 'Product modifica', 'Product', 333, 2, '2016-04-02 13:05:22', '2016-04-02 13:05:22'),
(1260, 1, 0, 'Connessione al Back Office da 93.44.132.242', '', 0, 2, '2016-04-02 13:27:10', '2016-04-02 13:27:10'),
(1261, 1, 0, 'Product modifica', 'Product', 332, 2, '2016-04-02 13:28:01', '2016-04-02 13:28:01'),
(1262, 1, 0, 'Product modifica', 'Product', 333, 2, '2016-04-02 13:29:25', '2016-04-02 13:29:25'),
(1263, 1, 0, 'Product modifica', 'Product', 334, 2, '2016-04-02 13:46:37', '2016-04-02 13:46:37'),
(1264, 1, 0, 'Product modifica', 'Product', 333, 2, '2016-04-02 13:47:05', '2016-04-02 13:47:05'),
(1265, 1, 0, 'Product modifica', 'Product', 334, 2, '2016-04-02 13:47:12', '2016-04-02 13:47:12'),
(1266, 1, 0, 'Product modifica', 'Product', 332, 2, '2016-04-02 13:47:16', '2016-04-02 13:47:16'),
(1267, 1, 0, 'Product modifica', 'Product', 332, 2, '2016-04-02 13:47:26', '2016-04-02 13:47:26'),
(1268, 1, 0, 'Connessione al Back Office da 87.21.142.93', '', 0, 2, '2016-04-02 14:03:05', '2016-04-02 14:03:05'),
(1269, 1, 0, 'Product modifica', 'Product', 324, 2, '2016-04-02 14:07:44', '2016-04-02 14:07:44'),
(1270, 1, 0, 'Product modifica', 'Product', 334, 2, '2016-04-02 14:26:02', '2016-04-02 14:26:02'),
(1271, 1, 0, 'Product modifica', 'Product', 133, 2, '2016-04-02 14:37:31', '2016-04-02 14:37:31'),
(1272, 1, 0, 'Product modifica', 'Product', 333, 2, '2016-04-02 15:06:02', '2016-04-02 15:06:02'),
(1273, 1, 0, 'Product modifica', 'Product', 334, 2, '2016-04-02 15:06:06', '2016-04-02 15:06:06'),
(1274, 1, 0, 'Product modifica', 'Product', 324, 2, '2016-04-02 15:06:08', '2016-04-02 15:06:08'),
(1275, 1, 0, 'Product modifica', 'Product', 324, 2, '2016-04-02 15:06:13', '2016-04-02 15:06:13'),
(1276, 1, 0, 'Product modifica', 'Product', 332, 2, '2016-04-02 15:06:21', '2016-04-02 15:06:21'),
(1277, 1, 0, 'Product modifica', 'Product', 331, 2, '2016-04-02 15:06:22', '2016-04-02 15:06:22'),
(1278, 1, 0, 'Product modifica', 'Product', 330, 2, '2016-04-02 15:06:24', '2016-04-02 15:06:24'),
(1279, 1, 0, 'Product modifica', 'Product', 330, 2, '2016-04-02 15:06:26', '2016-04-02 15:06:26'),
(1280, 1, 0, 'Product modifica', 'Product', 330, 2, '2016-04-02 15:06:26', '2016-04-02 15:06:26'),
(1281, 1, 0, 'Connessione al Back Office da 87.21.142.93', '', 0, 2, '2016-04-02 17:19:21', '2016-04-02 17:19:21'),
(1282, 1, 0, 'Product modifica', 'Product', 324, 2, '2016-04-02 17:20:08', '2016-04-02 17:20:08'),
(1283, 1, 0, 'Product modifica', 'Product', 334, 2, '2016-04-02 17:20:25', '2016-04-02 17:20:25'),
(1284, 1, 0, 'Product modifica', 'Product', 334, 2, '2016-04-04 09:25:39', '2016-04-04 09:25:39'),
(1285, 1, 0, 'Product modifica', 'Product', 334, 2, '2016-04-04 09:27:17', '2016-04-04 09:27:17'),
(1286, 1, 0, 'Product modifica', 'Product', 135, 2, '2016-04-04 18:09:35', '2016-04-04 18:09:35'),
(1287, 1, 0, 'Product modifica', 'Product', 135, 2, '2016-04-04 18:09:48', '2016-04-04 18:09:48'),
(1288, 1, 0, 'Connessione al Back Office da 93.45.71.251', '', 0, 2, '2016-04-04 19:53:55', '2016-04-04 19:53:55'),
(1289, 1, 0, 'Product modifica', 'Product', 334, 2, '2016-04-04 19:54:40', '2016-04-04 19:54:40'),
(1290, 1, 0, 'Product modifica', 'Product', 333, 2, '2016-04-04 19:54:50', '2016-04-04 19:54:50'),
(1291, 1, 0, 'Product modifica', 'Product', 332, 2, '2016-04-04 19:54:55', '2016-04-04 19:54:55'),
(1292, 1, 0, 'Product modifica', 'Product', 331, 2, '2016-04-04 19:55:07', '2016-04-04 19:55:07'),
(1293, 1, 0, 'Product modifica', 'Product', 330, 2, '2016-04-04 19:55:12', '2016-04-04 19:55:12'),
(1294, 1, 0, 'Product modifica', 'Product', 329, 2, '2016-04-04 19:55:24', '2016-04-04 19:55:24'),
(1295, 1, 0, 'Product modifica', 'Product', 330, 2, '2016-04-04 19:56:20', '2016-04-04 19:56:20'),
(1296, 1, 0, 'Product modifica', 'Product', 320, 2, '2016-04-04 19:57:21', '2016-04-04 19:57:21'),
(1297, 1, 0, 'Product modifica', 'Product', 312, 2, '2016-04-04 19:57:32', '2016-04-04 19:57:32'),
(1298, 1, 0, 'Product modifica', 'Product', 311, 2, '2016-04-04 19:57:44', '2016-04-04 19:57:44'),
(1299, 1, 0, 'Product modifica', 'Product', 310, 2, '2016-04-04 19:57:56', '2016-04-04 19:57:56'),
(1300, 1, 0, 'Product modifica', 'Product', 309, 2, '2016-04-04 19:58:14', '2016-04-04 19:58:14'),
(1301, 1, 0, 'Product modifica', 'Product', 307, 2, '2016-04-04 19:58:53', '2016-04-04 19:58:53'),
(1302, 1, 0, 'Product modifica', 'Product', 306, 2, '2016-04-04 19:59:04', '2016-04-04 19:59:04'),
(1303, 1, 0, 'Product modifica', 'Product', 308, 2, '2016-04-04 19:59:21', '2016-04-04 19:59:21'),
(1304, 1, 0, 'Product modifica', 'Product', 303, 2, '2016-04-04 20:01:36', '2016-04-04 20:01:36'),
(1305, 1, 0, 'Product modifica', 'Product', 301, 2, '2016-04-04 20:01:57', '2016-04-04 20:01:57'),
(1306, 1, 0, 'Product modifica', 'Product', 300, 2, '2016-04-04 20:02:15', '2016-04-04 20:02:15'),
(1307, 1, 0, 'Product modifica', 'Product', 296, 2, '2016-04-04 20:02:29', '2016-04-04 20:02:29'),
(1308, 1, 0, 'Product modifica', 'Product', 295, 2, '2016-04-04 20:03:04', '2016-04-04 20:03:04'),
(1309, 1, 0, 'Product modifica', 'Product', 294, 2, '2016-04-04 20:03:33', '2016-04-04 20:03:33'),
(1310, 1, 0, 'Product modifica', 'Product', 292, 2, '2016-04-04 20:06:00', '2016-04-04 20:06:00'),
(1311, 1, 0, 'Product modifica', 'Product', 107, 2, '2016-04-04 20:08:21', '2016-04-04 20:08:21'),
(1312, 1, 0, 'Product modifica', 'Product', 135, 2, '2016-04-04 20:10:15', '2016-04-04 20:10:15'),
(1313, 1, 0, 'Product modifica', 'Product', 127, 2, '2016-04-04 20:10:59', '2016-04-04 20:10:59'),
(1314, 1, 0, 'Product modifica', 'Product', 126, 2, '2016-04-04 20:11:14', '2016-04-04 20:11:14'),
(1315, 1, 0, 'Product modifica', 'Product', 120, 2, '2016-04-04 20:12:54', '2016-04-04 20:12:54'),
(1316, 1, 0, 'Connessione al Back Office da 93.45.71.251', '', 0, 3, '2016-04-04 20:13:58', '2016-04-04 20:13:58'),
(1317, 1, 0, 'Product modifica', 'Product', 75, 2, '2016-04-04 20:37:34', '2016-04-04 20:37:34'),
(1318, 1, 0, 'Product modifica', 'Product', 76, 2, '2016-04-04 20:37:44', '2016-04-04 20:37:44'),
(1319, 1, 0, 'Product modifica', 'Product', 79, 2, '2016-04-04 20:37:53', '2016-04-04 20:37:53'),
(1320, 1, 0, 'Product modifica', 'Product', 83, 2, '2016-04-04 20:38:06', '2016-04-04 20:38:06'),
(1321, 1, 0, 'Product modifica', 'Product', 81, 2, '2016-04-04 20:38:10', '2016-04-04 20:38:10'),
(1322, 1, 0, 'Product modifica', 'Product', 87, 2, '2016-04-04 20:38:42', '2016-04-04 20:38:42'),
(1323, 1, 0, 'Product modifica', 'Product', 88, 2, '2016-04-04 20:38:52', '2016-04-04 20:38:52'),
(1324, 1, 0, 'Product modifica', 'Product', 90, 2, '2016-04-04 20:39:00', '2016-04-04 20:39:00'),
(1325, 1, 0, 'Product modifica', 'Product', 91, 2, '2016-04-04 20:39:23', '2016-04-04 20:39:23'),
(1326, 1, 0, 'Product modifica', 'Product', 92, 2, '2016-04-04 20:39:36', '2016-04-04 20:39:36'),
(1327, 1, 0, 'Product modifica', 'Product', 75, 2, '2016-04-04 20:43:04', '2016-04-04 20:43:04'),
(1328, 1, 0, 'Product modifica', 'Product', 75, 2, '2016-04-04 20:43:10', '2016-04-04 20:43:10'),
(1329, 1, 0, 'Cancellazione Carrier', 'Carrier', 15, 2, '2016-04-04 21:12:13', '2016-04-04 21:12:13'),
(1330, 1, 0, 'Product modifica', 'Product', 75, 2, '2016-04-04 21:16:31', '2016-04-04 21:16:31'),
(1331, 1, 0, 'Product modifica', 'Product', 76, 2, '2016-04-04 21:16:46', '2016-04-04 21:16:46'),
(1332, 1, 0, 'Product modifica', 'Product', 76, 2, '2016-04-04 21:16:54', '2016-04-04 21:16:54'),
(1333, 1, 0, 'Product modifica', 'Product', 79, 2, '2016-04-04 21:16:58', '2016-04-04 21:16:58'),
(1334, 1, 0, 'Product modifica', 'Product', 79, 2, '2016-04-04 21:17:06', '2016-04-04 21:17:06'),
(1335, 1, 0, 'Product modifica', 'Product', 80, 2, '2016-04-04 21:17:22', '2016-04-04 21:17:22'),
(1336, 1, 0, 'Product modifica', 'Product', 81, 2, '2016-04-04 21:17:27', '2016-04-04 21:17:27'),
(1337, 1, 0, 'Product modifica', 'Product', 83, 2, '2016-04-04 21:18:05', '2016-04-04 21:18:05'),
(1338, 1, 0, 'Product modifica', 'Product', 87, 2, '2016-04-04 21:18:17', '2016-04-04 21:18:17'),
(1339, 1, 0, 'Product modifica', 'Product', 90, 2, '2016-04-04 21:18:18', '2016-04-04 21:18:18'),
(1340, 1, 0, 'Product modifica', 'Product', 91, 2, '2016-04-04 21:18:23', '2016-04-04 21:18:23'),
(1341, 1, 0, 'Product modifica', 'Product', 92, 2, '2016-04-04 21:18:29', '2016-04-04 21:18:29'),
(1342, 1, 0, 'Product modifica', 'Product', 107, 2, '2016-04-04 21:19:19', '2016-04-04 21:19:19'),
(1343, 1, 0, 'Product modifica', 'Product', 118, 2, '2016-04-04 21:19:35', '2016-04-04 21:19:35'),
(1344, 1, 0, 'Product modifica', 'Product', 120, 2, '2016-04-04 21:19:41', '2016-04-04 21:19:41'),
(1345, 1, 0, 'Product modifica', 'Product', 126, 2, '2016-04-04 21:19:53', '2016-04-04 21:19:53'),
(1346, 1, 0, 'Product modifica', 'Product', 127, 2, '2016-04-04 21:20:01', '2016-04-04 21:20:01'),
(1347, 1, 0, 'Product modifica', 'Product', 131, 2, '2016-04-04 21:20:11', '2016-04-04 21:20:11'),
(1348, 1, 0, 'Product modifica', 'Product', 131, 2, '2016-04-04 21:20:17', '2016-04-04 21:20:17'),
(1349, 1, 0, 'Product modifica', 'Product', 135, 2, '2016-04-04 21:20:26', '2016-04-04 21:20:26'),
(1350, 1, 0, 'Product modifica', 'Product', 135, 2, '2016-04-04 21:20:35', '2016-04-04 21:20:35'),
(1351, 1, 0, 'Product modifica', 'Product', 136, 2, '2016-04-04 21:20:40', '2016-04-04 21:20:40'),
(1352, 1, 0, 'Product modifica', 'Product', 136, 2, '2016-04-04 21:20:45', '2016-04-04 21:20:45'),
(1353, 1, 0, 'Product modifica', 'Product', 292, 2, '2016-04-04 21:21:44', '2016-04-04 21:21:44'),
(1354, 1, 0, 'Product modifica', 'Product', 294, 2, '2016-04-04 21:22:05', '2016-04-04 21:22:05'),
(1355, 1, 0, 'Product modifica', 'Product', 296, 2, '2016-04-04 21:22:09', '2016-04-04 21:22:09'),
(1356, 1, 0, 'Product modifica', 'Product', 300, 2, '2016-04-04 21:22:13', '2016-04-04 21:22:13'),
(1357, 1, 0, 'Product modifica', 'Product', 303, 2, '2016-04-04 21:22:26', '2016-04-04 21:22:26'),
(1358, 1, 0, 'Product modifica', 'Product', 295, 2, '2016-04-04 21:22:33', '2016-04-04 21:22:33'),
(1359, 1, 0, 'Product modifica', 'Product', 292, 2, '2016-04-04 21:22:40', '2016-04-04 21:22:40'),
(1360, 1, 0, 'Product modifica', 'Product', 301, 2, '2016-04-04 21:22:44', '2016-04-04 21:22:44'),
(1361, 1, 0, 'Product modifica', 'Product', 306, 2, '2016-04-04 21:25:20', '2016-04-04 21:25:20'),
(1362, 1, 0, 'Product modifica', 'Product', 307, 2, '2016-04-04 21:25:21', '2016-04-04 21:25:21'),
(1363, 1, 0, 'Product modifica', 'Product', 308, 2, '2016-04-04 21:25:23', '2016-04-04 21:25:23'),
(1364, 1, 0, 'Product modifica', 'Product', 309, 2, '2016-04-04 21:25:43', '2016-04-04 21:25:43'),
(1365, 1, 0, 'Product modifica', 'Product', 310, 2, '2016-04-04 21:25:43', '2016-04-04 21:25:43'),
(1366, 1, 0, 'Product modifica', 'Product', 320, 2, '2016-04-04 21:26:38', '2016-04-04 21:26:38'),
(1367, 1, 0, 'Product modifica', 'Product', 310, 2, '2016-04-04 21:26:48', '2016-04-04 21:26:48'),
(1368, 1, 0, 'Product modifica', 'Product', 312, 2, '2016-04-04 21:26:55', '2016-04-04 21:26:55'),
(1369, 1, 0, 'Product modifica', 'Product', 319, 2, '2016-04-04 21:26:55', '2016-04-04 21:26:55'),
(1370, 1, 0, 'Product modifica', 'Product', 310, 2, '2016-04-04 21:43:26', '2016-04-04 21:43:26'),
(1371, 1, 0, 'Product modifica', 'Product', 307, 2, '2016-04-04 21:43:59', '2016-04-04 21:43:59'),
(1372, 1, 0, 'Product modifica', 'Product', 331, 2, '2016-04-04 21:50:20', '2016-04-04 21:50:20'),
(1373, 1, 0, 'Product modifica', 'Product', 332, 2, '2016-04-04 21:50:21', '2016-04-04 21:50:21'),
(1374, 1, 0, 'Product modifica', 'Product', 333, 2, '2016-04-04 21:50:24', '2016-04-04 21:50:24'),
(1375, 1, 0, 'Product modifica', 'Product', 333, 2, '2016-04-04 21:50:27', '2016-04-04 21:50:27'),
(1376, 1, 0, 'Product modifica', 'Product', 334, 2, '2016-04-04 21:50:29', '2016-04-04 21:50:29'),
(1377, 1, 0, 'Product modifica', 'Product', 330, 2, '2016-04-04 21:50:34', '2016-04-04 21:50:34'),
(1378, 1, 0, 'Product modifica', 'Product', 329, 2, '2016-04-04 21:51:08', '2016-04-04 21:51:08'),
(1379, 1, 0, 'Product modifica', 'Product', 328, 2, '2016-04-04 21:51:11', '2016-04-04 21:51:11'),
(1380, 1, 0, 'Product modifica', 'Product', 326, 2, '2016-04-04 21:51:25', '2016-04-04 21:51:25'),
(1381, 1, 0, 'Product modifica', 'Product', 324, 2, '2016-04-04 21:51:28', '2016-04-04 21:51:28'),
(1382, 1, 0, 'Product modifica', 'Product', 322, 2, '2016-04-04 21:51:38', '2016-04-04 21:51:38'),
(1383, 1, 0, 'Product modifica', 'Product', 321, 2, '2016-04-04 21:51:42', '2016-04-04 21:51:42'),
(1384, 1, 0, 'Product modifica', 'Product', 323, 2, '2016-04-04 21:51:49', '2016-04-04 21:51:49'),
(1385, 1, 0, 'Product modifica', 'Product', 327, 2, '2016-04-04 21:51:56', '2016-04-04 21:51:56'),
(1386, 1, 0, 'Product modifica', 'Product', 75, 2, '2016-04-04 21:54:19', '2016-04-04 21:54:19'),
(1387, 1, 0, 'Product modifica', 'Product', 76, 2, '2016-04-04 21:54:23', '2016-04-04 21:54:23'),
(1388, 1, 0, 'Product modifica', 'Product', 79, 2, '2016-04-04 21:54:38', '2016-04-04 21:54:38'),
(1389, 1, 0, 'Product modifica', 'Product', 80, 2, '2016-04-04 21:55:15', '2016-04-04 21:55:15'),
(1390, 1, 0, 'Product modifica', 'Product', 81, 2, '2016-04-04 21:55:27', '2016-04-04 21:55:27'),
(1391, 1, 0, 'Product modifica', 'Product', 83, 2, '2016-04-04 21:55:34', '2016-04-04 21:55:34'),
(1392, 1, 0, 'Product modifica', 'Product', 90, 2, '2016-04-04 21:56:25', '2016-04-04 21:56:25'),
(1393, 1, 0, 'Product modifica', 'Product', 91, 2, '2016-04-04 21:56:32', '2016-04-04 21:56:32'),
(1394, 1, 0, 'Product modifica', 'Product', 91, 2, '2016-04-04 21:56:44', '2016-04-04 21:56:44'),
(1395, 1, 0, 'Product modifica', 'Product', 92, 2, '2016-04-04 21:56:49', '2016-04-04 21:56:49'),
(1396, 1, 0, 'Product modifica', 'Product', 87, 2, '2016-04-04 21:56:57', '2016-04-04 21:56:57'),
(1397, 1, 0, 'Product modifica', 'Product', 88, 2, '2016-04-04 21:56:57', '2016-04-04 21:56:57'),
(1398, 1, 0, 'Product modifica', 'Product', 85, 2, '2016-04-04 21:57:17', '2016-04-04 21:57:17'),
(1399, 1, 0, 'Product modifica', 'Product', 107, 2, '2016-04-04 21:58:01', '2016-04-04 21:58:01'),
(1400, 1, 0, 'Product modifica', 'Product', 120, 2, '2016-04-04 21:58:23', '2016-04-04 21:58:23'),
(1401, 1, 0, 'Product modifica', 'Product', 121, 2, '2016-04-04 21:58:30', '2016-04-04 21:58:30'),
(1402, 1, 0, 'Product modifica', 'Product', 126, 2, '2016-04-04 21:58:34', '2016-04-04 21:58:34'),
(1403, 1, 0, 'Product modifica', 'Product', 127, 2, '2016-04-04 21:58:41', '2016-04-04 21:58:41'),
(1404, 1, 0, 'Product modifica', 'Product', 118, 2, '2016-04-04 21:58:54', '2016-04-04 21:58:54'),
(1405, 1, 0, 'Product modifica', 'Product', 136, 2, '2016-04-04 21:59:23', '2016-04-04 21:59:23'),
(1406, 1, 0, 'Product modifica', 'Product', 135, 2, '2016-04-04 21:59:26', '2016-04-04 21:59:26'),
(1407, 1, 0, 'Product modifica', 'Product', 296, 2, '2016-04-04 22:00:29', '2016-04-04 22:00:29'),
(1408, 1, 0, 'Product modifica', 'Product', 300, 2, '2016-04-04 22:00:30', '2016-04-04 22:00:30'),
(1409, 1, 0, 'Product modifica', 'Product', 301, 2, '2016-04-04 22:00:36', '2016-04-04 22:00:36'),
(1410, 1, 0, 'Product modifica', 'Product', 303, 2, '2016-04-04 22:00:43', '2016-04-04 22:00:43'),
(1411, 1, 0, 'Product modifica', 'Product', 295, 2, '2016-04-04 22:00:49', '2016-04-04 22:00:49'),
(1412, 1, 0, 'Product modifica', 'Product', 294, 2, '2016-04-04 22:00:57', '2016-04-04 22:00:57'),
(1413, 1, 0, 'Product modifica', 'Product', 292, 2, '2016-04-04 22:00:58', '2016-04-04 22:00:58'),
(1414, 1, 0, 'Product modifica', 'Product', 1, 2, '2016-04-04 22:09:33', '2016-04-04 22:09:33'),
(1415, 1, 0, 'Product modifica', 'Product', 6, 2, '2016-04-04 22:09:50', '2016-04-04 22:09:50'),
(1416, 1, 0, 'Connessione al Back Office da 151.70.4.118', '', 0, 1, '2016-04-04 23:00:45', '2016-04-04 23:00:45'),
(1417, 1, 0, 'Product modifica', 'Product', 306, 2, '2016-04-06 17:18:16', '2016-04-06 17:18:16'),
(1418, 1, 0, 'Product modifica', 'Product', 307, 2, '2016-04-06 17:18:29', '2016-04-06 17:18:29'),
(1419, 1, 0, 'Connessione al Back Office da 87.3.18.27', '', 0, 2, '2016-04-06 21:59:02', '2016-04-06 21:59:02'),
(1420, 1, 0, 'Product modifica', 'Product', 310, 2, '2016-04-06 22:18:32', '2016-04-06 22:18:32'),
(1421, 1, 0, 'Connessione al Back Office da 87.3.18.27', '', 0, 2, '2016-04-09 13:45:43', '2016-04-09 13:45:43'),
(1422, 1, 0, 'Importazione Prodotti', '', 0, 2, '2016-04-09 13:49:57', '2016-04-09 13:49:57'),
(1423, 1, 0, 'Product modifica', 'Product', 369, 2, '2016-04-09 13:53:05', '2016-04-09 13:53:05'),
(1424, 1, 0, 'Product modifica', 'Product', 367, 2, '2016-04-09 13:55:26', '2016-04-09 13:55:26'),
(1425, 1, 0, 'Product modifica', 'Product', 366, 2, '2016-04-09 13:57:47', '2016-04-09 13:57:47'),
(1426, 1, 0, 'Product modifica', 'Product', 365, 2, '2016-04-09 13:59:55', '2016-04-09 13:59:55'),
(1427, 1, 0, 'Product modifica', 'Product', 364, 2, '2016-04-09 14:04:11', '2016-04-09 14:04:11'),
(1428, 1, 0, 'Product modifica', 'Product', 363, 2, '2016-04-09 14:09:55', '2016-04-09 14:09:55'),
(1429, 1, 0, 'Product modifica', 'Product', 371, 2, '2016-04-09 14:12:14', '2016-04-09 14:12:14'),
(1430, 1, 0, 'Product modifica', 'Product', 371, 2, '2016-04-09 14:12:37', '2016-04-09 14:12:37'),
(1431, 1, 0, 'Product modifica', 'Product', 371, 2, '2016-04-09 14:15:25', '2016-04-09 14:15:25'),
(1432, 1, 0, 'Product modifica', 'Product', 370, 2, '2016-04-09 14:17:15', '2016-04-09 14:17:15'),
(1433, 1, 0, 'Connessione al Back Office da 87.3.18.27', '', 0, 2, '2016-04-09 15:15:17', '2016-04-09 15:15:17'),
(1434, 1, 0, 'Product modifica', 'Product', 335, 2, '2016-04-09 15:18:03', '2016-04-09 15:18:03'),
(1435, 1, 0, 'Product modifica', 'Product', 336, 2, '2016-04-09 15:21:48', '2016-04-09 15:21:48'),
(1436, 1, 0, 'Product modifica', 'Product', 337, 2, '2016-04-09 15:23:43', '2016-04-09 15:23:43'),
(1437, 1, 0, 'Product modifica', 'Product', 338, 2, '2016-04-09 15:25:13', '2016-04-09 15:25:13'),
(1438, 1, 0, 'Product modifica', 'Product', 339, 2, '2016-04-09 15:26:53', '2016-04-09 15:26:53'),
(1439, 1, 0, 'Product modifica', 'Product', 339, 2, '2016-04-09 15:27:47', '2016-04-09 15:27:47'),
(1440, 1, 0, 'Product modifica', 'Product', 340, 2, '2016-04-09 15:29:05', '2016-04-09 15:29:05'),
(1441, 1, 0, 'Product modifica', 'Product', 341, 2, '2016-04-09 15:31:04', '2016-04-09 15:31:04'),
(1442, 1, 0, 'Product modifica', 'Product', 342, 2, '2016-04-09 15:36:10', '2016-04-09 15:36:10'),
(1443, 1, 0, 'Connessione al Back Office da 87.3.18.27', '', 0, 2, '2016-04-10 14:39:11', '2016-04-10 14:39:11'),
(1444, 1, 0, 'Connessione al Back Office da 87.3.18.27', '', 0, 2, '2016-04-11 14:12:25', '2016-04-11 14:12:25'),
(1445, 1, 0, 'Product modifica', 'Product', 132, 2, '2016-04-11 14:13:03', '2016-04-11 14:13:03'),
(1446, 1, 0, 'Connessione al Back Office da 87.3.18.27', '', 0, 2, '2016-04-11 16:13:43', '2016-04-11 16:13:43'),
(1447, 1, 0, 'Product modifica', 'Product', 343, 2, '2016-04-11 16:16:36', '2016-04-11 16:16:36'),
(1448, 1, 0, 'Product modifica', 'Product', 344, 2, '2016-04-11 16:19:20', '2016-04-11 16:19:20'),
(1449, 1, 0, 'Product modifica', 'Product', 345, 2, '2016-04-11 16:20:25', '2016-04-11 16:20:25'),
(1450, 1, 0, 'Product modifica', 'Product', 346, 2, '2016-04-11 16:21:33', '2016-04-11 16:21:33'),
(1451, 1, 0, 'Product modifica', 'Product', 347, 2, '2016-04-11 16:23:11', '2016-04-11 16:23:11'),
(1452, 1, 0, 'Product modifica', 'Product', 348, 2, '2016-04-11 16:24:23', '2016-04-11 16:24:23'),
(1453, 1, 0, 'Product modifica', 'Product', 348, 2, '2016-04-11 16:24:57', '2016-04-11 16:24:57'),
(1454, 1, 0, 'Product modifica', 'Product', 349, 2, '2016-04-11 16:25:56', '2016-04-11 16:25:56'),
(1455, 1, 0, 'Product modifica', 'Product', 350, 2, '2016-04-11 16:29:13', '2016-04-11 16:29:13'),
(1456, 1, 0, 'Product modifica', 'Product', 351, 2, '2016-04-11 16:30:35', '2016-04-11 16:30:35'),
(1457, 1, 0, 'Product modifica', 'Product', 352, 2, '2016-04-11 16:33:03', '2016-04-11 16:33:03'),
(1458, 1, 0, 'Product modifica', 'Product', 353, 2, '2016-04-11 16:34:40', '2016-04-11 16:34:40'),
(1459, 1, 0, 'Product modifica', 'Product', 354, 2, '2016-04-11 16:37:05', '2016-04-11 16:37:05'),
(1460, 1, 0, 'Product modifica', 'Product', 355, 2, '2016-04-11 16:39:00', '2016-04-11 16:39:00'),
(1461, 1, 0, 'Product modifica', 'Product', 356, 2, '2016-04-11 16:44:11', '2016-04-11 16:44:11'),
(1462, 1, 0, 'Product modifica', 'Product', 357, 2, '2016-04-11 16:45:46', '2016-04-11 16:45:46'),
(1463, 1, 0, 'Product modifica', 'Product', 358, 2, '2016-04-11 16:47:27', '2016-04-11 16:47:27'),
(1464, 1, 0, 'Connessione al Back Office da 87.3.18.27', '', 0, 2, '2016-04-11 21:41:29', '2016-04-11 21:41:29'),
(1465, 1, 0, 'Product modifica', 'Product', 122, 2, '2016-04-11 21:43:53', '2016-04-11 21:43:53'),
(1466, 1, 0, 'Product modifica', 'Product', 141, 2, '2016-04-11 21:45:42', '2016-04-11 21:45:42'),
(1467, 1, 0, 'Product modifica', 'Product', 372, 2, '2016-04-11 21:57:13', '2016-04-11 21:57:13'),
(1468, 1, 0, 'Product modifica', 'Product', 372, 2, '2016-04-11 22:02:22', '2016-04-11 22:02:22'),
(1469, 1, 0, 'Product modifica', 'Product', 141, 2, '2016-04-11 22:05:16', '2016-04-11 22:05:16'),
(1470, 1, 0, 'Product modifica', 'Product', 141, 2, '2016-04-11 22:05:25', '2016-04-11 22:05:25'),
(1471, 1, 0, 'Product modifica', 'Product', 372, 2, '2016-04-11 22:06:40', '2016-04-11 22:06:40'),
(1472, 1, 0, 'Connessione al Back Office da 93.45.62.165', '', 0, 3, '2016-04-13 12:30:36', '2016-04-13 12:30:36'),
(1473, 1, 0, 'Product modifica', 'Product', 335, 3, '2016-04-13 12:32:02', '2016-04-13 12:32:02'),
(1474, 1, 0, 'Product modifica', 'Product', 336, 3, '2016-04-13 12:32:37', '2016-04-13 12:32:37'),
(1475, 1, 0, 'Product modifica', 'Product', 337, 3, '2016-04-13 12:33:45', '2016-04-13 12:33:45'),
(1476, 1, 0, 'Product modifica', 'Product', 338, 3, '2016-04-13 12:34:15', '2016-04-13 12:34:15'),
(1477, 1, 0, 'Product modifica', 'Product', 339, 3, '2016-04-13 12:35:00', '2016-04-13 12:35:00'),
(1478, 1, 0, 'Product modifica', 'Product', 340, 3, '2016-04-13 12:36:18', '2016-04-13 12:36:18'),
(1479, 1, 0, 'Product modifica', 'Product', 341, 3, '2016-04-13 12:37:20', '2016-04-13 12:37:20'),
(1480, 1, 0, 'Product modifica', 'Product', 342, 3, '2016-04-13 12:37:47', '2016-04-13 12:37:47'),
(1481, 1, 0, 'Product modifica', 'Product', 343, 3, '2016-04-13 12:38:31', '2016-04-13 12:38:31'),
(1482, 1, 0, 'Product modifica', 'Product', 344, 3, '2016-04-13 12:53:30', '2016-04-13 12:53:30'),
(1483, 1, 0, 'Product modifica', 'Product', 340, 3, '2016-04-13 12:54:12', '2016-04-13 12:54:12'),
(1484, 1, 0, 'Product modifica', 'Product', 341, 3, '2016-04-13 12:54:14', '2016-04-13 12:54:14'),
(1485, 1, 0, 'Product modifica', 'Product', 342, 3, '2016-04-13 12:54:21', '2016-04-13 12:54:21'),
(1486, 1, 0, 'Product modifica', 'Product', 343, 3, '2016-04-13 12:54:28', '2016-04-13 12:54:28'),
(1487, 1, 0, 'Connessione al Back Office da 93.45.62.165', '', 0, 3, '2016-04-13 17:29:02', '2016-04-13 17:29:02'),
(1488, 1, 0, 'Errore - Il seguente modello email non esiste: /home/desktopstore/public_html/modules/ebay/classes/../views/templates/mails/it/ebayAlert.txt', '', 0, 3, '2016-04-13 17:29:44', '2016-04-13 17:29:44'),
(1489, 1, 0, 'Aggiunta Category', 'Category', 69, 3, '2016-04-13 17:31:22', '2016-04-13 17:31:22'),
(1490, 1, 0, 'Aggiunta Category', 'Category', 70, 3, '2016-04-13 17:32:08', '2016-04-13 17:32:08'),
(1491, 1, 0, 'Aggiunta Category', 'Category', 71, 3, '2016-04-13 17:36:24', '2016-04-13 17:36:24'),
(1492, 1, 0, 'Connessione al Back Office da 93.45.62.165', '', 0, 3, '2016-04-13 18:45:26', '2016-04-13 18:45:26'),
(1493, 1, 0, 'Product modifica', 'Product', 335, 3, '2016-04-13 18:47:56', '2016-04-13 18:47:56'),
(1494, 1, 0, 'Product modifica', 'Product', 336, 3, '2016-04-13 18:52:21', '2016-04-13 18:52:21'),
(1495, 1, 0, 'Product modifica', 'Product', 337, 3, '2016-04-13 18:55:39', '2016-04-13 18:55:39'),
(1496, 1, 0, 'Product modifica', 'Product', 338, 3, '2016-04-13 18:56:39', '2016-04-13 18:56:39'),
(1497, 1, 0, 'Product modifica', 'Product', 339, 3, '2016-04-13 18:57:00', '2016-04-13 18:57:00'),
(1498, 1, 0, 'Product modifica', 'Product', 340, 3, '2016-04-13 18:57:37', '2016-04-13 18:57:37'),
(1499, 1, 0, 'Product modifica', 'Product', 341, 3, '2016-04-13 18:58:41', '2016-04-13 18:58:41'),
(1500, 1, 0, 'Product modifica', 'Product', 342, 3, '2016-04-13 18:59:02', '2016-04-13 18:59:02'),
(1501, 1, 0, 'Product modifica', 'Product', 342, 3, '2016-04-13 19:00:15', '2016-04-13 19:00:15'),
(1502, 1, 0, 'Product modifica', 'Product', 343, 3, '2016-04-13 19:00:29', '2016-04-13 19:00:29'),
(1503, 1, 0, 'Product modifica', 'Product', 344, 3, '2016-04-13 19:00:45', '2016-04-13 19:00:45'),
(1504, 1, 0, 'Product modifica', 'Product', 345, 3, '2016-04-13 19:01:22', '2016-04-13 19:01:22'),
(1505, 1, 0, 'Product modifica', 'Product', 346, 3, '2016-04-13 19:01:45', '2016-04-13 19:01:45'),
(1506, 1, 0, 'Product modifica', 'Product', 347, 3, '2016-04-13 19:04:30', '2016-04-13 19:04:30'),
(1507, 1, 0, 'Product modifica', 'Product', 348, 3, '2016-04-13 19:05:38', '2016-04-13 19:05:38'),
(1508, 1, 0, 'Product modifica', 'Product', 348, 3, '2016-04-13 19:06:21', '2016-04-13 19:06:21'),
(1509, 1, 0, 'Product modifica', 'Product', 349, 3, '2016-04-13 19:08:28', '2016-04-13 19:08:28'),
(1510, 1, 0, 'Product modifica', 'Product', 349, 3, '2016-04-13 19:08:56', '2016-04-13 19:08:56'),
(1511, 1, 0, 'Product modifica', 'Product', 350, 3, '2016-04-13 19:09:40', '2016-04-13 19:09:40'),
(1512, 1, 0, 'Product modifica', 'Product', 350, 3, '2016-04-13 19:10:07', '2016-04-13 19:10:07'),
(1513, 1, 0, 'Product modifica', 'Product', 351, 3, '2016-04-13 19:11:14', '2016-04-13 19:11:14'),
(1514, 1, 0, 'Product modifica', 'Product', 352, 3, '2016-04-13 19:22:19', '2016-04-13 19:22:19'),
(1515, 1, 0, 'Product modifica', 'Product', 353, 3, '2016-04-13 19:24:44', '2016-04-13 19:24:44');
INSERT INTO `ps_log` (`id_log`, `severity`, `error_code`, `message`, `object_type`, `object_id`, `id_employee`, `date_add`, `date_upd`) VALUES
(1516, 1, 0, 'Product modifica', 'Product', 353, 3, '2016-04-13 19:31:44', '2016-04-13 19:31:44'),
(1517, 1, 0, 'Connessione al Back Office da 93.45.62.165', '', 0, 2, '2016-04-13 19:35:46', '2016-04-13 19:35:46'),
(1518, 1, 0, 'Connessione al Back Office da 93.45.62.165', '', 0, 2, '2016-04-13 19:39:25', '2016-04-13 19:39:25'),
(1519, 1, 0, 'Connessione al Back Office da 95.233.146.102', '', 0, 2, '2016-04-13 20:16:04', '2016-04-13 20:16:04'),
(1520, 1, 0, 'Product modifica', 'Product', 285, 2, '2016-04-13 20:46:46', '2016-04-13 20:46:46'),
(1521, 1, 0, 'Product modifica', 'Product', 286, 2, '2016-04-13 20:47:15', '2016-04-13 20:47:15'),
(1522, 1, 0, 'Product modifica', 'Product', 287, 2, '2016-04-13 20:47:22', '2016-04-13 20:47:22'),
(1523, 1, 0, 'Product modifica', 'Product', 288, 2, '2016-04-13 20:47:35', '2016-04-13 20:47:35'),
(1524, 1, 0, 'Product modifica', 'Product', 335, 2, '2016-04-13 20:48:54', '2016-04-13 20:48:54'),
(1525, 1, 0, 'Product modifica', 'Product', 336, 2, '2016-04-13 20:49:04', '2016-04-13 20:49:04'),
(1526, 1, 0, 'Product modifica', 'Product', 337, 2, '2016-04-13 20:49:07', '2016-04-13 20:49:07'),
(1527, 1, 0, 'Product modifica', 'Product', 338, 2, '2016-04-13 20:49:14', '2016-04-13 20:49:14'),
(1528, 1, 0, 'Product modifica', 'Product', 340, 2, '2016-04-13 20:50:13', '2016-04-13 20:50:13'),
(1529, 1, 0, 'Product modifica', 'Product', 341, 2, '2016-04-13 20:50:15', '2016-04-13 20:50:15'),
(1530, 1, 0, 'Product modifica', 'Product', 339, 2, '2016-04-13 20:51:13', '2016-04-13 20:51:13'),
(1531, 1, 0, 'Connessione al Back Office da 95.233.146.102', '', 0, 2, '2016-04-13 21:12:17', '2016-04-13 21:12:17'),
(1532, 1, 0, 'Product modifica', 'Product', 141, 2, '2016-04-13 21:13:44', '2016-04-13 21:13:44'),
(1533, 1, 0, 'Product modifica', 'Product', 113, 2, '2016-04-13 21:16:22', '2016-04-13 21:16:22'),
(1534, 1, 0, 'Product modifica', 'Product', 113, 2, '2016-04-13 21:17:50', '2016-04-13 21:17:50'),
(1535, 1, 0, 'Product modifica', 'Product', 141, 2, '2016-04-13 21:42:59', '2016-04-13 21:42:59'),
(1536, 1, 0, 'Product modifica', 'Product', 6, 2, '2016-04-13 21:47:50', '2016-04-13 21:47:50'),
(1537, 1, 0, 'Product modifica', 'Product', 7, 2, '2016-04-13 21:47:52', '2016-04-13 21:47:52'),
(1538, 1, 0, 'Product modifica', 'Product', 1, 2, '2016-04-13 21:48:02', '2016-04-13 21:48:02'),
(1539, 1, 0, 'Product modifica', 'Product', 8, 2, '2016-04-13 21:48:27', '2016-04-13 21:48:27'),
(1540, 1, 0, 'Product modifica', 'Product', 17, 2, '2016-04-13 21:48:42', '2016-04-13 21:48:42'),
(1541, 1, 0, 'Product modifica', 'Product', 18, 2, '2016-04-13 21:48:43', '2016-04-13 21:48:43'),
(1542, 1, 0, 'Product modifica', 'Product', 19, 2, '2016-04-13 21:48:46', '2016-04-13 21:48:46'),
(1543, 1, 0, 'Product modifica', 'Product', 21, 2, '2016-04-13 21:49:27', '2016-04-13 21:49:27'),
(1544, 1, 0, 'Product modifica', 'Product', 25, 2, '2016-04-13 21:49:28', '2016-04-13 21:49:28'),
(1545, 1, 0, 'Product modifica', 'Product', 26, 2, '2016-04-13 21:49:28', '2016-04-13 21:49:28'),
(1546, 1, 0, 'Product modifica', 'Product', 27, 2, '2016-04-13 21:49:29', '2016-04-13 21:49:29'),
(1547, 1, 0, 'Product modifica', 'Product', 29, 2, '2016-04-13 21:49:35', '2016-04-13 21:49:35'),
(1548, 1, 0, 'Product modifica', 'Product', 34, 2, '2016-04-13 21:50:03', '2016-04-13 21:50:03'),
(1549, 1, 0, 'Product modifica', 'Product', 36, 2, '2016-04-13 21:50:12', '2016-04-13 21:50:12'),
(1550, 1, 0, 'Product modifica', 'Product', 35, 2, '2016-04-13 21:50:14', '2016-04-13 21:50:14'),
(1551, 1, 0, 'Product modifica', 'Product', 45, 2, '2016-04-13 21:50:54', '2016-04-13 21:50:54'),
(1552, 1, 0, 'Product modifica', 'Product', 46, 2, '2016-04-13 21:50:56', '2016-04-13 21:50:56'),
(1553, 1, 0, 'Product modifica', 'Product', 47, 2, '2016-04-13 21:50:58', '2016-04-13 21:50:58'),
(1554, 1, 0, 'Product modifica', 'Product', 49, 2, '2016-04-13 21:50:59', '2016-04-13 21:50:59'),
(1555, 1, 0, 'Product modifica', 'Product', 53, 2, '2016-04-13 21:51:01', '2016-04-13 21:51:01'),
(1556, 1, 0, 'Product modifica', 'Product', 44, 2, '2016-04-13 21:51:47', '2016-04-13 21:51:47'),
(1557, 1, 0, 'Product modifica', 'Product', 54, 2, '2016-04-13 21:52:56', '2016-04-13 21:52:56'),
(1558, 1, 0, 'Product modifica', 'Product', 55, 2, '2016-04-13 21:53:00', '2016-04-13 21:53:00'),
(1559, 1, 0, 'Product modifica', 'Product', 63, 2, '2016-04-13 21:53:10', '2016-04-13 21:53:10'),
(1560, 1, 0, 'Product modifica', 'Product', 64, 2, '2016-04-13 21:53:11', '2016-04-13 21:53:11'),
(1561, 1, 0, 'Product modifica', 'Product', 66, 2, '2016-04-13 21:53:48', '2016-04-13 21:53:48'),
(1562, 1, 0, 'Product modifica', 'Product', 72, 2, '2016-04-13 21:53:59', '2016-04-13 21:53:59'),
(1563, 1, 0, 'Product modifica', 'Product', 73, 2, '2016-04-13 21:54:03', '2016-04-13 21:54:03'),
(1564, 1, 0, 'Product modifica', 'Product', 71, 2, '2016-04-13 21:54:07', '2016-04-13 21:54:07'),
(1565, 1, 0, 'Product modifica', 'Product', 68, 2, '2016-04-13 21:54:07', '2016-04-13 21:54:07'),
(1566, 1, 0, 'Connessione al Back Office da 95.233.146.102', '', 0, 2, '2016-04-13 23:04:48', '2016-04-13 23:04:48'),
(1567, 1, 0, 'Connessione al Back Office da 93.44.132.139', '', 0, 3, '2016-04-14 18:28:20', '2016-04-14 18:28:20'),
(1568, 1, 0, 'Connessione al Back Office da 93.44.132.139', '', 0, 3, '2016-04-14 18:45:39', '2016-04-14 18:45:39'),
(1569, 1, 0, 'Product modifica', 'Product', 354, 3, '2016-04-14 18:46:51', '2016-04-14 18:46:51'),
(1570, 1, 0, 'Connessione al Back Office da 93.44.132.139', '', 0, 3, '2016-04-14 19:12:56', '2016-04-14 19:12:56'),
(1571, 1, 0, 'Product modifica', 'Product', 355, 3, '2016-04-14 19:16:09', '2016-04-14 19:16:09'),
(1572, 1, 0, 'Aggiunta Category', 'Category', 72, 3, '2016-04-14 19:29:21', '2016-04-14 19:29:21'),
(1573, 1, 0, 'Product modifica', 'Product', 356, 3, '2016-04-14 19:31:48', '2016-04-14 19:31:48'),
(1574, 1, 0, 'Product modifica', 'Product', 357, 3, '2016-04-14 19:34:15', '2016-04-14 19:34:15'),
(1575, 1, 0, 'Product modifica', 'Product', 358, 3, '2016-04-14 19:39:55', '2016-04-14 19:39:55'),
(1576, 1, 0, 'Product modifica', 'Product', 359, 3, '2016-04-14 19:42:39', '2016-04-14 19:42:39'),
(1577, 1, 0, 'Product modifica', 'Product', 360, 3, '2016-04-14 19:50:04', '2016-04-14 19:50:04'),
(1578, 1, 0, 'Connessione al Back Office da 95.233.146.102', '', 0, 2, '2016-04-14 21:41:15', '2016-04-14 21:41:15'),
(1579, 1, 0, 'Product modifica', 'Product', 361, 2, '2016-04-14 21:44:05', '2016-04-14 21:44:05'),
(1580, 1, 0, 'Product modifica', 'Product', 362, 2, '2016-04-14 21:44:35', '2016-04-14 21:44:35'),
(1581, 1, 0, 'Product modifica', 'Product', 369, 2, '2016-04-14 21:45:36', '2016-04-14 21:45:36'),
(1582, 1, 0, 'Product modifica', 'Product', 370, 2, '2016-04-14 21:45:57', '2016-04-14 21:45:57'),
(1583, 1, 0, 'Product modifica', 'Product', 369, 2, '2016-04-14 21:46:29', '2016-04-14 21:46:29'),
(1584, 1, 0, 'Product modifica', 'Product', 370, 2, '2016-04-14 21:47:09', '2016-04-14 21:47:09'),
(1585, 1, 0, 'Category modifica', 'Category', 69, 2, '2016-04-14 21:48:38', '2016-04-14 21:48:38'),
(1586, 1, 0, 'Category modifica', 'Category', 70, 2, '2016-04-14 21:48:50', '2016-04-14 21:48:50'),
(1587, 1, 0, 'Category modifica', 'Category', 71, 2, '2016-04-14 21:49:46', '2016-04-14 21:49:46'),
(1588, 1, 0, 'Category modifica', 'Category', 72, 2, '2016-04-14 21:53:49', '2016-04-14 21:53:49'),
(1589, 1, 0, 'Connessione al Back Office da 93.45.70.103', '', 0, 2, '2016-04-15 18:26:31', '2016-04-15 18:26:31'),
(1590, 1, 0, 'Product modifica', 'Product', 363, 2, '2016-04-15 18:27:54', '2016-04-15 18:27:54'),
(1591, 1, 0, 'Product modifica', 'Product', 371, 2, '2016-04-15 18:30:00', '2016-04-15 18:30:00'),
(1592, 1, 0, 'Product modifica', 'Product', 364, 2, '2016-04-15 18:32:26', '2016-04-15 18:32:26'),
(1593, 1, 0, 'Product modifica', 'Product', 366, 2, '2016-04-15 18:34:41', '2016-04-15 18:34:41'),
(1594, 1, 0, 'Product modifica', 'Product', 367, 2, '2016-04-15 18:36:08', '2016-04-15 18:36:08'),
(1595, 1, 0, 'Product modifica', 'Product', 365, 2, '2016-04-15 18:59:41', '2016-04-15 18:59:41'),
(1596, 1, 0, 'Product modifica', 'Product', 372, 2, '2016-04-15 19:03:23', '2016-04-15 19:03:23'),
(1597, 1, 0, 'Product modifica', 'Product', 368, 2, '2016-04-15 19:04:43', '2016-04-15 19:04:43'),
(1598, 1, 0, 'Importazione Prodotti', '', 0, 2, '2016-04-15 19:06:57', '2016-04-15 19:06:57'),
(1599, 1, 0, 'Product modifica', 'Product', 373, 2, '2016-04-15 19:10:05', '2016-04-15 19:10:05'),
(1600, 1, 0, 'Product modifica', 'Product', 374, 2, '2016-04-15 19:11:30', '2016-04-15 19:11:30'),
(1601, 1, 0, 'Product modifica', 'Product', 368, 2, '2016-04-15 19:12:31', '2016-04-15 19:12:31'),
(1602, 1, 0, 'Product modifica', 'Product', 368, 2, '2016-04-15 19:14:17', '2016-04-15 19:14:17'),
(1603, 1, 0, 'Product modifica', 'Product', 375, 2, '2016-04-15 19:17:26', '2016-04-15 19:17:26'),
(1604, 1, 0, 'Product modifica', 'Product', 376, 2, '2016-04-15 19:20:57', '2016-04-15 19:20:57'),
(1605, 1, 0, 'Product modifica', 'Product', 380, 2, '2016-04-15 19:22:41', '2016-04-15 19:22:41'),
(1606, 1, 0, 'Product modifica', 'Product', 379, 2, '2016-04-15 19:25:39', '2016-04-15 19:25:39'),
(1607, 1, 0, 'Product modifica', 'Product', 379, 2, '2016-04-15 19:26:00', '2016-04-15 19:26:00'),
(1608, 1, 0, 'Product modifica', 'Product', 378, 2, '2016-04-15 19:27:31', '2016-04-15 19:27:31'),
(1609, 1, 0, 'Product modifica', 'Product', 377, 2, '2016-04-15 19:29:31', '2016-04-15 19:29:31'),
(1610, 1, 0, 'Product modifica', 'Product', 116, 2, '2016-04-15 19:36:15', '2016-04-15 19:36:15'),
(1611, 1, 0, 'Product modifica', 'Product', 117, 2, '2016-04-15 19:36:21', '2016-04-15 19:36:21'),
(1612, 1, 0, 'Product modifica', 'Product', 113, 2, '2016-04-15 19:40:00', '2016-04-15 19:40:00'),
(1613, 1, 0, 'Product modifica', 'Product', 141, 2, '2016-04-15 19:55:12', '2016-04-15 19:55:12'),
(1614, 1, 0, 'Product modifica', 'Product', 122, 2, '2016-04-15 20:05:29', '2016-04-15 20:05:29'),
(1615, 1, 0, 'Product modifica', 'Product', 116, 2, '2016-04-15 20:06:18', '2016-04-15 20:06:18'),
(1616, 1, 0, 'Connessione al Back Office da 95.233.146.102', '', 0, 2, '2016-04-16 11:13:21', '2016-04-16 11:13:21'),
(1617, 1, 0, 'Connessione al Back Office da 95.233.146.102', '', 0, 2, '2016-04-16 11:31:26', '2016-04-16 11:31:26'),
(1618, 1, 0, 'Connessione al Back Office da 95.233.146.102', '', 0, 2, '2016-04-16 12:58:34', '2016-04-16 12:58:34'),
(1619, 1, 0, 'Product modifica', 'Product', 375, 2, '2016-04-16 12:59:07', '2016-04-16 12:59:07'),
(1620, 1, 0, 'Product modifica', 'Product', 305, 2, '2016-04-16 12:59:25', '2016-04-16 12:59:25'),
(1621, 1, 0, 'Product modifica', 'Product', 330, 2, '2016-04-16 12:59:32', '2016-04-16 12:59:32'),
(1622, 1, 0, 'Product modifica', 'Product', 329, 2, '2016-04-16 12:59:34', '2016-04-16 12:59:34'),
(1623, 1, 0, 'Product modifica', 'Product', 275, 2, '2016-04-16 13:00:45', '2016-04-16 13:00:45'),
(1624, 1, 0, 'Product modifica', 'Product', 212, 2, '2016-04-16 13:10:01', '2016-04-16 13:10:01'),
(1625, 1, 0, 'Product modifica', 'Product', 213, 2, '2016-04-16 13:10:58', '2016-04-16 13:10:58'),
(1626, 1, 0, 'Product modifica', 'Product', 214, 2, '2016-04-16 13:11:43', '2016-04-16 13:11:43'),
(1627, 1, 0, 'Product modifica', 'Product', 215, 2, '2016-04-16 13:12:12', '2016-04-16 13:12:12'),
(1628, 1, 0, 'Product modifica', 'Product', 216, 2, '2016-04-16 13:12:48', '2016-04-16 13:12:48'),
(1629, 1, 0, 'Product modifica', 'Product', 217, 2, '2016-04-16 13:13:22', '2016-04-16 13:13:22'),
(1630, 1, 0, 'Product modifica', 'Product', 218, 2, '2016-04-16 13:14:17', '2016-04-16 13:14:17'),
(1631, 1, 0, 'Product modifica', 'Product', 219, 2, '2016-04-16 13:14:54', '2016-04-16 13:14:54'),
(1632, 1, 0, 'Product modifica', 'Product', 220, 2, '2016-04-16 13:15:47', '2016-04-16 13:15:47'),
(1633, 1, 0, 'Cancellazione Carrier', 'Carrier', 18, 2, '2016-04-16 13:16:00', '2016-04-16 13:16:00'),
(1634, 1, 0, 'Cancellazione Carrier', 'Carrier', 19, 2, '2016-04-16 13:16:00', '2016-04-16 13:16:00'),
(1635, 1, 0, 'Cancellazione Carrier', 'Carrier', 21, 2, '2016-04-16 13:16:00', '2016-04-16 13:16:00'),
(1636, 1, 0, 'Product modifica', 'Product', 221, 2, '2016-04-16 13:17:32', '2016-04-16 13:17:32'),
(1637, 1, 0, 'Product modifica', 'Product', 222, 2, '2016-04-16 13:18:08', '2016-04-16 13:18:08'),
(1638, 1, 0, 'Product modifica', 'Product', 223, 2, '2016-04-16 13:19:18', '2016-04-16 13:19:18'),
(1639, 1, 0, 'Product modifica', 'Product', 224, 2, '2016-04-16 13:19:36', '2016-04-16 13:19:36'),
(1640, 1, 0, 'Product modifica', 'Product', 225, 2, '2016-04-16 13:19:52', '2016-04-16 13:19:52'),
(1641, 1, 0, 'Product modifica', 'Product', 226, 2, '2016-04-16 13:20:50', '2016-04-16 13:20:50'),
(1642, 1, 0, 'Product modifica', 'Product', 227, 2, '2016-04-16 13:22:08', '2016-04-16 13:22:08'),
(1643, 1, 0, 'Product modifica', 'Product', 228, 2, '2016-04-16 13:22:39', '2016-04-16 13:22:39'),
(1644, 1, 0, 'Product modifica', 'Product', 229, 2, '2016-04-16 13:23:08', '2016-04-16 13:23:08'),
(1645, 1, 0, 'Product modifica', 'Product', 230, 2, '2016-04-16 13:23:40', '2016-04-16 13:23:40'),
(1646, 1, 0, 'Product modifica', 'Product', 231, 2, '2016-04-16 13:24:32', '2016-04-16 13:24:32'),
(1647, 1, 0, 'Product modifica', 'Product', 232, 2, '2016-04-16 13:24:46', '2016-04-16 13:24:46'),
(1648, 1, 0, 'Product modifica', 'Product', 233, 2, '2016-04-16 13:24:56', '2016-04-16 13:24:56'),
(1649, 1, 0, 'Product modifica', 'Product', 233, 2, '2016-04-16 13:25:33', '2016-04-16 13:25:33'),
(1650, 1, 0, 'Product modifica', 'Product', 234, 2, '2016-04-16 13:25:53', '2016-04-16 13:25:53'),
(1651, 1, 0, 'Product modifica', 'Product', 235, 2, '2016-04-16 13:26:38', '2016-04-16 13:26:38'),
(1652, 1, 0, 'Product modifica', 'Product', 236, 2, '2016-04-16 13:26:53', '2016-04-16 13:26:53'),
(1653, 1, 0, 'Product modifica', 'Product', 237, 2, '2016-04-16 13:28:21', '2016-04-16 13:28:21'),
(1654, 1, 0, 'Product modifica', 'Product', 238, 2, '2016-04-16 13:29:48', '2016-04-16 13:29:48'),
(1655, 1, 0, 'Product modifica', 'Product', 239, 2, '2016-04-16 13:30:09', '2016-04-16 13:30:09'),
(1656, 1, 0, 'Product modifica', 'Product', 240, 2, '2016-04-16 13:34:32', '2016-04-16 13:34:32'),
(1657, 1, 0, 'Product modifica', 'Product', 241, 2, '2016-04-16 13:34:58', '2016-04-16 13:34:58'),
(1658, 1, 0, 'Product modifica', 'Product', 242, 2, '2016-04-16 13:35:50', '2016-04-16 13:35:50'),
(1659, 1, 0, 'Product modifica', 'Product', 243, 2, '2016-04-16 13:36:52', '2016-04-16 13:36:52'),
(1660, 1, 0, 'Product modifica', 'Product', 244, 2, '2016-04-16 13:37:21', '2016-04-16 13:37:21'),
(1661, 1, 0, 'Product modifica', 'Product', 245, 2, '2016-04-16 13:37:42', '2016-04-16 13:37:42'),
(1662, 1, 0, 'Product modifica', 'Product', 249, 2, '2016-04-16 13:39:07', '2016-04-16 13:39:07'),
(1663, 1, 0, 'Product modifica', 'Product', 254, 2, '2016-04-16 13:39:19', '2016-04-16 13:39:19'),
(1664, 1, 0, 'Product modifica', 'Product', 250, 2, '2016-04-16 13:39:20', '2016-04-16 13:39:20'),
(1665, 1, 0, 'Product modifica', 'Product', 253, 2, '2016-04-16 13:39:21', '2016-04-16 13:39:21'),
(1666, 1, 0, 'Product modifica', 'Product', 252, 2, '2016-04-16 13:39:25', '2016-04-16 13:39:25'),
(1667, 1, 0, 'Product modifica', 'Product', 251, 2, '2016-04-16 13:39:25', '2016-04-16 13:39:25'),
(1668, 1, 0, 'Product modifica', 'Product', 99, 2, '2016-04-16 13:52:41', '2016-04-16 13:52:41'),
(1669, 1, 0, 'Product modifica', 'Product', 141, 2, '2016-04-16 13:56:27', '2016-04-16 13:56:27'),
(1670, 1, 0, 'Product modifica', 'Product', 133, 2, '2016-04-16 13:56:30', '2016-04-16 13:56:30'),
(1671, 1, 0, 'Product modifica', 'Product', 121, 2, '2016-04-16 13:56:33', '2016-04-16 13:56:33'),
(1672, 1, 0, 'Product modifica', 'Product', 121, 2, '2016-04-16 13:56:36', '2016-04-16 13:56:36'),
(1673, 1, 0, 'Connessione al Back Office da 95.233.146.102', '', 0, 2, '2016-04-16 14:13:00', '2016-04-16 14:13:00'),
(1674, 1, 0, 'Product modifica', 'Product', 357, 2, '2016-04-16 14:15:31', '2016-04-16 14:15:31'),
(1675, 1, 0, 'Product modifica', 'Product', 356, 2, '2016-04-16 14:15:35', '2016-04-16 14:15:35'),
(1676, 1, 0, 'Product modifica', 'Product', 357, 2, '2016-04-16 14:15:36', '2016-04-16 14:15:36'),
(1677, 1, 0, 'Product modifica', 'Product', 358, 2, '2016-04-16 14:15:39', '2016-04-16 14:15:39'),
(1678, 1, 0, 'Connessione al Back Office da 95.233.146.102', '', 0, 2, '2016-04-17 11:03:12', '2016-04-17 11:03:12'),
(1679, 1, 0, 'Product modifica', 'Product', 361, 2, '2016-04-17 11:10:16', '2016-04-17 11:10:16'),
(1680, 1, 0, 'Product modifica', 'Product', 360, 2, '2016-04-17 11:11:16', '2016-04-17 11:11:16'),
(1681, 1, 0, 'Product modifica', 'Product', 362, 2, '2016-04-17 11:11:28', '2016-04-17 11:11:28'),
(1682, 1, 0, 'Product modifica', 'Product', 361, 2, '2016-04-17 11:13:01', '2016-04-17 11:13:01'),
(1683, 1, 0, 'Product modifica', 'Product', 362, 2, '2016-04-17 11:13:41', '2016-04-17 11:13:41'),
(1684, 1, 0, 'Product modifica', 'Product', 361, 2, '2016-04-17 11:17:56', '2016-04-17 11:17:56'),
(1685, 1, 0, 'Product modifica', 'Product', 362, 2, '2016-04-17 11:18:05', '2016-04-17 11:18:05'),
(1686, 1, 0, 'Product modifica', 'Product', 363, 2, '2016-04-17 11:23:55', '2016-04-17 11:23:55'),
(1687, 1, 0, 'Connessione al Back Office da 95.233.146.102', '', 0, 2, '2016-04-17 15:44:29', '2016-04-17 15:44:29'),
(1688, 1, 0, 'Product modifica', 'Product', 358, 2, '2016-04-17 15:54:25', '2016-04-17 15:54:25'),
(1689, 1, 0, 'Product modifica', 'Product', 357, 2, '2016-04-17 15:54:27', '2016-04-17 15:54:27'),
(1690, 1, 0, 'Product modifica', 'Product', 356, 2, '2016-04-17 15:54:33', '2016-04-17 15:54:33'),
(1691, 1, 0, 'Product modifica', 'Product', 361, 2, '2016-04-17 15:55:21', '2016-04-17 15:55:21'),
(1692, 1, 0, 'Product modifica', 'Product', 362, 2, '2016-04-17 15:55:32', '2016-04-17 15:55:32'),
(1693, 1, 0, 'Product modifica', 'Product', 375, 2, '2016-04-17 15:55:43', '2016-04-17 15:55:43'),
(1694, 1, 0, 'Product modifica', 'Product', 375, 2, '2016-04-17 15:57:57', '2016-04-17 15:57:57'),
(1695, 1, 0, 'Connessione al Back Office da 95.233.146.102', '', 0, 2, '2016-04-17 16:28:08', '2016-04-17 16:28:08'),
(1696, 1, 0, 'Product modifica', 'Product', 327, 2, '2016-04-17 16:28:37', '2016-04-17 16:28:37'),
(1697, 1, 0, 'Product modifica', 'Product', 322, 2, '2016-04-17 16:29:23', '2016-04-17 16:29:23'),
(1698, 1, 0, 'Product modifica', 'Product', 321, 2, '2016-04-17 16:29:27', '2016-04-17 16:29:27'),
(1699, 1, 0, 'Product modifica', 'Product', 323, 2, '2016-04-17 16:29:52', '2016-04-17 16:29:52'),
(1700, 1, 0, 'Product modifica', 'Product', 321, 2, '2016-04-17 16:29:59', '2016-04-17 16:29:59'),
(1701, 1, 0, 'Product modifica', 'Product', 322, 2, '2016-04-17 16:30:07', '2016-04-17 16:30:07'),
(1702, 1, 0, 'Product modifica', 'Product', 324, 2, '2016-04-17 16:30:10', '2016-04-17 16:30:10'),
(1703, 1, 0, 'Product modifica', 'Product', 326, 2, '2016-04-17 16:30:14', '2016-04-17 16:30:14'),
(1704, 1, 0, 'Product modifica', 'Product', 327, 2, '2016-04-17 16:30:17', '2016-04-17 16:30:17'),
(1705, 1, 0, 'Product modifica', 'Product', 329, 2, '2016-04-17 16:30:25', '2016-04-17 16:30:25'),
(1706, 1, 0, 'Product modifica', 'Product', 330, 2, '2016-04-17 16:30:29', '2016-04-17 16:30:29'),
(1707, 1, 0, 'Product modifica', 'Product', 331, 2, '2016-04-17 16:30:43', '2016-04-17 16:30:43'),
(1708, 1, 0, 'Product modifica', 'Product', 332, 2, '2016-04-17 16:30:50', '2016-04-17 16:30:50'),
(1709, 1, 0, 'Product modifica', 'Product', 333, 2, '2016-04-17 16:30:52', '2016-04-17 16:30:52'),
(1710, 1, 0, 'Product modifica', 'Product', 334, 2, '2016-04-17 16:30:57', '2016-04-17 16:30:57'),
(1711, 1, 0, 'Connessione al Back Office da 95.233.146.102', '', 0, 2, '2016-04-17 22:05:12', '2016-04-17 22:05:12'),
(1712, 1, 0, 'Product modifica', 'Product', 99, 1, '2016-04-17 22:30:47', '2016-04-17 22:30:47'),
(1713, 1, 0, 'Connessione al Back Office da 95.233.146.102', '', 0, 2, '2016-04-17 23:45:14', '2016-04-17 23:45:14'),
(1714, 1, 0, 'Product modifica', 'Product', 376, 2, '2016-04-17 23:58:24', '2016-04-17 23:58:24'),
(1715, 1, 0, 'Connessione al Back Office da 95.233.146.102', '', 0, 2, '2016-04-18 13:47:30', '2016-04-18 13:47:30'),
(1716, 1, 0, 'Product modifica', 'Product', 6, 2, '2016-04-18 13:48:37', '2016-04-18 13:48:37'),
(1717, 1, 0, 'Product modifica', 'Product', 7, 2, '2016-04-18 13:48:46', '2016-04-18 13:48:46'),
(1718, 1, 0, 'Product modifica', 'Product', 8, 2, '2016-04-18 13:48:53', '2016-04-18 13:48:53'),
(1719, 1, 0, 'Product modifica', 'Product', 17, 2, '2016-04-18 13:49:04', '2016-04-18 13:49:04'),
(1720, 1, 0, 'Product modifica', 'Product', 17, 2, '2016-04-18 13:49:11', '2016-04-18 13:49:11'),
(1721, 1, 0, 'Product modifica', 'Product', 18, 2, '2016-04-18 13:49:17', '2016-04-18 13:49:17'),
(1722, 1, 0, 'Product modifica', 'Product', 19, 2, '2016-04-18 13:49:23', '2016-04-18 13:49:23'),
(1723, 1, 0, 'Product modifica', 'Product', 21, 2, '2016-04-18 13:49:29', '2016-04-18 13:49:29'),
(1724, 1, 0, 'Product modifica', 'Product', 53, 2, '2016-04-18 13:50:07', '2016-04-18 13:50:07'),
(1725, 1, 0, 'Product modifica', 'Product', 49, 2, '2016-04-18 13:50:13', '2016-04-18 13:50:13'),
(1726, 1, 0, 'Product modifica', 'Product', 47, 2, '2016-04-18 13:50:18', '2016-04-18 13:50:18'),
(1727, 1, 0, 'Product modifica', 'Product', 46, 2, '2016-04-18 13:50:28', '2016-04-18 13:50:28'),
(1728, 1, 0, 'Product modifica', 'Product', 45, 2, '2016-04-18 13:50:34', '2016-04-18 13:50:34'),
(1729, 1, 0, 'Product modifica', 'Product', 345, 2, '2016-04-18 13:51:49', '2016-04-18 13:51:49'),
(1730, 1, 0, 'Product modifica', 'Product', 345, 2, '2016-04-18 13:52:46', '2016-04-18 13:52:46'),
(1731, 1, 0, 'Product modifica', 'Product', 346, 2, '2016-04-18 13:52:59', '2016-04-18 13:52:59'),
(1732, 1, 0, 'Product modifica', 'Product', 359, 2, '2016-04-18 13:53:04', '2016-04-18 13:53:04'),
(1733, 1, 0, 'Connessione al Back Office da 93.35.194.222', '', 0, 1, '2016-04-26 17:09:19', '2016-04-26 17:09:19'),
(1734, 1, 0, 'Connessione al Back Office da 93.35.194.222', '', 0, 1, '2016-04-26 18:49:57', '2016-04-26 18:49:57'),
(1735, 1, 0, 'Connessione al Back Office da 93.45.60.168', '', 0, 1, '2016-04-28 15:52:06', '2016-04-28 15:52:06'),
(1736, 1, 0, 'Connessione al Back Office da 93.45.60.168', '', 0, 2, '2016-04-28 15:54:46', '2016-04-28 15:54:46'),
(1737, 1, 0, 'Connessione al Back Office da 93.45.60.168', '', 0, 4, '2016-04-28 15:59:10', '2016-04-28 15:59:10'),
(1738, 1, 0, 'Connessione al Back Office da 93.45.60.168', '', 0, 2, '2016-04-28 17:22:26', '2016-04-28 17:22:26'),
(1739, 1, 0, 'Cancellazione Carrier', 'Carrier', 37, 2, '2016-04-28 17:23:09', '2016-04-28 17:23:09'),
(1740, 1, 0, 'Cancellazione Carrier', 'Carrier', 40, 2, '2016-04-28 17:23:09', '2016-04-28 17:23:09'),
(1741, 1, 0, 'Connessione al Back Office da 151.70.4.118', '', 0, 1, '2016-04-30 10:34:56', '2016-04-30 10:34:56'),
(1742, 1, 0, 'Frontcontroller::init - Cart cannot be loaded or an order has already been placed using this cart', 'Cart', 83, 0, '2016-05-03 10:25:26', '2016-05-03 10:25:26'),
(1743, 1, 0, 'Connessione al Back Office da 93.44.159.35', '', 0, 2, '2016-05-05 16:48:37', '2016-05-05 16:48:37'),
(1744, 1, 0, 'Product modifica', 'Product', 122, 2, '2016-05-05 16:49:54', '2016-05-05 16:49:54'),
(1745, 1, 0, 'Connessione al Back Office da 93.44.159.35', '', 0, 2, '2016-05-05 18:39:52', '2016-05-05 18:39:52'),
(1746, 1, 0, 'Importazione Prodotti', '', 0, 2, '2016-05-05 18:43:09', '2016-05-05 18:43:09'),
(1747, 1, 0, 'Product modifica', 'Product', 381, 2, '2016-05-05 18:45:54', '2016-05-05 18:45:54'),
(1748, 1, 0, 'Product modifica', 'Product', 381, 2, '2016-05-05 18:47:41', '2016-05-05 18:47:41'),
(1749, 1, 0, 'Product modifica', 'Product', 381, 2, '2016-05-05 18:48:45', '2016-05-05 18:48:45'),
(1750, 1, 0, 'Product modifica', 'Product', 382, 2, '2016-05-05 18:50:31', '2016-05-05 18:50:31'),
(1751, 1, 0, 'Product modifica', 'Product', 383, 2, '2016-05-05 18:52:55', '2016-05-05 18:52:55'),
(1752, 1, 0, 'Product modifica', 'Product', 384, 2, '2016-05-05 18:56:03', '2016-05-05 18:56:03'),
(1753, 1, 0, 'Product modifica', 'Product', 385, 2, '2016-05-05 18:59:48', '2016-05-05 18:59:48'),
(1754, 1, 0, 'Product modifica', 'Product', 386, 2, '2016-05-05 19:01:23', '2016-05-05 19:01:23'),
(1755, 1, 0, 'Product modifica', 'Product', 387, 2, '2016-05-05 19:02:37', '2016-05-05 19:02:37'),
(1756, 1, 0, 'Product modifica', 'Product', 386, 2, '2016-05-05 19:02:57', '2016-05-05 19:02:57'),
(1757, 1, 0, 'Connessione al Back Office da 79.42.30.37', '', 0, 2, '2016-05-05 19:30:08', '2016-05-05 19:30:08'),
(1758, 1, 0, 'Product modifica', 'Product', 388, 2, '2016-05-05 19:32:57', '2016-05-05 19:32:57'),
(1759, 1, 0, 'Product modifica', 'Product', 389, 2, '2016-05-05 19:34:05', '2016-05-05 19:34:05'),
(1760, 1, 0, 'Product modifica', 'Product', 389, 2, '2016-05-05 19:34:14', '2016-05-05 19:34:14'),
(1761, 1, 0, 'Product modifica', 'Product', 390, 2, '2016-05-05 19:35:06', '2016-05-05 19:35:06'),
(1762, 1, 0, 'Product modifica', 'Product', 391, 2, '2016-05-05 19:40:43', '2016-05-05 19:40:43'),
(1763, 1, 0, 'Product modifica', 'Product', 392, 2, '2016-05-05 19:41:52', '2016-05-05 19:41:52'),
(1764, 1, 0, 'Connessione al Back Office da 193.205.162.64', '', 0, 2, '2016-05-06 13:57:03', '2016-05-06 13:57:03'),
(1765, 1, 0, 'Cancellazione Product', 'Product', 390, 2, '2016-05-06 14:23:48', '2016-05-06 14:23:48'),
(1766, 1, 0, 'Product modifica', 'Product', 393, 2, '2016-05-06 14:26:40', '2016-05-06 14:26:40'),
(1767, 1, 0, 'Product modifica', 'Product', 394, 2, '2016-05-06 14:28:28', '2016-05-06 14:28:28'),
(1768, 1, 0, 'Product modifica', 'Product', 395, 2, '2016-05-06 14:30:06', '2016-05-06 14:30:06'),
(1769, 1, 0, 'Product modifica', 'Product', 396, 2, '2016-05-06 14:31:15', '2016-05-06 14:31:15'),
(1770, 1, 0, 'Product modifica', 'Product', 397, 2, '2016-05-06 14:32:45', '2016-05-06 14:32:45'),
(1771, 1, 0, 'Product modifica', 'Product', 398, 2, '2016-05-06 14:34:04', '2016-05-06 14:34:04'),
(1772, 1, 0, 'Product modifica', 'Product', 361, 2, '2016-05-06 14:34:38', '2016-05-06 14:34:38'),
(1773, 1, 0, 'Product modifica', 'Product', 382, 2, '2016-05-06 14:35:15', '2016-05-06 14:35:15'),
(1774, 1, 0, 'Product modifica', 'Product', 383, 2, '2016-05-06 14:35:26', '2016-05-06 14:35:26'),
(1775, 1, 0, 'Product modifica', 'Product', 384, 2, '2016-05-06 14:35:28', '2016-05-06 14:35:28'),
(1776, 1, 0, 'Product modifica', 'Product', 385, 2, '2016-05-06 14:35:30', '2016-05-06 14:35:30'),
(1777, 1, 0, 'Product modifica', 'Product', 386, 2, '2016-05-06 14:35:32', '2016-05-06 14:35:32'),
(1778, 1, 0, 'Product modifica', 'Product', 375, 2, '2016-05-06 14:36:08', '2016-05-06 14:36:08'),
(1779, 1, 0, 'Product modifica', 'Product', 391, 2, '2016-05-06 14:36:26', '2016-05-06 14:36:26'),
(1780, 1, 0, 'Product modifica', 'Product', 392, 2, '2016-05-06 14:36:29', '2016-05-06 14:36:29'),
(1781, 1, 0, 'Product modifica', 'Product', 389, 2, '2016-05-06 14:36:31', '2016-05-06 14:36:31'),
(1782, 1, 0, 'Product modifica', 'Product', 388, 2, '2016-05-06 14:36:32', '2016-05-06 14:36:32'),
(1783, 1, 0, 'Product modifica', 'Product', 387, 2, '2016-05-06 14:36:34', '2016-05-06 14:36:34'),
(1784, 1, 0, 'Product modifica', 'Product', 393, 2, '2016-05-06 14:37:09', '2016-05-06 14:37:09'),
(1785, 1, 0, 'Product modifica', 'Product', 394, 2, '2016-05-06 14:37:31', '2016-05-06 14:37:31'),
(1786, 1, 0, 'Product modifica', 'Product', 395, 2, '2016-05-06 14:37:33', '2016-05-06 14:37:33'),
(1787, 1, 0, 'Product modifica', 'Product', 396, 2, '2016-05-06 14:37:35', '2016-05-06 14:37:35'),
(1788, 1, 0, 'Product modifica', 'Product', 397, 2, '2016-05-06 14:37:37', '2016-05-06 14:37:37'),
(1789, 1, 0, 'Product modifica', 'Product', 398, 2, '2016-05-06 14:37:38', '2016-05-06 14:37:38'),
(1790, 1, 0, 'Product modifica', 'Product', 399, 2, '2016-05-06 14:39:30', '2016-05-06 14:39:30'),
(1791, 1, 0, 'Product modifica', 'Product', 400, 2, '2016-05-06 14:40:34', '2016-05-06 14:40:34'),
(1792, 1, 0, 'Product modifica', 'Product', 401, 2, '2016-05-06 14:41:41', '2016-05-06 14:41:41'),
(1793, 1, 0, 'Product modifica', 'Product', 402, 2, '2016-05-06 14:44:26', '2016-05-06 14:44:26'),
(1794, 1, 0, 'Product modifica', 'Product', 403, 2, '2016-05-06 14:46:08', '2016-05-06 14:46:08'),
(1795, 1, 0, 'Product modifica', 'Product', 404, 2, '2016-05-06 14:47:07', '2016-05-06 14:47:07'),
(1796, 1, 0, 'Product modifica', 'Product', 405, 2, '2016-05-06 14:48:06', '2016-05-06 14:48:06'),
(1797, 1, 0, 'Product modifica', 'Product', 406, 2, '2016-05-06 14:49:09', '2016-05-06 14:49:09'),
(1798, 1, 0, 'Product modifica', 'Product', 406, 2, '2016-05-06 14:49:26', '2016-05-06 14:49:26'),
(1799, 1, 0, 'Product modifica', 'Product', 407, 2, '2016-05-06 14:52:02', '2016-05-06 14:52:02'),
(1800, 1, 0, 'Product modifica', 'Product', 408, 2, '2016-05-06 14:53:56', '2016-05-06 14:53:56'),
(1801, 1, 0, 'Product modifica', 'Product', 409, 2, '2016-05-06 14:54:08', '2016-05-06 14:54:08'),
(1802, 1, 0, 'Product modifica', 'Product', 410, 2, '2016-05-06 14:58:25', '2016-05-06 14:58:25'),
(1803, 1, 0, 'Product modifica', 'Product', 410, 2, '2016-05-06 14:59:33', '2016-05-06 14:59:33'),
(1804, 1, 0, 'Product modifica', 'Product', 367, 2, '2016-05-06 15:04:01', '2016-05-06 15:04:01'),
(1805, 1, 0, 'Product modifica', 'Product', 356, 2, '2016-05-06 15:04:32', '2016-05-06 15:04:32'),
(1806, 1, 0, 'Connessione al Back Office da 93.44.157.64', '', 0, 2, '2016-05-09 10:23:26', '2016-05-09 10:23:26'),
(1807, 1, 0, 'Connessione al Back Office da 93.44.139.176', '', 0, 2, '2016-05-09 19:15:59', '2016-05-09 19:15:59'),
(1808, 1, 0, 'Connessione al Back Office da 93.44.139.176', '', 0, 3, '2016-05-09 19:17:55', '2016-05-09 19:17:55'),
(1809, 1, 0, 'Importazione Prodotti', '', 0, 2, '2016-05-09 19:18:47', '2016-05-09 19:18:47'),
(1810, 1, 0, 'Connessione al Back Office da 79.42.197.243', '', 0, 2, '2016-05-09 21:07:06', '2016-05-09 21:07:06'),
(1811, 1, 0, 'Product modifica', 'Product', 411, 2, '2016-05-09 21:09:25', '2016-05-09 21:09:25'),
(1812, 1, 0, 'Product modifica', 'Product', 412, 2, '2016-05-09 21:10:51', '2016-05-09 21:10:51'),
(1813, 1, 0, 'Product modifica', 'Product', 413, 2, '2016-05-09 21:12:09', '2016-05-09 21:12:09'),
(1814, 1, 0, 'Product modifica', 'Product', 414, 2, '2016-05-09 21:14:07', '2016-05-09 21:14:07'),
(1815, 1, 0, 'Product modifica', 'Product', 415, 2, '2016-05-09 21:15:27', '2016-05-09 21:15:27'),
(1816, 1, 0, 'Product modifica', 'Product', 416, 2, '2016-05-09 21:17:59', '2016-05-09 21:17:59'),
(1817, 1, 0, 'Product modifica', 'Product', 417, 2, '2016-05-09 21:19:35', '2016-05-09 21:19:35'),
(1818, 1, 0, 'Product modifica', 'Product', 418, 2, '2016-05-09 21:20:55', '2016-05-09 21:20:55'),
(1819, 1, 0, 'Product modifica', 'Product', 419, 2, '2016-05-09 21:23:14', '2016-05-09 21:23:14'),
(1820, 1, 0, 'Product modifica', 'Product', 420, 2, '2016-05-09 21:27:06', '2016-05-09 21:27:06'),
(1821, 1, 0, 'Product modifica', 'Product', 420, 2, '2016-05-09 21:27:29', '2016-05-09 21:27:29'),
(1822, 1, 0, 'Product modifica', 'Product', 421, 2, '2016-05-09 21:28:35', '2016-05-09 21:28:35'),
(1823, 1, 0, 'Product modifica', 'Product', 422, 2, '2016-05-09 21:30:07', '2016-05-09 21:30:07'),
(1824, 1, 0, 'Connessione al Back Office da 193.205.162.64', '', 0, 2, '2016-05-10 15:43:26', '2016-05-10 15:43:26'),
(1825, 1, 0, 'Product modifica', 'Product', 423, 2, '2016-05-10 15:46:13', '2016-05-10 15:46:13'),
(1826, 1, 0, 'Product modifica', 'Product', 424, 2, '2016-05-10 15:48:41', '2016-05-10 15:48:41'),
(1827, 1, 0, 'Product modifica', 'Product', 425, 2, '2016-05-10 15:51:24', '2016-05-10 15:51:24'),
(1828, 1, 0, 'Connessione al Back Office da 79.42.197.243', '', 0, 2, '2016-05-11 11:34:01', '2016-05-11 11:34:01'),
(1829, 1, 0, 'Product modifica', 'Product', 426, 2, '2016-05-11 11:37:49', '2016-05-11 11:37:49'),
(1830, 1, 0, 'Product modifica', 'Product', 427, 2, '2016-05-11 11:39:01', '2016-05-11 11:39:01'),
(1831, 1, 0, 'Product modifica', 'Product', 427, 2, '2016-05-11 11:39:19', '2016-05-11 11:39:19'),
(1832, 1, 0, 'Product modifica', 'Product', 428, 2, '2016-05-11 11:48:15', '2016-05-11 11:48:15'),
(1833, 1, 0, 'Product modifica', 'Product', 429, 2, '2016-05-11 11:50:49', '2016-05-11 11:50:49'),
(1834, 1, 0, 'Product modifica', 'Product', 431, 2, '2016-05-11 11:54:03', '2016-05-11 11:54:03'),
(1835, 1, 0, 'Connessione al Back Office da 93.44.139.176', '', 0, 2, '2016-05-12 15:34:47', '2016-05-12 15:34:47'),
(1836, 1, 0, 'Product modifica', 'Product', 432, 2, '2016-05-12 15:36:18', '2016-05-12 15:36:18'),
(1837, 1, 0, 'Product modifica', 'Product', 432, 2, '2016-05-12 15:37:07', '2016-05-12 15:37:07'),
(1838, 1, 0, 'Product modifica', 'Product', 433, 2, '2016-05-12 15:39:58', '2016-05-12 15:39:58'),
(1839, 1, 0, 'Product modifica', 'Product', 434, 2, '2016-05-12 15:42:02', '2016-05-12 15:42:02'),
(1840, 1, 0, 'Connessione al Back Office da 93.44.139.176', '', 0, 1, '2016-05-12 15:44:58', '2016-05-12 15:44:58'),
(1841, 1, 0, 'Product modifica', 'Product', 435, 2, '2016-05-12 15:46:23', '2016-05-12 15:46:23'),
(1842, 1, 0, 'Product modifica', 'Product', 436, 2, '2016-05-12 15:51:13', '2016-05-12 15:51:13'),
(1843, 1, 0, 'Product modifica', 'Product', 437, 2, '2016-05-12 15:53:03', '2016-05-12 15:53:03'),
(1844, 1, 0, 'Product modifica', 'Product', 438, 2, '2016-05-12 15:58:14', '2016-05-12 15:58:14'),
(1845, 1, 0, 'Product modifica', 'Product', 439, 2, '2016-05-12 15:59:46', '2016-05-12 15:59:46'),
(1846, 1, 0, 'Product modifica', 'Product', 440, 2, '2016-05-12 16:01:32', '2016-05-12 16:01:32'),
(1847, 1, 0, 'Product modifica', 'Product', 441, 2, '2016-05-12 16:07:15', '2016-05-12 16:07:15'),
(1848, 1, 0, 'Product modifica', 'Product', 442, 2, '2016-05-12 16:09:56', '2016-05-12 16:09:56'),
(1849, 1, 0, 'Connessione al Back Office da 93.44.139.176', '', 0, 2, '2016-05-12 16:38:43', '2016-05-12 16:38:43'),
(1850, 1, 0, 'Product modifica', 'Product', 443, 2, '2016-05-12 16:41:03', '2016-05-12 16:41:03'),
(1851, 1, 0, 'Product modifica', 'Product', 444, 2, '2016-05-12 16:43:07', '2016-05-12 16:43:07'),
(1852, 1, 0, 'Product modifica', 'Product', 443, 2, '2016-05-12 16:44:22', '2016-05-12 16:44:22'),
(1853, 1, 0, 'Product modifica', 'Product', 445, 2, '2016-05-12 16:48:28', '2016-05-12 16:48:28'),
(1854, 1, 0, 'Product modifica', 'Product', 446, 2, '2016-05-12 16:49:59', '2016-05-12 16:49:59'),
(1855, 1, 0, 'Product modifica', 'Product', 447, 2, '2016-05-12 16:59:12', '2016-05-12 16:59:12'),
(1856, 1, 0, 'Product modifica', 'Product', 447, 2, '2016-05-12 17:00:57', '2016-05-12 17:00:57'),
(1857, 1, 0, 'Product modifica', 'Product', 448, 2, '2016-05-12 17:02:54', '2016-05-12 17:02:54'),
(1858, 1, 0, 'Connessione al Back Office da 193.205.162.64', '', 0, 2, '2016-05-13 13:17:25', '2016-05-13 13:17:25'),
(1859, 1, 0, 'Product modifica', 'Product', 450, 2, '2016-05-13 13:26:08', '2016-05-13 13:26:08'),
(1860, 1, 0, 'Product modifica', 'Product', 449, 2, '2016-05-13 13:26:59', '2016-05-13 13:26:59'),
(1861, 1, 0, 'Product modifica', 'Product', 451, 2, '2016-05-13 13:28:02', '2016-05-13 13:28:02'),
(1862, 1, 0, 'Product modifica', 'Product', 451, 2, '2016-05-13 13:29:52', '2016-05-13 13:29:52'),
(1863, 1, 0, 'Product modifica', 'Product', 452, 2, '2016-05-13 13:33:03', '2016-05-13 13:33:03'),
(1864, 1, 0, 'Connessione al Back Office da 79.47.30.170', '', 0, 2, '2016-05-15 15:54:36', '2016-05-15 15:54:36'),
(1865, 1, 0, 'Product modifica', 'Product', 453, 2, '2016-05-15 15:59:52', '2016-05-15 15:59:52'),
(1866, 1, 0, 'Product modifica', 'Product', 456, 2, '2016-05-15 16:02:41', '2016-05-15 16:02:41'),
(1867, 1, 0, 'Product modifica', 'Product', 456, 2, '2016-05-15 16:03:23', '2016-05-15 16:03:23'),
(1868, 1, 0, 'Connessione al Back Office da 79.47.30.170', '', 0, 2, '2016-05-15 19:28:19', '2016-05-15 19:28:19'),
(1869, 1, 0, 'Connessione al Back Office da 212.171.2.205', '', 0, 2, '2016-05-18 19:57:30', '2016-05-18 19:57:30'),
(1870, 1, 0, 'Connessione al Back Office da 151.70.19.131', '', 0, 1, '2016-05-18 22:50:11', '2016-05-18 22:50:11'),
(1871, 1, 0, 'Connessione al Back Office da 212.171.2.205', '', 0, 2, '2016-05-18 22:53:21', '2016-05-18 22:53:21'),
(1872, 1, 0, 'Connessione al Back Office da 212.171.2.205', '', 0, 2, '2016-05-18 23:22:26', '2016-05-18 23:22:26'),
(1873, 1, 0, 'Connessione al Back Office da 93.45.58.68', '', 0, 4, '2016-05-19 15:57:47', '2016-05-19 15:57:47'),
(1874, 1, 0, 'Connessione al Back Office da 93.45.58.68', '', 0, 2, '2016-05-19 16:11:21', '2016-05-19 16:11:21'),
(1875, 1, 0, 'Importazione Prodotti', '', 0, 2, '2016-05-19 16:18:14', '2016-05-19 16:18:14'),
(1876, 1, 0, 'Product modifica', 'Product', 457, 2, '2016-05-19 16:20:27', '2016-05-19 16:20:27'),
(1877, 1, 0, 'Product modifica', 'Product', 457, 2, '2016-05-19 16:24:10', '2016-05-19 16:24:10'),
(1878, 1, 0, 'Connessione al Back Office da 93.45.58.68', '', 0, 4, '2016-05-19 16:39:35', '2016-05-19 16:39:35'),
(1879, 1, 0, 'Connessione al Back Office da 93.45.58.68', '', 0, 4, '2016-05-19 16:59:37', '2016-05-19 16:59:37'),
(1880, 1, 0, 'Connessione al Back Office da 93.45.58.68', '', 0, 2, '2016-05-19 16:59:39', '2016-05-19 16:59:39'),
(1881, 1, 0, 'Connessione al Back Office da 93.45.58.68', '', 0, 1, '2016-05-19 17:03:23', '2016-05-19 17:03:23'),
(1882, 1, 0, 'Product modifica', 'Product', 458, 4, '2016-05-19 17:07:14', '2016-05-19 17:07:14'),
(1883, 1, 0, 'Product modifica', 'Product', 469, 2, '2016-05-19 17:07:15', '2016-05-19 17:07:15'),
(1884, 1, 0, 'Product modifica', 'Product', 470, 2, '2016-05-19 17:10:18', '2016-05-19 17:10:18'),
(1885, 1, 0, 'Product modifica', 'Product', 459, 4, '2016-05-19 17:11:21', '2016-05-19 17:11:21'),
(1886, 1, 0, 'Product modifica', 'Product', 471, 2, '2016-05-19 17:11:38', '2016-05-19 17:11:38'),
(1887, 1, 0, 'Product modifica', 'Product', 458, 4, '2016-05-19 17:11:48', '2016-05-19 17:11:48'),
(1888, 1, 0, 'Product modifica', 'Product', 468, 2, '2016-05-19 17:13:09', '2016-05-19 17:13:09'),
(1889, 1, 0, 'Product modifica', 'Product', 459, 4, '2016-05-19 17:13:40', '2016-05-19 17:13:40'),
(1890, 1, 0, 'Product modifica', 'Product', 460, 4, '2016-05-19 17:15:11', '2016-05-19 17:15:11'),
(1891, 1, 0, 'Product modifica', 'Product', 467, 2, '2016-05-19 17:15:20', '2016-05-19 17:15:20'),
(1892, 1, 0, 'Product modifica', 'Product', 466, 2, '2016-05-19 17:18:42', '2016-05-19 17:18:42'),
(1893, 1, 0, 'Product modifica', 'Product', 465, 2, '2016-05-19 17:20:13', '2016-05-19 17:20:13'),
(1894, 1, 0, 'Product modifica', 'Product', 463, 2, '2016-05-19 17:23:33', '2016-05-19 17:23:33'),
(1895, 1, 0, 'Product modifica', 'Product', 464, 2, '2016-05-19 17:25:32', '2016-05-19 17:25:32'),
(1896, 1, 0, 'Product modifica', 'Product', 461, 4, '2016-05-19 17:25:52', '2016-05-19 17:25:52'),
(1897, 1, 0, 'Product modifica', 'Product', 462, 2, '2016-05-19 17:27:53', '2016-05-19 17:27:53'),
(1898, 1, 0, 'Product modifica', 'Product', 461, 2, '2016-05-19 17:28:42', '2016-05-19 17:28:42'),
(1899, 1, 0, 'Product modifica', 'Product', 455, 2, '2016-05-19 17:38:43', '2016-05-19 17:38:43'),
(1900, 1, 0, 'Product modifica', 'Product', 454, 2, '2016-05-19 17:39:45', '2016-05-19 17:39:45'),
(1901, 1, 0, 'Product modifica', 'Product', 454, 2, '2016-05-19 17:40:29', '2016-05-19 17:40:29'),
(1902, 1, 0, 'Product modifica', 'Product', 461, 2, '2016-05-19 17:41:33', '2016-05-19 17:41:33'),
(1903, 1, 0, 'Connessione al Back Office da 93.45.58.68', '', 0, 4, '2016-05-19 17:54:27', '2016-05-19 17:54:27'),
(1904, 1, 0, 'Connessione al Back Office da 93.45.58.68', '', 0, 1, '2016-05-19 18:05:14', '2016-05-19 18:05:14'),
(1905, 1, 0, 'Connessione al Back Office da 93.45.58.68', '', 0, 1, '2016-05-19 18:25:00', '2016-05-19 18:25:00'),
(1906, 1, 0, 'Connessione al Back Office da 93.45.58.68', '', 0, 1, '2016-05-19 18:46:50', '2016-05-19 18:46:50'),
(1907, 1, 0, 'Connessione al Back Office da 93.45.58.68', '', 0, 4, '2016-05-19 18:50:46', '2016-05-19 18:50:46'),
(1908, 1, 0, 'Connessione al Back Office da 212.171.2.205', '', 0, 2, '2016-05-19 21:25:36', '2016-05-19 21:25:36'),
(1909, 1, 0, 'Connessione al Back Office da 212.171.2.205', '', 0, 2, '2016-05-19 21:54:28', '2016-05-19 21:54:28'),
(1910, 1, 0, 'Aggiunta Category', 'Category', 73, 2, '2016-05-19 21:56:29', '2016-05-19 21:56:29'),
(1911, 1, 0, 'Aggiunta Category', 'Category', 74, 2, '2016-05-19 21:56:57', '2016-05-19 21:56:57'),
(1912, 1, 0, 'Aggiunta Category', 'Category', 75, 2, '2016-05-19 21:57:49', '2016-05-19 21:57:49'),
(1913, 1, 0, 'Aggiunta Category', 'Category', 76, 2, '2016-05-19 21:58:10', '2016-05-19 21:58:10'),
(1914, 1, 0, 'Aggiunta Category', 'Category', 77, 2, '2016-05-19 21:58:34', '2016-05-19 21:58:34'),
(1915, 1, 0, 'Connessione al Back Office da 212.171.2.205', '', 0, 2, '2016-05-19 22:00:24', '2016-05-19 22:00:24'),
(1916, 1, 0, 'Aggiunta Category', 'Category', 78, 2, '2016-05-19 22:05:08', '2016-05-19 22:05:08'),
(1917, 1, 0, 'Aggiunta Category', 'Category', 79, 2, '2016-05-19 22:05:50', '2016-05-19 22:05:50'),
(1918, 1, 0, 'Category modifica', 'Category', 73, 2, '2016-05-19 22:07:03', '2016-05-19 22:07:03'),
(1919, 1, 0, 'Category modifica', 'Category', 74, 2, '2016-05-19 22:07:42', '2016-05-19 22:07:42'),
(1920, 1, 0, 'Category modifica', 'Category', 75, 2, '2016-05-19 22:07:57', '2016-05-19 22:07:57'),
(1921, 1, 0, 'Category modifica', 'Category', 76, 2, '2016-05-19 22:08:17', '2016-05-19 22:08:17'),
(1922, 1, 0, 'Category modifica', 'Category', 77, 2, '2016-05-19 22:08:54', '2016-05-19 22:08:54'),
(1923, 1, 0, 'Product modifica', 'Product', 469, 2, '2016-05-19 22:10:59', '2016-05-19 22:10:59'),
(1924, 1, 0, 'Product modifica', 'Product', 462, 2, '2016-05-19 22:11:18', '2016-05-19 22:11:18'),
(1925, 1, 0, 'Product modifica', 'Product', 463, 2, '2016-05-19 22:11:36', '2016-05-19 22:11:36'),
(1926, 1, 0, 'Product modifica', 'Product', 464, 2, '2016-05-19 22:12:36', '2016-05-19 22:12:36'),
(1927, 1, 0, 'Product modifica', 'Product', 465, 2, '2016-05-19 22:12:57', '2016-05-19 22:12:57'),
(1928, 1, 0, 'Product modifica', 'Product', 466, 2, '2016-05-19 22:13:16', '2016-05-19 22:13:16'),
(1929, 1, 0, 'Product modifica', 'Product', 467, 2, '2016-05-19 22:13:33', '2016-05-19 22:13:33'),
(1930, 1, 0, 'Product modifica', 'Product', 468, 2, '2016-05-19 22:13:54', '2016-05-19 22:13:54'),
(1931, 1, 0, 'Product modifica', 'Product', 433, 2, '2016-05-19 22:14:29', '2016-05-19 22:14:29'),
(1932, 1, 0, 'Product modifica', 'Product', 434, 2, '2016-05-19 22:14:52', '2016-05-19 22:14:52'),
(1933, 1, 0, 'Product modifica', 'Product', 435, 2, '2016-05-19 22:15:41', '2016-05-19 22:15:41'),
(1934, 1, 0, 'Product modifica', 'Product', 436, 2, '2016-05-19 22:16:17', '2016-05-19 22:16:17'),
(1935, 1, 0, 'Product modifica', 'Product', 437, 2, '2016-05-19 22:16:40', '2016-05-19 22:16:40'),
(1936, 1, 0, 'Product modifica', 'Product', 438, 2, '2016-05-19 22:17:46', '2016-05-19 22:17:46'),
(1937, 1, 0, 'Product modifica', 'Product', 439, 2, '2016-05-19 22:18:18', '2016-05-19 22:18:18'),
(1938, 1, 0, 'Product modifica', 'Product', 440, 2, '2016-05-19 22:18:46', '2016-05-19 22:18:46'),
(1939, 1, 0, 'Product modifica', 'Product', 441, 2, '2016-05-19 22:19:42', '2016-05-19 22:19:42'),
(1940, 1, 0, 'Product modifica', 'Product', 442, 2, '2016-05-19 22:20:06', '2016-05-19 22:20:06'),
(1941, 1, 0, 'Product modifica', 'Product', 443, 2, '2016-05-19 22:20:44', '2016-05-19 22:20:44'),
(1942, 1, 0, 'Product modifica', 'Product', 457, 2, '2016-05-19 22:21:19', '2016-05-19 22:21:19'),
(1943, 1, 0, 'Product modifica', 'Product', 457, 2, '2016-05-19 22:22:10', '2016-05-19 22:22:10'),
(1944, 1, 0, 'Product modifica', 'Product', 458, 2, '2016-05-19 22:22:33', '2016-05-19 22:22:33'),
(1945, 1, 0, 'Product modifica', 'Product', 459, 2, '2016-05-19 22:22:59', '2016-05-19 22:22:59'),
(1946, 1, 0, 'Product modifica', 'Product', 460, 2, '2016-05-19 22:23:44', '2016-05-19 22:23:44'),
(1947, 1, 0, 'Product modifica', 'Product', 461, 2, '2016-05-19 22:24:16', '2016-05-19 22:24:16'),
(1948, 1, 0, 'Product modifica', 'Product', 450, 2, '2016-05-19 22:24:44', '2016-05-19 22:24:44'),
(1949, 1, 0, 'Product modifica', 'Product', 371, 2, '2016-05-19 22:28:48', '2016-05-19 22:28:48'),
(1950, 1, 0, 'Product modifica', 'Product', 342, 2, '2016-05-19 22:30:15', '2016-05-19 22:30:15'),
(1951, 1, 0, 'Product modifica', 'Product', 343, 2, '2016-05-19 22:30:51', '2016-05-19 22:30:51'),
(1952, 1, 0, 'Product modifica', 'Product', 344, 2, '2016-05-19 22:31:21', '2016-05-19 22:31:21'),
(1953, 1, 0, 'Product modifica', 'Product', 345, 2, '2016-05-19 22:31:42', '2016-05-19 22:31:42'),
(1954, 1, 0, 'Product modifica', 'Product', 346, 2, '2016-05-19 22:32:03', '2016-05-19 22:32:03'),
(1955, 1, 0, 'Product modifica', 'Product', 359, 2, '2016-05-19 22:32:41', '2016-05-19 22:32:41'),
(1956, 1, 0, 'Category modifica', 'Category', 73, 2, '2016-05-19 22:41:50', '2016-05-19 22:41:50'),
(1957, 1, 0, 'Category modifica', 'Category', 74, 2, '2016-05-19 22:42:14', '2016-05-19 22:42:14'),
(1958, 1, 0, 'Category modifica', 'Category', 75, 2, '2016-05-19 22:42:38', '2016-05-19 22:42:38'),
(1959, 1, 0, 'Category modifica', 'Category', 77, 2, '2016-05-19 22:49:11', '2016-05-19 22:49:11'),
(1960, 1, 0, 'Category modifica', 'Category', 76, 2, '2016-05-19 22:49:30', '2016-05-19 22:49:30'),
(1961, 1, 0, 'Connessione al Back Office da 93.44.138.151', '', 0, 1, '2016-05-23 15:26:58', '2016-05-23 15:26:58'),
(1962, 1, 0, 'Connessione al Back Office da 93.44.138.151', '', 0, 4, '2016-05-23 15:29:14', '2016-05-23 15:29:14'),
(1963, 1, 0, 'Connessione al Back Office da 93.44.138.151', '', 0, 4, '2016-05-23 15:51:45', '2016-05-23 15:51:45'),
(1964, 1, 0, 'Aggiunta Product', 'Product', 472, 1, '2016-05-23 16:00:00', '2016-05-23 16:00:00'),
(1965, 1, 0, 'Product modifica', 'Product', 472, 1, '2016-05-23 16:00:31', '2016-05-23 16:00:31'),
(1966, 1, 0, 'Product modifica', 'Product', 472, 1, '2016-05-23 16:01:14', '2016-05-23 16:01:14'),
(1967, 1, 0, 'Product modifica', 'Product', 472, 1, '2016-05-23 18:04:34', '2016-05-23 18:04:34'),
(1968, 1, 0, 'Product modifica', 'Product', 473, 1, '2016-05-23 18:31:04', '2016-05-23 18:31:04'),
(1969, 1, 0, 'Product modifica', 'Product', 473, 1, '2016-05-23 18:31:23', '2016-05-23 18:31:23'),
(1970, 1, 0, 'Product modifica', 'Product', 473, 1, '2016-05-23 18:31:37', '2016-05-23 18:31:37'),
(1971, 1, 0, 'Product modifica', 'Product', 473, 1, '2016-05-23 18:31:59', '2016-05-23 18:31:59'),
(1972, 1, 0, 'Product modifica', 'Product', 473, 1, '2016-05-23 18:32:15', '2016-05-23 18:32:15'),
(1973, 1, 0, 'Product modifica', 'Product', 473, 1, '2016-05-23 18:33:03', '2016-05-23 18:33:03'),
(1974, 1, 0, 'Product modifica', 'Product', 472, 1, '2016-05-23 18:44:30', '2016-05-23 18:44:30'),
(1975, 1, 0, 'Product modifica', 'Product', 473, 1, '2016-05-23 18:45:10', '2016-05-23 18:45:10'),
(1976, 1, 0, 'Connessione al Back Office da 193.205.162.64', '', 0, 2, '2016-05-24 16:35:57', '2016-05-24 16:35:57'),
(1977, 1, 0, 'Connessione al Back Office da 87.21.136.204', '', 0, 2, '2016-05-25 13:19:20', '2016-05-25 13:19:20'),
(1978, 1, 0, 'Connessione al Back Office da 87.21.136.204', '', 0, 2, '2016-05-28 17:20:33', '2016-05-28 17:20:33'),
(1979, 1, 0, 'Product modifica', 'Product', 376, 2, '2016-05-28 17:22:10', '2016-05-28 17:22:10'),
(1980, 1, 0, 'Product modifica', 'Product', 364, 2, '2016-05-28 17:24:58', '2016-05-28 17:24:58'),
(1981, 1, 0, 'Product modifica', 'Product', 364, 2, '2016-05-28 17:24:59', '2016-05-28 17:24:59'),
(1982, 1, 0, 'Product modifica', 'Product', 416, 2, '2016-05-28 17:25:35', '2016-05-28 17:25:35'),
(1983, 1, 0, 'Product modifica', 'Product', 420, 2, '2016-05-28 17:26:57', '2016-05-28 17:26:57'),
(1984, 1, 0, 'Product modifica', 'Product', 421, 2, '2016-05-28 17:27:03', '2016-05-28 17:27:03'),
(1985, 1, 0, 'Product modifica', 'Product', 425, 2, '2016-05-28 17:28:23', '2016-05-28 17:28:23'),
(1986, 1, 0, 'Product modifica', 'Product', 426, 2, '2016-05-28 17:29:25', '2016-05-28 17:29:25'),
(1987, 1, 0, 'Product modifica', 'Product', 456, 2, '2016-05-28 17:30:09', '2016-05-28 17:30:09'),
(1988, 1, 0, 'Product modifica', 'Product', 285, 2, '2016-05-28 17:30:48', '2016-05-28 17:30:48'),
(1989, 1, 0, 'Product modifica', 'Product', 292, 2, '2016-05-28 17:31:12', '2016-05-28 17:31:12'),
(1990, 1, 0, 'Product modifica', 'Product', 341, 2, '2016-05-28 17:33:31', '2016-05-28 17:33:31'),
(1991, 1, 0, 'Connessione al Back Office da 151.70.36.12', '', 0, 1, '2016-06-03 01:49:33', '2016-06-03 01:49:33'),
(1992, 1, 0, 'Connessione al Back Office da 151.70.36.12', '', 0, 1, '2016-06-03 01:49:53', '2016-06-03 01:49:53'),
(1993, 1, 0, 'Connessione al Back Office da 151.70.36.12', '', 0, 1, '2016-06-03 09:26:01', '2016-06-03 09:26:01'),
(1994, 1, 0, 'Connessione al Back Office da 193.205.162.64', '', 0, 2, '2016-06-03 13:21:38', '2016-06-03 13:21:38'),
(1995, 1, 0, 'Connessione al Back Office da 151.70.36.12', '', 0, 1, '2016-06-04 12:11:08', '2016-06-04 12:11:08'),
(1996, 1, 0, 'Connessione al Back Office da 79.42.88.109', '', 0, 2, '2016-06-07 23:03:29', '2016-06-07 23:03:29'),
(1997, 1, 0, 'Connessione al Back Office da 79.42.88.109', '', 0, 2, '2016-06-09 11:31:49', '2016-06-09 11:31:49'),
(1998, 1, 0, 'Connessione al Back Office da 80.117.205.151', '', 0, 2, '2016-06-11 13:38:20', '2016-06-11 13:38:20'),
(1999, 1, 0, 'Connessione al Back Office da 93.40.236.215', '', 0, 2, '2016-06-15 15:47:48', '2016-06-15 15:47:48'),
(2000, 1, 0, 'Product modifica', 'Product', 82, 2, '2016-06-15 15:48:30', '2016-06-15 15:48:30'),
(2001, 1, 0, 'Connessione al Back Office da 93.40.236.215', '', 0, 3, '2016-06-15 16:03:07', '2016-06-15 16:03:07'),
(2002, 1, 0, 'Product modifica', 'Product', 411, 3, '2016-06-15 16:04:47', '2016-06-15 16:04:47'),
(2003, 1, 0, 'Product modifica', 'Product', 406, 3, '2016-06-15 16:08:15', '2016-06-15 16:08:15'),
(2004, 1, 0, 'Product modifica', 'Product', 446, 3, '2016-06-15 16:10:05', '2016-06-15 16:10:05'),
(2005, 1, 0, 'Product modifica', 'Product', 408, 3, '2016-06-15 16:19:38', '2016-06-15 16:19:38'),
(2006, 1, 0, 'Product modifica', 'Product', 435, 3, '2016-06-15 16:21:50', '2016-06-15 16:21:50'),
(2007, 1, 0, 'Product modifica', 'Product', 393, 3, '2016-06-15 16:27:03', '2016-06-15 16:27:03'),
(2008, 1, 0, 'Product modifica', 'Product', 419, 3, '2016-06-15 16:29:44', '2016-06-15 16:29:44'),
(2009, 1, 0, 'Product modifica', 'Product', 445, 3, '2016-06-15 16:31:26', '2016-06-15 16:31:26'),
(2010, 1, 0, 'Product modifica', 'Product', 384, 3, '2016-06-15 16:33:28', '2016-06-15 16:33:28'),
(2011, 1, 0, 'Product modifica', 'Product', 382, 3, '2016-06-15 16:34:51', '2016-06-15 16:34:51'),
(2012, 1, 0, 'Product modifica', 'Product', 451, 3, '2016-06-15 16:37:21', '2016-06-15 16:37:21'),
(2013, 1, 0, 'Connessione al Back Office da 93.40.236.215', '', 0, 1, '2016-06-15 17:17:20', '2016-06-15 17:17:20'),
(2014, 1, 0, 'Connessione al Back Office da 151.70.36.12', '', 0, 1, '2016-06-16 08:22:26', '2016-06-16 08:22:26');
