-- Table structure for table `ps_order_invoice`
--

CREATE TABLE `ps_order_invoice` (
  `id_order_invoice` int(11) unsigned NOT NULL AUTO_INCREMENT,
  `id_order` int(11) NOT NULL,
  `number` int(11) NOT NULL,
  `delivery_number` int(11) NOT NULL,
  `delivery_date` datetime DEFAULT NULL,
  `total_discount_tax_excl` decimal(20,6) NOT NULL DEFAULT '0.000000',
  `total_discount_tax_incl` decimal(20,6) NOT NULL DEFAULT '0.000000',
  `total_paid_tax_excl` decimal(20,6) NOT NULL DEFAULT '0.000000',
  `total_paid_tax_incl` decimal(20,6) NOT NULL DEFAULT '0.000000',
  `total_products` decimal(20,6) NOT NULL DEFAULT '0.000000',
  `total_products_wt` decimal(20,6) NOT NULL DEFAULT '0.000000',
  `total_shipping_tax_excl` decimal(20,6) NOT NULL DEFAULT '0.000000',
  `total_shipping_tax_incl` decimal(20,6) NOT NULL DEFAULT '0.000000',
  `shipping_tax_computation_method` int(10) unsigned NOT NULL,
  `total_wrapping_tax_excl` decimal(20,6) NOT NULL DEFAULT '0.000000',
  `total_wrapping_tax_incl` decimal(20,6) NOT NULL DEFAULT '0.000000',
  `shop_address` text,
  `invoice_address` text,
  `delivery_address` text,
  `note` text,
  `date_add` datetime NOT NULL,
  PRIMARY KEY (`id_order_invoice`),
  KEY `id_order` (`id_order`)
) ENGINE=InnoDB AUTO_INCREMENT=325 DEFAULT CHARSET=utf8;

--
-- Dumping data for table `ps_order_invoice`
--

INSERT INTO `ps_order_invoice` VALUES (1,8,1,0,'0000-00-00 00:00:00',0.000000,0.000000,16.114754,19.000000,13.114754,16.000000,3.000000,3.000000,0,0.000000,0.000000,'Desktop Store','Valeria Agostinelli c/o Jonart Italia Sr<br />Via Nuova, 137<br />55010 Camigliano Santa Gemma<br />Italia','Valeria Agostinelli c/o Jonart Italia Sr<br />Via Nuova, 137<br />55010 Camigliano Santa Gemma<br />Italia','','2016-04-05 19:34:59'),(2,9,2,0,'0000-00-00 00:00:00',0.000000,0.000000,7.934426,8.800000,3.934426,4.800000,4.000000,4.000000,0,0.000000,0.000000,'Desktop Store','Fabio Maver<br />Via Crema 52<br />24055 Cologno al Serio<br />Italia','Fabio Maver<br />Via Crema 52<br />24055 Cologno al Serio<br />Italia','','2016-04-06 12:59:43'),(3,10,4,0,'0000-00-00 00:00:00',0.000000,0.000000,5.114754,5.800000,3.114754,3.800000,2.000000,2.000000,0,0.000000,0.000000,'Desktop Store','Josephine Barone<br />via Sant\'Anna 113<br />90010 altavilla milicia<br />Italia','Josephine Barone<br />via Sant\'Anna 113<br />90010 altavilla milicia<br />Italia','','2016-04-08 02:02:02'),(4,11,3,0,'0000-00-00 00:00:00',0.000000,0.000000,5.114754,5.800000,3.114754,3.800000,2.000000,2.000000,0,0.000000,0.000000,'Desktop Store','Josephine Barone<br />via Sant\'Anna 113<br />90010 altavilla milicia<br />Italia','Josephine Barone<br />via Sant\'Anna 113<br />90010 altavilla milicia<br />Italia','','2016-04-08 02:02:02'),(5,12,5,0,'0000-00-00 00:00:00',0.000000,0.000000,12.655738,15.000000,10.655738,13.000000,2.000000,2.000000,0,0.000000,0.000000,'Desktop Store','Danilo Bertolina<br />via uzza 1<br />23030 Valfurva<br />Italia','Danilo Bertolina<br />via uzza 1<br />23030 Valfurva<br />Italia','','2016-04-11 14:29:12'),(6,13,6,0,'0000-00-00 00:00:00',0.000000,0.000000,6.098361,7.000000,4.098361,5.000000,2.000000,2.000000,0,0.000000,0.000000,'Desktop Store','maria tricarico<br />via mozzi 53<br />62100 macerata<br />Italia','maria tricarico<br />via mozzi 53<br />62100 macerata<br />Italia','','2016-04-11 19:15:07'),(7,14,7,0,'0000-00-00 00:00:00',0.000000,0.000000,7.737705,9.000000,5.737705,7.000000,2.000000,2.000000,0,0.000000,0.000000,'Desktop Store','Aquilino De Luca<br />Via Nobile 34<br />41053 Maranello<br />Italia','Aquilino De Luca<br />Via Nobile 34<br />41053 Maranello<br />Italia','','2016-04-11 21:51:33'),(8,15,8,0,'0000-00-00 00:00:00',0.000000,0.000000,6.098361,7.000000,4.098361,5.000000,2.000000,2.000000,0,0.000000,0.000000,'Desktop Store','Fabrizio Maio<br />Via Piedicavallo, 25<br />10145 Torino<br />Italia','Fabrizio Maio<br />Via Piedicavallo, 25<br />10145 Torino<br />Italia','','2016-04-12 11:51:51'),(9,16,9,0,'0000-00-00 00:00:00',0.000000,0.000000,20.934426,24.000000,13.934426,17.000000,7.000000,7.000000,0,0.000000,0.000000,'Desktop Store','Salvatore Martino<br />Ficarella n°18<br />89064 Saline Joniche<br />Italia','Salvatore Martino<br />Ficarella n°18<br />89064 Saline Joniche<br />Italia','','2016-04-12 11:52:01'),(10,17,10,0,'0000-00-00 00:00:00',0.000000,0.000000,15.934426,19.000000,13.934426,17.000000,2.000000,2.000000,0,0.000000,0.000000,'Desktop Store','mauro pierro<br />corso europa, 72<br />80127 napoli<br />Italia','mauro pierro<br />corso europa, 72<br />80127 napoli<br />Italia','','2016-04-12 18:08:39'),(11,18,11,0,'0000-00-00 00:00:00',0.000000,0.000000,20.934426,24.000000,13.934426,17.000000,7.000000,7.000000,0,0.000000,0.000000,'Desktop Store','mauro pierro<br />corso europa, 72<br />80127 napoli<br />Italia','mauro pierro<br />corso europa, 72<br />80127 napoli<br />Italia','','2016-04-13 11:00:28'),(12,19,12,0,'0000-00-00 00:00:00',0.000000,0.000000,5.065574,5.740000,3.065574,3.740000,2.000000,2.000000,0,0.000000,0.000000,'Desktop Store','flavio roveri<br />via bosco monastico n 58<br />41033 fossa di concordia s/S<br />Italia','flavio roveri<br />via bosco monastico n 58<br />41033 fossa di concordia s/S<br />Italia','','2016-04-15 09:11:40'),(13,20,13,0,'0000-00-00 00:00:00',0.000000,0.000000,1.819672,2.000000,0.819672,1.000000,1.000000,1.000000,0,0.000000,0.000000,'Desktop Store','Ivan De Angelis<br />Via Bettisi, 9<br />48018 Faenza<br />Italia','Ivan De Angelis<br />Via Bettisi, 9<br />48018 Faenza<br />Italia','','2016-04-16 15:52:24'),(14,21,14,0,'0000-00-00 00:00:00',0.000000,0.000000,17.655738,20.000000,10.655738,13.000000,7.000000,7.000000,0,0.000000,0.000000,'Desktop Store','Grazio Contangelo<br />viale Kennedy, N°46<br />75024 Montescaglioso<br />Italia','Grazio Contangelo<br />viale Kennedy, N°46<br />75024 Montescaglioso<br />Italia','','2016-04-16 17:43:01'),(15,22,15,0,'0000-00-00 00:00:00',0.000000,0.000000,1.557377,1.900000,1.557377,1.900000,0.000000,0.000000,0,0.000000,0.000000,'Desktop Store','Uliano Francesco<br />via Lorenzo Allievi 61<br />00148 roma<br />Italia','Uliano Francesco<br />via Lorenzo Allievi 61<br />00148 roma<br />Italia','','2016-04-16 19:06:29'),(16,23,16,0,'0000-00-00 00:00:00',0.000000,0.000000,1.967213,2.180000,0.967213,1.180000,1.000000,1.000000,0,0.000000,0.000000,'Desktop Store','oreste marchetti<br />via San Pietro n. 14<br />35010 villa del conte<br />Italia','oreste marchetti<br />via San Pietro n. 14<br />35010 villa del conte<br />Italia','','2016-04-17 10:38:41'),(17,24,17,0,'0000-00-00 00:00:00',0.000000,0.000000,10.803279,12.520000,7.803279,9.520000,3.000000,3.000000,0,0.000000,0.000000,'Desktop Store','GIANLUCA GIANOLA<br />via italia 61 n°9<br />37014 castelnuovo del garda<br />Italia','GIANLUCA GIANOLA<br />via italia 61 n°9<br />37014 castelnuovo del garda<br />Italia','','2016-04-17 19:59:38'),(18,25,18,0,'0000-00-00 00:00:00',0.000000,0.000000,1.967213,2.180000,0.967213,1.180000,1.000000,1.000000,0,0.000000,0.000000,'Desktop Store','Antonio Bacella<br />Via Leonardo da Vinci,2<br />13048 Santhia<br />Italia','Antonio Bacella<br />Via Leonardo da Vinci,2<br />13048 Santhia<br />Italia','','2016-04-17 22:04:58'),(19,26,19,0,'0000-00-00 00:00:00',0.000000,0.000000,7.781967,9.230000,6.581967,8.030000,1.200000,1.200000,0,0.000000,0.000000,'Desktop Store','BILLECI Gaia<br />piazza IV Novembre 9<br />Presso Estetica<br />24040 Boltiere<br />Italia','BILLECI Gaia<br />piazza IV Novembre 9<br />Presso Estetica<br />24040 Boltiere<br />Italia','','2016-04-17 23:10:13'),(20,27,20,0,'0000-00-00 00:00:00',0.000000,0.000000,9.565574,10.240000,3.065574,3.740000,6.500000,6.500000,0,0.000000,0.000000,'Desktop Store','Antonio Pontoriero /<br />C/da Bagneria<br />89866 Santa Domenica di Ricadi<br />Italia','Antonio Pontoriero /<br />C/da Bagneria<br />89866 Santa Domenica di Ricadi<br />Italia','','2016-04-18 15:50:27'),(21,28,21,0,'0000-00-00 00:00:00',0.000000,0.000000,10.893443,12.630000,7.893443,9.630000,3.000000,3.000000,0,0.000000,0.000000,'Desktop Store','Dottor Cell<br />Via Flaminia Conca 3/a<br />47923 Rimini<br />Italia','Dottor Cell<br />Via Flaminia Conca 3/a<br />47923 Rimini<br />Italia','','2016-04-18 18:18:31'),(22,29,22,0,'0000-00-00 00:00:00',0.000000,0.000000,3.639344,4.000000,1.639344,2.000000,2.000000,2.000000,0,0.000000,0.000000,'Desktop Store','Mariacristina Lerro<br />Via Passo Della Portella, 43<br />65124 Pescara<br />Italia','Mariacristina Lerro<br />Via Passo Della Portella, 43<br />65124 Pescara<br />Italia','','2016-04-18 20:23:56'),(23,30,23,0,'0000-00-00 00:00:00',0.000000,0.000000,6.278689,7.000000,3.278689,4.000000,3.000000,3.000000,0,0.000000,0.000000,'Desktop Store','matteo durosini<br />via quintino sella 147<br />21052 busto arsizio<br />Italia','matteo durosini<br />via quintino sella 147<br />21052 busto arsizio<br />Italia','','2016-04-18 23:59:16'),(24,31,24,0,'0000-00-00 00:00:00',0.000000,0.000000,10.188525,11.770000,7.188525,8.770000,3.000000,3.000000,0,0.000000,0.000000,'Desktop Store','Paul aramini<br />Via Ponte La Piana 1/a<br />03020 Strangolagalli<br />Italia','Paul aramini<br />Via Ponte La Piana 1/a<br />03020 Strangolagalli<br />Italia','','2016-04-19 09:03:13'),(25,32,25,0,'0000-00-00 00:00:00',0.000000,0.000000,6.098361,7.000000,4.098361,5.000000,2.000000,2.000000,0,0.000000,0.000000,'Desktop Store','Antonio Di Renzo<br />Via Sant\' Uguzzone 5<br />20126 Milano<br />Italia','Antonio Di Renzo<br />Via Sant\' Uguzzone 5<br />20126 Milano<br />Italia','','2016-04-19 11:32:32'),(26,33,26,0,'0000-00-00 00:00:00',0.000000,0.000000,9.918033,11.000000,4.918033,6.000000,5.000000,5.000000,0,0.000000,0.000000,'Desktop Store','Michele Azzone<br />via Alessandro Volta 41<br />41124 Modena<br />Italia','Michele Azzone<br />via Alessandro Volta 41<br />41124 Modena<br />Italia','','2016-04-19 20:43:42'),(27,34,27,0,'0000-00-00 00:00:00',0.000000,0.000000,4.459016,5.000000,2.459016,3.000000,2.000000,2.000000,0,0.000000,0.000000,'Desktop Store','stefano galletti<br />via di morena 27<br />00043 ciampino<br />Italia','stefano galletti<br />via di morena 27<br />00043 ciampino<br />Italia','','2016-04-19 20:43:44'),(28,35,28,0,'0000-00-00 00:00:00',0.000000,0.000000,4.065574,4.740000,3.065574,3.740000,1.000000,1.000000,0,0.000000,0.000000,'Desktop Store','Mariastella Magotti<br />Via del Forte boccea 13<br />Interno 3<br />00167 Roma<br />Italia','Mariastella Magotti<br />Via del Forte boccea 13<br />Interno 3<br />00167 Roma<br />Italia','','2016-04-19 22:34:15'),(29,36,29,0,'0000-00-00 00:00:00',0.000000,0.000000,8.327869,9.500000,5.327869,6.500000,3.000000,3.000000,0,0.000000,0.000000,'Desktop Store','Vittorio Pucillo<br />via dei Bonzagna 48<br />00133 Roma<br />Italia','Vittorio Pucillo<br />via dei Bonzagna 48<br />00133 Roma<br />Italia','','2016-04-20 11:13:38'),(30,37,30,0,'0000-00-00 00:00:00',0.000000,0.000000,6.462295,7.620000,5.262295,6.420000,1.200000,1.200000,0,0.000000,0.000000,'Desktop Store','Salvatore cingolani<br />P.zza Giuseppe Mazzini 10<br />95121 Catania<br />Italia','Salvatore cingolani<br />P.zza Giuseppe Mazzini 10<br />95121 Catania<br />Italia','','2016-04-20 18:53:21'),(31,38,31,0,'0000-00-00 00:00:00',0.000000,0.000000,8.327869,9.500000,5.327869,6.500000,3.000000,3.000000,0,0.000000,0.000000,'Desktop Store','PEPE COSIMO<br />via fulvia 138<br />72100 BRINDISI<br />Italia','PEPE COSIMO<br />via fulvia 138<br />72100 BRINDISI<br />Italia','','2016-04-21 11:43:32'),(32,39,32,0,'0000-00-00 00:00:00',0.000000,0.000000,1.983607,2.200000,0.983607,1.200000,1.000000,1.000000,0,0.000000,0.000000,'Desktop Store','HOTEL LIBERTY<br />VIA DANIELE MANIN 18<br />55049 VIAREGGIO<br />Italia','HOTEL LIBERTY<br />VIA DANIELE MANIN 18<br />55049 VIAREGGIO<br />Italia','','2016-04-21 12:24:09'),(33,40,33,0,'0000-00-00 00:00:00',0.000000,0.000000,14.393443,16.130000,7.893443,9.630000,6.500000,6.500000,0,0.000000,0.000000,'Desktop Store','sergio d\\\'ambrosio<br />via A.volta 2/4<br />50059 vinci<br />Italia','sergio d\\\'ambrosio<br />via A.volta 2/4<br />50059 vinci<br />Italia','','2016-04-21 17:07:14'),(34,41,34,0,'0000-00-00 00:00:00',0.000000,0.000000,5.508197,6.280000,3.508197,4.280000,2.000000,2.000000,0,0.000000,0.000000,'Desktop Store','Sergio Basso<br />Via Strada di Collalto n.52<br />31058 Susegana<br />Italia','Sergio Basso<br />Via Strada di Collalto n.52<br />31058 Susegana<br />Italia','','2016-04-22 23:00:07'),(35,42,35,0,'0000-00-00 00:00:00',0.000000,0.000000,3.639344,4.000000,1.639344,2.000000,2.000000,2.000000,0,0.000000,0.000000,'Desktop Store','cortesi michela<br />via gazzinella n8<br />44041 casumaro<br />Italia','cortesi michela<br />via gazzinella n8<br />44041 casumaro<br />Italia','','2016-04-24 12:17:49'),(36,43,36,0,'0000-00-00 00:00:00',0.000000,0.000000,2.754098,3.140000,1.754098,2.140000,1.000000,1.000000,0,0.000000,0.000000,'Desktop Store','Salvatore Naccari<br />Via residence campus sperone int 2 pal 1<br />98158 MESSINA<br />Italia','Salvatore Naccari<br />Via residence campus sperone int 2 pal 1<br />98158 MESSINA<br />Italia','','2016-04-24 20:10:37'),(37,44,37,0,'0000-00-00 00:00:00',0.000000,0.000000,2.754098,3.140000,1.754098,2.140000,1.000000,1.000000,0,0.000000,0.000000,'Desktop Store','Giancarlo Venuti<br />piazza Don Minzoni n.14<br />50063 Figline V.no<br />Italia','Giancarlo Venuti<br />piazza Don Minzoni n.14<br />50063 Figline V.no<br />Italia','','2016-04-26 02:12:42'),(38,45,38,0,'0000-00-00 00:00:00',0.000000,0.000000,5.067213,5.500000,1.967213,2.400000,3.100000,3.100000,0,0.000000,0.000000,'Desktop Store','perbellini ediltop<br />via ca\'magre 13/b<br />37063 isola della scala<br />Italia','perbellini ediltop<br />via ca\'magre 13/b<br />37063 isola della scala<br />Italia','','2016-04-26 17:09:00'),(39,46,39,0,'0000-00-00 00:00:00',0.000000,0.000000,4.065574,4.740000,3.065574,3.740000,1.000000,1.000000,0,0.000000,0.000000,'Desktop Store','CRISTIANO FINOTTI<br />VIA GUARINI 42<br />10078 VENARIA REALE<br />Italia','CRISTIANO FINOTTI<br />VIA GUARINI 42<br />10078 VENARIA REALE<br />Italia','','2016-04-27 00:39:30'),(40,47,40,0,'0000-00-00 00:00:00',0.000000,0.000000,4.754098,5.140000,1.754098,2.140000,3.000000,3.000000,0,0.000000,0.000000,'Desktop Store','Maria pia Cericola<br />Via alcide de Gasperi<br />1<br />71027 Orsara di puglia<br />Italia','Maria pia Cericola<br />Via alcide de Gasperi<br />1<br />71027 Orsara di puglia<br />Italia','','2016-04-27 19:58:46'),(41,48,41,0,'0000-00-00 00:00:00',0.000000,0.000000,2.754098,3.140000,1.754098,2.140000,1.000000,1.000000,0,0.000000,0.000000,'Desktop Store','Elisa Comparato<br />Via Campoleone 90<br />Via Lungomare Celeste<br />00048 Nettuno<br />Italia','Elisa Comparato<br />Via Campoleone 90<br />Via Lungomare Celeste<br />00048 Nettuno<br />Italia','','2016-04-28 09:40:06'),(42,49,42,0,'0000-00-00 00:00:00',0.000000,0.000000,8.539344,9.890000,6.139344,7.490000,2.400000,2.400000,0,0.000000,0.000000,'Desktop Store','Enrico Pavan<br />Viale Maria 277<br />00054 Maccarese (RM)<br />Italia','Enrico Pavan<br />Viale Maria 277<br />00054 Maccarese (RM)<br />Italia','','2016-04-28 19:46:46'),(43,50,43,0,'0000-00-00 00:00:00',0.000000,0.000000,20.934426,24.000000,13.934426,17.000000,7.000000,7.000000,0,0.000000,0.000000,'Desktop Store','MARGHERITA PICCIRILLO<br />VIA G. GARIBALDI , 59<br />81056 SPARANISE<br />Italia','MARGHERITA PICCIRILLO<br />VIA G. GARIBALDI , 59<br />81056 SPARANISE<br />Italia','','2016-04-29 14:24:36'),(44,51,44,0,'0000-00-00 00:00:00',0.000000,0.000000,20.114754,23.000000,13.114754,16.000000,7.000000,7.000000,0,0.000000,0.000000,'Desktop Store','Francescantonio Sestito<br />Pannilani 58<br />CM colorimoda<br />22100 Como<br />Italia','Francescantonio Sestito<br />Pannilani 58<br />CM colorimoda<br />22100 Como<br />Italia','','2016-04-29 17:07:22'),(45,52,45,0,'0000-00-00 00:00:00',0.000000,0.000000,4.154098,4.540000,1.754098,2.140000,2.400000,2.400000,0,0.000000,0.000000,'Desktop Store','francisco acosta<br />via Giuseppe Garibaldi 130<br />25015 desenzano del garda<br />Italia','francisco acosta<br />via Giuseppe Garibaldi 130<br />25015 desenzano del garda<br />Italia','','2016-04-29 19:15:49'),(46,53,46,0,'0000-00-00 00:00:00',0.000000,0.000000,4.154098,4.540000,1.754098,2.140000,2.400000,2.400000,0,0.000000,0.000000,'Desktop Store','francisco acosta<br />via Giuseppe Garibaldi 130<br />25015 desenzano del garda<br />Italia','francisco acosta<br />via Giuseppe Garibaldi 130<br />25015 desenzano del garda<br />Italia','','2016-04-29 20:05:21'),(47,54,47,0,'0000-00-00 00:00:00',0.000000,0.000000,9.334426,10.200000,3.934426,4.800000,5.400000,5.400000,0,0.000000,0.000000,'Desktop Store','M.I.P DI ABBONDINI FABRIZIO<br />via artigiani 46<br />25014 castenedolo<br />Italia','M.I.P DI ABBONDINI FABRIZIO<br />via artigiani 46<br />25014 castenedolo<br />Italia','','2016-04-30 10:32:32'),(48,55,48,0,'0000-00-00 00:00:00',0.000000,0.000000,20.934426,24.000000,13.934426,17.000000,7.000000,7.000000,0,0.000000,0.000000,'Desktop Store','Gennaro Rosanova<br />Via Roma, 473<br />80057 Sant\'Antonio Abate<br />Italia','Gennaro Rosanova<br />Via Roma, 473<br />80057 Sant\'Antonio Abate<br />Italia','','2016-04-30 13:33:55'),(49,56,49,0,'0000-00-00 00:00:00',0.000000,0.000000,7.227869,8.290000,4.827869,5.890000,2.400000,2.400000,0,0.000000,0.000000,'Desktop Store','Alessandro Di Benedetto<br />Via Di Vittorio, 21<br />presso I.G.V.<br />20060 Vignate<br />Italia','Alessandro Di Benedetto<br />Via Di Vittorio, 21<br />presso I.G.V.<br />20060 Vignate<br />Italia','','2016-05-01 09:57:33'),(50,57,50,0,'0000-00-00 00:00:00',0.000000,0.000000,17.655738,20.000000,10.655738,13.000000,7.000000,7.000000,0,0.000000,0.000000,'Desktop Store','maria urso<br />luigi pirandello , 44/b<br />72012 carovigno<br />Italia','maria urso<br />luigi pirandello , 44/b<br />72012 carovigno<br />Italia','','2016-05-01 18:47:10'),(51,58,51,0,'0000-00-00 00:00:00',0.000000,0.000000,4.039344,4.400000,1.639344,2.000000,2.400000,2.400000,0,0.000000,0.000000,'Desktop Store','Daniele Ingenito<br />Via Monte Tirone N.3 (trav. di Via Dorso)<br />83020 Forino<br />Italia','Daniele Ingenito<br />Via Monte Tirone N.3 (trav. di Via Dorso)<br />83020 Forino<br />Italia','','2016-05-01 23:44:22'),(52,59,52,0,'0000-00-00 00:00:00',0.000000,0.000000,12.236066,14.400000,9.836066,12.000000,2.400000,2.400000,0,0.000000,0.000000,'Desktop Store','lyonet G SNC<br />Via Aurelia 343 - Rosignano Solvay<br />57016 Rosignano Marittimo<br />Italia','lyonet G SNC<br />Via Aurelia 343 - Rosignano Solvay<br />57016 Rosignano Marittimo<br />Italia','','2016-05-02 13:07:03'),(53,60,53,0,'0000-00-00 00:00:00',0.000000,0.000000,5.678689,6.400000,3.278689,4.000000,2.400000,2.400000,0,0.000000,0.000000,'Desktop Store','Julian Thoman<br />Kortsch Egartweg 1<br />39028 Schlanders<br />Italia','Julian Thoman<br />Kortsch Egartweg 1<br />39028 Schlanders<br />Italia','','2016-05-02 13:07:05'),(54,61,54,0,'0000-00-00 00:00:00',0.000000,0.000000,6.908197,7.680000,3.508197,4.280000,3.400000,3.400000,0,0.000000,0.000000,'Desktop Store','Aldo Vecchione<br />Via La Siepe n°15<br />71121 Foggia<br />Italia','Aldo Vecchione<br />Via La Siepe n°15<br />71121 Foggia<br />Italia','','2016-05-02 16:31:07'),(55,62,55,0,'0000-00-00 00:00:00',0.000000,0.000000,5.465574,6.140000,3.065574,3.740000,2.400000,2.400000,0,0.000000,0.000000,'Desktop Store','Pierluigi Iozzia<br />Via demostene 46<br />97100 Ragusa<br />Italia','Pierluigi Iozzia<br />Via demostene 46<br />97100 Ragusa<br />Italia','','2016-05-02 21:35:21'),(56,63,56,0,'0000-00-00 00:00:00',0.000000,0.000000,6.498361,7.400000,4.098361,5.000000,2.400000,2.400000,0,0.000000,0.000000,'Desktop Store','andrea lombardini<br />via monte rosa 28<br />01030 vitorchiano<br />Italia','andrea lombardini<br />via monte rosa 28<br />01030 vitorchiano<br />Italia','','2016-05-02 22:53:23'),(57,64,57,0,'0000-00-00 00:00:00',0.000000,0.000000,12.236066,14.400000,9.836066,12.000000,2.400000,2.400000,0,0.000000,0.000000,'Desktop Store','TES Techno Emergency Services srl<br />Via Badoglio, 35/37<br />72018 San Michele Salentino<br />Italia','TES Techno Emergency Services srl<br />Via Badoglio, 35/37<br />72018 San Michele Salentino<br />Italia','','2016-05-03 10:12:29'),(58,65,58,0,'0000-00-00 00:00:00',0.000000,0.000000,19.610000,22.500000,13.110000,16.000000,6.500000,6.500000,0,0.000000,0.000000,'Desktop Store','Fabio serpetti<br />exesolution<br />via galla placidia 11<br />00159 roma<br />Roma<br />Italia','Fabio serpetti<br />exesolution<br />via galla placidia 11<br />00159 roma<br />Roma<br />Italia','','2016-05-03 10:25:21'),(59,66,59,0,'0000-00-00 00:00:00',0.000000,0.000000,6.678689,7.400000,3.278689,4.000000,3.400000,3.400000,0,0.000000,0.000000,'Desktop Store','mirco alerici<br />largo nicolo machiavelli n4<br />15048 valenza<br />Italia','mirco alerici<br />largo nicolo machiavelli n4<br />15048 valenza<br />Italia','','2016-05-04 15:06:34'),(60,67,60,0,'0000-00-00 00:00:00',0.000000,0.000000,10.293443,12.030000,7.893443,9.630000,2.400000,2.400000,0,0.000000,0.000000,'Desktop Store','Lidia Damian<br />Nicotera via pozzo(vv)<br />89844 Nicotera<br />Italia','Lidia Damian<br />Nicotera via pozzo(vv)<br />89844 Nicotera<br />Italia','','2016-05-04 22:09:16'),(61,68,61,0,'0000-00-00 00:00:00',0.000000,0.000000,3.719672,4.010000,1.319672,1.610000,2.400000,2.400000,0,0.000000,0.000000,'Desktop Store','Simone Denetto<br />Via aeroporto Francesco baracca, 6<br />39100 Bolzano<br />Italia','Simone Denetto<br />Via aeroporto Francesco baracca, 6<br />39100 Bolzano<br />Italia','','2016-05-08 11:47:07'),(62,69,62,0,'0000-00-00 00:00:00',0.000000,0.000000,3.449180,3.680000,1.049180,1.280000,2.400000,2.400000,0,0.000000,0.000000,'Desktop Store','Gorna Mauro<br />via delle ortaglie n 14<br />26029 Soncino<br />Italia','Gorna Mauro<br />via delle ortaglie n 14<br />26029 Soncino<br />Italia','','2016-05-08 22:40:23'),(63,70,63,0,'0000-00-00 00:00:00',0.000000,0.000000,12.924590,15.240000,10.524590,12.840000,2.400000,2.400000,0,0.000000,0.000000,'Desktop Store','mirko clo\\\'<br />via salvaro 30<br />40030 pioppe di salvaro<br />Italia','mirko clo\\\'<br />via salvaro 30<br />40030 pioppe di salvaro<br />Italia','','2016-05-09 11:28:08'),(64,71,64,0,'0000-00-00 00:00:00',0.000000,0.000000,5.555738,6.250000,3.155738,3.850000,2.400000,2.400000,0,0.000000,0.000000,'Desktop Store','Gaetano Gigliuto c/o Ata Sistemi<br />via salento,35<br />74121 taranto<br />Italia','Gaetano Gigliuto c/o Ata Sistemi<br />via salento,35<br />74121 taranto<br />Italia','','2016-05-09 22:57:16'),(65,72,65,0,'0000-00-00 00:00:00',0.000000,0.000000,10.203279,11.920000,7.803279,9.520000,2.400000,2.400000,0,0.000000,0.000000,'Desktop Store','muhammad rafiq<br />VIA SAN MICHELE 49<br />09122 CAGLIARI<br />Italia','muhammad rafiq<br />VIA SAN MICHELE 49<br />09122 CAGLIARI<br />Italia','','2016-05-10 19:38:50'),(66,73,66,0,'0000-00-00 00:00:00',0.000000,0.000000,5.031148,5.610000,2.631148,3.210000,2.400000,2.400000,0,0.000000,0.000000,'Desktop Store','Elena Meggiorin<br />Via Smereglo, 2<br />36100 Vicenza<br />Italia','Elena Meggiorin<br />Via Smereglo, 2<br />36100 Vicenza<br />Italia','','2016-05-12 09:44:05'),(67,74,67,0,'0000-00-00 00:00:00',0.000000,0.000000,12.924590,15.240000,10.524590,12.840000,2.400000,2.400000,0,0.000000,0.000000,'Desktop Store','Reset di Beninato Stefano<br />c.so Nunzio costa 12<br />96018 pachino<br />Italia','Reset di Beninato Stefano<br />c.so Nunzio costa 12<br />96018 pachino<br />Italia','','2016-05-12 11:27:14'),(68,75,68,0,'0000-00-00 00:00:00',0.000000,0.000000,5.031148,5.610000,2.631148,3.210000,2.400000,2.400000,0,0.000000,0.000000,'Desktop Store','Alberto SETTE<br />Cascina dei Prati, 23/F<br />20157 Milano<br />Italia','Alberto SETTE<br />Cascina dei Prati, 23/F<br />20157 Milano<br />Italia','','2016-05-14 19:24:58'),(69,76,69,0,'0000-00-00 00:00:00',0.000000,0.000000,7.662295,8.820000,5.262295,6.420000,2.400000,2.400000,0,0.000000,0.000000,'Desktop Store','Domenico Lombardi<br />via piano  la Bella n.2<br />83030 savignano irpino<br />Italia','Domenico Lombardi<br />via piano  la Bella n.2<br />83030 savignano irpino<br />Italia','','2016-05-15 11:28:58'),(70,77,70,0,'0000-00-00 00:00:00',0.000000,0.000000,5.031148,5.610000,2.631148,3.210000,2.400000,2.400000,0,0.000000,0.000000,'Desktop Store','franco sileno<br />via nazionale loc.mazzotta, pal.gardenia<br />89812 pizzo calabro<br />Italia','franco sileno<br />via nazionale loc.mazzotta, pal.gardenia<br />89812 pizzo calabro<br />Italia','','2016-05-15 12:27:49'),(71,78,71,0,'0000-00-00 00:00:00',0.000000,0.000000,19.285246,23.000000,16.885246,20.600000,2.400000,2.400000,0,0.000000,0.000000,'Desktop Store','antonio novello deasti<br />via enrico toti 14/d<br />10092 beinasco<br />Italia','antonio novello deasti<br />via enrico toti 14/d<br />10092 beinasco<br />Italia','','2016-05-15 12:27:51'),(72,79,72,0,'0000-00-00 00:00:00',0.000000,0.000000,2.311475,2.600000,1.311475,1.600000,1.000000,1.000000,0,0.000000,0.000000,'Desktop Store','lauriano pompili<br />via metastasio n°47<br />00071 pomezia<br />Italia','lauriano pompili<br />via metastasio n°47<br />00071 pomezia<br />Italia','','2016-05-15 18:10:24'),(73,80,73,0,'0000-00-00 00:00:00',0.000000,0.000000,6.785246,7.750000,4.385246,5.350000,2.400000,2.400000,0,0.000000,0.000000,'Desktop Store','Saverio Abbondandolo<br />Via San Martino N8<br />83040 Frigento (Avellino)<br />Italia','Saverio Abbondandolo<br />Via San Martino N8<br />83040 Frigento (Avellino)<br />Italia','','2016-05-17 09:33:53'),(74,81,74,0,'0000-00-00 00:00:00',0.000000,0.000000,4.678689,5.180000,2.278689,2.780000,2.400000,2.400000,0,0.000000,0.000000,'Desktop Store','Andrea Cazzaro c/o iRiparo<br />Roma 16<br />35010 Vigonza<br />Italia','Andrea Cazzaro c/o iRiparo<br />Roma 16<br />35010 Vigonza<br />Italia','','2016-05-17 18:05:28'),(75,82,75,0,'0000-00-00 00:00:00',0.000000,0.000000,5.031148,5.610000,2.631148,3.210000,2.400000,2.400000,0,0.000000,0.000000,'Desktop Store','Antonio Bernardo Porta<br />Via Oristano 24<br />09090 MASULLAS<br />Italia','Antonio Bernardo Porta<br />Via Oristano 24<br />09090 MASULLAS<br />Italia','','2016-05-18 10:17:42'),(76,83,76,0,'0000-00-00 00:00:00',0.000000,0.000000,5.031148,5.610000,2.631148,3.210000,2.400000,2.400000,0,0.000000,0.000000,'Desktop Store','Capati Cabbirio<br />Dolomiti 16<br />01030 Vitorchiano<br />Italia','Capati Cabbirio<br />Dolomiti 16<br />01030 Vitorchiano<br />Italia','','2016-05-18 11:08:31'),(77,84,77,0,'0000-00-00 00:00:00',0.000000,0.000000,8.539344,9.890000,6.139344,7.490000,2.400000,2.400000,0,0.000000,0.000000,'Desktop Store','BANCA RICICLO A.P.S.<br />Via Cornigliano 340R<br />16152 GENOVA<br />Italia','BANCA RICICLO A.P.S.<br />Via Cornigliano 340R<br />16152 GENOVA<br />Italia','','2016-05-18 13:46:28'),(78,85,78,0,'0000-00-00 00:00:00',0.000000,0.000000,4.596721,5.080000,2.196721,2.680000,2.400000,2.400000,0,0.000000,0.000000,'Desktop Store','daniele gavioli<br />via torino 80<br />10034 chivasso<br />Italia','daniele gavioli<br />via torino 80<br />10034 chivasso<br />Italia','','2016-05-18 18:16:24'),(79,86,79,0,'0000-00-00 00:00:00',0.000000,0.000000,11.170492,13.100000,8.770492,10.700000,2.400000,2.400000,0,0.000000,0.000000,'Desktop Store','Paris Di Bartolomei presso Bar<br />Viale Guglielmo Oberdan, 24<br />00049 Velletri<br />Italia','Paris Di Bartolomei presso Bar<br />Viale Guglielmo Oberdan, 24<br />00049 Velletri<br />Italia','','2016-05-19 09:44:40'),(80,87,80,0,'0000-00-00 00:00:00',0.000000,0.000000,4.596721,5.080000,2.196721,2.680000,2.400000,2.400000,0,0.000000,0.000000,'Desktop Store','Francesco Agnello<br />CORSO SEI APRILE, 375<br />91011 ALCAMO<br />Italia','Francesco Agnello<br />CORSO SEI APRILE, 375<br />91011 ALCAMO<br />Italia','','2016-05-19 09:44:42'),(81,88,81,0,'0000-00-00 00:00:00',0.000000,0.000000,8.981967,10.430000,6.581967,8.030000,2.400000,2.400000,0,0.000000,0.000000,'Desktop Store','Fabio Ciuffetta De Gasperis Vincenza<br />Via Campovarigno 1<br />03039 Sora<br />Italia','Fabio Ciuffetta De Gasperis Vincenza<br />Via Campovarigno 1<br />03039 Sora<br />Italia','','2016-05-19 22:56:14'),(82,89,82,0,'0000-00-00 00:00:00',0.000000,0.000000,4.326230,4.750000,1.926230,2.350000,2.400000,2.400000,0,0.000000,0.000000,'Desktop Store','Enzo Caimi<br />via Gran Paradiso 239<br />21050 Gorla Maggiore<br />Italia','Enzo Caimi<br />via Gran Paradiso 239<br />21050 Gorla Maggiore<br />Italia','','2016-05-20 10:48:15'),(83,90,83,0,'0000-00-00 00:00:00',0.000000,0.000000,8.662295,9.820000,5.262295,6.420000,3.400000,3.400000,0,0.000000,0.000000,'Desktop Store','yingchun hu<br />via pianell 47<br />20125 milano<br />Italia','yingchun hu<br />via pianell 47<br />20125 milano<br />Italia','','2016-05-21 16:19:12'),(84,91,84,0,'0000-00-00 00:00:00',0.000000,0.000000,4.039344,4.400000,1.639344,2.000000,2.400000,2.400000,0,0.000000,0.000000,'Desktop Store','Maurilio Coluccino<br />Via Al Boden 5<br />28877 Ornavasso<br />Italia','Maurilio Coluccino<br />Via Al Boden 5<br />28877 Ornavasso<br />Italia','','2016-05-22 10:52:43'),(85,92,85,0,'0000-00-00 00:00:00',0.000000,0.000000,2.619672,2.910000,1.319672,1.610000,1.300000,1.300000,0,0.000000,0.000000,'Desktop Store','biandrati biandrati<br />via san romolo 41/18<br />16157 genova<br />Italia','biandrati biandrati<br />via san romolo 41/18<br />16157 genova<br />Italia','','2016-05-23 23:48:43'),(86,93,86,0,'0000-00-00 00:00:00',0.000000,0.000000,9.398361,10.300000,4.098361,5.000000,5.300000,5.300000,0,0.000000,0.000000,'Desktop Store','Mauro Borea<br />San Francesco D\' Assisi 174 / B<br />(Cascina Patuana)<br />10094 Giaveno<br />Italia','Mauro Borea<br />San Francesco D\' Assisi 174 / B<br />(Cascina Patuana)<br />10094 Giaveno<br />Italia','','2016-05-24 01:20:31'),(87,94,87,0,'0000-00-00 00:00:00',0.000000,0.000000,15.332787,18.420000,14.032787,17.120000,1.300000,1.300000,0,0.000000,0.000000,'Desktop Store','Daniele Candito<br />via nazionale n°4 (Presso Officina Candito)<br />89030 condofuri<br />Italia','Daniele Candito<br />via nazionale n°4 (Presso Officina Candito)<br />89030 condofuri<br />Italia','','2016-05-24 14:38:55'),(88,95,88,0,'0000-00-00 00:00:00',0.000000,0.000000,14.893443,16.630000,7.893443,9.630000,7.000000,7.000000,0,0.000000,0.000000,'Desktop Store','trovato santo<br />via della zecca 12<br />messina<br />98122 messina<br />Italia','trovato santo<br />via della zecca 12<br />messina<br />98122 messina<br />Italia','','2016-05-24 20:18:35'),(89,96,89,0,'0000-00-00 00:00:00',0.000000,0.000000,2.439344,2.690000,1.139344,1.390000,1.300000,1.300000,0,0.000000,0.000000,'Desktop Store','Grazia Gioielleria<br />Corso Umberto I 59/61<br />83020 Sperone<br />Italia','Grazia Gioielleria<br />Corso Umberto I 59/61<br />83020 Sperone<br />Italia','','2016-05-25 13:19:09'),(90,97,90,0,'0000-00-00 00:00:00',0.000000,0.000000,8.957377,10.400000,6.557377,8.000000,2.400000,2.400000,0,0.000000,0.000000,'Desktop Store','aglaia paliiparadisi<br />via acquafondata 6, int. 5 citofonare Paradisi<br />00172 roma<br />Italia','aglaia paliiparadisi<br />via acquafondata 6, int. 5 citofonare Paradisi<br />00172 roma<br />Italia','','2016-05-25 15:10:39'),(91,98,91,0,'0000-00-00 00:00:00',0.000000,0.000000,5.131148,5.710000,2.631148,3.210000,2.500000,2.500000,0,0.000000,0.000000,'Desktop Store','cosimo valentini<br />Via Festa Delle Palme, 5<br />72100 brindisi<br />Italia','cosimo valentini<br />Via Festa Delle Palme, 5<br />72100 brindisi<br />Italia','','2016-05-25 17:29:29'),(92,99,92,0,'0000-00-00 00:00:00',0.000000,0.000000,2.439344,2.690000,1.139344,1.390000,1.300000,1.300000,0,0.000000,0.000000,'Desktop Store','Giuseppe carpentieri<br />via chiappori 8<br />18039 ventimiglia<br />Italia','Giuseppe carpentieri<br />via chiappori 8<br />18039 ventimiglia<br />Italia','','2016-05-26 12:47:32'),(93,100,93,0,'0000-00-00 00:00:00',0.000000,0.000000,6.562295,7.720000,5.262295,6.420000,1.300000,1.300000,0,0.000000,0.000000,'Desktop Store','GlobalTek di Recchioni Simona<br />Via Vittorio Veneto 31<br />64011 ALBA ADRIATICA<br />Italia','GlobalTek di Recchioni Simona<br />Via Vittorio Veneto 31<br />64011 ALBA ADRIATICA<br />Italia','','2016-05-26 13:45:18'),(94,101,94,0,'0000-00-00 00:00:00',0.000000,0.000000,7.439344,8.790000,6.139344,7.490000,1.300000,1.300000,0,0.000000,0.000000,'Desktop Store','Cannatella Claudio<br />via colombo 61<br />90047 partinico<br />Italia','Cannatella Claudio<br />via colombo 61<br />90047 partinico<br />Italia','','2016-05-27 11:52:06'),(95,102,95,0,'0000-00-00 00:00:00',0.000000,0.000000,5.857377,6.860000,4.557377,5.560000,1.300000,1.300000,0,0.000000,0.000000,'Desktop Store','Hosu Alexandru Nicolae<br />Vialle Italia 36<br />54028 Villfranca In Lunigiana<br />Italia','Hosu Alexandru Nicolae<br />Vialle Italia 36<br />54028 Villfranca In Lunigiana<br />Italia','','2016-05-28 09:50:44'),(96,103,96,0,'0000-00-00 00:00:00',0.000000,0.000000,3.496721,3.980000,2.196721,2.680000,1.300000,1.300000,0,0.000000,0.000000,'Desktop Store','mariaselenia scatena<br />via giberghe<br />67053 capistrello<br />Italia','mariaselenia scatena<br />via giberghe<br />67053 capistrello<br />Italia','','2016-05-28 15:06:02'),(97,104,97,0,'0000-00-00 00:00:00',0.000000,0.000000,3.639344,3.890000,1.139344,1.390000,2.500000,2.500000,0,0.000000,0.000000,'Desktop Store','claudia daniela russo<br />via castel morrone 4<br />20129 milano<br />Italia','claudia daniela russo<br />via castel morrone 4<br />20129 milano<br />Italia','','2016-05-29 10:59:59'),(98,105,98,0,'0000-00-00 00:00:00',0.000000,0.000000,6.170492,7.000000,3.770492,4.600000,2.400000,2.400000,0,0.000000,0.000000,'Desktop Store','Clemente Franci<br />Via Armando Diaz n 12<br />01010 LATERA<br />Italia','Clemente Franci<br />Via Armando Diaz n 12<br />01010 LATERA<br />Italia','','2016-05-30 09:25:49'),(99,106,99,0,'0000-00-00 00:00:00',0.000000,0.000000,3.639344,3.890000,1.139344,1.390000,2.500000,2.500000,0,0.000000,0.000000,'Desktop Store','Multiphone sas<br />Via Nazario Sauro 8<br />67035 Pratola Peligna<br />Italia','Multiphone sas<br />Via Nazario Sauro 8<br />67035 Pratola Peligna<br />Italia','','2016-05-31 19:45:19'),(100,107,100,0,'0000-00-00 00:00:00',0.000000,0.000000,7.439344,8.790000,6.139344,7.490000,1.300000,1.300000,0,0.000000,0.000000,'Desktop Store','fabio ballarin<br />via salvator rosa N°10<br />30174 cipressina-zelarino<br />Italia','fabio ballarin<br />via salvator rosa N°10<br />30174 cipressina-zelarino<br />Italia','','2016-06-03 09:22:38'),(101,108,101,0,'0000-00-00 00:00:00',0.000000,0.000000,2.963934,3.330000,1.663934,2.030000,1.300000,1.300000,0,0.000000,0.000000,'Desktop Store','Giuseppe Sansone<br />C/da Strasatti 26 D<br />91025 Marsala<br />Italia','Giuseppe Sansone<br />C/da Strasatti 26 D<br />91025 Marsala<br />Italia','','2016-06-03 09:22:42'),(102,109,102,0,'0000-00-00 00:00:00',0.000000,0.000000,3.811475,4.100000,1.311475,1.600000,2.500000,2.500000,0,0.000000,0.000000,'Desktop Store','Andrea Cantoni<br />via Benussi 8/5<br />34148 Trieste<br />Italia','Andrea Cantoni<br />via Benussi 8/5<br />34148 Trieste<br />Italia','','2016-06-03 09:22:44'),(103,110,103,0,'0000-00-00 00:00:00',0.000000,0.000000,2.349180,2.580000,1.049180,1.280000,1.300000,1.300000,0,0.000000,0.000000,'Desktop Store','Federico Pugliese<br />località cascina redenta (presso discarica)<br />20065 Inzago<br />Italia','Federico Pugliese<br />località cascina redenta (presso discarica)<br />20065 Inzago<br />Italia','','2016-06-03 10:26:45'),(104,111,104,0,'0000-00-00 00:00:00',0.000000,0.000000,3.496721,3.980000,2.196721,2.680000,1.300000,1.300000,0,0.000000,0.000000,'Desktop Store','Matteo D\\\'Intino<br />Via Nazareno Fonticoli 13<br />65017 Penne<br />Italia','Matteo D\\\'Intino<br />Via Nazareno Fonticoli 13<br />65017 Penne<br />Italia','','2016-06-03 15:50:37'),(105,112,105,0,'0000-00-00 00:00:00',0.000000,0.000000,7.047541,8.070000,4.647541,5.670000,2.400000,2.400000,0,0.000000,0.000000,'Desktop Store','Christian De Luca<br />via gelsi rossi, 69<br />84125 salerno<br />Italia','Christian De Luca<br />via gelsi rossi, 69<br />84125 salerno<br />Italia','','2016-06-03 18:05:47'),(106,113,106,0,'0000-00-00 00:00:00',0.000000,0.000000,2.963934,3.330000,1.663934,2.030000,1.300000,1.300000,0,0.000000,0.000000,'Desktop Store','Ivan Pitoni<br />via Roma 70<br />40030 Grizzana Morandi<br />Italia','Ivan Pitoni<br />via Roma 70<br />40030 Grizzana Morandi<br />Italia','','2016-06-07 15:01:56'),(107,114,107,0,'0000-00-00 00:00:00',0.000000,0.000000,22.491803,25.900000,15.491803,18.900000,7.000000,7.000000,0,0.000000,0.000000,'Desktop Store','renato marini<br />via guercino 37<br />23100 varese<br />Italia','renato marini<br />via guercino 37<br />23100 varese<br />Italia','','2016-06-07 19:58:39'),(108,115,108,0,'0000-00-00 00:00:00',0.000000,0.000000,14.893443,16.630000,7.893443,9.630000,7.000000,7.000000,0,0.000000,0.000000,'Desktop Store','trovato santo<br />via della zecca 12<br />messina<br />98122 messina<br />Italia','trovato santo<br />via della zecca 12<br />messina<br />98122 messina<br />Italia','','2016-06-08 21:40:30'),(109,116,109,0,'0000-00-00 00:00:00',0.000000,0.000000,11.037705,12.300000,5.737705,7.000000,5.300000,5.300000,0,0.000000,0.000000,'Desktop Store','fabrizio castiglio\\\'<br />via rossi, 4<br />47838 riccione<br />Italia','fabrizio castiglio\\\'<br />via rossi, 4<br />47838 riccione<br />Italia','','2016-06-11 09:11:44'),(110,117,110,0,'0000-00-00 00:00:00',0.000000,0.000000,4.081967,4.430000,1.581967,1.930000,2.500000,2.500000,0,0.000000,0.000000,'Desktop Store','Laura Ferrazzano<br />Via marconi 81<br />71010 Poggio Imperiale<br />Italia','Laura Ferrazzano<br />Via marconi 81<br />71010 Poggio Imperiale<br />Italia','','2016-06-14 15:00:17'),(111,118,111,0,'0000-00-00 00:00:00',0.000000,0.000000,6.824590,8.040000,5.524590,6.740000,1.300000,1.300000,0,0.000000,0.000000,'Desktop Store','Riccardo Spaziani<br />via vejo 23<br />01014 montalto di castro<br />Italia','Riccardo Spaziani<br />via vejo 23<br />01014 montalto di castro<br />Italia','','2016-06-14 20:00:39'),(112,119,112,0,'0000-00-00 00:00:00',0.000000,0.000000,8.024590,9.240000,5.524590,6.740000,2.500000,2.500000,0,0.000000,0.000000,'Desktop Store','Vito Antonio D\\\' Alessandro<br />Via Bari<br />90/e<br />70014 Conversano<br />Italia','Vito Antonio D\\\' Alessandro<br />Via Bari<br />90/e<br />70014 Conversano<br />Italia','','2016-06-15 20:29:14'),(113,120,113,0,'0000-00-00 00:00:00',0.000000,0.000000,10.947541,13.070000,9.647541,11.770000,1.300000,1.300000,0,0.000000,0.000000,'Desktop Store','domenica milillo<br />via volta 49<br />26041 casalmaggiore<br />Italia','domenica milillo<br />via volta 49<br />26041 casalmaggiore<br />Italia','','2016-06-16 18:35:15'),(114,121,114,0,'0000-00-00 00:00:00',0.000000,0.000000,10.736066,12.570000,8.336066,10.170000,2.400000,2.400000,0,0.000000,0.000000,'Desktop Store','Alessandro Saitta<br />viale Principe Umberto, numero 17, scala a, terzo piano<br />98122 Messina<br />Italia','Alessandro Saitta<br />viale Principe Umberto, numero 17, scala a, terzo piano<br />98122 Messina<br />Italia','','2016-06-17 17:08:18'),(115,122,115,0,'0000-00-00 00:00:00',0.000000,0.000000,6.885246,7.850000,4.385246,5.350000,2.500000,2.500000,0,0.000000,0.000000,'Desktop Store','Eleonora giovannini Presso Activa Spa<br />Via Fersina 6<br />38123 Trento<br />Italia','Eleonora giovannini Presso Activa Spa<br />Via Fersina 6<br />38123 Trento<br />Italia','','2016-06-19 22:04:36'),(116,123,116,0,'0000-00-00 00:00:00',0.000000,0.000000,6.785246,7.750000,4.385246,5.350000,2.400000,2.400000,0,0.000000,0.000000,'Desktop Store','Franco Francesco C/O emme Srl<br />Viale Liguria, 40<br />74121 Taranto<br />Italia','Franco Francesco C/O emme Srl<br />Viale Liguria, 40<br />74121 Taranto<br />Italia','','2016-06-20 10:04:02'),(117,124,117,0,'0000-00-00 00:00:00',0.000000,0.000000,3.931148,4.510000,2.631148,3.210000,1.300000,1.300000,0,0.000000,0.000000,'Desktop Store','A&amp;FIGLI SAS<br />VIA CAVOUR N26<br />25034 ORZINUOVI<br />Italia','A&amp;FIGLI SAS<br />VIA CAVOUR N26<br />25034 ORZINUOVI<br />Italia','','2016-06-20 10:04:12'),(118,125,118,0,'0000-00-00 00:00:00',0.000000,0.000000,10.393443,12.130000,7.893443,9.630000,2.500000,2.500000,0,0.000000,0.000000,'Desktop Store','nicolae vilcu vvs<br />via crevacuore<br />12<br />10146 TORINO<br />Italia','nicolae vilcu vvs<br />via crevacuore<br />12<br />10146 TORINO<br />Italia','','2016-06-21 17:35:33'),(119,126,119,0,'0000-00-00 00:00:00',0.000000,0.000000,3.316393,3.760000,2.016393,2.460000,1.300000,1.300000,0,0.000000,0.000000,'Desktop Store','sabrina trabuio-omar renzo<br />via calipari 1<br />calipari 1<br />35028 piove di sacco<br />Italia','sabrina trabuio-omar renzo<br />via calipari 1<br />calipari 1<br />35028 piove di sacco<br />Italia','','2016-06-22 19:46:21'),(120,127,120,0,'0000-00-00 00:00:00',0.000000,0.000000,2.349180,2.580000,1.049180,1.280000,1.300000,1.300000,0,0.000000,0.000000,'Desktop Store','Luigi Guarro<br />Via Arpaia n.68<br />80045 Pompei<br />Italia','Luigi Guarro<br />Via Arpaia n.68<br />80045 Pompei<br />Italia','','2016-06-24 18:38:49'),(121,128,121,0,'0000-00-00 00:00:00',0.000000,0.000000,4.860000,5.400000,2.460000,3.000000,2.400000,2.400000,0,0.000000,0.000000,'Desktop Store','Fabio Baroni<br />Via Pirenei 36<br />25010 Pozzolengo<br />Brescia<br />Italia','Fabio Baroni<br />Via Pirenei 36<br />25010 Pozzolengo<br />Brescia<br />Italia','','2016-06-25 07:24:51'),(122,129,122,0,'0000-00-00 00:00:00',0.000000,0.000000,17.573770,21.000000,15.573770,19.000000,2.000000,2.000000,0,0.000000,0.000000,'Desktop Store','Gerardo Rontini<br />Via M. SBRILLI , 8<br />50141 Firenze<br />Italia','Gerardo Rontini<br />Via M. SBRILLI , 8<br />50141 Firenze<br />Italia','','2016-06-26 17:31:35'),(123,130,123,0,'0000-00-00 00:00:00',0.000000,0.000000,21.032787,24.120000,14.032787,17.120000,7.000000,7.000000,0,0.000000,0.000000,'Desktop Store','Rita Todrous<br />Via Paiella 42 ex 24/c<br />00042 Anzio<br />Italia','Rita Todrous<br />Via Paiella 42 ex 24/c<br />00042 Anzio<br />Italia','','2016-06-27 10:22:45'),(124,131,124,0,'0000-00-00 00:00:00',0.000000,0.000000,20.524590,23.500000,13.524590,16.500000,7.000000,7.000000,0,0.000000,0.000000,'Desktop Store','Federico Piano<br />Via Mannu F.I. 5<br />09041 Dolianova<br />Italia','Federico Piano<br />Via Mannu F.I. 5<br />09041 Dolianova<br />Italia','','2016-07-02 08:43:33'),(125,132,125,0,'0000-00-00 00:00:00',0.000000,0.000000,4.980328,5.790000,3.680328,4.490000,1.300000,1.300000,0,0.000000,0.000000,'Desktop Store','Beccaria Angelo<br />Via Badaracco 13/8<br />16036 Recco<br />Italia','Beccaria Angelo<br />Via Badaracco 13/8<br />16036 Recco<br />Italia','','2016-07-05 12:42:27'),(126,133,126,0,'0000-00-00 00:00:00',0.000000,0.000000,3.054098,3.440000,1.754098,2.140000,1.300000,1.300000,0,0.000000,0.000000,'Desktop Store','lorenzo fuscaldo<br />don raffele cristiani<br />88811 ciro\' marina<br />Italia','lorenzo fuscaldo<br />don raffele cristiani<br />88811 ciro\' marina<br />Italia','','2016-07-06 17:15:18'),(127,134,127,0,'0000-00-00 00:00:00',0.000000,0.000000,4.365574,5.040000,3.065574,3.740000,1.300000,1.300000,0,0.000000,0.000000,'Desktop Store','SD IT SOLUTIONS DI SMECCA M.<br />VIA MADONNA DEL ROSARIO, 8<br />93012 GELA<br />Italia','SD IT SOLUTIONS DI SMECCA M.<br />VIA MADONNA DEL ROSARIO, 8<br />93012 GELA<br />Italia','','2016-07-07 12:17:20'),(128,135,128,0,'0000-00-00 00:00:00',0.000000,0.000000,13.801639,16.310000,11.401639,13.910000,2.400000,2.400000,0,0.000000,0.000000,'Desktop Store','vittorio michelini<br />via accademia albertina 3<br />10123 torino<br />Italia','vittorio michelini<br />via accademia albertina 3<br />10123 torino<br />Italia','','2016-07-07 13:47:58'),(129,136,129,0,'0000-00-00 00:00:00',0.000000,0.000000,3.819672,4.110000,1.319672,1.610000,2.500000,2.500000,0,0.000000,0.000000,'Desktop Store','Marcello Bruscoli<br />via Antonio Tadini 150<br />00148 Roma<br />Italia','Marcello Bruscoli<br />via Antonio Tadini 150<br />00148 Roma<br />Italia','','2016-07-08 18:41:15'),(130,137,130,0,'0000-00-00 00:00:00',0.000000,0.000000,6.910000,7.900000,4.510000,5.500000,2.400000,2.400000,0,0.000000,0.000000,'Desktop Store','Daniele Tarchi<br />Via Villa Cedri 1<br />50012 Bagno a Ripoli<br />Firenze<br />Italia','Daniele Tarchi<br />Via Villa Cedri 1<br />50012 Bagno a Ripoli<br />Firenze<br />Italia','','2016-07-09 00:03:25'),(131,138,131,0,'0000-00-00 00:00:00',0.000000,0.000000,3.054098,3.440000,1.754098,2.140000,1.300000,1.300000,0,0.000000,0.000000,'Desktop Store','Maurizio Beneforti<br />Piazza Leonardo da Vinci 2<br />58023 Gavorrano<br />Italia','Maurizio Beneforti<br />Piazza Leonardo da Vinci 2<br />58023 Gavorrano<br />Italia','','2016-07-11 17:58:13'),(132,139,132,0,'0000-00-00 00:00:00',0.000000,0.000000,15.332787,18.420000,14.032787,17.120000,1.300000,1.300000,0,0.000000,0.000000,'Desktop Store','Jonny Bruno<br />Via N.Sauro, 89<br />73040 Melissano<br />Italia','Jonny Bruno<br />Via N.Sauro, 89<br />73040 Melissano<br />Italia','','2016-07-13 00:11:42'),(133,140,133,0,'0000-00-00 00:00:00',0.000000,0.000000,2.619672,2.910000,1.319672,1.610000,1.300000,1.300000,0,0.000000,0.000000,'Desktop Store','gabriele briguglio<br />via umberto I n 139<br />98026 Nizza di sicilia<br />Italia','gabriele briguglio<br />via umberto I n 139<br />98026 Nizza di sicilia<br />Italia','','2016-07-13 00:11:44'),(134,141,134,0,'0000-00-00 00:00:00',0.000000,0.000000,4.365574,5.040000,3.065574,3.740000,1.300000,1.300000,0,0.000000,0.000000,'Desktop Store','onofrio de giglio<br />via abate gimma 209<br />70122 bari<br />Italia','onofrio de giglio<br />via abate gimma 209<br />70122 bari<br />Italia','','2016-07-13 22:07:16'),(135,142,135,0,'0000-00-00 00:00:00',0.000000,0.000000,6.562295,7.720000,5.262295,6.420000,1.300000,1.300000,0,0.000000,0.000000,'Desktop Store','Xhuljan Lamaj<br />Piazza Libertà n.3<br />24040 Canonica D\'Adda<br />Italia','Xhuljan Lamaj<br />Piazza Libertà n.3<br />24040 Canonica D\'Adda<br />Italia','','2016-07-14 18:35:03'),(136,143,136,0,'0000-00-00 00:00:00',0.000000,0.000000,3.931148,4.510000,2.631148,3.210000,1.300000,1.300000,0,0.000000,0.000000,'Desktop Store','Raffaele Rizzo<br />Via Mazzini, 15<br />98066 Patti<br />Italia','Raffaele Rizzo<br />Via Mazzini, 15<br />98066 Patti<br />Italia','','2016-07-15 01:01:14'),(137,144,137,0,'0000-00-00 00:00:00',0.000000,0.000000,7.611475,9.000000,6.311475,7.700000,1.300000,1.300000,0,0.000000,0.000000,'Desktop Store','Costa Carmela<br />Viale della Costituzione 41/A<br />95125 Catania<br />Italia','Costa Carmela<br />Viale della Costituzione 41/A<br />95125 Catania<br />Italia','','2016-07-15 02:22:40'),(138,145,138,0,'0000-00-00 00:00:00',0.000000,0.000000,8.981967,10.430000,6.581967,8.030000,2.400000,2.400000,0,0.000000,0.000000,'Desktop Store','Rudi Cerasa<br />Via Roma<br />146<br />31020 Vidor<br />Italia','Rudi Cerasa<br />Via Roma<br />146<br />31020 Vidor<br />Italia','','2016-07-15 13:47:42'),(139,146,139,0,'0000-00-00 00:00:00',0.000000,0.000000,4.808197,5.580000,3.508197,4.280000,1.300000,1.300000,0,0.000000,0.000000,'Desktop Store','m s internet shop point<br />Via Zara Trav (Domenico Zappone)<br />n°9<br />89015 Palmi<br />Italia','m s internet shop point<br />Via Zara Trav (Domenico Zappone)<br />n°9<br />89015 Palmi<br />Italia','','2016-07-15 14:21:13'),(140,147,140,0,'0000-00-00 00:00:00',0.000000,0.000000,4.283607,4.940000,2.983607,3.640000,1.300000,1.300000,0,0.000000,0.000000,'Desktop Store','Piemonte Annamaria<br />Regione Tetti pereno 4<br />10040 Rivalta<br />Italia','Piemonte Annamaria<br />Regione Tetti pereno 4<br />10040 Rivalta<br />Italia','','2016-07-15 16:10:09'),(141,148,141,0,'0000-00-00 00:00:00',0.000000,0.000000,20.598361,23.590000,13.598361,16.590000,7.000000,7.000000,0,0.000000,0.000000,'Desktop Store','Gerardo Ritacco<br />Cda Santa Croce<br />87064 Corigliano Calabro<br />Italia','Gerardo Ritacco<br />Cda Santa Croce<br />87064 Corigliano Calabro<br />Italia','','2016-07-16 14:30:49'),(142,149,142,0,'0000-00-00 00:00:00',0.000000,0.000000,2.619672,2.910000,1.319672,1.610000,1.300000,1.300000,0,0.000000,0.000000,'Desktop Store','Simone Spolaor<br />Via Pietro Verri 16<br />22036 Erba<br />Italia','Simone Spolaor<br />Via Pietro Verri 16<br />22036 Erba<br />Italia','','2016-07-18 20:50:07'),(143,150,143,0,'0000-00-00 00:00:00',0.000000,0.000000,2.439344,2.690000,1.139344,1.390000,1.300000,1.300000,0,0.000000,0.000000,'Desktop Store','Gianni Piroscia<br />Via Di Summa 179<br />72021 Francavilla Fontana<br />Italia','Gianni Piroscia<br />Via Di Summa 179<br />72021 Francavilla Fontana<br />Italia','','2016-07-19 06:26:37'),(144,151,144,0,'0000-00-00 00:00:00',0.000000,0.000000,4.778689,5.280000,2.278689,2.780000,2.500000,2.500000,0,0.000000,0.000000,'Desktop Store','TS Tech<br />via varesina 165/A<br />22100 Como<br />Italia','TS Tech<br />via varesina 165/A<br />22100 Como<br />Italia','','2016-07-19 10:43:02'),(145,152,145,0,'0000-00-00 00:00:00',0.000000,0.000000,6.785246,7.750000,4.385246,5.350000,2.400000,2.400000,0,0.000000,0.000000,'Desktop Store','Cusani Mauro<br />Via Provinciale 5/b<br />22020 Muronico Frazione Dizzasco<br />Italia','Cusani Mauro<br />Via Provinciale 5/b<br />22020 Muronico Frazione Dizzasco<br />Italia','','2016-07-19 17:23:04'),(146,153,146,0,'0000-00-00 00:00:00',0.000000,0.000000,7.611475,9.000000,6.311475,7.700000,1.300000,1.300000,0,0.000000,0.000000,'Desktop Store','Nicola Lazzarin<br />Via Breo 24 int. M1<br />35028 Piove di Sacco<br />Italia','Nicola Lazzarin<br />Via Breo 24 int. M1<br />35028 Piove di Sacco<br />Italia','','2016-07-20 12:13:34'),(147,154,147,0,'0000-00-00 00:00:00',0.000000,0.000000,4.103279,4.720000,2.803279,3.420000,1.300000,1.300000,0,0.000000,0.000000,'Desktop Store','Mihaila Ilie<br />Via Fossano Nr32<br />12030 marene<br />Italia','Mihaila Ilie<br />Via Fossano Nr32<br />12030 marene<br />Italia','','2016-07-20 23:12:14'),(148,155,148,0,'0000-00-00 00:00:00',0.000000,0.000000,3.054098,3.440000,1.754098,2.140000,1.300000,1.300000,0,0.000000,0.000000,'Desktop Store','Papais Eric<br />Via Pasolini, 28<br />33072 Casarsa della Delizia<br />Italia','Papais Eric<br />Via Pasolini, 28<br />33072 Casarsa della Delizia<br />Italia','','2016-07-21 03:15:10'),(149,156,149,0,'0000-00-00 00:00:00',0.000000,0.000000,3.931148,4.510000,2.631148,3.210000,1.300000,1.300000,0,0.000000,0.000000,'Desktop Store','valentina ferruggia<br />via costante girardengo 14 scala G<br />90100 palermo<br />Italia','valentina ferruggia<br />via costante girardengo 14 scala G<br />90100 palermo<br />Italia','','2016-07-21 10:33:50'),(150,157,150,0,'0000-00-00 00:00:00',0.000000,0.000000,6.777049,7.520000,3.377049,4.120000,3.400000,3.400000,0,0.000000,0.000000,'Desktop Store','Paolo Bossi<br />Traversa Diciottesima n.12/1 , Villaggio Sereno<br />25125 Brescia<br />Italia','Paolo Bossi<br />Traversa Diciottesima n.12/1 , Villaggio Sereno<br />25125 Brescia<br />Italia','','2016-07-21 13:35:07'),(151,158,151,0,'0000-00-00 00:00:00',0.000000,0.000000,14.065574,15.180000,5.065574,6.180000,9.000000,9.000000,0,0.000000,0.000000,'Desktop Store','Daniel Pollich<br />Via Pantelleria 22<br />73100 Lecce<br />Italia','Daniel Pollich<br />Via Pantelleria 22<br />73100 Lecce<br />Italia','','2016-07-21 15:57:41'),(152,159,152,0,'0000-00-00 00:00:00',0.000000,0.000000,3.054098,3.440000,1.754098,2.140000,1.300000,1.300000,0,0.000000,0.000000,'Desktop Store','salvatore mingoia<br />via colonnello castrogiovanni 66<br />93014 mussomeli<br />Italia','salvatore mingoia<br />via colonnello castrogiovanni 66<br />93014 mussomeli<br />Italia','','2016-07-21 20:45:38'),(153,160,153,0,'0000-00-00 00:00:00',0.000000,0.000000,5.131148,5.710000,2.631148,3.210000,2.500000,2.500000,0,0.000000,0.000000,'Desktop Store','Andrea Gobbo<br />vicolo trilussa 8<br />31038 Paese<br />Italia','Andrea Gobbo<br />vicolo trilussa 8<br />31038 Paese<br />Italia','','2016-07-22 11:41:49'),(154,161,154,0,'0000-00-00 00:00:00',0.000000,0.000000,3.578689,4.080000,2.278689,2.780000,1.300000,1.300000,0,0.000000,0.000000,'Desktop Store','Danilo Castellani<br />via perugia<br />traversa via dei bucaneve<br />06023 Gualdo tadino<br />Italia','Danilo Castellani<br />via perugia<br />traversa via dei bucaneve<br />06023 Gualdo tadino<br />Italia','','2016-07-22 14:48:15'),(155,162,155,0,'0000-00-00 00:00:00',0.000000,0.000000,3.316393,3.760000,2.016393,2.460000,1.300000,1.300000,0,0.000000,0.000000,'Desktop Store','Rosanna Attanasi<br />via Dante Alighieri 15/A<br />51039 Quarrata<br />Italia','Rosanna Attanasi<br />via Dante Alighieri 15/A<br />51039 Quarrata<br />Italia','','2016-07-22 15:57:26'),(156,163,156,0,'0000-00-00 00:00:00',0.000000,0.000000,3.578689,4.080000,2.278689,2.780000,1.300000,1.300000,0,0.000000,0.000000,'Desktop Store','DAVIDE DI TERMINE<br />CORSO DELLE PROVINCE, 178<br />95127 CATANIA<br />Italia','DAVIDE DI TERMINE<br />CORSO DELLE PROVINCE, 178<br />95127 CATANIA<br />Italia','','2016-07-22 21:03:21'),(157,164,157,0,'0000-00-00 00:00:00',0.000000,0.000000,5.422951,6.330000,4.122951,5.030000,1.300000,1.300000,0,0.000000,0.000000,'Desktop Store','Alexandru Mihaes<br />Via dei gonzaga<br />37 A , int.4<br />00163 Roma<br />Italia','Alexandru Mihaes<br />Via dei gonzaga<br />37 A , int.4<br />00163 Roma<br />Italia','','2016-07-22 21:03:30'),(158,165,158,0,'0000-00-00 00:00:00',0.000000,0.000000,10.245902,10.960000,3.245902,3.960000,7.000000,7.000000,0,0.000000,0.000000,'Desktop Store','Alexandru Mihaes<br />Via dei gonzaga<br />37 A , int.4<br />00163 Roma<br />Italia','Alexandru Mihaes<br />Via dei gonzaga<br />37 A , int.4<br />00163 Roma<br />Italia','','2016-07-22 21:03:39'),(159,166,159,0,'0000-00-00 00:00:00',0.000000,0.000000,11.270492,13.200000,8.770492,10.700000,2.500000,2.500000,0,0.000000,0.000000,'Desktop Store','porime cristian<br />via lanza 2<br />38023 cles<br />Italia','porime cristian<br />via lanza 2<br />38023 cles<br />Italia','','2016-07-22 22:16:12'),(160,167,160,0,'0000-00-00 00:00:00',0.000000,0.000000,5.250820,6.120000,3.950820,4.820000,1.300000,1.300000,0,0.000000,0.000000,'Desktop Store','Judaschewske Judaschewske<br />Costantinopoli<br />81054 san Prisco<br />Italia','Judaschewske Judaschewske<br />Costantinopoli<br />81054 san Prisco<br />Italia','','2016-07-22 22:46:58'),(161,168,161,0,'0000-00-00 00:00:00',0.000000,0.000000,3.578689,4.080000,2.278689,2.780000,1.300000,1.300000,0,0.000000,0.000000,'Desktop Store','MY PHONE Todino Eugenio<br />Via D. Alighieri 44<br />Negozio<br />87028 Praja a Mare<br />Italia','MY PHONE Todino Eugenio<br />Via D. Alighieri 44<br />Negozio<br />87028 Praja a Mare<br />Italia','','2016-07-22 23:19:59'),(162,169,162,0,'0000-00-00 00:00:00',0.000000,0.000000,3.931148,4.510000,2.631148,3.210000,1.300000,1.300000,0,0.000000,0.000000,'Desktop Store','Giorgio selvaggio<br />F. Ascenzio, 36<br />97016 pozzallo<br />Italia','Giorgio selvaggio<br />F. Ascenzio, 36<br />97016 pozzallo<br />Italia','','2016-07-23 03:14:25'),(163,170,163,0,'0000-00-00 00:00:00',0.000000,0.000000,2.619672,2.910000,1.319672,1.610000,1.300000,1.300000,0,0.000000,0.000000,'Desktop Store','giuseppe linari<br />via giovanni falcone 8<br />04012 cisterna di latina<br />Italia','giuseppe linari<br />via giovanni falcone 8<br />04012 cisterna di latina<br />Italia','','2016-07-23 14:30:31'),(164,171,164,0,'0000-00-00 00:00:00',0.000000,0.000000,21.032787,24.120000,14.032787,17.120000,7.000000,7.000000,0,0.000000,0.000000,'Desktop Store','MARIO IUORIO<br />via magellano , 5<br />07020 golfo aranci<br />Italia','MARIO IUORIO<br />via magellano , 5<br />07020 golfo aranci<br />Italia','','2016-07-23 18:40:08'),(165,172,165,0,'0000-00-00 00:00:00',0.000000,0.000000,2.619672,2.910000,1.319672,1.610000,1.300000,1.300000,0,0.000000,0.000000,'Desktop Store','Firpo Barbara<br />Via Aurelia, 244<br />17025 Loano<br />Italia','Firpo Barbara<br />Via Aurelia, 244<br />17025 Loano<br />Italia','','2016-07-23 19:29:36'),(166,173,166,0,'0000-00-00 00:00:00',0.000000,0.000000,3.578689,4.080000,2.278689,2.780000,1.300000,1.300000,0,0.000000,0.000000,'Desktop Store','Domenico Maggiore<br />VIA BEATO EGIDIO 7<br />70010 Capurso<br />Italia','Domenico Maggiore<br />VIA BEATO EGIDIO 7<br />70010 Capurso<br />Italia','','2016-07-24 02:45:10'),(167,174,167,0,'0000-00-00 00:00:00',0.000000,0.000000,3.496721,3.980000,2.196721,2.680000,1.300000,1.300000,0,0.000000,0.000000,'Desktop Store','Davide Tionville<br />piazza bologna 3/6 (tionville - console)<br />17100 SAVONA<br />Italia','Davide Tionville<br />piazza bologna 3/6 (tionville - console)<br />17100 SAVONA<br />Italia','','2016-07-25 01:45:48'),(168,175,168,0,'0000-00-00 00:00:00',0.000000,0.000000,3.931148,4.510000,2.631148,3.210000,1.300000,1.300000,0,0.000000,0.000000,'Desktop Store','Cristian Favini presso S.E.A. srl<br />Via Parma, 66<br />46041 ASOLA<br />Italia','Cristian Favini presso S.E.A. srl<br />Via Parma, 66<br />46041 ASOLA<br />Italia','','2016-07-25 14:34:20'),(169,176,169,0,'0000-00-00 00:00:00',0.000000,0.000000,7.509836,8.590000,4.909836,5.990000,2.600000,2.600000,0,0.000000,0.000000,'Desktop Store','DANIELE TAGLIONE<br />S.S. 156 Dir. Monti Lepini KM 3,500 presso \"C.M.T. di TAGLIONE\"<br />03023 CECCANO<br />Italia','DANIELE TAGLIONE<br />S.S. 156 Dir. Monti Lepini KM 3,500 presso \"C.M.T. di TAGLIONE\"<br />03023 CECCANO<br />Italia','','2016-07-25 15:42:45'),(170,177,170,0,'0000-00-00 00:00:00',0.000000,0.000000,3.496721,3.980000,2.196721,2.680000,1.300000,1.300000,0,0.000000,0.000000,'Desktop Store','PUCCIO LOREDANA<br />GOFFREDO MALATERRA N.11<br />90135 PALERMO<br />Italia','PUCCIO LOREDANA<br />GOFFREDO MALATERRA N.11<br />90135 PALERMO<br />Italia','','2016-07-26 13:08:45'),(171,178,171,0,'0000-00-00 00:00:00',0.000000,0.000000,7.349180,8.680000,6.049180,7.380000,1.300000,1.300000,0,0.000000,0.000000,'Desktop Store','Federica Vellante<br />Via Rimessa 12/A<br />62020 Caldarola<br />Italia','Federica Vellante<br />Via Rimessa 12/A<br />62020 Caldarola<br />Italia','','2016-07-27 00:56:45'),(172,179,172,0,'0000-00-00 00:00:00',0.000000,0.000000,1.877049,2.070000,0.877049,1.070000,1.000000,1.000000,0,0.000000,0.000000,'Desktop Store','Marco Turci<br />Via Cusano Milanino n.20<br />00135 Roma<br />Italia','Marco Turci<br />Via Cusano Milanino n.20<br />00135 Roma<br />Italia','','2016-07-27 01:36:57'),(173,180,173,0,'0000-00-00 00:00:00',0.000000,0.000000,3.054098,3.440000,1.754098,2.140000,1.300000,1.300000,0,0.000000,0.000000,'Desktop Store','SALVATORE BARTOLOMEO c/o TUTTOTELEFONIA<br />VIA BIDONE 48-50<br />27058 VOGHERA<br />Italia','SALVATORE BARTOLOMEO c/o TUTTOTELEFONIA<br />VIA BIDONE 48-50<br />27058 VOGHERA<br />Italia','','2016-07-27 07:53:29'),(174,181,174,0,'0000-00-00 00:00:00',0.000000,0.000000,8.811475,10.200000,6.311475,7.700000,2.500000,2.500000,0,0.000000,0.000000,'Desktop Store','Paul Leonardo Claude<br />Via Bossolasco 3<br />10141 Torino<br />Italia','Paul Leonardo Claude<br />Via Bossolasco 3<br />10141 Torino<br />Italia','','2016-07-28 00:13:15'),(175,182,175,0,'0000-00-00 00:00:00',0.000000,0.000000,5.422951,6.330000,4.122951,5.030000,1.300000,1.300000,0,0.000000,0.000000,'Desktop Store','Valerio Crisci<br />Via Termini, 28<br />Presso Punta e Clicca<br />96016 Lentini<br />Italia','Valerio Crisci<br />Via Termini, 28<br />Presso Punta e Clicca<br />96016 Lentini<br />Italia','','2016-07-28 09:45:27'),(176,183,176,0,'0000-00-00 00:00:00',0.000000,0.000000,3.496721,3.980000,2.196721,2.680000,1.300000,1.300000,0,0.000000,0.000000,'Desktop Store','Felice Nappi<br />via roma 68<br />80030 comiziano<br />Italia','Felice Nappi<br />via roma 68<br />80030 comiziano<br />Italia','','2016-07-28 11:44:46'),(177,184,177,0,'0000-00-00 00:00:00',0.000000,0.000000,3.931148,4.510000,2.631148,3.210000,1.300000,1.300000,0,0.000000,0.000000,'Desktop Store','francesco strano<br />Via Etnea 582<br />95128 Catania<br />Italia','francesco strano<br />Via Etnea 582<br />95128 Catania<br />Italia','','2016-07-28 15:14:28'),(178,185,178,0,'0000-00-00 00:00:00',0.000000,0.000000,2.619672,2.910000,1.319672,1.610000,1.300000,1.300000,0,0.000000,0.000000,'Desktop Store','Carmine Antonacci<br />Corso Garibaldi, 47<br />03048 Sant\'Apollinare<br />Italia','Carmine Antonacci<br />Corso Garibaldi, 47<br />03048 Sant\'Apollinare<br />Italia','','2016-07-29 11:31:28'),(179,186,179,0,'0000-00-00 00:00:00',0.000000,0.000000,4.545902,5.260000,3.245902,3.960000,1.300000,1.300000,0,0.000000,0.000000,'Desktop Store','santa bellamacina<br />s.s.114 km 3.500 pal Iles contesse<br />98125 messina<br />Italia','santa bellamacina<br />s.s.114 km 3.500 pal Iles contesse<br />98125 messina<br />Italia','','2016-07-29 19:34:41'),(180,187,180,0,'0000-00-00 00:00:00',0.000000,0.000000,13.049180,14.380000,6.049180,7.380000,7.000000,7.000000,0,0.000000,0.000000,'Desktop Store','DOCTOR IPH DI VERCELLONE LORIS<br />viale piave 8<br />20129 milano<br />Italia','DOCTOR IPH DI VERCELLONE LORIS<br />viale piave 8<br />20129 milano<br />Italia','','2016-07-30 00:29:39'),(181,188,181,0,'0000-00-00 00:00:00',0.000000,0.000000,2.439344,2.690000,1.139344,1.390000,1.300000,1.300000,0,0.000000,0.000000,'Desktop Store','Loredana De Vito<br />Via Breccelle 2<br />83010 Capriglia Irpina<br />Italia','Loredana De Vito<br />Via Breccelle 2<br />83010 Capriglia Irpina<br />Italia','','2016-07-30 13:11:00'),(182,189,182,0,'0000-00-00 00:00:00',0.000000,0.000000,2.619672,2.910000,1.319672,1.610000,1.300000,1.300000,0,0.000000,0.000000,'Desktop Store','De Luca Fabio<br />Via Varli Pisacane 60<br />Via Due Agosto 49<br />73049 Ruffano<br />Italia','De Luca Fabio<br />Via Varli Pisacane 60<br />Via Due Agosto 49<br />73049 Ruffano<br />Italia','','2016-07-30 15:50:43'),(183,190,183,0,'0000-00-00 00:00:00',0.000000,0.000000,4.696721,5.180000,2.196721,2.680000,2.500000,2.500000,0,0.000000,0.000000,'Desktop Store','Marco Cuzzola<br />Via dei Tulipani, 22<br />89133 Reggio Calabria<br />Italia','Marco Cuzzola<br />Via dei Tulipani, 22<br />89133 Reggio Calabria<br />Italia','','2016-07-31 10:13:58'),(184,191,184,0,'0000-00-00 00:00:00',0.000000,0.000000,9.081967,10.530000,6.581967,8.030000,2.500000,2.500000,0,0.000000,0.000000,'Desktop Store','emmanuel perticone<br />piazza cavallotti 18<br />95040 ramacca<br />Italia','emmanuel perticone<br />piazza cavallotti 18<br />95040 ramacca<br />Italia','','2016-07-31 17:34:11'),(185,192,185,0,'0000-00-00 00:00:00',0.000000,0.000000,3.931148,4.510000,2.631148,3.210000,1.300000,1.300000,0,0.000000,0.000000,'Desktop Store','Fabio Franza<br />Via Catania 162,Compl.Villa Dante scala D<br />98124 Messina<br />Italia','Fabio Franza<br />Via Catania 162,Compl.Villa Dante scala D<br />98124 Messina<br />Italia','','2016-08-01 12:52:39'),(186,193,186,0,'0000-00-00 00:00:00',0.000000,0.000000,4.365574,5.040000,3.065574,3.740000,1.300000,1.300000,0,0.000000,0.000000,'Desktop Store','dragos stefan cazacu<br />Viale Trento 65/A<br />33077 Sacile<br />Italia','dragos stefan cazacu<br />Viale Trento 65/A<br />33077 Sacile<br />Italia','','2016-08-01 16:42:48'),(187,194,187,0,'0000-00-00 00:00:00',0.000000,0.000000,6.450820,7.320000,3.950820,4.820000,2.500000,2.500000,0,0.000000,0.000000,'Desktop Store','Luca Arbizzani<br />c/o Ma.Anche.Si<br />via Edera De Giovanni 37/E<br />40129 BOLOGNA<br />Italia','Luca Arbizzani<br />c/o Ma.Anche.Si<br />via Edera De Giovanni 37/E<br />40129 BOLOGNA<br />Italia','','2016-08-01 18:37:32'),(188,195,188,0,'0000-00-00 00:00:00',0.000000,0.000000,3.054098,3.440000,1.754098,2.140000,1.300000,1.300000,0,0.000000,0.000000,'Desktop Store','fabio zocchi<br />via di monte d\'oro 30<br />34015 muggia<br />Italia','fabio zocchi<br />via di monte d\'oro 30<br />34015 muggia<br />Italia','','2016-08-01 22:22:42'),(189,196,189,0,'0000-00-00 00:00:00',0.000000,0.000000,7.119672,8.180000,4.819672,5.880000,2.300000,2.300000,0,0.000000,0.000000,'Desktop Store','Rosario Santarpia<br />via traversa lattaro n14<br />80053 castellammare di stabia<br />Italia','Rosario Santarpia<br />via traversa lattaro n14<br />80053 castellammare di stabia<br />Italia','','2016-08-02 11:56:12'),(190,197,190,0,'0000-00-00 00:00:00',0.000000,0.000000,8.578689,10.180000,7.278689,8.880000,1.300000,1.300000,0,0.000000,0.000000,'Desktop Store','gabriele rubinaccio<br />via roma 36/D<br />14015 san damiano d\'asti<br />Italia','gabriele rubinaccio<br />via roma 36/D<br />14015 san damiano d\'asti<br />Italia','','2016-08-02 17:56:43'),(191,198,191,0,'0000-00-00 00:00:00',0.000000,0.000000,2.439344,2.690000,1.139344,1.390000,1.300000,1.300000,0,0.000000,0.000000,'Desktop Store','Giovanni Abbruzzese<br />Via torino 23<br />70016 Noicattaro<br />Italia','Giovanni Abbruzzese<br />Via torino 23<br />70016 Noicattaro<br />Italia','','2016-08-02 18:28:20'),(192,199,192,0,'0000-00-00 00:00:00',0.000000,0.000000,4.365574,5.040000,3.065574,3.740000,1.300000,1.300000,0,0.000000,0.000000,'Desktop Store','Volodymyr Husach<br />Viale Aldo Moro,1a Traversa Nicolo 6<br />89129 Reggio Calabria<br />Italia','Volodymyr Husach<br />Viale Aldo Moro,1a Traversa Nicolo 6<br />89129 Reggio Calabria<br />Italia','','2016-08-02 18:28:21'),(193,200,193,0,'0000-00-00 00:00:00',0.000000,0.000000,5.393443,6.030000,2.893443,3.530000,2.500000,2.500000,0,0.000000,0.000000,'Desktop Store','RIPAROEXPRESS TRIESTE<br />Via Pascoli 22 A<br />34129 Trieste<br />Italia','RIPAROEXPRESS TRIESTE<br />Via Pascoli 22 A<br />34129 Trieste<br />Italia','','2016-08-02 21:06:00'),(194,201,194,0,'0000-00-00 00:00:00',0.000000,0.000000,4.283607,4.940000,2.983607,3.640000,1.300000,1.300000,0,0.000000,0.000000,'Desktop Store','Francesco Taormina<br />Via Roma 368<br />90040 San Cipirello<br />Italia','Francesco Taormina<br />Via Roma 368<br />90040 San Cipirello<br />Italia','','2016-08-03 15:04:50'),(195,202,195,0,'0000-00-00 00:00:00',0.000000,0.000000,9.416393,10.960000,7.016393,8.560000,2.400000,2.400000,0,0.000000,0.000000,'Desktop Store','loreta tasin<br />via del cesuròn,7<br />38123 baselga del bondone<br />Italia','loreta tasin<br />via del cesuròn,7<br />38123 baselga del bondone<br />Italia','','2016-08-03 19:50:36'),(196,203,196,0,'0000-00-00 00:00:00',0.000000,0.000000,3.931148,4.510000,2.631148,3.210000,1.300000,1.300000,0,0.000000,0.000000,'Desktop Store','Luca Zanolini<br />Via Salamna, 50<br />38019 Tuenno<br />Italia','Luca Zanolini<br />Via Salamna, 50<br />38019 Tuenno<br />Italia','','2016-08-04 10:08:37'),(197,204,197,0,'0000-00-00 00:00:00',0.000000,0.000000,10.065574,10.740000,3.065574,3.740000,7.000000,7.000000,0,0.000000,0.000000,'Desktop Store','giovanni maiolino<br />via dei dossi 22<br />27020 dorno<br />Italia','giovanni maiolino<br />via dei dossi 22<br />27020 dorno<br />Italia','','2016-08-05 08:09:36'),(198,205,198,0,'0000-00-00 00:00:00',0.000000,0.000000,15.332787,18.420000,14.032787,17.120000,1.300000,1.300000,0,0.000000,0.000000,'Desktop Store','lorenzo posa<br />via moscova 16 - Scala G<br />20025 legnano<br />Italia','lorenzo posa<br />via moscova 16 - Scala G<br />20025 legnano<br />Italia','','2016-08-05 15:05:51'),(199,206,199,0,'0000-00-00 00:00:00',0.000000,0.000000,2.619672,2.910000,1.319672,1.610000,1.300000,1.300000,0,0.000000,0.000000,'Desktop Store','Alfonso Trisi c/o Tesa<br />traversa via etiopia 1/3<br />65015 Montesilvano<br />Italia','Alfonso Trisi c/o Tesa<br />traversa via etiopia 1/3<br />65015 Montesilvano<br />Italia','','2016-08-05 15:05:52'),(200,207,200,0,'0000-00-00 00:00:00',0.000000,0.000000,418.245902,508.720000,411.245902,501.720000,7.000000,7.000000,0,0.000000,0.000000,'Desktop Store','Riccardo Pezzi<br />via Sant\'Erasmo 5<br />int  4<br />18018 taggia<br />Italia','Riccardo Pezzi<br />via Sant\'Erasmo 5<br />int  4<br />18018 taggia<br />Italia','','2016-08-06 14:24:18'),(201,208,201,0,'0000-00-00 00:00:00',0.000000,0.000000,3.931148,4.510000,2.631148,3.210000,1.300000,1.300000,0,0.000000,0.000000,'Desktop Store','Luca Sciarra<br />Via Domodossola 75<br />10145 Torino<br />Italia','Luca Sciarra<br />Via Domodossola 75<br />10145 Torino<br />Italia','','2016-08-06 18:25:25'),(202,209,202,0,'0000-00-00 00:00:00',0.000000,0.000000,11.170492,13.100000,8.770492,10.700000,2.400000,2.400000,0,0.000000,0.000000,'Desktop Store','MARIO IUORIO<br />via magellano , 5<br />07020 golfo aranci<br />Italia','MARIO IUORIO<br />via magellano , 5<br />07020 golfo aranci<br />Italia','','2016-08-06 23:17:03'),(203,210,203,0,'0000-00-00 00:00:00',0.000000,0.000000,4.365574,5.040000,3.065574,3.740000,1.300000,1.300000,0,0.000000,0.000000,'Desktop Store','Computel Computel<br />Fienilone, 02<br />48015 Cervia<br />Italia','Computel Computel<br />Fienilone, 02<br />48015 Cervia<br />Italia','','2016-08-07 18:14:08'),(204,211,204,0,'0000-00-00 00:00:00',0.000000,0.000000,4.039344,4.400000,1.639344,2.000000,2.400000,2.400000,0,0.000000,0.000000,'Desktop Store','emiliano malerba<br />via san giovanni lupatoto 18<br />37134 verona<br />Italia','emiliano malerba<br />via san giovanni lupatoto 18<br />37134 verona<br />Italia','','2016-08-07 21:04:03'),(205,212,205,0,'0000-00-00 00:00:00',0.000000,0.000000,3.054098,3.440000,1.754098,2.140000,1.300000,1.300000,0,0.000000,0.000000,'Desktop Store','VANNINI SIMONE presso VANNINI S.R.L.<br />via molin bianco 14/d<br />52100 arezzo<br />Italia','VANNINI SIMONE presso VANNINI S.R.L.<br />via molin bianco 14/d<br />52100 arezzo<br />Italia','','2016-08-08 10:38:14'),(206,213,206,0,'0000-00-00 00:00:00',0.000000,0.000000,2.439344,2.690000,1.139344,1.390000,1.300000,1.300000,0,0.000000,0.000000,'Desktop Store','russo francesco<br />via l.einaudi  5<br />15067 novi ligure<br />Italia','russo francesco<br />via l.einaudi  5<br />15067 novi ligure<br />Italia','','2016-08-08 11:10:23'),(207,214,207,0,'0000-00-00 00:00:00',0.000000,0.000000,2.619672,2.910000,1.319672,1.610000,1.300000,1.300000,0,0.000000,0.000000,'Desktop Store','Sonja Quadu<br />VIA UMBERTO CAGNI 3<br />31100 TREVISO<br />Italia','Sonja Quadu<br />VIA UMBERTO CAGNI 3<br />31100 TREVISO<br />Italia','','2016-08-08 14:53:58'),(208,215,208,0,'0000-00-00 00:00:00',0.000000,0.000000,4.365574,5.040000,3.065574,3.740000,1.300000,1.300000,0,0.000000,0.000000,'Desktop Store','antonio seminara<br />corso Nunzio Costa  131<br />96018 pachino<br />Italia','antonio seminara<br />corso Nunzio Costa  131<br />96018 pachino<br />Italia','','2016-08-08 21:07:06'),(209,216,209,0,'0000-00-00 00:00:00',0.000000,0.000000,8.139344,8.390000,1.139344,1.390000,7.000000,7.000000,0,0.000000,0.000000,'Desktop Store','Alessandro lavagetto presso Saldomeccanica<br />degli artigiani 94-96<br />16162 genova<br />Italia','Alessandro lavagetto presso Saldomeccanica<br />degli artigiani 94-96<br />16162 genova<br />Italia','','2016-08-08 23:29:03'),(210,217,210,0,'0000-00-00 00:00:00',0.000000,0.000000,3.754098,4.140000,1.754098,2.140000,2.000000,2.000000,0,0.000000,0.000000,'Desktop Store','Cavallaro Nicola<br />C/O ROS Scuola Allievi Carabinieri, Via Pio XI, N. 341<br />89133 Reggio Calabria<br />Italia','Cavallaro Nicola<br />C/O ROS Scuola Allievi Carabinieri, Via Pio XI, N. 341<br />89133 Reggio Calabria<br />Italia','','2016-08-09 17:03:37'),(211,218,211,0,'0000-00-00 00:00:00',0.000000,0.000000,2.439344,2.690000,1.139344,1.390000,1.300000,1.300000,0,0.000000,0.000000,'Desktop Store','Tony samtoro<br />zona rucola VIII^ strada 3 Merine<br />73023 Lizzanello<br />Italia','Tony samtoro<br />zona rucola VIII^ strada 3 Merine<br />73023 Lizzanello<br />Italia','','2016-08-09 18:30:07'),(212,219,212,0,'0000-00-00 00:00:00',0.000000,0.000000,5.131148,5.710000,2.631148,3.210000,2.500000,2.500000,0,0.000000,0.000000,'Desktop Store','Simone Marcianò<br />Via Boschicello<br />18/G<br />89133 Reggio Calabria<br />Italia','Simone Marcianò<br />Via Boschicello<br />18/G<br />89133 Reggio Calabria<br />Italia','','2016-08-10 10:38:00'),(213,220,213,0,'0000-00-00 00:00:00',0.000000,0.000000,7.465574,8.580000,5.065574,6.180000,2.400000,2.400000,0,0.000000,0.000000,'Desktop Store','MASSIMO SILVI<br />PIAZZA SIGNINA 8<br />04010 CORI<br />Italia','MASSIMO SILVI<br />PIAZZA SIGNINA 8<br />04010 CORI<br />Italia','','2016-08-10 12:50:53'),(214,221,214,0,'0000-00-00 00:00:00',0.000000,0.000000,3.054098,3.440000,1.754098,2.140000,1.300000,1.300000,0,0.000000,0.000000,'Desktop Store','Samir El Benna<br />Piazza Avis, 10<br />10064 Pinerolo<br />Italia','Samir El Benna<br />Piazza Avis, 10<br />10064 Pinerolo<br />Italia','','2016-08-11 12:30:52'),(215,222,215,0,'0000-00-00 00:00:00',0.000000,0.000000,14.578689,17.280000,12.278689,14.980000,2.300000,2.300000,0,0.000000,0.000000,'Desktop Store','iRiparo Arzachena c/o iNkolor Store<br />Viale Costa Smeralda, 14<br />07021 Arzachena<br />Italia','iRiparo Arzachena c/o iNkolor Store<br />Viale Costa Smeralda, 14<br />07021 Arzachena<br />Italia','','2016-08-11 19:40:26'),(216,223,216,0,'0000-00-00 00:00:00',0.000000,0.000000,4.365574,5.040000,3.065574,3.740000,1.300000,1.300000,0,0.000000,0.000000,'Desktop Store','Iskandar Beddhiaf<br />Via Giovanni xxIII<br />00047 Marino<br />Italia','Iskandar Beddhiaf<br />Via Giovanni xxIII<br />00047 Marino<br />Italia','','2016-08-11 20:49:50'),(217,224,217,0,'0000-00-00 00:00:00',0.000000,0.000000,13.103279,14.820000,7.803279,9.520000,5.300000,5.300000,0,0.000000,0.000000,'Desktop Store','Tornetta Lina<br />Via G. D\'Annunzio n°78<br />94015 Piazza Armerina<br />Italia','Tornetta Lina<br />Via G. D\'Annunzio n°78<br />94015 Piazza Armerina<br />Italia','','2016-08-12 00:16:42'),(218,225,218,0,'0000-00-00 00:00:00',0.000000,0.000000,4.039344,4.400000,1.639344,2.000000,2.400000,2.400000,0,0.000000,0.000000,'Desktop Store','Petrozziello Mauro<br />Via della Luva 59<br />22014 Dongo<br />Italia','Petrozziello Mauro<br />Via della Luva 59<br />22014 Dongo<br />Italia','','2016-08-12 07:18:24'),(219,226,219,0,'0000-00-00 00:00:00',0.000000,0.000000,4.365574,5.040000,3.065574,3.740000,1.300000,1.300000,0,0.000000,0.000000,'Desktop Store','GIOELE BERNARDI<br />via monte vettore<br />39<br />60131 ancona<br />Italia','GIOELE BERNARDI<br />via monte vettore<br />39<br />60131 ancona<br />Italia','','2016-08-12 11:18:57'),(220,227,220,0,'0000-00-00 00:00:00',0.000000,0.000000,12.701639,15.210000,11.401639,13.910000,1.300000,1.300000,0,0.000000,0.000000,'Desktop Store','Filippo Marcodini<br />Strada Cavalli 4<br />28831 Baveno<br />Italia','Filippo Marcodini<br />Strada Cavalli 4<br />28831 Baveno<br />Italia','','2016-08-12 11:18:59'),(221,228,221,0,'0000-00-00 00:00:00',0.000000,0.000000,4.718033,5.470000,3.418033,4.170000,1.300000,1.300000,0,0.000000,0.000000,'Desktop Store','Gandolfo Nicolò<br />Contrada Ponte Fiumarella n.154/155<br />91025 Marsala<br />Italia','Gandolfo Nicolò<br />Contrada Ponte Fiumarella n.154/155<br />91025 Marsala<br />Italia','','2016-08-12 11:19:00'),(222,229,222,0,'0000-00-00 00:00:00',0.000000,0.000000,4.283607,4.940000,2.983607,3.640000,1.300000,1.300000,0,0.000000,0.000000,'Desktop Store','ubaldo d\\\'angelo<br />VIA G . VOLTATTORNI 47<br />63074 san benedetto del tronto<br />Italia','ubaldo d\\\'angelo<br />VIA G . VOLTATTORNI 47<br />63074 san benedetto del tronto<br />Italia','','2016-08-12 15:09:20'),(223,231,223,0,'0000-00-00 00:00:00',0.000000,0.000000,5.393443,6.030000,2.893443,3.530000,2.500000,2.500000,0,0.000000,0.000000,'Desktop Store','Salvatore Martino<br />Ficarella n°18<br />89064 Saline Joniche<br />Italia','Salvatore Martino<br />Ficarella n°18<br />89064 Saline Joniche<br />Italia','','2016-08-13 18:07:17'),(224,232,224,0,'0000-00-00 00:00:00',0.000000,0.000000,10.293443,12.030000,7.893443,9.630000,2.400000,2.400000,0,0.000000,0.000000,'Desktop Store','akbar mini<br />via cavour n° 18 sotto portici<br />24049 verdello<br />Italia','akbar mini<br />via cavour n° 18 sotto portici<br />24049 verdello<br />Italia','','2016-08-15 15:13:40'),(225,233,225,0,'0000-00-00 00:00:00',0.000000,0.000000,3.054098,3.440000,1.754098,2.140000,1.300000,1.300000,0,0.000000,0.000000,'Desktop Store','haihai li<br />via gambalunga 58<br />47921 rimini<br />Italia','haihai li<br />via gambalunga 58<br />47921 rimini<br />Italia','','2016-08-16 19:46:34'),(226,234,226,0,'0000-00-00 00:00:00',0.000000,0.000000,9.193443,10.930000,7.893443,9.630000,1.300000,1.300000,0,0.000000,0.000000,'Desktop Store','alessandro altiero<br />via quartiere nuovo 32,P.co S. Vincenzo Pal. B<br />81022 casagiove<br />Italia','alessandro altiero<br />via quartiere nuovo 32,P.co S. Vincenzo Pal. B<br />81022 casagiove<br />Italia','','2016-08-16 22:07:54'),(227,235,227,0,'0000-00-00 00:00:00',0.000000,0.000000,10.203279,11.920000,7.803279,9.520000,2.400000,2.400000,0,0.000000,0.000000,'Desktop Store','Tamburri Nicolino<br />Via Santuario, 12<br />86090 Castelpetroso<br />Italia','Tamburri Nicolino<br />Via Santuario, 12<br />86090 Castelpetroso<br />Italia','','2016-08-17 17:22:28'),(228,236,228,0,'0000-00-00 00:00:00',0.000000,0.000000,5.250820,6.120000,3.950820,4.820000,1.300000,1.300000,0,0.000000,0.000000,'Desktop Store','Sergio Leo<br />Via ca bianca 84<br />35025 Cartura<br />Italia','Sergio Leo<br />Via ca bianca 84<br />35025 Cartura<br />Italia','','2016-08-17 17:22:30'),(229,237,229,0,'0000-00-00 00:00:00',0.000000,0.000000,5.947541,6.970000,4.647541,5.670000,1.300000,1.300000,0,0.000000,0.000000,'Desktop Store','FRANCESCO MUSMANNO<br />VIA DELL\'INDUSTRIA NR.7<br />87012 CASTROVILLARI<br />Italia','FRANCESCO MUSMANNO<br />VIA DELL\'INDUSTRIA NR.7<br />87012 CASTROVILLARI<br />Italia','','2016-08-17 22:28:59'),(230,238,230,0,'0000-00-00 00:00:00',0.000000,0.000000,5.685246,6.650000,4.385246,5.350000,1.300000,1.300000,0,0.000000,0.000000,'Desktop Store','Giuseppe Tonlazzerini<br />Via Bozzone 42<br />54100 Marina di Massa<br />Italia','Giuseppe Tonlazzerini<br />Via Bozzone 42<br />54100 Marina di Massa<br />Italia','','2016-08-18 15:12:42'),(231,239,231,0,'0000-00-00 00:00:00',0.000000,0.000000,4.154098,4.540000,1.754098,2.140000,2.400000,2.400000,0,0.000000,0.000000,'Desktop Store','Francesco Natuzzi<br />Via Pietro Nenni, 18<br />75012 Bernalda<br />Italia','Francesco Natuzzi<br />Via Pietro Nenni, 18<br />75012 Bernalda<br />Italia','','2016-08-18 17:42:51'),(232,240,232,0,'0000-00-00 00:00:00',0.000000,0.000000,3.578689,4.080000,2.278689,2.780000,1.300000,1.300000,0,0.000000,0.000000,'Desktop Store','SD IT SOLUTIONS DI SMECCA M.<br />VIA MADONNA DEL ROSARIO, 8<br />93012 GELA<br />Italia','SD IT SOLUTIONS DI SMECCA M.<br />VIA MADONNA DEL ROSARIO, 8<br />93012 GELA<br />Italia','','2016-08-18 17:42:53'),(233,241,233,0,'0000-00-00 00:00:00',0.000000,0.000000,8.086885,9.360000,5.786885,7.060000,2.300000,2.300000,0,0.000000,0.000000,'Desktop Store','salvatore rossitto<br />via edoardo senatore di giovanni 28<br />96100 siracusa<br />Italia','salvatore rossitto<br />via edoardo senatore di giovanni 28<br />96100 siracusa<br />Italia','','2016-08-18 19:39:34'),(234,242,234,0,'0000-00-00 00:00:00',0.000000,0.000000,5.685246,6.650000,4.385246,5.350000,1.300000,1.300000,0,0.000000,0.000000,'Desktop Store','Jonathan Lee Asan Murrieta<br />via san damiano 1/A<br />17025 loano<br />Italia','Jonathan Lee Asan Murrieta<br />via san damiano 1/A<br />17025 loano<br />Italia','','2016-08-18 19:39:36'),(235,243,235,0,'0000-00-00 00:00:00',0.000000,0.000000,2.619672,2.910000,1.319672,1.610000,1.300000,1.300000,0,0.000000,0.000000,'Desktop Store','giuseppe vergari<br />via nazionale n.244<br />54011 aulla<br />Italia','giuseppe vergari<br />via nazionale n.244<br />54011 aulla<br />Italia','','2016-08-18 23:38:21'),(236,244,236,0,'0000-00-00 00:00:00',0.000000,0.000000,3.931148,4.510000,2.631148,3.210000,1.300000,1.300000,0,0.000000,0.000000,'Desktop Store','MondoRiparo s.n.c. - Federico Belvisi<br />Via Trento n. 196<br />53048 Sinalunga<br />Italia','MondoRiparo s.n.c. - Federico Belvisi<br />Via Trento n. 196<br />53048 Sinalunga<br />Italia','','2016-08-19 11:15:18'),(237,245,237,0,'0000-00-00 00:00:00',0.000000,0.000000,5.465574,6.140000,3.065574,3.740000,2.400000,2.400000,0,0.000000,0.000000,'Desktop Store','Nicola Leone<br />Duca della Vittoria 68 G/H<br />70037 Ruvo di Puglia<br />Italia','Nicola Leone<br />Duca della Vittoria 68 G/H<br />70037 Ruvo di Puglia<br />Italia','','2016-08-19 11:15:38'),(238,246,238,0,'0000-00-00 00:00:00',0.000000,0.000000,4.193443,4.830000,2.893443,3.530000,1.300000,1.300000,0,0.000000,0.000000,'Desktop Store','Nicola Leone<br />Duca della Vittoria 68 G/H<br />70037 Ruvo di Puglia<br />Italia','Nicola Leone<br />Duca della Vittoria 68 G/H<br />70037 Ruvo di Puglia<br />Italia','','2016-08-19 11:50:42'),(239,247,239,0,'0000-00-00 00:00:00',0.000000,0.000000,7.611475,9.000000,6.311475,7.700000,1.300000,1.300000,0,0.000000,0.000000,'Desktop Store','Vincenzo Maletesta<br />73019<br />Via kennedy 35<br />73019 Trepuzzi<br />Italia','Vincenzo Maletesta<br />73019<br />Via kennedy 35<br />73019 Trepuzzi<br />Italia','','2016-08-19 19:25:35'),(240,248,240,0,'0000-00-00 00:00:00',0.000000,0.000000,13.103279,14.820000,7.803279,9.520000,5.300000,5.300000,0,0.000000,0.000000,'Desktop Store','Probiotical David Nunez<br />Via Mattei Enrico 03<br />03<br />28100 novara<br />Italia','Probiotical David Nunez<br />Via Mattei Enrico 03<br />03<br />28100 novara<br />Italia','','2016-08-19 21:52:54'),(241,249,241,0,'0000-00-00 00:00:00',0.000000,0.000000,5.393443,6.030000,2.893443,3.530000,2.500000,2.500000,0,0.000000,0.000000,'Desktop Store','cornacchia luca<br />via sant\'antonio 12<br />65020 rosciano<br />Italia','cornacchia luca<br />via sant\'antonio 12<br />65020 rosciano<br />Italia','','2016-08-20 11:10:47'),(242,250,242,0,'0000-00-00 00:00:00',0.000000,0.000000,5.857377,6.860000,4.557377,5.560000,1.300000,1.300000,0,0.000000,0.000000,'Desktop Store','Zhong Huang<br />Via Davila 36<br />35028 Piove Di Sacco<br />Italia','Zhong Huang<br />Via Davila 36<br />35028 Piove Di Sacco<br />Italia','','2016-08-20 12:24:41'),(243,251,243,0,'0000-00-00 00:00:00',0.000000,0.000000,3.054098,3.440000,1.754098,2.140000,1.300000,1.300000,0,0.000000,0.000000,'Desktop Store','Antonio Campagna<br />via Di Goletta 42/E<br />56121 Pisa<br />Italia','Antonio Campagna<br />via Di Goletta 42/E<br />56121 Pisa<br />Italia','','2016-08-20 15:39:52'),(244,252,244,0,'0000-00-00 00:00:00',0.000000,0.000000,3.578689,4.080000,2.278689,2.780000,1.300000,1.300000,0,0.000000,0.000000,'Desktop Store','Gianluca Sandri<br />Strada soave, 44<br />46047 Porto mantovano<br />Italia','Gianluca Sandri<br />Strada soave, 44<br />46047 Porto mantovano<br />Italia','','2016-08-20 18:29:58'),(245,253,245,0,'0000-00-00 00:00:00',0.000000,0.000000,4.718033,5.470000,3.418033,4.170000,1.300000,1.300000,0,0.000000,0.000000,'Desktop Store','Mattia Mantovani<br />via Luigi Savoia,36<br />45014 Porto Viro<br />Italia','Mattia Mantovani<br />via Luigi Savoia,36<br />45014 Porto Viro<br />Italia','','2016-08-21 11:51:05'),(246,254,246,0,'0000-00-00 00:00:00',0.000000,0.000000,1.877049,2.070000,0.877049,1.070000,1.000000,1.000000,0,0.000000,0.000000,'Desktop Store','Christian proietto<br />Via Roma 62<br />20091 Bresso<br />Italia','Christian proietto<br />Via Roma 62<br />20091 Bresso<br />Italia','','2016-08-21 16:54:34'),(247,255,247,0,'0000-00-00 00:00:00',0.000000,0.000000,5.031148,5.610000,2.631148,3.210000,2.400000,2.400000,0,0.000000,0.000000,'Desktop Store','Angelo laracca<br />Via pilato, 51a<br />04023 formia<br />Italia','Angelo laracca<br />Via pilato, 51a<br />04023 formia<br />Italia','','2016-08-21 16:54:36'),(248,256,248,0,'0000-00-00 00:00:00',0.000000,0.000000,2.619672,2.910000,1.319672,1.610000,1.300000,1.300000,0,0.000000,0.000000,'Desktop Store','sabina de prisco<br />via Martelli 33<br />42030 Vezzano Sul Crostolo<br />Italia','sabina de prisco<br />via Martelli 33<br />42030 Vezzano Sul Crostolo<br />Italia','','2016-08-21 17:25:17'),(249,257,249,0,'0000-00-00 00:00:00',0.000000,0.000000,2.349180,2.580000,1.049180,1.280000,1.300000,1.300000,0,0.000000,0.000000,'Desktop Store','Mario Pellicardi<br />Via F. Bianco 39<br />18020 Aurigo<br />Italia','Mario Pellicardi<br />Via F. Bianco 39<br />18020 Aurigo<br />Italia','','2016-08-21 22:45:12'),(250,258,250,0,'0000-00-00 00:00:00',0.000000,0.000000,3.316393,3.760000,2.016393,2.460000,1.300000,1.300000,0,0.000000,0.000000,'Desktop Store','GIACOMO GALDIOLO SNC<br />Via della pieve 88<br />35010 Borgoricco<br />Italia','GIACOMO GALDIOLO SNC<br />Via della pieve 88<br />35010 Borgoricco<br />Italia','','2016-08-22 11:00:14'),(251,259,251,0,'0000-00-00 00:00:00',0.000000,0.000000,2.619672,2.910000,1.319672,1.610000,1.300000,1.300000,0,0.000000,0.000000,'Desktop Store','Elia Taccone<br />Via Poggiale 3<br />47867 Talamello<br />Italia','Elia Taccone<br />Via Poggiale 3<br />47867 Talamello<br />Italia','','2016-08-22 12:02:09'),(252,260,252,0,'0000-00-00 00:00:00',0.000000,0.000000,7.611475,9.000000,6.311475,7.700000,1.300000,1.300000,0,0.000000,0.000000,'Desktop Store','bar multistore peccati di gola<br />p.zza galimberti n 11<br />10134 torino<br />Italia','bar multistore peccati di gola<br />p.zza galimberti n 11<br />10134 torino<br />Italia','','2016-08-23 14:11:33'),(253,261,253,0,'0000-00-00 00:00:00',0.000000,0.000000,2.881967,3.230000,1.581967,1.930000,1.300000,1.300000,0,0.000000,0.000000,'Desktop Store','Marras Andrea<br />arborea<br />52<br />08038 Sorgono<br />Italia','Marras Andrea<br />arborea<br />52<br />08038 Sorgono<br />Italia','','2016-08-23 14:11:35'),(254,262,254,0,'0000-00-00 00:00:00',0.000000,0.000000,4.808197,5.580000,3.508197,4.280000,1.300000,1.300000,0,0.000000,0.000000,'Desktop Store','Claudia Onnis C/O Mattei<br />Via Garibaldi 54<br />56012 Calcinaia<br />Italia','Claudia Onnis C/O Mattei<br />Via Garibaldi 54<br />56012 Calcinaia<br />Italia','','2016-08-23 18:18:10'),(255,263,255,0,'0000-00-00 00:00:00',0.000000,0.000000,4.103279,4.720000,2.803279,3.420000,1.300000,1.300000,0,0.000000,0.000000,'Desktop Store','Bruno Nola<br />via Paolo vocca astronomo N°4<br />84126 Salerno<br />Italia','Bruno Nola<br />via Paolo vocca astronomo N°4<br />84126 Salerno<br />Italia','','2016-08-23 22:32:48'),(256,264,256,0,'0000-00-00 00:00:00',0.000000,0.000000,19.663934,22.010000,10.663934,13.010000,9.000000,9.000000,0,0.000000,0.000000,'Desktop Store','rosaria mannina<br />via lugano, 20<br />91016 erice casa santa<br />Italia','rosaria mannina<br />via lugano, 20<br />91016 erice casa santa<br />Italia','','2016-08-24 13:01:03'),(257,265,257,0,'0000-00-00 00:00:00',0.000000,0.000000,3.578689,4.080000,2.278689,2.780000,1.300000,1.300000,0,0.000000,0.000000,'Desktop Store','Donatella Spiri<br />via Regina Elena 11<br />73057 Taviano<br />Italia','Donatella Spiri<br />via Regina Elena 11<br />73057 Taviano<br />Italia','','2016-08-24 14:53:34'),(258,266,258,0,'0000-00-00 00:00:00',0.000000,0.000000,3.840984,4.400000,2.540984,3.100000,1.300000,1.300000,0,0.000000,0.000000,'Desktop Store','giuseppe provenzano<br />via sirio n26 agrigento villaggio Mosè<br />92100 agrigento<br />Italia','giuseppe provenzano<br />via sirio n26 agrigento villaggio Mosè<br />92100 agrigento<br />Italia','','2016-08-24 15:32:31'),(259,267,259,0,'0000-00-00 00:00:00',0.000000,0.000000,8.662295,9.820000,5.262295,6.420000,3.400000,3.400000,0,0.000000,0.000000,'Desktop Store','MARGHERITA PICCIRILLO<br />VIA G. GARIBALDI , 59<br />81056 SPARANISE<br />Italia','MARGHERITA PICCIRILLO<br />VIA G. GARIBALDI , 59<br />81056 SPARANISE<br />Italia','','2016-08-24 16:05:01'),(260,268,260,0,'0000-00-00 00:00:00',0.000000,0.000000,5.422951,6.330000,4.122951,5.030000,1.300000,1.300000,0,0.000000,0.000000,'Desktop Store','carlo gava<br />via bassi 41a<br />16030 tribogna<br />Italia','carlo gava<br />via bassi 41a<br />16030 tribogna<br />Italia','','2016-08-24 18:43:49'),(261,269,261,0,'0000-00-00 00:00:00',0.000000,0.000000,3.578689,4.080000,2.278689,2.780000,1.300000,1.300000,0,0.000000,0.000000,'Desktop Store','vincenzo pillirone<br />marzabotto 7<br />96011 augusta<br />Italia','vincenzo pillirone<br />marzabotto 7<br />96011 augusta<br />Italia','','2016-08-24 18:43:50'),(262,270,262,0,'0000-00-00 00:00:00',0.000000,0.000000,3.054098,3.440000,1.754098,2.140000,1.300000,1.300000,0,0.000000,0.000000,'Desktop Store','salvatore mingoia<br />via colonnello castrogiovanni 66<br />93014 mussomeli<br />Italia','salvatore mingoia<br />via colonnello castrogiovanni 66<br />93014 mussomeli<br />Italia','','2016-08-25 10:54:01'),(263,271,263,0,'0000-00-00 00:00:00',0.000000,0.000000,4.808197,5.580000,3.508197,4.280000,1.300000,1.300000,0,0.000000,0.000000,'Desktop Store','CATELLO DI CAPUA<br />Via Staffetti 2<br />54100 Massa<br />Italia','CATELLO DI CAPUA<br />Via Staffetti 2<br />54100 Massa<br />Italia','','2016-08-25 12:21:31'),(264,272,264,0,'0000-00-00 00:00:00',0.000000,0.000000,3.054098,3.440000,1.754098,2.140000,1.300000,1.300000,0,0.000000,0.000000,'Desktop Store','filice graziano<br />via bivio donnici donnici inferiore 4D<br />87100 cosenza<br />Italia','filice graziano<br />via bivio donnici donnici inferiore 4D<br />87100 cosenza<br />Italia','','2016-08-25 13:01:19'),(265,273,265,0,'0000-00-00 00:00:00',0.000000,0.000000,5.565574,6.240000,3.065574,3.740000,2.500000,2.500000,0,0.000000,0.000000,'Desktop Store','Vittorio Rinaldi<br />Cda Conca D \'oro Compl.Sea Breeze Pal A s/n<br />98168 Messina<br />Italia','Vittorio Rinaldi<br />Cda Conca D \'oro Compl.Sea Breeze Pal A s/n<br />98168 Messina<br />Italia','','2016-08-25 19:55:14'),(266,274,266,0,'0000-00-00 00:00:00',0.000000,0.000000,3.819672,4.110000,1.319672,1.610000,2.500000,2.500000,0,0.000000,0.000000,'Desktop Store','Giovanni Troia c/o ROYAL TRADE<br />STRADA DEI CENSITI 1<br />47891 FALCIANO - REP DI SAN MARINO<br />Italia','Giovanni Troia c/o ROYAL TRADE<br />STRADA DEI CENSITI 1<br />47891 FALCIANO - REP DI SAN MARINO<br />Italia','','2016-08-25 21:59:42'),(267,275,267,0,'0000-00-00 00:00:00',0.000000,0.000000,3.496721,3.980000,2.196721,2.680000,1.300000,1.300000,0,0.000000,0.000000,'Desktop Store','giuseppe napoli<br />via turi scordo n4<br />95045 misterbianco<br />Italia','giuseppe napoli<br />via turi scordo n4<br />95045 misterbianco<br />Italia','','2016-08-25 23:57:17'),(268,276,268,0,'0000-00-00 00:00:00',0.000000,0.000000,2.619672,2.910000,1.319672,1.610000,1.300000,1.300000,0,0.000000,0.000000,'Desktop Store','fabio Di pietro<br />via monte bianco n11<br />06039 trevi<br />Italia','fabio Di pietro<br />via monte bianco n11<br />06039 trevi<br />Italia','','2016-08-26 21:51:02'),(269,277,269,0,'0000-00-00 00:00:00',0.000000,0.000000,3.496721,3.980000,2.196721,2.680000,1.300000,1.300000,0,0.000000,0.000000,'Desktop Store','federico franceschini<br />via cecchi 4<br />16129 genova<br />Italia','federico franceschini<br />via cecchi 4<br />16129 genova<br />Italia','','2016-08-28 19:41:21'),(270,278,270,0,'0000-00-00 00:00:00',0.000000,0.000000,7.157377,8.160000,4.557377,5.560000,2.600000,2.600000,0,0.000000,0.000000,'Desktop Store','PhoneUp di Guzzetta Gabriele<br />via emanuele bellia 125<br />95047 Paterno\'<br />Italia','PhoneUp di Guzzetta Gabriele<br />via emanuele bellia 125<br />95047 Paterno\'<br />Italia','','2016-08-29 12:16:14'),(271,279,271,0,'0000-00-00 00:00:00',0.000000,0.000000,5.031148,5.610000,2.631148,3.210000,2.400000,2.400000,0,0.000000,0.000000,'Desktop Store','GBG informatica<br />via Lamia 22<br />90047 Partinico<br />Italia','GBG informatica<br />via Lamia 22<br />90047 Partinico<br />Italia','','2016-08-29 12:16:16'),(272,280,272,0,'0000-00-00 00:00:00',0.000000,0.000000,3.578689,4.080000,2.278689,2.780000,1.300000,1.300000,0,0.000000,0.000000,'Desktop Store','Yang Zhishu<br />via San Bernardino<br />4<br />38062 arco<br />Italia','Yang Zhishu<br />via San Bernardino<br />4<br />38062 arco<br />Italia','','2016-08-29 15:16:49'),(273,281,273,0,'0000-00-00 00:00:00',0.000000,0.000000,5.131148,5.710000,2.631148,3.210000,2.500000,2.500000,0,0.000000,0.000000,'Desktop Store','TS Tech<br />via varesina 165/A<br />22100 Como<br />Italia','TS Tech<br />via varesina 165/A<br />22100 Como<br />Italia','','2016-08-30 11:13:33'),(274,282,274,0,'0000-00-00 00:00:00',0.000000,0.000000,4.365574,5.040000,3.065574,3.740000,1.300000,1.300000,0,0.000000,0.000000,'Desktop Store','Roberto Cavalieri<br />Viale Mare Adriatico, 17<br />44020 Lido di Pomposa<br />Italia','Roberto Cavalieri<br />Viale Mare Adriatico, 17<br />44020 Lido di Pomposa<br />Italia','','2016-08-30 16:35:30'),(275,283,275,0,'0000-00-00 00:00:00',0.000000,0.000000,8.780328,10.140000,6.180328,7.540000,2.600000,2.600000,0,0.000000,0.000000,'Desktop Store','Fabrizio Campioni<br />Via Agostino Magliani 116 pal F scala C<br />00148 Roma<br />Italia','Fabrizio Campioni<br />Via Agostino Magliani 116 pal F scala C<br />00148 Roma<br />Italia','','2016-08-30 18:00:00'),(276,284,276,0,'0000-00-00 00:00:00',0.000000,0.000000,5.031148,5.610000,2.631148,3.210000,2.400000,2.400000,0,0.000000,0.000000,'Desktop Store','Lucia D\\\'ippolito A.Fogg<br />via torre ovo 43<br />74020 Maruggio<br />Italia','Lucia D\\\'ippolito A.Fogg<br />via torre ovo 43<br />74020 Maruggio<br />Italia','','2016-08-30 21:10:57'),(277,285,277,0,'0000-00-00 00:00:00',0.000000,0.000000,4.039344,4.400000,1.639344,2.000000,2.400000,2.400000,0,0.000000,0.000000,'Desktop Store','Riccardo Ceron<br />V.Cividale 19 Ca\'Savio (Negozio)<br />30013 cavallino-treporti<br />Italia','Riccardo Ceron<br />V.Cividale 19 Ca\'Savio (Negozio)<br />30013 cavallino-treporti<br />Italia','','2016-08-30 23:55:20'),(278,286,278,0,'0000-00-00 00:00:00',0.000000,0.000000,2.439344,2.690000,1.139344,1.390000,1.300000,1.300000,0,0.000000,0.000000,'Desktop Store','Daniele Santonastaso<br />via salvo d acquisto t.p. n6<br />81020 Casapulla<br />Italia','Daniele Santonastaso<br />via salvo d acquisto t.p. n6<br />81020 Casapulla<br />Italia','','2016-08-31 14:41:34'),(279,287,279,0,'0000-00-00 00:00:00',0.000000,0.000000,8.811475,10.200000,6.311475,7.700000,2.500000,2.500000,0,0.000000,0.000000,'Desktop Store','ITALYHITECH di Cinà Alessandro<br />via Aosta 16<br />galleria Centro Commerciale FAMILA<br />10099 San Mauro Torinese<br />Italia','ITALYHITECH di Cinà Alessandro<br />via Aosta 16<br />galleria Centro Commerciale FAMILA<br />10099 San Mauro Torinese<br />Italia','','2016-09-01 10:18:55'),(280,288,280,0,'0000-00-00 00:00:00',0.000000,0.000000,4.980328,5.790000,3.680328,4.490000,1.300000,1.300000,0,0.000000,0.000000,'Desktop Store','miriam maurino<br />via del sagliano 21<br />06131 perugia<br />Italia','miriam maurino<br />via del sagliano 21<br />06131 perugia<br />Italia','','2016-09-01 12:35:03'),(281,289,281,0,'0000-00-00 00:00:00',0.000000,0.000000,2.349180,2.580000,1.049180,1.280000,1.300000,1.300000,0,0.000000,0.000000,'Desktop Store','ivana zolin<br />via Matteotti 3b<br />21012 cassano magnago<br />Italia','ivana zolin<br />via Matteotti 3b<br />21012 cassano magnago<br />Italia','','2016-09-01 19:05:43'),(282,290,282,0,'0000-00-00 00:00:00',0.000000,0.000000,11.980328,13.890000,8.680328,10.590000,3.300000,3.300000,0,0.000000,0.000000,'Desktop Store','emanuele moncelsi<br />viale italia68<br />51100 pistoia<br />Italia','emanuele moncelsi<br />viale italia68<br />51100 pistoia<br />Italia','','2016-09-01 21:11:37'),(283,291,283,0,'0000-00-00 00:00:00',0.000000,0.000000,11.170492,13.100000,8.770492,10.700000,2.400000,2.400000,0,0.000000,0.000000,'Desktop Store','Christian De Luca<br />via gelsi rossi, 69<br />84125 salerno<br />Italia','Christian De Luca<br />via gelsi rossi, 69<br />84125 salerno<br />Italia','','2016-09-02 16:50:18'),(284,292,284,0,'0000-00-00 00:00:00',0.000000,0.000000,5.031148,5.610000,2.631148,3.210000,2.400000,2.400000,0,0.000000,0.000000,'Desktop Store','Media Store di Davide Giardina<br />Prof. Emanuele Carnevale n°21<br />98055 Lipari<br />Italia','Media Store di Davide Giardina<br />Prof. Emanuele Carnevale n°21<br />98055 Lipari<br />Italia','','2016-09-02 16:50:20'),(285,293,285,0,'0000-00-00 00:00:00',0.000000,0.000000,9.980328,11.890000,8.680328,10.590000,1.300000,1.300000,0,0.000000,0.000000,'Desktop Store','Giovanni LEONE<br />Via Campania n°100<br />63074 San Benedetto del Tronto<br />Italia','Giovanni LEONE<br />Via Campania n°100<br />63074 San Benedetto del Tronto<br />Italia','','2016-09-02 18:08:49'),(286,294,286,0,'0000-00-00 00:00:00',0.000000,0.000000,5.031148,5.610000,2.631148,3.210000,2.400000,2.400000,0,0.000000,0.000000,'Desktop Store','QUIDSTORE SNC DI CATTANEO R.<br />VIA CARLO CATTANEO 75<br />23900 LECCO<br />Italia','QUIDSTORE SNC DI CATTANEO R.<br />VIA CARLO CATTANEO 75<br />23900 LECCO<br />Italia','','2016-09-03 20:27:58'),(287,295,287,0,'0000-00-00 00:00:00',0.000000,0.000000,5.465574,6.140000,3.065574,3.740000,2.400000,2.400000,0,0.000000,0.000000,'Desktop Store','matteo enoch<br />piazza garibaldi 19<br />20845 sovico<br />Italia','matteo enoch<br />piazza garibaldi 19<br />20845 sovico<br />Italia','','2016-09-03 23:09:26'),(288,296,288,0,'0000-00-00 00:00:00',0.000000,0.000000,6.785246,7.750000,4.385246,5.350000,2.400000,2.400000,0,0.000000,0.000000,'Desktop Store','AGMSTORE srl<br />Via di tressanti 26<br />71121 Foggia<br />Italia','AGMSTORE srl<br />Via di tressanti 26<br />71121 Foggia<br />Italia','','2016-09-04 11:21:06'),(289,297,289,0,'0000-00-00 00:00:00',0.000000,0.000000,4.154098,4.540000,1.754098,2.140000,2.400000,2.400000,0,0.000000,0.000000,'Desktop Store','Michelangelo De Santis<br />Via V. Bachelet 21<br />70020 Bitritto<br />Italia','Michelangelo De Santis<br />Via V. Bachelet 21<br />70020 Bitritto<br />Italia','','2016-09-04 15:40:59'),(290,298,290,0,'0000-00-00 00:00:00',0.000000,0.000000,10.065574,10.740000,3.065574,3.740000,7.000000,7.000000,0,0.000000,0.000000,'Desktop Store','D\'Aprile Anna Maria<br />Via Scott SV2F<br />74011 Castellaneta Marina<br />Italia','D\'Aprile Anna Maria<br />Via Scott SV2F<br />74011 Castellaneta Marina<br />Italia','','2016-09-05 04:14:45'),(291,299,291,0,'0000-00-00 00:00:00',0.000000,0.000000,5.332787,6.220000,4.032787,4.920000,1.300000,1.300000,0,0.000000,0.000000,'Desktop Store','Stefano patrizi<br />Località il leccio, 10<br />58033 Castel del piano<br />Italia','Stefano patrizi<br />Località il leccio, 10<br />58033 Castel del piano<br />Italia','','2016-10-27 12:01:52'),(292,300,292,0,'0000-00-00 00:00:00',0.000000,0.000000,3.054098,3.440000,1.754098,2.140000,1.300000,1.300000,0,0.000000,0.000000,'Desktop Store','NUNZIO SAMBATARO<br />VIA VITTORIO EMANUELE , 476<br />95032 BELPASSO<br />Italia','NUNZIO SAMBATARO<br />VIA VITTORIO EMANUELE , 476<br />95032 BELPASSO<br />Italia','','2016-10-27 12:01:58'),(293,301,293,0,'0000-00-00 00:00:00',0.000000,0.000000,2.480328,2.740000,1.180328,1.440000,1.300000,1.300000,0,0.000000,0.000000,'Desktop Store','alessia scano<br />piazza santa maria maddalena<br />4<br />09099 URAS<br />Italia','alessia scano<br />piazza santa maria maddalena<br />4<br />09099 URAS<br />Italia','','2016-10-27 12:02:01'),(294,302,294,0,'0000-00-00 00:00:00',0.000000,0.000000,2.529508,2.800000,1.229508,1.500000,1.300000,1.300000,0,0.000000,0.000000,'Desktop Store','Vincenzo Sentina<br />via la lumia n° 22<br />via la lumia n° 22<br />93015 Niscemi<br />Italia','Vincenzo Sentina<br />via la lumia n° 22<br />via la lumia n° 22<br />93015 Niscemi<br />Italia','','2016-10-27 12:02:04'),(295,303,295,0,'0000-00-00 00:00:00',0.000000,0.000000,2.881967,3.230000,1.581967,1.930000,1.300000,1.300000,0,0.000000,0.000000,'Desktop Store','Tommaso Marziliano<br />Via montegrappa    N 5<br />70028 Sannicandro di Bari<br />Italia','Tommaso Marziliano<br />Via montegrappa    N 5<br />70028 Sannicandro di Bari<br />Italia','','2016-10-27 12:02:07'),(296,304,296,0,'0000-00-00 00:00:00',0.000000,0.000000,4.398361,4.860000,2.098361,2.560000,2.300000,2.300000,0,0.000000,0.000000,'Desktop Store','Gianfranco Grande<br />Via Agostino Stellato C.I.S. \"SE.GE.STA.\"<br />81054 San Prisco<br />Italia','Gianfranco Grande<br />Via Agostino Stellato C.I.S. \"SE.GE.STA.\"<br />81054 San Prisco<br />Italia','','2016-10-27 12:02:11'),(297,305,297,0,'0000-00-00 00:00:00',0.000000,0.000000,4.778689,5.280000,2.278689,2.780000,2.500000,2.500000,0,0.000000,0.000000,'Desktop Store','Mattia Niccolai<br />Via Aurelia Sud 205 B<br />San Benedetto<br />19020 Ricco\' del Golfo di Spezia, San Benedetto<br />Italia','Mattia Niccolai<br />Via Aurelia Sud 205 B<br />San Benedetto<br />19020 Ricco\' del Golfo di Spezia, San Benedetto<br />Italia','','2016-10-27 12:02:15'),(298,306,298,0,'0000-00-00 00:00:00',0.000000,0.000000,2.349180,2.580000,1.049180,1.280000,1.300000,1.300000,0,0.000000,0.000000,'Desktop Store','Gaetano Costa<br />VIA MISURATA 26 C/O POSTA EXPRESS<br />92014 porto empedocle<br />Italia','Gaetano Costa<br />VIA MISURATA 26 C/O POSTA EXPRESS<br />92014 porto empedocle<br />Italia','','2016-10-27 12:02:18'),(299,307,299,0,'0000-00-00 00:00:00',0.000000,0.000000,6.713115,7.640000,4.213115,5.140000,2.500000,2.500000,0,0.000000,0.000000,'Desktop Store','Michele Badillo P.iva<br />Via Recca 70<br />80016 Marano Di Napoli<br />Italia','Michele Badillo P.iva<br />Via Recca 70<br />80016 Marano Di Napoli<br />Italia','','2016-10-27 12:02:21'),(300,308,300,0,'0000-00-00 00:00:00',0.000000,0.000000,2.619672,2.910000,1.319672,1.610000,1.300000,1.300000,0,0.000000,0.000000,'Desktop Store','SPEED GLASS MARCO INNOCENTI<br />VIA FABIO SEVERO 22/C<br />34100 TRIESTE<br />Italia','SPEED GLASS MARCO INNOCENTI<br />VIA FABIO SEVERO 22/C<br />34100 TRIESTE<br />Italia','','2016-10-27 12:02:24'),(301,309,301,0,'0000-00-00 00:00:00',0.000000,0.000000,2.619672,2.910000,1.319672,1.610000,1.300000,1.300000,0,0.000000,0.000000,'Desktop Store','vincenzo marangoni cod. fis. CMRNCHF<br />Vittorio carpaccio 27 presso fam. tola tronci<br />FAM TOLA TRONCI<br />09121 CAGLIARI<br />Italia','vincenzo marangoni cod. fis. CMRNCHF<br />Vittorio carpaccio 27 presso fam. tola tronci<br />FAM TOLA TRONCI<br />09121 CAGLIARI<br />Italia','','2016-10-27 12:02:27'),(302,310,302,0,'0000-00-00 00:00:00',0.000000,0.000000,3.931148,4.510000,2.631148,3.210000,1.300000,1.300000,0,0.000000,0.000000,'Desktop Store','Infantino Marco c/o il mercante in fiera<br />via d\'acquisto S. SN<br />93100 CALTANISSETTA<br />Italia','Infantino Marco c/o il mercante in fiera<br />via d\'acquisto S. SN<br />93100 CALTANISSETTA<br />Italia','','2016-10-27 12:02:31'),(303,311,303,0,'0000-00-00 00:00:00',0.000000,0.000000,9.636066,11.470000,8.336066,10.170000,1.300000,1.300000,0,0.000000,0.000000,'Desktop Store','di risio giovanni<br />via g. marconi, 5<br />66031 casalanguida<br />Italia','di risio giovanni<br />via g. marconi, 5<br />66031 casalanguida<br />Italia','','2016-10-27 12:02:34'),(304,312,304,0,'0000-00-00 00:00:00',0.000000,0.000000,9.193443,10.930000,7.893443,9.630000,1.300000,1.300000,0,0.000000,0.000000,'Desktop Store','GIUSEPPE VERDE<br />VIA COL. DE CRISITOFORIS, 14<br />71014 SAN MARCO IN LAMIS<br />Italia','GIUSEPPE VERDE<br />VIA COL. DE CRISITOFORIS, 14<br />71014 SAN MARCO IN LAMIS<br />Italia','','2016-10-27 12:02:37'),(305,313,305,0,'0000-00-00 00:00:00',0.000000,0.000000,2.611475,2.900000,1.311475,1.600000,1.300000,1.300000,0,0.000000,0.000000,'Desktop Store','Gesualdo Riso<br />Adda,2<br />20815 Cogliate<br />Italia','Gesualdo Riso<br />Adda,2<br />20815 Cogliate<br />Italia','','2016-10-27 12:02:40'),(306,314,306,0,'0000-00-00 00:00:00',0.000000,0.000000,2.619672,2.910000,1.319672,1.610000,1.300000,1.300000,0,0.000000,0.000000,'Desktop Store','Davide Corradino<br />Via piola interna 13<br />28013 Gattico<br />Italia','Davide Corradino<br />Via piola interna 13<br />28013 Gattico<br />Italia','','2016-10-27 12:02:43'),(307,315,307,0,'0000-00-00 00:00:00',0.000000,0.000000,1.877049,2.070000,0.877049,1.070000,1.000000,1.000000,0,0.000000,0.000000,'Desktop Store','maurizio arleo<br />corso aldo moro 79<br />87020 tortora<br />Italia','maurizio arleo<br />corso aldo moro 79<br />87020 tortora<br />Italia','','2016-10-27 12:02:46'),(308,316,308,0,'0000-00-00 00:00:00',0.000000,0.000000,4.959016,5.500000,2.459016,3.000000,2.500000,2.500000,0,0.000000,0.000000,'Desktop Store','Isel s.n.c.<br />via trieste 25<br />20096 pioltello<br />Italia','Isel s.n.c.<br />via trieste 25<br />20096 pioltello<br />Italia','','2016-10-27 12:02:49'),(309,317,309,0,'0000-00-00 00:00:00',0.000000,0.000000,12.775410,15.300000,11.475410,14.000000,1.300000,1.300000,0,0.000000,0.000000,'Desktop Store','daniele minonni<br />corso umberto primo 237<br />73056 taurisano<br />Italia','daniele minonni<br />corso umberto primo 237<br />73056 taurisano<br />Italia','','2016-10-27 12:02:53'),(310,318,310,0,'0000-00-00 00:00:00',0.000000,0.000000,2.619672,2.910000,1.319672,1.610000,1.300000,1.300000,0,0.000000,0.000000,'Desktop Store','Massimiliano Stanco<br />Via Boccaccio,3<br />42018 San Martino In Rio<br />Italia','Massimiliano Stanco<br />Via Boccaccio,3<br />42018 San Martino In Rio<br />Italia','','2016-10-27 12:02:56'),(311,319,311,0,'0000-00-00 00:00:00',0.000000,0.000000,3.377049,3.570000,0.877049,1.070000,2.500000,2.500000,0,0.000000,0.000000,'Desktop Store','Davide Fantinato  RiparoExpress<br />Piazzale Cadorna 4<br />36061 Bassano del Grappa<br />Italia','Davide Fantinato  RiparoExpress<br />Piazzale Cadorna 4<br />36061 Bassano del Grappa<br />Italia','','2016-10-27 12:02:59'),(312,320,312,0,'0000-00-00 00:00:00',0.000000,0.000000,6.985246,13.510000,4.385246,10.910000,2.600000,2.600000,0,0.000000,0.000000,'Desktop Store','antonio chichi<br />via valdemone n30<br />90010 finale pollina<br />Italia','antonio chichi<br />via valdemone n30<br />90010 finale pollina<br />Italia','','2016-10-27 12:03:04'),(313,321,313,0,'0000-00-00 00:00:00',0.000000,0.000000,5.040984,5.600000,2.540984,3.100000,2.500000,2.500000,0,0.000000,0.000000,'Desktop Store','GIAN PIERO REGINALI<br />VIA MONTEXI 36<br />09010 VILLAMASSARGIA<br />Italia','GIAN PIERO REGINALI<br />VIA MONTEXI 36<br />09010 VILLAMASSARGIA<br />Italia','','2016-11-05 10:17:18'),(314,322,314,0,'0000-00-00 00:00:00',0.000000,0.000000,5.565574,6.240000,3.065574,3.740000,2.500000,2.500000,0,0.000000,0.000000,'Desktop Store','Wolftecnostore Piccirillo Antonio<br />Via principe umberto 10<br />Carinola<br />81030 Carinola<br />Italia','Wolftecnostore Piccirillo Antonio<br />Via principe umberto 10<br />Carinola<br />81030 Carinola<br />Italia','','2016-11-05 10:17:22'),(315,323,315,0,'0000-00-00 00:00:00',0.000000,0.000000,2.439344,2.690000,1.139344,1.390000,1.300000,1.300000,0,0.000000,0.000000,'Desktop Store','centro riparazione telefonia e computer<br />torino 107r<br />17100 savona<br />Italia','centro riparazione telefonia e computer<br />torino 107r<br />17100 savona<br />Italia','','2016-11-05 10:17:52'),(316,324,316,0,'0000-00-00 00:00:00',0.000000,0.000000,13.311475,14.700000,6.311475,7.700000,7.000000,7.000000,0,0.000000,0.000000,'Desktop Store','Roberta Sala<br />Via Umberto I, 68<br />26025 Pandino<br />Italia','Roberta Sala<br />Via Umberto I, 68<br />26025 Pandino<br />Italia','','2016-11-05 10:18:01'),(317,325,317,0,'0000-00-00 00:00:00',0.000000,0.000000,4.283607,4.940000,2.983607,3.640000,1.300000,1.300000,0,0.000000,0.000000,'Desktop Store','Martin Kostadinov<br />Strada baldissero 29<br />10023 Chieri<br />Italia','Martin Kostadinov<br />Strada baldissero 29<br />10023 Chieri<br />Italia','','2016-11-05 10:18:08'),(318,326,318,0,'0000-00-00 00:00:00',0.000000,0.000000,4.365574,5.040000,3.065574,3.740000,1.300000,1.300000,0,0.000000,0.000000,'Desktop Store','Yahia Abdalla<br />Via Pacinotti 28<br />10144 Torino<br />Italia','Yahia Abdalla<br />Via Pacinotti 28<br />10144 Torino<br />Italia','','2016-11-05 10:18:22'),(319,327,319,0,'0000-00-00 00:00:00',0.000000,0.000000,3.054098,3.440000,1.754098,2.140000,1.300000,1.300000,0,0.000000,0.000000,'Desktop Store','carmelo mocenigo<br />via stradone<br />04020 ss cosma e damiano<br />Italia','carmelo mocenigo<br />via stradone<br />04020 ss cosma e damiano<br />Italia','','2016-11-05 10:18:25'),(320,328,320,0,'0000-00-00 00:00:00',0.000000,0.000000,3.054098,3.440000,1.754098,2.140000,1.300000,1.300000,0,0.000000,0.000000,'Desktop Store','Gaetano D\\\'Aquila C/O GiPStech Srl<br />Incub. Technest - Università della Calabria -Piazza Vermicelli 1<br />87036 Arcavacata di Rende<br />Italia','Gaetano D\\\'Aquila C/O GiPStech Srl<br />Incub. Technest - Università della Calabria -Piazza Vermicelli 1<br />87036 Arcavacata di Rende<br />Italia','','2016-11-05 10:18:29'),(321,329,321,0,'0000-00-00 00:00:00',0.000000,0.000000,6.127869,7.190000,4.827869,5.890000,1.300000,1.300000,0,0.000000,0.000000,'Desktop Store','Danovaro Franco<br />Via Lucio Sestio, 27 scala D int. 9<br />00174 Roma<br />Italia','Danovaro Franco<br />Via Lucio Sestio, 27 scala D int. 9<br />00174 Roma<br />Italia','','2016-11-05 10:18:34'),(322,330,322,0,'0000-00-00 00:00:00',0.000000,0.000000,2.619672,2.910000,1.319672,1.610000,1.300000,1.300000,0,0.000000,0.000000,'Desktop Store','Greta Magoni<br />via cavamento<br />40017 san Giovanni in persiceto<br />Italia','Greta Magoni<br />via cavamento<br />40017 san Giovanni in persiceto<br />Italia','','2016-11-05 10:18:43'),(323,331,323,0,'0000-00-00 00:00:00',0.000000,0.000000,16.432787,19.520000,14.032787,17.120000,2.400000,2.400000,0,0.000000,0.000000,'Desktop Store','Francesco Fusco<br />via feroni n°10<br />81037 Carano di Sessa Aurunca<br />Italia','Francesco Fusco<br />via feroni n°10<br />81037 Carano di Sessa Aurunca<br />Italia','','2016-11-05 10:18:48'),(324,332,324,0,'0000-00-00 00:00:00',0.000000,0.000000,7.611475,9.000000,6.311475,7.700000,1.300000,1.300000,0,0.000000,0.000000,'Desktop Store','giuseppe leone<br />via cb 21 numero 6<br />91021 campobello di mazara<br />Italia','giuseppe leone<br />via cb 21 numero 6<br />91021 campobello di mazara<br />Italia','','2016-11-05 10:18:52');

--
-- Table structure for table `ps_order_invoice_payment`
--

CREATE TABLE `ps_order_invoice_payment` (
  `id_order_invoice` int(11) unsigned NOT NULL,
  `id_order_payment` int(11) unsigned NOT NULL,
  `id_order` int(11) unsigned NOT NULL,
  PRIMARY KEY (`id_order_invoice`,`id_order_payment`),
  KEY `order_payment` (`id_order_payment`),
  KEY `id_order` (`id_order`)
) ENGINE=InnoDB DEFAULT CHARSET=utf8;

--
-- Dumping data for table `ps_order_invoice_payment`
--

INSERT INTO `ps_order_invoice_payment` VALUES (1,1,8),(2,2,9),(3,4,10),(4,3,11),(5,5,12),(6,6,13),(7,7,14),(8,8,15),(9,9,16),(10,10,17),(11,11,18),(12,12,19),(13,13,20),(14,14,21),(15,15,22),(16,16,23),(17,17,24),(18,18,25),(19,19,26),(20,20,27),(21,21,28),(22,22,29),(23,23,30),(24,24,31),(25,25,32),(26,26,33),(27,27,34),(28,28,35),(29,29,36),(30,30,37),(31,31,38),(32,32,39),(33,33,40),(34,34,41),(35,35,42),(36,36,43),(37,37,44),(38,38,45),(39,39,46),(40,40,47),(41,41,48),(42,42,49),(43,43,50),(44,44,51),(45,45,52),(46,46,53),(47,47,54),(48,48,55),(49,49,56),(50,50,57),(51,51,58),(52,52,59),(53,53,60),(54,54,61),(55,55,62),(56,56,63),(57,57,64),(58,58,65),(59,59,66),(60,60,67),(61,61,68),(62,62,69),(63,63,70),(64,64,71),(65,65,72),(66,66,73),(67,67,74),(68,68,75),(69,69,76),(70,70,77),(71,71,78),(72,72,79),(73,73,80),(74,74,81),(75,75,82),(76,76,83),(77,77,84),(78,78,85),(79,79,86),(80,80,87),(81,81,88),(82,82,89),(83,83,90),(84,84,91),(85,85,92),(86,86,93),(87,87,94),(88,88,95),(89,89,96),(90,90,97),(91,91,98),(92,92,99),(93,93,100),(94,94,101),(95,95,102),(96,96,103),(97,97,104),(98,98,105),(99,99,106),(100,100,107),(101,101,108),(102,102,109),(103,103,110),(104,104,111),(105,105,112),(106,106,113),(107,107,114),(108,108,115),(109,109,116),(110,110,117),(111,111,118),(112,112,119),(113,113,120),(114,114,121),(115,115,122),(116,116,123),(117,117,124),(118,118,125),(119,119,126),(120,120,127),(121,121,128),(122,122,129),(123,123,130),(124,124,131),(125,125,132),(126,126,133),(127,127,134),(128,128,135),(129,129,136),(130,130,137),(131,131,138),(132,132,139),(133,133,140),(134,134,141),(135,135,142),(136,136,143),(137,137,144),(138,138,145),(139,139,146),(140,140,147),(141,141,148),(142,142,149),(143,143,150),(144,144,151),(145,145,152),(146,146,153),(147,147,154),(148,148,155),(149,149,156),(150,150,157),(151,151,158),(152,152,159),(153,153,160),(154,154,161),(155,155,162),(156,156,163),(157,157,164),(158,158,165),(159,159,166),(160,160,167),(161,161,168),(162,162,169),(163,163,170),(164,164,171),(165,165,172),(166,166,173),(167,167,174),(168,168,175),(169,169,176),(170,170,177),(171,171,178),(172,172,179),(173,173,180),(174,174,181),(175,175,182),(176,176,183),(177,177,184),(178,178,185),(179,179,186),(180,180,187),(181,181,188),(182,182,189),(183,183,190),(184,184,191),(185,185,192),(186,186,193),(187,187,194),(188,188,195),(189,189,196),(190,190,197),(191,191,198),(192,192,199),(193,193,200),(194,194,201),(195,195,202),(196,196,203),(197,197,204),(198,198,205),(199,199,206),(200,200,207),(201,201,208),(202,202,209),(203,203,210),(204,204,211),(205,205,212),(206,206,213),(207,207,214),(208,208,215),(209,209,216),(210,210,217),(211,211,218),(212,212,219),(213,213,220),(214,214,221),(215,215,222),(216,216,223),(217,217,224),(218,218,225),(219,219,226),(220,220,227),(221,221,228),(222,222,229),(223,223,231),(224,224,232),(225,225,233),(226,226,234),(227,227,235),(228,228,236),(229,229,237),(230,230,238),(231,231,239),(232,232,240),(233,233,241),(234,234,242),(235,235,243),(236,236,244),(237,237,245),(238,238,246),(239,239,247),(240,240,248),(241,241,249),(242,242,250),(243,243,251),(244,244,252),(245,245,253),(246,246,254),(247,247,255),(248,248,256),(249,249,257),(250,250,258),(251,251,259),(252,252,260),(253,253,261),(254,254,262),(255,255,263),(256,256,264),(257,257,265),(258,258,266),(259,259,267),(260,260,268),(261,261,269),(262,262,270),(263,263,271),(264,264,272),(265,265,273),(266,266,274),(267,267,275),(268,268,276),(269,269,277),(270,270,278),(271,271,279),(272,272,280),(273,273,281),(274,274,282),(275,275,283),(276,276,284),(277,277,285),(278,278,286),(279,279,287),(280,280,288),(281,281,289),(282,282,290),(283,283,291),(284,284,292),(285,285,293),(286,286,294),(287,287,295),(288,288,296),(289,289,297),(290,290,298),(291,291,299),(292,292,300),(293,293,301),(294,294,302),(295,295,303),(296,296,304),(297,297,305),(298,298,306),(299,299,307),(300,300,308),(301,301,309),(302,302,310),(303,303,311),(304,304,312),(305,305,313),(306,306,314),(307,307,315),(308,308,316),(309,309,317),(310,310,318),(311,311,319),(312,312,320),(313,313,321),(314,314,322),(315,315,323),(316,316,324),(317,317,325),(318,318,326),(319,319,327),(320,320,328),(321,321,329),(322,322,330),(323,323,331),(324,324,332);

--
-- Table structure for table `ps_order_invoice_tax`
--

CREATE TABLE `ps_order_invoice_tax` (
  `id_order_invoice` int(11) NOT NULL,
  `type` varchar(15) NOT NULL,
  `id_tax` int(11) NOT NULL,
  `amount` decimal(10,6) NOT NULL DEFAULT '0.000000',
  KEY `id_tax` (`id_tax`)
) ENGINE=InnoDB DEFAULT CHARSET=utf8;

--
-- Dumping data for table `ps_order_invoice_tax`
--

INSERT INTO `ps_order_invoice_tax` VALUES (19,'shipping',1,0.000000),(22,'shipping',1,0.000000),(23,'shipping',1,0.000000),(25,'shipping',1,0.000000),(26,'shipping',1,0.000000),(27,'shipping',1,0.000000),(28,'shipping',1,0.000000),(30,'shipping',1,0.000000),(32,'shipping',1,0.000000),(34,'shipping',1,0.000000),(35,'shipping',1,0.000000),(36,'shipping',1,0.000000),(37,'shipping',1,0.000000),(39,'shipping',1,0.000000),(41,'shipping',1,0.000000),(63,'shipping',1,0.000000),(67,'shipping',1,0.000000),(77,'shipping',1,0.000000),(85,'shipping',1,0.000000),(87,'shipping',1,0.000000),(89,'shipping',1,0.000000),(92,'shipping',1,0.000000),(93,'shipping',1,0.000000),(94,'shipping',1,0.000000),(95,'shipping',1,0.000000),(96,'shipping',1,0.000000),(100,'shipping',1,0.000000),(101,'shipping',1,0.000000),(103,'shipping',1,0.000000),(104,'shipping',1,0.000000),(106,'shipping',1,0.000000),(111,'shipping',1,0.000000),(113,'shipping',1,0.000000),(117,'shipping',1,0.000000),(119,'shipping',1,0.000000),(120,'shipping',1,0.000000),(122,'shipping',1,0.000000),(125,'shipping',1,0.000000),(126,'shipping',1,0.000000),(127,'shipping',1,0.000000),(131,'shipping',1,0.000000),(132,'shipping',1,0.000000),(133,'shipping',1,0.000000),(134,'shipping',1,0.000000),(135,'shipping',1,0.000000),(136,'shipping',1,0.000000),(137,'shipping',1,0.000000),(139,'shipping',1,0.000000),(140,'shipping',1,0.000000),(142,'shipping',1,0.000000),(143,'shipping',1,0.000000),(146,'shipping',1,0.000000),(147,'shipping',1,0.000000),(148,'shipping',1,0.000000),(149,'shipping',1,0.000000),(151,'shipping',1,0.000000),(152,'shipping',1,0.000000),(154,'shipping',1,0.000000),(155,'shipping',1,0.000000),(156,'shipping',1,0.000000),(157,'shipping',1,0.000000),(160,'shipping',1,0.000000),(161,'shipping',1,0.000000),(162,'shipping',1,0.000000),(163,'shipping',1,0.000000),(165,'shipping',1,0.000000),(166,'shipping',1,0.000000),(167,'shipping',1,0.000000),(168,'shipping',1,0.000000),(169,'shipping',1,0.000000),(170,'shipping',1,0.000000),(171,'shipping',1,0.000000),(172,'shipping',1,0.000000),(173,'shipping',1,0.000000),(175,'shipping',1,0.000000),(176,'shipping',1,0.000000),(177,'shipping',1,0.000000),(178,'shipping',1,0.000000),(179,'shipping',1,0.000000),(181,'shipping',1,0.000000),(182,'shipping',1,0.000000),(185,'shipping',1,0.000000),(186,'shipping',1,0.000000),(188,'shipping',1,0.000000),(189,'shipping',1,0.000000),(190,'shipping',1,0.000000),(191,'shipping',1,0.000000),(192,'shipping',1,0.000000),(194,'shipping',1,0.000000),(196,'shipping',1,0.000000),(198,'shipping',1,0.000000),(199,'shipping',1,0.000000),(200,'shipping',1,0.000000),(201,'shipping',1,0.000000),(203,'shipping',1,0.000000),(205,'shipping',1,0.000000),(206,'shipping',1,0.000000),(207,'shipping',1,0.000000),(208,'shipping',1,0.000000),(210,'shipping',1,0.000000),(211,'shipping',1,0.000000),(214,'shipping',1,0.000000),(215,'shipping',1,0.000000),(216,'shipping',1,0.000000),(219,'shipping',1,0.000000),(220,'shipping',1,0.000000),(221,'shipping',1,0.000000),(222,'shipping',1,0.000000),(225,'shipping',1,0.000000),(226,'shipping',1,0.000000),(228,'shipping',1,0.000000),(229,'shipping',1,0.000000),(230,'shipping',1,0.000000),(232,'shipping',1,0.000000),(233,'shipping',1,0.000000),(234,'shipping',1,0.000000),(235,'shipping',1,0.000000),(236,'shipping',1,0.000000),(238,'shipping',1,0.000000),(239,'shipping',1,0.000000),(242,'shipping',1,0.000000),(243,'shipping',1,0.000000),(244,'shipping',1,0.000000),(245,'shipping',1,0.000000),(246,'shipping',1,0.000000),(248,'shipping',1,0.000000),(249,'shipping',1,0.000000),(250,'shipping',1,0.000000),(251,'shipping',1,0.000000),(252,'shipping',1,0.000000),(253,'shipping',1,0.000000),(254,'shipping',1,0.000000),(255,'shipping',1,0.000000),(256,'shipping',1,0.000000),(257,'shipping',1,0.000000),(258,'shipping',1,0.000000),(260,'shipping',1,0.000000),(261,'shipping',1,0.000000),(262,'shipping',1,0.000000),(263,'shipping',1,0.000000),(264,'shipping',1,0.000000),(267,'shipping',1,0.000000),(268,'shipping',1,0.000000),(269,'shipping',1,0.000000),(270,'shipping',1,0.000000),(272,'shipping',1,0.000000),(274,'shipping',1,0.000000),(275,'shipping',1,0.000000),(278,'shipping',1,0.000000),(280,'shipping',1,0.000000),(281,'shipping',1,0.000000),(282,'shipping',1,0.000000),(285,'shipping',1,0.000000),(291,'shipping',1,0.000000),(292,'shipping',1,0.000000),(293,'shipping',1,0.000000),(294,'shipping',1,0.000000),(295,'shipping',1,0.000000),(296,'shipping',1,0.000000),(298,'shipping',1,0.000000),(300,'shipping',1,0.000000),(301,'shipping',1,0.000000),(302,'shipping',1,0.000000),(303,'shipping',1,0.000000),(304,'shipping',1,0.000000),(305,'shipping',1,0.000000),(306,'shipping',1,0.000000),(307,'shipping',1,0.000000),(309,'shipping',1,0.000000),(310,'shipping',1,0.000000),(312,'shipping',1,0.000000),(315,'shipping',1,0.000000),(317,'shipping',1,0.000000),(318,'shipping',1,0.000000),(319,'shipping',1,0.000000),(320,'shipping',1,0.000000),(321,'shipping',1,0.000000),(322,'shipping',1,0.000000),(324,'shipping',1,0.000000);

--
-- Table structure for table `ps_order_message`
--

CREATE TABLE `ps_order_message` (
  `id_order_message` int(10) unsigned NOT NULL AUTO_INCREMENT,
  `date_add` datetime NOT NULL,
  PRIMARY KEY (`id_order_message`)
) ENGINE=InnoDB AUTO_INCREMENT=2 DEFAULT CHARSET=utf8;

--
-- Dumping data for table `ps_order_message`
--

INSERT INTO `ps_order_message` VALUES (1,'2016-02-15 10:48:14');

--
-- Table structure for table `ps_order_message_lang`
--

CREATE TABLE `ps_order_message_lang` (
  `id_order_message` int(10) unsigned NOT NULL,
  `id_lang` int(10) unsigned NOT NULL,
  `name` varchar(128) NOT NULL,
  `message` text NOT NULL,
  PRIMARY KEY (`id_order_message`,`id_lang`)
) ENGINE=InnoDB DEFAULT CHARSET=utf8;

--
-- Dumping data for table `ps_order_message_lang`
--

INSERT INTO `ps_order_message_lang` VALUES (1,1,'Ritardo','Buongiorno,\n\npurtroppo un articolo che hai ordinato è momentaneamente esaurito. Potrebbe pertanto verificarsi un leggero ritardo nella consegna.\nScusandoci per l\'inconveniente, ti assicuriamo che stiamo facendo del nostro meglio per risolverlo.\n\nCordiali saluti,');

--
-- Table structure for table `ps_order_payment`
--

CREATE TABLE `ps_order_payment` (
  `id_order_payment` int(11) NOT NULL AUTO_INCREMENT,
  `order_reference` varchar(9) DEFAULT NULL,
  `id_currency` int(10) unsigned NOT NULL,
  `amount` decimal(10,2) NOT NULL,
  `payment_method` varchar(255) NOT NULL,
  `conversion_rate` decimal(13,6) NOT NULL DEFAULT '1.000000',
  `transaction_id` varchar(254) DEFAULT NULL,
  `card_number` varchar(254) DEFAULT NULL,
  `card_brand` varchar(254) DEFAULT NULL,
  `card_expiration` char(7) DEFAULT NULL,
  `card_holder` varchar(254) DEFAULT NULL,
  `date_add` datetime NOT NULL,
  PRIMARY KEY (`id_order_payment`),
  KEY `order_reference` (`order_reference`)
) ENGINE=InnoDB AUTO_INCREMENT=325 DEFAULT CHARSET=utf8;

--
-- Dumping data for table `ps_order_payment`
--

INSERT INTO `ps_order_payment` VALUES (1,'THLQGWMAK',1,19.00,'eBay PayPal 557',1.000000,'','','','','','2016-04-05 19:34:55'),(2,'EVRFPWTJD',1,8.80,'eBay PayPal 558',1.000000,'','','','','','2016-04-06 12:59:41'),(3,'IYJFSDNFZ',1,5.80,'eBay PayPal 559',1.000000,'','','','','','2016-04-08 02:01:59'),(4,'HUXMJUUCW',1,5.80,'eBay PayPal 559',1.000000,'','','','','','2016-04-08 02:01:59'),(5,'YNFSFJBGZ',1,15.00,'eBay PayPal 561',1.000000,'','','','','','2016-04-11 14:29:07'),(6,'JNVFTCRWK',1,7.00,'eBay PayPal 562',1.000000,'','','','','','2016-04-11 19:15:07'),(7,'ELPZWLPTH',1,9.00,'eBay PayPal 563',1.000000,'','','','','','2016-04-11 21:51:33'),(8,'IUVENISSU',1,7.00,'eBay PayPal 565',1.000000,'','','','','','2016-04-12 11:51:51'),(9,'ZPQYCJAPT',1,24.00,'eBay PayPal 564',1.000000,'','','','','','2016-04-12 11:51:57'),(10,'UKYCWTCYZ',1,19.00,'eBay PayPal 566',1.000000,'','','','','','2016-04-12 18:08:34'),(11,'DDMYNWIGR',1,24.00,'eBay PayPal 568',1.000000,'','','','','','2016-04-13 11:00:23'),(12,'SDMPAHRWR',1,5.74,'eBay PayPal 570',1.000000,'','','','','','2016-04-15 09:11:39'),(13,'XDXTRWVIS',1,2.00,'eBay PayPal 571',1.000000,'','','','','','2016-04-16 15:52:18'),(14,'ARXVMSJLE',1,20.00,'eBay PayPal 572',1.000000,'','','','','','2016-04-16 17:43:00'),(15,'XLZWSEYKW',1,1.90,'eBay PayPal 573',1.000000,'','','','','','2016-04-16 19:06:28'),(16,'ANRDAQNCI',1,2.18,'eBay PayPal 574',1.000000,'','','','','','2016-04-17 10:38:41'),(17,'MJWKXKLYP',1,12.52,'eBay PayPal 576',1.000000,'','','','','','2016-04-17 19:59:38'),(18,'XIYMAZKNB',1,2.18,'eBay PayPal 577',1.000000,'','','','','','2016-04-17 22:04:58'),(19,'OLGTNSVXP',1,9.23,'eBay PayPal 578',1.000000,'','','','','','2016-04-17 23:10:13'),(20,'QSSVWJZPL',1,10.24,'eBay PayPal 579',1.000000,'','','','','','2016-04-18 15:50:27'),(21,'EKWMFCEFG',1,12.63,'eBay PayPal 580',1.000000,'','','','','','2016-04-18 18:18:30'),(22,'GNFQVTNYK',1,4.00,'eBay PayPal 581',1.000000,'','','','','','2016-04-18 20:23:56'),(23,'RKDPRCKRD',1,7.00,'eBay PayPal 582',1.000000,'','','','','','2016-04-18 23:59:16'),(24,'KVKLNYYDC',1,11.77,'eBay PayPal 583',1.000000,'','','','','','2016-04-19 09:03:13'),(25,'TZBNGBTJU',1,7.00,'eBay PayPal 584',1.000000,'','','','','','2016-04-19 11:32:32'),(26,'JCUJDZUPW',1,11.00,'eBay PayPal 586',1.000000,'','','','','','2016-04-19 20:43:41'),(27,'AYXAVFDOA',1,5.00,'eBay PayPal 587',1.000000,'','','','','','2016-04-19 20:43:43'),(28,'XCQRDXYVT',1,4.74,'eBay PayPal 585',1.000000,'','','','','','2016-04-19 22:34:15'),(29,'SIBCWXAFC',1,9.50,'eBay PayPal 588',1.000000,'','','','','','2016-04-20 11:13:38'),(30,'MNTCTFCAB',1,7.62,'eBay PayPal 589',1.000000,'','','','','','2016-04-20 18:53:21'),(31,'TMNEJZBYU',1,9.50,'eBay PayPal 591',1.000000,'','','','','','2016-04-21 11:43:32'),(32,'ZEDQIBAOU',1,2.20,'eBay PayPal 592',1.000000,'','','','','','2016-04-21 12:24:09'),(33,'LEGXJAXFJ',1,16.13,'eBay PayPal 593',1.000000,'','','','','','2016-04-21 17:07:14'),(34,'GVSORYZZR',1,6.28,'eBay PayPal 595',1.000000,'','','','','','2016-04-22 23:00:07'),(35,'CETWJOKTO',1,4.00,'eBay PayPal 596',1.000000,'','','','','','2016-04-24 12:17:49'),(36,'PJVLWMPJY',1,3.14,'eBay PayPal 597',1.000000,'','','','','','2016-04-24 20:10:36'),(37,'QFSPURBSX',1,3.14,'eBay PayPal 598',1.000000,'','','','','','2016-04-26 02:12:41'),(38,'FOMASZPCK',1,5.50,'eBay PayPal 599',1.000000,'','','','','','2016-04-26 17:08:59'),(39,'VQGMRYYNM',1,4.74,'eBay PayPal 600',1.000000,'','','','','','2016-04-27 00:39:30'),(40,'WKQALSBZD',1,5.14,'eBay PayPal 602',1.000000,'','','','','','2016-04-27 19:58:45'),(41,'QPYGNGSFZ',1,3.14,'eBay PayPal 603',1.000000,'','','','','','2016-04-28 09:40:05'),(42,'TQLFVWTOV',1,9.89,'eBay PayPal 604',1.000000,'','','','','','2016-04-28 19:46:46'),(43,'MHRHNAUEC',1,24.00,'eBay PayPal 606',1.000000,'','','','','','2016-04-29 14:24:35'),(44,'OSWLNHKCW',1,23.00,'eBay PayPal 608',1.000000,'','','','','','2016-04-29 17:07:22'),(45,'XEDZAFSPK',1,4.54,'eBay PayPal 605',1.000000,'','','','','','2016-04-29 19:15:49'),(46,'CRXMMRKCQ',1,4.54,'eBay PayPal 611',1.000000,'','','','','','2016-04-29 20:05:20'),(47,'NTICIAPRF',1,10.20,'eBay PayPal 614',1.000000,'','','','','','2016-04-30 10:32:31'),(48,'ETONBDLGB',1,24.00,'eBay PayPal 615',1.000000,'','','','','','2016-04-30 13:33:54'),(49,'WXMEUZYBP',1,8.29,'eBay PayPal 618',1.000000,'','','','','','2016-05-01 09:57:33'),(50,'YRPTLUBIC',1,20.00,'eBay PayPal 601',1.000000,'','','','','','2016-05-01 18:47:10'),(51,'OHRQBJORH',1,4.40,'eBay PayPal 621',1.000000,'','','','','','2016-05-01 23:44:22'),(52,'KGSCMIUUR',1,14.40,'eBay PayPal 623',1.000000,'','','','','','2016-05-02 13:07:02'),(53,'VUKNYFHOR',1,6.40,'eBay PayPal 624',1.000000,'','','','','','2016-05-02 13:07:04'),(54,'QWVGMJCYG',1,7.68,'eBay PayPal 625',1.000000,'','','','','','2016-05-02 16:31:07'),(55,'NWTVHLZEP',1,6.14,'eBay PayPal 626',1.000000,'','','','','','2016-05-02 21:35:21'),(56,'IMHBPTHZG',1,7.40,'eBay PayPal 628',1.000000,'','','','','','2016-05-02 22:53:23'),(57,'UWLCVBEAX',1,14.40,'eBay PayPal 629',1.000000,'','','','','','2016-05-03 10:12:28'),(58,'FDDRXCCPC',1,22.50,'PayPal',1.000000,'8RK12651V9227590J','','','','','2016-05-03 10:25:21'),(59,'GUAUPBDDO',1,7.40,'eBay PayPal 631',1.000000,'','','','','','2016-05-04 15:06:34'),(60,'OOEDPGWWB',1,12.03,'eBay PayPal 632',1.000000,'','','','','','2016-05-04 22:09:16'),(61,'LLSIUOLNB',1,4.01,'eBay PayPal 636',1.000000,'','','','','','2016-05-08 11:47:03'),(62,'BFCPWGVVN',1,3.68,'eBay PayPal 637',1.000000,'','','','','','2016-05-08 22:40:20'),(63,'CQLXODBIS',1,15.24,'eBay PayPal 638',1.000000,'','','','','','2016-05-09 11:28:04'),(64,'OEJNDYYOA',1,6.25,'eBay PayPal 639',1.000000,'','','','','','2016-05-09 22:57:13'),(65,'QDWVQJUWU',1,11.92,'eBay PayPal 641',1.000000,'','','','','','2016-05-10 19:38:45'),(66,'TVTDKCBSP',1,5.61,'eBay PayPal 643',1.000000,'','','','','','2016-05-12 09:44:01'),(67,'ATAMMQRYA',1,15.24,'eBay PayPal 645',1.000000,'','','','','','2016-05-12 11:27:12'),(68,'PSXIHSFKT',1,5.61,'eBay PayPal 647',1.000000,'','','','','','2016-05-14 19:24:54'),(69,'MRCVECQIN',1,8.82,'eBay PayPal 648',1.000000,'','','','','','2016-05-15 11:28:54'),(70,'NKFPUHCUI',1,5.61,'eBay PayPal 649',1.000000,'','','','','','2016-05-15 12:27:45'),(71,'HLUMHNSJJ',1,23.00,'eBay PayPal 650',1.000000,'','','','','','2016-05-15 12:27:51'),(72,'ULFURJVSQ',1,2.60,'eBay PayPal 651',1.000000,'','','','','','2016-05-15 18:10:24'),(73,'CSMAUDTPI',1,7.75,'eBay PayPal 653',1.000000,'','','','','','2016-05-17 09:33:48'),(74,'LEWTDEXMO',1,5.18,'eBay PayPal 654',1.000000,'','','','','','2016-05-17 18:05:28'),(75,'LMENTOPNE',1,5.61,'eBay PayPal 655',1.000000,'','','','','','2016-05-18 10:17:42'),(76,'DUTIOSZSB',1,5.61,'eBay PayPal 656',1.000000,'','','','','','2016-05-18 11:08:31'),(77,'RLUTBIRWJ',1,9.89,'eBay PayPal 657',1.000000,'','','','','','2016-05-18 13:46:28'),(78,'WYTLSKVQW',1,5.08,'eBay PayPal 658',1.000000,'','','','','','2016-05-18 18:16:24'),(79,'MQFVSPACV',1,13.10,'eBay PayPal 659',1.000000,'','','','','','2016-05-19 09:44:40'),(80,'ZLFHRKVIV',1,5.08,'eBay PayPal 660',1.000000,'','','','','','2016-05-19 09:44:41'),(81,'YXBDSWPXM',1,10.43,'eBay PayPal 666',1.000000,'','','','','','2016-05-19 22:56:13'),(82,'EHJVWQVDC',1,4.75,'eBay PayPal 667',1.000000,'','','','','','2016-05-20 10:48:15'),(83,'XMADRAEFV',1,9.82,'eBay PayPal 665',1.000000,'','','','','','2016-05-21 16:19:11'),(84,'HHMDTOVLL',1,4.40,'eBay PayPal 668',1.000000,'','','','','','2016-05-22 10:52:42'),(85,'AXNBJPHFO',1,2.91,'eBay PayPal 669',1.000000,'','','','','','2016-05-23 23:48:43'),(86,'FRRVRXZTB',1,10.30,'eBay PayPal 670',1.000000,'','','','','','2016-05-24 01:20:31'),(87,'TQOKRVGLP',1,18.42,'eBay PayPal 671',1.000000,'','','','','','2016-05-24 14:38:55'),(88,'TNKEHOPGI',1,16.63,'eBay PayPal 672',1.000000,'','','','','','2016-05-24 20:18:34'),(89,'FHUNQDMGX',1,2.69,'eBay PayPal 673',1.000000,'','','','','','2016-05-25 13:19:08'),(90,'TMTIPOCQJ',1,10.40,'eBay PayPal 674',1.000000,'','','','','','2016-05-25 15:10:39'),(91,'COTBTVNQJ',1,5.71,'eBay PayPal 675',1.000000,'','','','','','2016-05-25 17:29:29'),(92,'SUBJTHXZP',1,2.69,'eBay PayPal 677',1.000000,'','','','','','2016-05-26 12:47:32'),(93,'OTNVSMJCR',1,7.72,'eBay PayPal 678',1.000000,'','','','','','2016-05-26 13:45:18'),(94,'TORNWCEOT',1,8.79,'eBay PayPal 679',1.000000,'','','','','','2016-05-27 11:52:05'),(95,'QTGDPTXHS',1,6.86,'eBay PayPal 680',1.000000,'','','','','','2016-05-28 09:50:44'),(96,'DOTDGVXCU',1,3.98,'eBay PayPal 681',1.000000,'','','','','','2016-05-28 15:06:02'),(97,'PEDBSOQCI',1,3.89,'eBay PayPal 682',1.000000,'','','','','','2016-05-29 10:59:58'),(98,'VGJYSHQCQ',1,7.00,'eBay PayPal 683',1.000000,'','','','','','2016-05-30 09:25:49'),(99,'QLJMTNQRX',1,3.89,'eBay PayPal 684',1.000000,'','','','','','2016-05-31 19:45:18'),(100,'MCAMDIIRR',1,8.79,'eBay PayPal 685',1.000000,'','','','','','2016-06-03 09:22:38'),(101,'ZUOFOBBRX',1,3.33,'eBay PayPal 686',1.000000,'','','','','','2016-06-03 09:22:40'),(102,'BCOHFMMMF',1,4.10,'eBay PayPal 687',1.000000,'','','','','','2016-06-03 09:22:44'),(103,'HKMFUVZKR',1,2.58,'eBay PayPal 688',1.000000,'','','','','','2016-06-03 10:26:45'),(104,'CBSWMISSB',1,3.98,'eBay PayPal 689',1.000000,'','','','','','2016-06-03 15:50:36'),(105,'ASTWXDUXT',1,8.07,'eBay PayPal 690',1.000000,'','','','','','2016-06-03 18:05:46'),(106,'ICCMXRRMT',1,3.33,'eBay PayPal 691',1.000000,'','','','','','2016-06-07 15:01:55'),(107,'TFVCDVKNZ',1,25.90,'eBay PayPal 692',1.000000,'','','','','','2016-06-07 19:58:39'),(108,'JURTPBEUH',1,16.63,'eBay PayPal 693',1.000000,'','','','','','2016-06-08 21:40:29'),(109,'HKTUCUACU',1,12.30,'eBay PayPal 694',1.000000,'','','','','','2016-06-11 09:11:43'),(110,'AJJBOICFI',1,4.43,'eBay PayPal 696',1.000000,'','','','','','2016-06-14 15:00:17'),(111,'QFHXCVVWK',1,8.04,'eBay PayPal 697',1.000000,'','','','','','2016-06-14 20:00:38'),(112,'NNNXIWJIC',1,9.24,'eBay PayPal 698',1.000000,'','','','','','2016-06-15 20:29:14'),(113,'EUYILEQMU',1,13.07,'eBay PayPal 700',1.000000,'','','','','','2016-06-16 18:35:15'),(114,'NPSDMFWHP',1,12.57,'eBay PayPal 701',1.000000,'','','','','','2016-06-17 17:08:14'),(115,'HYGEOARKK',1,7.85,'eBay PayPal 702',1.000000,'','','','','','2016-06-19 22:04:35'),(116,'WWJVFWMLF',1,7.75,'eBay PayPal 695',1.000000,'','','','','','2016-06-20 10:04:02'),(117,'EKTYWEQRU',1,4.51,'eBay PayPal 703',1.000000,'','','','','','2016-06-20 10:04:09'),(118,'INMPJMORM',1,12.13,'eBay PayPal 705',1.000000,'','','','','','2016-06-21 17:35:33'),(119,'PMUIZNOUI',1,3.76,'eBay PayPal 706',1.000000,'','','','','','2016-06-22 19:46:21'),(120,'NLUNHFSAZ',1,2.58,'eBay PayPal 707',1.000000,'','','','','','2016-06-24 18:38:49'),(121,'NJBJSBOPT',1,5.40,'PayPal',1.000000,'64L80935P23731202','','','','','2016-06-25 07:24:47'),(122,'UMGHPIHCW',1,21.00,'eBay PayPal 708',1.000000,'','','','','','2016-06-26 17:31:34'),(123,'FUGWVCHVF',1,24.12,'eBay PayPal 709',1.000000,'','','','','','2016-06-27 10:22:45'),(124,'IXPQJRYXD',1,23.50,'eBay PayPal 713',1.000000,'','','','','','2016-07-02 08:43:32'),(125,'TYUPLBIOT',1,5.79,'eBay PayPal 715',1.000000,'','','','','','2016-07-05 12:42:27'),(126,'LXPJWPYOE',1,3.44,'eBay PayPal 716',1.000000,'','','','','','2016-07-06 17:15:17'),(127,'YYJFGZUYQ',1,5.04,'eBay PayPal 717',1.000000,'','','','','','2016-07-07 12:17:19'),(128,'QZJTXSVPN',1,16.31,'eBay PayPal 718',1.000000,'','','','','','2016-07-07 13:47:58'),(129,'CAAITPAGE',1,4.11,'eBay PayPal 720',1.000000,'','','','','','2016-07-08 18:41:15'),(130,'EPYBMWJZS',1,7.90,'PayPal',1.000000,'6M842637TM055004E','','','','','2016-07-09 00:03:24'),(131,'OXSXLXNDR',1,3.44,'eBay PayPal 721',1.000000,'','','','','','2016-07-11 17:58:12'),(132,'LQOVCQUFG',1,18.42,'eBay PayPal 723',1.000000,'','','','','','2016-07-13 00:11:41'),(133,'ZCXCHAMXC',1,2.91,'eBay PayPal 724',1.000000,'','','','','','2016-07-13 00:11:43'),(134,'UCHKCVHYN',1,5.04,'eBay PayPal 725',1.000000,'','','','','','2016-07-13 22:07:16'),(135,'FBBSXSMSY',1,7.72,'eBay PayPal 726',1.000000,'','','','','','2016-07-14 18:35:03'),(136,'SBUSUCFRU',1,4.51,'eBay PayPal 727',1.000000,'','','','','','2016-07-15 01:01:13'),(137,'PYNQHUCIX',1,9.00,'eBay PayPal 728',1.000000,'','','','','','2016-07-15 02:22:39'),(138,'OYJICBXJX',1,10.43,'eBay PayPal 729',1.000000,'','','','','','2016-07-15 13:47:41'),(139,'RDYDSORHW',1,5.58,'eBay PayPal 722',1.000000,'','','','','','2016-07-15 14:21:12'),(140,'ECHZMHTCV',1,4.94,'eBay PayPal 730',1.000000,'','','','','','2016-07-15 16:10:08'),(141,'KKYMBTKGP',1,23.59,'eBay PayPal 731',1.000000,'','','','','','2016-07-16 14:30:49'),(142,'CQGFKCKDQ',1,2.91,'eBay PayPal 732',1.000000,'','','','','','2016-07-18 20:50:07'),(143,'WVDPJHQSI',1,2.69,'eBay PayPal 733',1.000000,'','','','','','2016-07-19 06:26:36'),(144,'DAUHXCWFY',1,5.28,'eBay PayPal 734',1.000000,'','','','','','2016-07-19 10:43:01'),(145,'DNWOZDZUL',1,7.75,'eBay PayPal 735',1.000000,'','','','','','2016-07-19 17:23:03'),(146,'SYACXFEEI',1,9.00,'eBay PayPal 736',1.000000,'','','','','','2016-07-20 12:13:34'),(147,'IAVZZOHNQ',1,4.72,'eBay PayPal 738',1.000000,'','','','','','2016-07-20 23:12:14'),(148,'KDYKKIKZG',1,3.44,'eBay PayPal 739',1.000000,'','','','','','2016-07-21 03:15:10'),(149,'HAXXLMVMD',1,4.51,'eBay PayPal 740',1.000000,'','','','','','2016-07-21 10:33:50'),(150,'QWMMMSKUY',1,7.52,'eBay PayPal 741',1.000000,'','','','','','2016-07-21 13:35:07'),(151,'VXVHIXZCH',1,15.18,'eBay PayPal 742',1.000000,'','','','','','2016-07-21 15:57:41'),(152,'SCSLBLDZN',1,3.44,'eBay PayPal 745',1.000000,'','','','','','2016-07-21 20:45:38'),(153,'VWUFUMFDX',1,5.71,'eBay PayPal 746',1.000000,'','','','','','2016-07-22 11:41:49'),(154,'QNHEQRHWX',1,4.08,'eBay PayPal 747',1.000000,'','','','','','2016-07-22 14:48:14'),(155,'FVVMYYKKJ',1,3.76,'eBay PayPal 748',1.000000,'','','','','','2016-07-22 15:57:26'),(156,'YKPFKTWXA',1,4.08,'eBay PayPal 744',1.000000,'','','','','','2016-07-22 21:03:20'),(157,'RGLRXMORR',1,6.33,'eBay PayPal 749',1.000000,'','','','','','2016-07-22 21:03:26'),(158,'PTOWHHZIJ',1,10.96,'eBay PayPal 750',1.000000,'','','','','','2016-07-22 21:03:35'),(159,'UCGKFKZHS',1,13.20,'eBay PayPal 751',1.000000,'','','','','','2016-07-22 22:16:08'),(160,'FOQNBLDQB',1,6.12,'eBay PayPal 752',1.000000,'','','','','','2016-07-22 22:46:54'),(161,'TORVFDQXC',1,4.08,'eBay PayPal 753',1.000000,'','','','','','2016-07-22 23:19:59'),(162,'LVBGISIBT',1,4.51,'eBay PayPal 754',1.000000,'','','','','','2016-07-23 03:14:25'),(163,'BLGOIZUFS',1,2.91,'eBay PayPal 755',1.000000,'','','','','','2016-07-23 14:30:31'),(164,'IXAYGVLBR',1,24.12,'eBay PayPal 756',1.000000,'','','','','','2016-07-23 18:40:08'),(165,'AVPNVOYLC',1,2.91,'eBay PayPal 757',1.000000,'','','','','','2016-07-23 19:29:35'),(166,'OWMLWMYGH',1,4.08,'eBay PayPal 743',1.000000,'','','','','','2016-07-24 02:45:09'),(167,'EXCHMHKWG',1,3.98,'eBay PayPal 758',1.000000,'','','','','','2016-07-25 01:45:47'),(168,'MFTDSBDYD',1,4.51,'eBay PayPal 759',1.000000,'','','','','','2016-07-25 14:34:20'),(169,'RIQVJMZPC',1,8.59,'eBay PayPal 762',1.000000,'','','','','','2016-07-25 15:42:41'),(170,'AJVOIJYTF',1,3.98,'eBay PayPal 763',1.000000,'','','','','','2016-07-26 13:08:45'),(171,'ZNZJUSMRG',1,8.68,'eBay PayPal 764',1.000000,'','','','','','2016-07-27 00:56:45'),(172,'QBWXZTWRM',1,2.07,'eBay PayPal 765',1.000000,'','','','','','2016-07-27 01:36:56'),(173,'FIXWNBSHS',1,3.44,'eBay PayPal 766',1.000000,'','','','','','2016-07-27 07:53:27'),(174,'UDRNUOHCM',1,10.20,'eBay PayPal 767',1.000000,'','','','','','2016-07-28 00:13:15'),(175,'TYKDYYPUM',1,6.33,'eBay PayPal 768',1.000000,'','','','','','2016-07-28 09:45:27'),(176,'ZCGYWDGSW',1,3.98,'eBay PayPal 769',1.000000,'','','','','','2016-07-28 11:44:45'),(177,'VAHILTOFO',1,4.51,'eBay PayPal 770',1.000000,'','','','','','2016-07-28 15:14:27'),(178,'AWYQLNWDS',1,2.91,'eBay PayPal 771',1.000000,'','','','','','2016-07-29 11:31:27'),(179,'VCPISDEXZ',1,5.26,'eBay PayPal 772',1.000000,'','','','','','2016-07-29 19:34:41'),(180,'YAGYSMYTV',1,14.38,'eBay PayPal 773',1.000000,'','','','','','2016-07-30 00:29:39'),(181,'RHZQADYEN',1,2.69,'eBay PayPal 774',1.000000,'','','','','','2016-07-30 13:11:00'),(182,'BXFUPKFDX',1,2.91,'eBay PayPal 775',1.000000,'','','','','','2016-07-30 15:50:42'),(183,'PMZKKZXEE',1,5.18,'eBay PayPal 778',1.000000,'','','','','','2016-07-31 10:13:58'),(184,'QXFZDNGFN',1,10.53,'eBay PayPal 779',1.000000,'','','','','','2016-07-31 17:34:10'),(185,'DBHZYTSHJ',1,4.51,'eBay PayPal 782',1.000000,'','','','','','2016-08-01 12:52:38'),(186,'UWADHICQX',1,5.04,'eBay PayPal 783',1.000000,'','','','','','2016-08-01 16:42:44'),(187,'MYQBTZRRP',1,7.32,'eBay PayPal 784',1.000000,'','','','','','2016-08-01 18:37:32'),(188,'NEXIKENZH',1,3.44,'eBay PayPal 785',1.000000,'','','','','','2016-08-01 22:22:41'),(189,'HSOVQCEKX',1,8.18,'eBay PayPal 788',1.000000,'','','','','','2016-08-02 11:56:12'),(190,'BSFOIJHJH',1,10.18,'eBay PayPal 791',1.000000,'','','','','','2016-08-02 17:56:43'),(191,'NESCYRFXS',1,2.69,'eBay PayPal 792',1.000000,'','','','','','2016-08-02 18:28:19'),(192,'JKRIKQPQL',1,5.04,'eBay PayPal 790',1.000000,'','','','','','2016-08-02 18:28:21'),(193,'IZAAJOZEY',1,6.03,'eBay PayPal 793',1.000000,'','','','','','2016-08-02 21:06:00'),(194,'QTZLTRPHT',1,4.94,'eBay PayPal 794',1.000000,'','','','','','2016-08-03 15:04:49'),(195,'LDMFQZGNH',1,10.96,'eBay PayPal 795',1.000000,'','','','','','2016-08-03 19:50:36'),(196,'XUXRESFJN',1,4.51,'eBay PayPal 796',1.000000,'','','','','','2016-08-04 10:08:36'),(197,'WWQAVFVNA',1,10.74,'eBay PayPal 797',1.000000,'','','','','','2016-08-05 08:09:31'),(198,'NFEKKDJNN',1,18.42,'eBay PayPal 798',1.000000,'','','','','','2016-08-05 15:05:50'),(199,'MKKTXSQLN',1,2.91,'eBay PayPal 799',1.000000,'','','','','','2016-08-05 15:05:52'),(200,'FJWIFBOQV',1,508.72,'eBay PayPal 801',1.000000,'','','','','','2016-08-06 14:24:18'),(201,'KQTWZRFNI',1,4.51,'eBay PayPal 802',1.000000,'','','','','','2016-08-06 18:25:25'),(202,'NVAGNWIUJ',1,13.10,'eBay PayPal 803',1.000000,'','','','','','2016-08-06 23:17:03'),(203,'IMGTBKHQV',1,5.04,'eBay PayPal 806',1.000000,'','','','','','2016-08-07 18:14:07'),(204,'BDQHCJLZT',1,4.40,'eBay PayPal 813',1.000000,'','','','','','2016-08-07 21:04:02'),(205,'KTKWHBYRD',1,3.44,'eBay PayPal 804',1.000000,'','','','','','2016-08-08 10:38:14'),(206,'EZKKXQVSY',1,2.69,'eBay PayPal 814',1.000000,'','','','','','2016-08-08 11:10:23'),(207,'WOEOSVBOY',1,2.91,'eBay PayPal 815',1.000000,'','','','','','2016-08-08 14:53:57'),(208,'XNIZPCCHR',1,5.04,'eBay PayPal 816',1.000000,'','','','','','2016-08-08 21:07:06'),(209,'MEQWQRYFZ',1,8.39,'eBay PayPal 817',1.000000,'','','','','','2016-08-08 23:29:02'),(210,'PESWXTLLM',1,4.14,'eBay PayPal 818',1.000000,'','','','','','2016-08-09 17:03:37'),(211,'SFADWHGNN',1,2.69,'eBay PayPal 805',1.000000,'','','','','','2016-08-09 18:30:07'),(212,'CSDHMNVNR',1,5.71,'eBay PayPal 819',1.000000,'','','','','','2016-08-10 10:38:00'),(213,'BXUZXZJHS',1,8.58,'eBay PayPal 820',1.000000,'','','','','','2016-08-10 12:50:53'),(214,'MPTCWRQWZ',1,3.44,'eBay PayPal 821',1.000000,'','','','','','2016-08-11 12:30:52'),(215,'DNVZSBCDA',1,17.28,'eBay PayPal 822',1.000000,'','','','','','2016-08-11 19:40:25'),(216,'NSOVMBUDX',1,5.04,'eBay PayPal 823',1.000000,'','','','','','2016-08-11 20:49:50'),(217,'NPHSDXFNY',1,14.82,'eBay PayPal 824',1.000000,'','','','','','2016-08-12 00:16:40'),(218,'UJPJOBYTF',1,4.40,'eBay PayPal 825',1.000000,'','','','','','2016-08-12 07:18:23'),(219,'QRBKSQRUL',1,5.04,'eBay PayPal 826',1.000000,'','','','','','2016-08-12 11:18:56'),(220,'JYYPNYTXN',1,15.21,'eBay PayPal 827',1.000000,'','','','','','2016-08-12 11:18:58'),(221,'OYXLFLCBT',1,5.47,'eBay PayPal 828',1.000000,'','','','','','2016-08-12 11:19:00'),(222,'OIHHPSDOR',1,4.94,'eBay PayPal 829',1.000000,'','','','','','2016-08-12 15:09:19'),(223,'UJTXQLKDF',1,6.03,'eBay PayPal 830',1.000000,'','','','','','2016-08-13 18:07:16'),(224,'CPMVZCGBP',1,12.03,'eBay PayPal 831',1.000000,'','','','','','2016-08-15 15:13:40'),(225,'WRJVGGGVP',1,3.44,'eBay PayPal 832',1.000000,'','','','','','2016-08-16 19:46:34'),(226,'ERUFCSKMA',1,10.93,'eBay PayPal 833',1.000000,'','','','','','2016-08-16 22:07:54'),(227,'JLEFOILEV',1,11.92,'eBay PayPal 834',1.000000,'','','','','','2016-08-17 17:22:28'),(228,'KPDTGAYMR',1,6.12,'eBay PayPal 835',1.000000,'','','','','','2016-08-17 17:22:30'),(229,'UIIBHSVTN',1,6.97,'eBay PayPal 836',1.000000,'','','','','','2016-08-17 22:28:59'),(230,'DTLIYVLCM',1,6.65,'eBay PayPal 837',1.000000,'','','','','','2016-08-18 15:12:41'),(231,'OEDCJBNKM',1,4.54,'eBay PayPal 838',1.000000,'','','','','','2016-08-18 17:42:51'),(232,'BJJEPBXYT',1,4.08,'eBay PayPal 839',1.000000,'','','','','','2016-08-18 17:42:53'),(233,'PWQVWFJVG',1,9.36,'eBay PayPal 840',1.000000,'','','','','','2016-08-18 19:39:34'),(234,'UKDMPVJFW',1,6.65,'eBay PayPal 841',1.000000,'','','','','','2016-08-18 19:39:36'),(235,'PPPSODSJM',1,2.91,'eBay PayPal 842',1.000000,'','','','','','2016-08-18 23:38:20'),(236,'VRVRTSHOF',1,4.51,'eBay PayPal 843',1.000000,'','','','','','2016-08-19 11:15:17'),(237,'LFJDVOSKA',1,6.14,'eBay PayPal 844',1.000000,'','','','','','2016-08-19 11:15:27'),(238,'JBLOOFLEC',1,4.83,'eBay PayPal 845',1.000000,'','','','','','2016-08-19 11:50:42'),(239,'REZKJQDHR',1,9.00,'eBay PayPal 847',1.000000,'','','','','','2016-08-19 19:25:34'),(240,'APWEVHXJN',1,14.82,'eBay PayPal 849',1.000000,'','','','','','2016-08-19 21:52:53'),(241,'MSXLBIJDR',1,6.03,'eBay PayPal 846',1.000000,'','','','','','2016-08-20 11:10:46'),(242,'WZBPAGRYP',1,6.86,'eBay PayPal 850',1.000000,'','','','','','2016-08-20 12:24:41'),(243,'ISOEFLXPP',1,3.44,'eBay PayPal 851',1.000000,'','','','','','2016-08-20 15:39:51'),(244,'AGXEQFYAD',1,4.08,'eBay PayPal 852',1.000000,'','','','','','2016-08-20 18:29:58'),(245,'FVFTYJTMX',1,5.47,'eBay PayPal 853',1.000000,'','','','','','2016-08-21 11:51:04'),(246,'ZYHWYOWLW',1,2.07,'eBay PayPal 854',1.000000,'','','','','','2016-08-21 16:54:34'),(247,'NEMJCYHVN',1,5.61,'eBay PayPal 855',1.000000,'','','','','','2016-08-21 16:54:36'),(248,'MSBFKVGCG',1,2.91,'eBay PayPal 856',1.000000,'','','','','','2016-08-21 17:25:17'),(249,'ANSFREVXS',1,2.58,'eBay PayPal 857',1.000000,'','','','','','2016-08-21 22:45:11'),(250,'CGTULMKFY',1,3.76,'eBay PayPal 858',1.000000,'','','','','','2016-08-22 11:00:13'),(251,'LHVQXWDQT',1,2.91,'eBay PayPal 859',1.000000,'','','','','','2016-08-22 12:02:09'),(252,'OHIJCTOSC',1,9.00,'eBay PayPal 864',1.000000,'','','','','','2016-08-23 14:11:33'),(253,'WECJRVAGG',1,3.23,'eBay PayPal 865',1.000000,'','','','','','2016-08-23 14:11:35'),(254,'PHMGIMHUF',1,5.58,'eBay PayPal 866',1.000000,'','','','','','2016-08-23 18:18:10'),(255,'BBFWLSDHE',1,4.72,'eBay PayPal 869',1.000000,'','','','','','2016-08-23 22:32:48'),(256,'BZOSEQBJY',1,22.01,'eBay PayPal 872',1.000000,'','','','','','2016-08-24 13:01:03'),(257,'DMEZKYGUS',1,4.08,'eBay PayPal 873',1.000000,'','','','','','2016-08-24 14:53:33'),(258,'RUOFDFPAT',1,4.40,'eBay PayPal 874',1.000000,'','','','','','2016-08-24 15:32:31'),(259,'VCADRMTYH',1,9.82,'eBay PayPal 875',1.000000,'','','','','','2016-08-24 16:05:00'),(260,'EMXJWKTIS',1,6.33,'eBay PayPal 877',1.000000,'','','','','','2016-08-24 18:43:48'),(261,'TTMTZLQMC',1,4.08,'eBay PayPal 876',1.000000,'','','','','','2016-08-24 18:43:50'),(262,'RWVYOOFOP',1,3.44,'eBay PayPal 878',1.000000,'','','','','','2016-08-25 10:54:01'),(263,'FUKFJFHTY',1,5.58,'eBay PayPal 879',1.000000,'','','','','','2016-08-25 12:21:31'),(264,'AGSTAQFMT',1,3.44,'eBay PayPal 880',1.000000,'','','','','','2016-08-25 13:01:19'),(265,'HOLVUFMGV',1,6.24,'eBay PayPal 881',1.000000,'','','','','','2016-08-25 19:55:14'),(266,'JRONAKMHL',1,4.11,'eBay PayPal 882',1.000000,'','','','','','2016-08-25 21:59:42'),(267,'CXUOTCKTY',1,3.98,'eBay PayPal 868',1.000000,'','','','','','2016-08-25 23:57:17'),(268,'LJIABDLAL',1,2.91,'eBay PayPal 885',1.000000,'','','','','','2016-08-26 21:51:01'),(269,'PNTTXUUFH',1,3.98,'eBay PayPal 883',1.000000,'','','','','','2016-08-28 19:41:21'),(270,'JNMOWGMKX',1,8.16,'eBay PayPal 888',1.000000,'','','','','','2016-08-29 12:16:13'),(271,'KWIFWNJMZ',1,5.61,'eBay PayPal 889',1.000000,'','','','','','2016-08-29 12:16:16'),(272,'SYUQFTUSI',1,4.08,'eBay PayPal 890',1.000000,'','','','','','2016-08-29 15:16:48'),(273,'FGTQKSCJZ',1,5.71,'eBay PayPal 891',1.000000,'','','','','','2016-08-30 11:13:33'),(274,'PUKRFIQEC',1,5.04,'eBay PayPal 892',1.000000,'','','','','','2016-08-30 16:35:30'),(275,'BTIRQZTHB',1,10.14,'eBay PayPal 895',1.000000,'','','','','','2016-08-30 18:00:00'),(276,'PHBIZOJTR',1,5.61,'eBay PayPal 896',1.000000,'','','','','','2016-08-30 21:10:57'),(277,'FKXCAGIPJ',1,4.40,'eBay PayPal 897',1.000000,'','','','','','2016-08-30 23:55:20'),(278,'SURZBYIYQ',1,2.69,'eBay PayPal 898',1.000000,'','','','','','2016-08-31 14:41:34'),(279,'NOOKMOZSB',1,10.20,'eBay PayPal 899',1.000000,'','','','','','2016-09-01 10:18:54'),(280,'VLBPHRTQQ',1,5.79,'eBay PayPal 900',1.000000,'','','','','','2016-09-01 12:35:03'),(281,'RYNZIWHDB',1,2.58,'eBay PayPal 901',1.000000,'','','','','','2016-09-01 19:05:43'),(282,'PSFRZHUET',1,13.89,'eBay PayPal 902',1.000000,'','','','','','2016-09-01 21:11:37'),(283,'TYSQJVQVG',1,13.10,'eBay PayPal 903',1.000000,'','','','','','2016-09-02 16:50:17'),(284,'DZZZAXKLU',1,5.61,'eBay PayPal 904',1.000000,'','','','','','2016-09-02 16:50:20'),(285,'AATBQXVYD',1,11.89,'eBay PayPal 905',1.000000,'','','','','','2016-09-02 18:08:48'),(286,'GHJPHQRBS',1,5.61,'eBay PayPal 906',1.000000,'','','','','','2016-09-03 20:27:57'),(287,'GHVPRZJYG',1,6.14,'eBay PayPal 907',1.000000,'','','','','','2016-09-03 23:09:21'),(288,'BTBKUUQNG',1,7.75,'eBay PayPal 908',1.000000,'','','','','','2016-09-04 11:21:05'),(289,'AUHXWTMKT',1,4.54,'eBay PayPal 909',1.000000,'','','','','','2016-09-04 15:40:59'),(290,'DXHEMOUCJ',1,10.74,'eBay PayPal 910',1.000000,'','','','','','2016-09-05 04:14:40'),(291,'WXHUAXPKX',1,6.22,'eBay PayPal 1048',1.000000,'','','','','','2016-10-27 12:01:50'),(292,'CICBSEIFO',1,3.44,'eBay PayPal 1053',1.000000,'','','','','','2016-10-27 12:01:57'),(293,'WAQVYUHAY',1,2.74,'eBay PayPal 1054',1.000000,'','','','','','2016-10-27 12:02:00'),(294,'SNBOVCZAU',1,2.80,'eBay PayPal 1055',1.000000,'','','','','','2016-10-27 12:02:03'),(295,'OYGJHUIQS',1,3.23,'eBay PayPal 1057',1.000000,'','','','','','2016-10-27 12:02:06'),(296,'LJNWXFLLB',1,4.86,'eBay PayPal 1062',1.000000,'','','','','','2016-10-27 12:02:10'),(297,'AJXMWXWYG',1,5.28,'eBay PayPal 1060',1.000000,'','','','','','2016-10-27 12:02:14'),(298,'ATKZFCVBO',1,2.58,'eBay PayPal 1059',1.000000,'','','','','','2016-10-27 12:02:17'),(299,'UQVZVOBOI',1,7.64,'eBay PayPal 1065',1.000000,'','','','','','2016-10-27 12:02:20'),(300,'UQKKIEFQE',1,2.91,'eBay PayPal 1066',1.000000,'','','','','','2016-10-27 12:02:23'),(301,'HZKFBEHUU',1,2.91,'eBay PayPal 1071',1.000000,'','','','','','2016-10-27 12:02:26'),(302,'NOTVFTQGC',1,4.51,'eBay PayPal 1068',1.000000,'','','','','','2016-10-27 12:02:30'),(303,'AHUZMOZKE',1,11.47,'eBay PayPal 1067',1.000000,'','','','','','2016-10-27 12:02:33'),(304,'PHDHQCKPV',1,10.93,'eBay PayPal 1070',1.000000,'','','','','','2016-10-27 12:02:36'),(305,'GNYJYCQKY',1,2.90,'eBay PayPal 1069',1.000000,'','','','','','2016-10-27 12:02:39'),(306,'SDZOULAST',1,2.91,'eBay PayPal 1076',1.000000,'','','','','','2016-10-27 12:02:42'),(307,'HIZXVJABL',1,2.07,'eBay PayPal 1074',1.000000,'','','','','','2016-10-27 12:02:45'),(308,'LISRZZDKY',1,5.50,'eBay PayPal 1073',1.000000,'','','','','','2016-10-27 12:02:48'),(309,'APVKGVDUK',1,15.30,'eBay PayPal 1078',1.000000,'','','','','','2016-10-27 12:02:53'),(310,'SSGREHSHR',1,2.91,'eBay PayPal 1077',1.000000,'','','','','','2016-10-27 12:02:55'),(311,'VHGRCXQVK',1,3.57,'eBay PayPal 1081',1.000000,'','','','','','2016-10-27 12:02:59'),(312,'PRHSYHSWM',1,13.51,'eBay PayPal 1089',1.000000,'','','','','','2016-10-27 12:03:03'),(313,'RPMTZDHAE',1,5.60,'eBay PayPal 1098',1.000000,'','','','','','2016-11-05 10:17:16'),(314,'HIDMNTRXZ',1,6.24,'eBay PayPal 1097',1.000000,'','','','','','2016-11-05 10:17:22'),(315,'AKIUJIMFC',1,2.69,'eBay PayPal 1099',1.000000,'','','','','','2016-11-05 10:17:42'),(316,'ENSGQNYYY',1,14.70,'eBay PayPal 1101',1.000000,'','','','','','2016-11-05 10:18:00'),(317,'EHYRYOWBW',1,4.94,'eBay PayPal 1100',1.000000,'','','','','','2016-11-05 10:18:06'),(318,'AYCIRTFVU',1,5.04,'eBay PayPal 1102',1.000000,'','','','','','2016-11-05 10:18:17'),(319,'KAJWWXZZR',1,3.44,'eBay PayPal 1103',1.000000,'','','','','','2016-11-05 10:18:24'),(320,'YTGCOFXNR',1,3.44,'eBay PayPal 1104',1.000000,'','','','','','2016-11-05 10:18:28'),(321,'ZLQKXWQAT',1,7.19,'eBay PayPal 1107',1.000000,'','','','','','2016-11-05 10:18:32'),(322,'GNCNVUFXR',1,2.91,'eBay PayPal 1108',1.000000,'','','','','','2016-11-05 10:18:40'),(323,'TDZOORCNU',1,19.52,'eBay PayPal 1111',1.000000,'','','','','','2016-11-05 10:18:47'),(324,'KNFDWOGYC',1,9.00,'eBay PayPal 1112',1.000000,'','','','','','2016-11-05 10:18:51');

--
-- Table structure for table `ps_order_return`
--

CREATE TABLE `ps_order_return` (
  `id_order_return` int(10) unsigned NOT NULL AUTO_INCREMENT,
  `id_customer` int(10) unsigned NOT NULL,
  `id_order` int(10) unsigned NOT NULL,
  `state` tinyint(1) unsigned NOT NULL DEFAULT '1',
  `question` text NOT NULL,
  `date_add` datetime NOT NULL,
  `date_upd` datetime NOT NULL,
  PRIMARY KEY (`id_order_return`),
  KEY `order_return_customer` (`id_customer`),
  KEY `id_order` (`id_order`)
) ENGINE=InnoDB DEFAULT CHARSET=utf8;

--
-- Dumping data for table `ps_order_return`
--


--
-- Table structure for table `ps_order_return_detail`
--

CREATE TABLE `ps_order_return_detail` (
  `id_order_return` int(10) unsigned NOT NULL,
  `id_order_detail` int(10) unsigned NOT NULL,
  `id_customization` int(10) unsigned NOT NULL DEFAULT '0',
  `product_quantity` int(10) unsigned NOT NULL DEFAULT '0',
  PRIMARY KEY (`id_order_return`,`id_order_detail`,`id_customization`)
) ENGINE=InnoDB DEFAULT CHARSET=utf8;

--
-- Dumping data for table `ps_order_return_detail`
--


--
-- Table structure for table `ps_order_return_state`
--

CREATE TABLE `ps_order_return_state` (
  `id_order_return_state` int(10) unsigned NOT NULL AUTO_INCREMENT,
  `color` varchar(32) DEFAULT NULL,
  PRIMARY KEY (`id_order_return_state`)
) ENGINE=InnoDB AUTO_INCREMENT=6 DEFAULT CHARSET=utf8;

--
-- Dumping data for table `ps_order_return_state`
--

INSERT INTO `ps_order_return_state` VALUES (1,'#4169E1'),(2,'#8A2BE2'),(3,'#32CD32'),(4,'#DC143C'),(5,'#108510');

--
-- Table structure for table `ps_order_return_state_lang`
--

CREATE TABLE `ps_order_return_state_lang` (
  `id_order_return_state` int(10) unsigned NOT NULL,
  `id_lang` int(10) unsigned NOT NULL,
  `name` varchar(64) NOT NULL,
  PRIMARY KEY (`id_order_return_state`,`id_lang`)
) ENGINE=InnoDB DEFAULT CHARSET=utf8;

--
-- Dumping data for table `ps_order_return_state_lang`
--

INSERT INTO `ps_order_return_state_lang` VALUES (1,1,'In attesa di conferma'),(2,1,'In attesa del pacco'),(3,1,'Pacco ricevuto'),(4,1,'Reso rifiutato'),(5,1,'Reso completato');

--
-- Table structure for table `ps_order_slip`
--

CREATE TABLE `ps_order_slip` (
  `id_order_slip` int(10) unsigned NOT NULL AUTO_INCREMENT,
  `conversion_rate` decimal(13,6) NOT NULL DEFAULT '1.000000',
  `id_customer` int(10) unsigned NOT NULL,
  `id_order` int(10) unsigned NOT NULL,
  `total_products_tax_excl` decimal(20,6) DEFAULT NULL,
  `total_products_tax_incl` decimal(20,6) DEFAULT NULL,
  `total_shipping_tax_excl` decimal(20,6) DEFAULT NULL,
  `total_shipping_tax_incl` decimal(20,6) DEFAULT NULL,
  `shipping_cost` tinyint(3) unsigned NOT NULL DEFAULT '0',
  `amount` decimal(10,2) NOT NULL,
  `shipping_cost_amount` decimal(10,2) NOT NULL,
  `partial` tinyint(1) NOT NULL,
  `order_slip_type` tinyint(1) unsigned NOT NULL DEFAULT '0',
  `date_add` datetime NOT NULL,
  `date_upd` datetime NOT NULL,
  PRIMARY KEY (`id_order_slip`),
  KEY `order_slip_customer` (`id_customer`),
  KEY `id_order` (`id_order`)
) ENGINE=InnoDB DEFAULT CHARSET=utf8;

--
-- Dumping data for table `ps_order_slip`
--


--
-- Table structure for table `ps_order_slip_detail`
--

CREATE TABLE `ps_order_slip_detail` (
  `id_order_slip` int(10) unsigned NOT NULL,
  `id_order_detail` int(10) unsigned NOT NULL,
  `product_quantity` int(10) unsigned NOT NULL DEFAULT '0',
  `unit_price_tax_excl` decimal(20,6) DEFAULT NULL,
  `unit_price_tax_incl` decimal(20,6) DEFAULT NULL,
  `total_price_tax_excl` decimal(20,6) DEFAULT NULL,
  `total_price_tax_incl` decimal(20,6) DEFAULT NULL,
  `amount_tax_excl` decimal(20,6) DEFAULT NULL,
  `amount_tax_incl` decimal(20,6) DEFAULT NULL,
  PRIMARY KEY (`id_order_slip`,`id_order_detail`)
) ENGINE=InnoDB DEFAULT CHARSET=utf8;

--
-- Dumping data for table `ps_order_slip_detail`
--


--
-- Table structure for table `ps_order_slip_detail_tax`
--

CREATE TABLE `ps_order_slip_detail_tax` (
  `id_order_slip_detail` int(11) unsigned NOT NULL,
  `id_tax` int(11) unsigned NOT NULL,
  `unit_amount` decimal(16,6) NOT NULL DEFAULT '0.000000',
  `total_amount` decimal(16,6) NOT NULL DEFAULT '0.000000',
  KEY `id_order_slip_detail` (`id_order_slip_detail`),
  KEY `id_tax` (`id_tax`)
) ENGINE=InnoDB DEFAULT CHARSET=utf8;

--
-- Dumping data for table `ps_order_slip_detail_tax`
--


--
-- Table structure for table `ps_order_state`
--

CREATE TABLE `ps_order_state` (
  `id_order_state` int(10) unsigned NOT NULL AUTO_INCREMENT,
  `invoice` tinyint(1) unsigned DEFAULT '0',
  `send_email` tinyint(1) unsigned NOT NULL DEFAULT '0',
  `module_name` varchar(255) DEFAULT NULL,
  `color` varchar(32) DEFAULT NULL,
  `unremovable` tinyint(1) unsigned NOT NULL,
  `hidden` tinyint(1) unsigned NOT NULL DEFAULT '0',
  `logable` tinyint(1) NOT NULL DEFAULT '0',
  `delivery` tinyint(1) unsigned NOT NULL DEFAULT '0',
  `shipped` tinyint(1) unsigned NOT NULL DEFAULT '0',
  `paid` tinyint(1) unsigned NOT NULL DEFAULT '0',
  `pdf_invoice` tinyint(1) unsigned NOT NULL DEFAULT '0',
  `pdf_delivery` tinyint(1) unsigned NOT NULL DEFAULT '0',
  `deleted` tinyint(1) unsigned NOT NULL DEFAULT '0',
  PRIMARY KEY (`id_order_state`),
  KEY `module_name` (`module_name`)
) ENGINE=InnoDB AUTO_INCREMENT=16 DEFAULT CHARSET=utf8;

--
-- Dumping data for table `ps_order_state`
--

INSERT INTO `ps_order_state` VALUES (1,0,1,'cheque','#4169E1',1,0,0,0,0,0,0,0,0),(2,1,1,'','#32CD32',1,0,1,0,0,1,1,0,0),(3,1,1,'','#FF8C00',1,0,1,1,0,1,0,0,0),(4,1,1,'','#8A2BE2',1,0,1,1,1,1,0,0,0),(5,1,0,'','#108510',1,0,1,1,1,1,0,0,0),(6,0,1,'','#DC143C',1,0,0,0,0,0,0,0,0),(7,1,1,'','#ec2e15',1,0,0,0,0,0,0,0,0),(8,0,1,'','#8f0621',1,0,0,0,0,0,0,0,0),(9,1,1,'','#FF69B4',1,0,0,0,0,1,0,0,0),(10,0,1,'bankwire','#4169E1',1,0,0,0,0,0,0,0,0),(11,0,0,'','#4169E1',1,0,0,0,0,0,0,0,0),(12,1,1,'','#32CD32',1,0,1,0,0,1,0,0,0),(13,0,1,'','#FF69B4',1,0,0,0,0,0,0,0,0),(14,0,0,'cashondelivery','#4169E1',1,0,0,0,0,0,0,0,0),(15,1,0,'','#DDEEFF',0,0,1,0,0,0,0,0,0);

--
-- Table structure for table `ps_order_state_lang`
--

CREATE TABLE `ps_order_state_lang` (
  `id_order_state` int(10) unsigned NOT NULL,
  `id_lang` int(10) unsigned NOT NULL,
  `name` varchar(64) NOT NULL,
  `template` varchar(64) NOT NULL,
  PRIMARY KEY (`id_order_state`,`id_lang`)
) ENGINE=InnoDB DEFAULT CHARSET=utf8;

--
-- Dumping data for table `ps_order_state_lang`
--

INSERT INTO `ps_order_state_lang` VALUES (1,1,'In attesa di pagamento con assegno','cheque'),(2,1,'Pagamento accettato','payment'),(3,1,'Preparazione in corso','preparation'),(4,1,'Spedito','shipped'),(5,1,'Consegnato',''),(6,1,'Annullato','order_canceled'),(7,1,'Rimborso','refund'),(8,1,'Errore di pagamento','payment_error'),(9,1,'In attesa di rifornimento','outofstock'),(10,1,'In attesa di pagamento con bonifico bancario','bankwire'),(11,1,'In attesa di pagamento con PayPal',''),(12,1,'Pagamento remoto accettato','payment'),(13,1,'In attesa di rifornimento','outofstock'),(14,1,'Awaiting cod validation','cashondelivery'),(15,1,'Authorization accepted from PayPal','');

--
-- Table structure for table `ps_orders`
--

CREATE TABLE `ps_orders` (
  `id_order` int(10) unsigned NOT NULL AUTO_INCREMENT,
  `reference` varchar(9) DEFAULT NULL,
  `id_shop_group` int(11) unsigned NOT NULL DEFAULT '1',
  `id_shop` int(11) unsigned NOT NULL DEFAULT '1',
  `id_carrier` int(10) unsigned NOT NULL,
  `id_lang` int(10) unsigned NOT NULL,
  `id_customer` int(10) unsigned NOT NULL,
  `id_cart` int(10) unsigned NOT NULL,
  `id_currency` int(10) unsigned NOT NULL,
  `id_address_delivery` int(10) unsigned NOT NULL,
  `id_address_invoice` int(10) unsigned NOT NULL,
  `current_state` int(10) unsigned NOT NULL,
  `secure_key` varchar(32) NOT NULL DEFAULT '-1',
  `payment` varchar(255) NOT NULL,
  `conversion_rate` decimal(13,6) NOT NULL DEFAULT '1.000000',
  `module` varchar(255) DEFAULT NULL,
  `recyclable` tinyint(1) unsigned NOT NULL DEFAULT '0',
  `gift` tinyint(1) unsigned NOT NULL DEFAULT '0',
  `gift_message` text,
  `mobile_theme` tinyint(1) NOT NULL DEFAULT '0',
  `shipping_number` varchar(64) DEFAULT NULL,
  `total_discounts` decimal(20,6) NOT NULL DEFAULT '0.000000',
  `total_discounts_tax_incl` decimal(20,6) NOT NULL DEFAULT '0.000000',
  `total_discounts_tax_excl` decimal(20,6) NOT NULL DEFAULT '0.000000',
  `total_paid` decimal(20,6) NOT NULL DEFAULT '0.000000',
  `total_paid_tax_incl` decimal(20,6) NOT NULL DEFAULT '0.000000',
  `total_paid_tax_excl` decimal(20,6) NOT NULL DEFAULT '0.000000',
  `total_paid_real` decimal(20,6) NOT NULL DEFAULT '0.000000',
  `total_products` decimal(20,6) NOT NULL DEFAULT '0.000000',
  `total_products_wt` decimal(20,6) NOT NULL DEFAULT '0.000000',
  `total_shipping` decimal(20,6) NOT NULL DEFAULT '0.000000',
  `total_shipping_tax_incl` decimal(20,6) NOT NULL DEFAULT '0.000000',
  `total_shipping_tax_excl` decimal(20,6) NOT NULL DEFAULT '0.000000',
  `carrier_tax_rate` decimal(10,3) NOT NULL DEFAULT '0.000',
  `total_wrapping` decimal(20,6) NOT NULL DEFAULT '0.000000',
  `total_wrapping_tax_incl` decimal(20,6) NOT NULL DEFAULT '0.000000',
  `total_wrapping_tax_excl` decimal(20,6) NOT NULL DEFAULT '0.000000',
  `round_mode` tinyint(1) NOT NULL DEFAULT '2',
  `round_type` tinyint(1) NOT NULL DEFAULT '1',
  `invoice_number` int(10) unsigned NOT NULL DEFAULT '0',
  `delivery_number` int(10) unsigned NOT NULL DEFAULT '0',
  `invoice_date` datetime NOT NULL,
  `delivery_date` datetime NOT NULL,
  `valid` int(1) unsigned NOT NULL DEFAULT '0',
  `date_add` datetime NOT NULL,
  `date_upd` datetime NOT NULL,
  PRIMARY KEY (`id_order`),
  KEY `reference` (`reference`),
  KEY `id_customer` (`id_customer`),
  KEY `id_cart` (`id_cart`),
  KEY `invoice_number` (`invoice_number`),
  KEY `id_carrier` (`id_carrier`),
  KEY `id_lang` (`id_lang`),
  KEY `id_currency` (`id_currency`),
  KEY `id_address_delivery` (`id_address_delivery`),
  KEY `id_address_invoice` (`id_address_invoice`),
  KEY `id_shop_group` (`id_shop_group`),
  KEY `current_state` (`current_state`),
  KEY `id_shop` (`id_shop`),
  KEY `date_add` (`date_add`)
) ENGINE=InnoDB AUTO_INCREMENT=191 DEFAULT CHARSET=utf8;

--
-- Dumping data for table `ps_orders`
--

INSERT INTO `ps_orders` VALUES (13,'XKPVHKMPE',1,1,43,1,2733,22,1,11470,11470,4,'-1','Contanti alla consegna',1.000000,'',0,0,'',0,'',0.000000,0.000000,0.000000,39.710000,39.710000,39.710000,0.000000,0.000000,0.000000,0.000000,15.000000,15.000000,0.000,0.000000,0.000000,0.000000,2,1,0,0,'0000-00-00 00:00:00','2017-09-25 00:00:00',1,'2017-09-19 00:17:23','2017-09-19 00:17:23'),(14,'BWYOBQRRW',1,1,42,1,2732,26,1,11471,11471,4,'-1','Contanti alla consegna',1.000000,'',0,0,'',0,'',0.000000,0.000000,0.000000,66.440000,66.440000,66.440000,0.000000,0.000000,0.000000,0.000000,0.000000,0.000000,0.000,0.000000,0.000000,0.000000,2,1,0,0,'0000-00-00 00:00:00','0000-00-00 00:00:00',1,'2017-09-19 23:51:56','2017-09-19 23:51:56'),(15,'JXGJDLOIZ',1,1,42,1,2731,28,1,11472,11472,4,'-1','Contanti alla consegna',1.000000,'',0,0,'',0,'',0.000000,0.000000,0.000000,17.000000,17.000000,17.000000,0.000000,0.000000,0.000000,0.000000,0.000000,0.000000,0.000,0.000000,0.000000,0.000000,2,1,0,0,'0000-00-00 00:00:00','0000-00-00 00:00:00',1,'2017-09-20 11:16:36','2017-09-20 11:16:36'),(17,'NKCEWHBAF',1,1,43,1,2733,31,1,11470,11470,4,'-1','Contanti alla consegna',1.000000,'',0,0,'',0,'',0.000000,0.000000,0.000000,48.900000,48.900000,48.900000,0.000000,0.000000,0.000000,0.000000,15.000000,15.000000,0.000,0.000000,0.000000,0.000000,2,1,0,0,'0000-00-00 00:00:00','0000-00-00 00:00:00',1,'2017-09-21 11:55:16','2017-09-21 11:55:16'),(18,'MDBTVPOYN',1,1,42,1,2730,35,1,11459,2824,4,'-1','Bonifico anticipato',1.000000,'',0,0,'',0,'',0.000000,0.000000,0.000000,178.500000,178.500000,146.330000,0.000000,0.000000,0.000000,0.000000,0.000000,0.000000,0.000,0.000000,0.000000,0.000000,2,1,0,0,'0000-00-00 00:00:00','0000-00-00 00:00:00',1,'2017-09-22 11:04:16','2017-09-22 11:04:16'),(19,'AUHHJRYKL',1,1,42,1,2744,36,1,11456,2773,4,'-1','Contanti alla consegna',1.000000,'',0,0,'',0,'',0.000000,0.000000,0.000000,158.100000,158.100000,158.100000,0.000000,0.000000,0.000000,0.000000,0.000000,0.000000,0.000,0.000000,0.000000,0.000000,2,1,0,0,'0000-00-00 00:00:00','0000-00-00 00:00:00',1,'2017-09-22 19:24:28','2017-09-22 19:24:28'),(20,'KOFTIZQBR',1,1,43,1,2745,37,1,11457,2774,4,'-1','Contanti alla consegna',1.000000,'',0,0,'',0,'',0.000000,0.000000,0.000000,34.440000,34.440000,34.440000,0.000000,0.000000,0.000000,0.000000,15.000000,15.000000,0.000,0.000000,0.000000,0.000000,2,1,0,0,'0000-00-00 00:00:00','0000-00-00 00:00:00',1,'2017-09-24 09:57:31','2017-09-24 09:57:31'),(21,'GIRXWHUCD',1,1,42,1,2746,38,1,11458,2775,4,'-1','Contanti alla consegna',1.000000,'',0,0,'',0,'',0.000000,0.000000,0.000000,53.680000,53.680000,52.240000,0.000000,0.000000,0.000000,0.000000,0.000000,0.000000,0.000,0.000000,0.000000,0.000000,2,1,0,0,'0000-00-00 00:00:00','0000-00-00 00:00:00',1,'2017-09-24 11:38:30','2017-09-24 11:38:30'),(22,'BKGWYUVZY',1,1,42,1,2766,41,1,11513,11513,4,'-1','Contanti alla consegna',1.000000,'',0,0,'',0,'',0.000000,0.000000,0.000000,90.440000,90.440000,90.440000,0.000000,0.000000,0.000000,0.000000,0.000000,0.000000,0.000,0.000000,0.000000,0.000000,2,1,0,0,'0000-00-00 00:00:00','0000-00-00 00:00:00',1,'2017-09-27 20:43:44','2017-09-27 20:43:44'),(23,'AQNFFPHIS',1,1,42,1,2767,42,1,11514,11514,4,'-1','Contanti alla consegna',1.000000,'',0,0,'',0,'',0.000000,0.000000,0.000000,62.250000,62.250000,62.250000,0.000000,0.000000,0.000000,0.000000,0.000000,0.000000,0.000,0.000000,0.000000,0.000000,2,1,0,0,'0000-00-00 00:00:00','0000-00-00 00:00:00',1,'2017-09-28 13:45:42','2017-09-28 13:45:42'),(24,'XGWMILCBM',1,1,43,1,2775,46,1,11580,11580,4,'-1','Contanti alla consegna',1.000000,'',0,0,'',0,'',0.000000,0.000000,0.000000,776.000000,776.000000,768.000000,0.000000,0.000000,0.000000,0.000000,15.000000,15.000000,0.000,0.000000,0.000000,0.000000,2,1,0,0,'0000-00-00 00:00:00','0000-00-00 00:00:00',1,'2017-10-02 21:23:36','2017-10-02 21:23:36'),(25,'VCUNSSGAQ',1,1,42,1,2782,48,1,11716,11716,4,'-1','Bonifico anticipato',1.000000,'',0,0,'',0,'',0.000000,0.000000,0.000000,123.520000,123.520000,123.520000,0.000000,0.000000,0.000000,0.000000,0.000000,0.000000,0.000,0.000000,0.000000,0.000000,2,1,0,0,'0000-00-00 00:00:00','0000-00-00 00:00:00',1,'2017-10-04 10:39:47','2017-10-04 10:39:47'),(26,'QNRTQMEBH',1,1,42,1,2786,50,1,11978,11978,4,'-1','Bonifico anticipato',1.000000,'',0,0,'',0,'',0.000000,0.000000,0.000000,28.940000,28.940000,28.940000,0.000000,0.000000,0.000000,0.000000,0.000000,0.000000,0.000,0.000000,0.000000,0.000000,2,1,0,0,'0000-00-00 00:00:00','0000-00-00 00:00:00',1,'2017-10-05 18:28:35','2017-10-05 18:28:35'),(27,'CEBQBFMWS',1,1,42,1,2790,56,1,12509,12509,6,'-1','Contanti alla consegna',1.000000,'',0,0,'',0,'',0.000000,0.000000,0.000000,5.100000,5.100000,4.200000,0.000000,0.000000,0.000000,0.000000,0.000000,0.000000,0.000,0.000000,0.000000,0.000000,2,1,0,0,'0000-00-00 00:00:00','0000-00-00 00:00:00',1,'2017-10-10 07:52:02','2017-10-10 07:52:02'),(28,'FKGUTXYLC',1,1,42,1,2791,57,1,12510,12510,4,'-1','Contanti alla consegna',1.000000,'',0,0,'',0,'',0.000000,0.000000,0.000000,130.100000,130.100000,128.300000,0.000000,0.000000,0.000000,0.000000,0.000000,0.000000,0.000,0.000000,0.000000,0.000000,2,1,0,0,'0000-00-00 00:00:00','0000-00-00 00:00:00',1,'2017-10-10 08:22:29','2017-10-10 08:22:29'),(30,'WXSTVYVOK',1,1,42,1,2792,58,1,12511,12511,4,'-1','Contanti alla consegna',1.000000,'',0,0,'',0,'',0.000000,0.000000,0.000000,49.500000,49.500000,49.500000,0.000000,0.000000,0.000000,0.000000,0.000000,0.000000,0.000,0.000000,0.000000,0.000000,2,1,0,0,'0000-00-00 00:00:00','0000-00-00 00:00:00',1,'2017-10-10 09:33:37','2017-10-10 09:33:37'),(31,'TABJFUJWD',1,1,43,1,2744,66,1,11456,11456,4,'-1','Bonifico anticipato',1.000000,'',0,0,'',0,'',0.000000,0.000000,0.000000,57.520000,57.520000,56.920000,0.000000,0.000000,0.000000,0.000000,15.000000,15.000000,0.000,0.000000,0.000000,0.000000,2,1,0,0,'0000-00-00 00:00:00','0000-00-00 00:00:00',1,'2017-10-14 16:49:24','2017-10-14 16:49:24'),(32,'SVKXYTLEM',1,1,42,1,2802,68,1,15698,15698,4,'-1','Bonifico anticipato',1.000000,'',0,0,'',0,'',0.000000,0.000000,0.000000,19.690000,19.690000,19.690000,0.000000,0.000000,0.000000,0.000000,0.000000,0.000000,0.000,0.000000,0.000000,0.000000,2,1,0,0,'0000-00-00 00:00:00','0000-00-00 00:00:00',1,'2017-10-16 13:53:41','2017-10-16 13:53:41'),(33,'OBTLLMUSZ',1,1,42,1,2808,72,1,8480,8480,6,'-1','Bonifico anticipato',1.000000,'',0,0,'',0,'',0.000000,0.000000,0.000000,53.200000,53.200000,53.200000,0.000000,0.000000,0.000000,0.000000,0.000000,0.000000,0.000,0.000000,0.000000,0.000000,2,1,0,0,'0000-00-00 00:00:00','0000-00-00 00:00:00',1,'2017-10-16 19:51:27','2017-10-16 19:51:27'),(35,'LUGTMPRHM',1,1,42,1,2813,76,1,19946,19946,4,'-1','Contanti alla consegna',1.000000,'',0,0,'',0,'',0.000000,0.000000,0.000000,49.130000,49.130000,48.980000,0.000000,0.000000,0.000000,0.000000,0.000000,0.000000,0.000,0.000000,0.000000,0.000000,2,1,0,0,'0000-00-00 00:00:00','0000-00-00 00:00:00',1,'2017-10-17 23:46:13','2017-10-17 23:46:13'),(36,'ZHYURMVQS',1,1,42,1,2818,77,1,3,3,4,'-1','Bonifico anticipato',1.000000,'',0,0,'',0,'',0.000000,0.000000,0.000000,133.710000,133.710000,133.710000,0.000000,0.000000,0.000000,0.000000,0.000000,0.000000,0.000,0.000000,0.000000,0.000000,2,1,0,0,'0000-00-00 00:00:00','0000-00-00 00:00:00',1,'2017-10-18 13:30:35','2017-10-18 13:30:35'),(37,'KNIMQIZDV',1,1,42,1,2824,80,1,7,7,6,'-1','Bonifico anticipato',1.000000,'',0,0,'',0,'',0.000000,0.000000,0.000000,6.800000,6.800000,5.600000,0.000000,0.000000,0.000000,0.000000,0.000000,0.000000,0.000,0.000000,0.000000,0.000000,2,1,0,0,'0000-00-00 00:00:00','0000-00-00 00:00:00',1,'2017-10-19 09:39:56','2017-10-19 09:39:56'),(38,'IGXIEZMQS',1,1,42,1,2735,81,1,11468,11468,6,'-1','Bonifico anticipato',1.000000,'',0,0,'',0,'',0.000000,0.000000,0.000000,42.670000,42.670000,42.670000,0.000000,0.000000,0.000000,0.000000,0.000000,0.000000,0.000,0.000000,0.000000,0.000000,2,1,0,0,'0000-00-00 00:00:00','0000-00-00 00:00:00',1,'2017-10-19 10:41:36','2017-10-19 10:41:36'),(39,'SAFNVFHHY',1,1,43,1,2735,82,1,11468,11468,6,'-1','Contanti alla consegna',1.000000,'',0,0,'',0,'',0.000000,0.000000,0.000000,0.000000,0.000000,0.000000,0.000000,0.000000,0.000000,0.000000,15.000000,15.000000,0.000,0.000000,0.000000,0.000000,2,1,0,0,'0000-00-00 00:00:00','0000-00-00 00:00:00',1,'2017-10-19 10:48:40','2017-10-19 10:48:40'),(41,'QDLCOEZVQ',1,1,42,1,2827,84,1,28429,28429,6,'-1','Contanti alla consegna',1.000000,'',0,0,'',0,'',0.000000,0.000000,0.000000,9.190000,9.190000,7.550000,0.000000,0.000000,0.000000,0.000000,0.000000,0.000000,0.000,0.000000,0.000000,0.000000,2,1,0,0,'0000-00-00 00:00:00','0000-00-00 00:00:00',1,'2017-10-19 21:00:14','2017-10-19 21:00:14'),(42,'GRVCQZNBM',1,1,42,1,2835,86,1,45391,45391,6,'-1','Bonifico anticipato',1.000000,'',0,0,'',0,'',0.000000,0.000000,0.000000,15.300000,15.300000,15.300000,0.000000,0.000000,0.000000,0.000000,0.000000,0.000000,0.000,0.000000,0.000000,0.000000,2,1,0,0,'0000-00-00 00:00:00','0000-00-00 00:00:00',1,'2017-10-21 16:44:02','2017-10-21 16:44:02'),(43,'OFPFCYWMU',1,1,42,1,2836,88,1,45392,45392,4,'-1','Contanti alla consegna',1.000000,'',0,0,'',0,'',0.000000,0.000000,0.000000,88.910000,88.910000,88.910000,0.000000,0.000000,0.000000,0.000000,0.000000,0.000000,0.000,0.000000,0.000000,0.000000,2,1,0,0,'0000-00-00 00:00:00','0000-00-00 00:00:00',1,'2017-10-21 23:51:43','2017-10-21 23:51:43'),(44,'OFDULASDG',1,1,43,1,2782,92,1,11716,11716,4,'-1','Bonifico anticipato',1.000000,'',0,0,'',0,'',0.000000,0.000000,0.000000,125.880000,125.880000,125.880000,0.000000,0.000000,0.000000,0.000000,15.000000,15.000000,0.000,0.000000,0.000000,0.000000,2,1,0,0,'0000-00-00 00:00:00','0000-00-00 00:00:00',1,'2017-10-23 09:37:26','2017-10-23 09:37:26'),(45,'ABAMADXIL',1,1,42,1,2838,93,1,79312,79312,4,'-1','Contanti alla consegna',1.000000,'',0,0,'',0,'',0.000000,0.000000,0.000000,25.330000,25.330000,25.180000,0.000000,0.000000,0.000000,0.000000,0.000000,0.000000,0.000,0.000000,0.000000,0.000000,2,1,0,0,'0000-00-00 00:00:00','0000-00-00 00:00:00',1,'2017-10-23 12:44:11','2017-10-23 12:44:11'),(46,'OHRNNJUTT',1,1,42,1,2844,94,1,67842,67842,6,'-1','Contanti alla consegna',1.000000,'',0,0,'',0,'',0.000000,0.000000,0.000000,28.560000,28.560000,28.560000,0.000000,0.000000,0.000000,0.000000,0.000000,0.000000,0.000,0.000000,0.000000,0.000000,2,1,0,0,'0000-00-00 00:00:00','0000-00-00 00:00:00',1,'2017-10-23 14:33:12','2017-10-23 14:33:12'),(47,'ZVZDPWHMY',1,1,43,1,2746,95,1,11458,11458,6,'-1','Contanti alla consegna',1.000000,'',0,0,'',0,'',0.000000,0.000000,0.000000,4.950000,4.950000,4.950000,0.000000,0.000000,0.000000,0.000000,15.000000,15.000000,0.000,0.000000,0.000000,0.000000,2,1,0,0,'0000-00-00 00:00:00','0000-00-00 00:00:00',1,'2017-10-23 20:45:08','2017-10-23 20:45:08'),(48,'WQWWYBOVV',1,1,43,1,2782,96,1,11716,11716,4,'-1','Contanti alla consegna',1.000000,'',0,0,'',0,'',0.000000,0.000000,0.000000,125.100000,125.100000,125.100000,0.000000,0.000000,0.000000,0.000000,15.000000,15.000000,0.000,0.000000,0.000000,0.000000,2,1,0,0,'0000-00-00 00:00:00','0000-00-00 00:00:00',1,'2017-10-23 21:14:05','2017-10-23 21:14:05'),(49,'FYAOYBHLA',1,1,42,1,2855,97,1,181083,181083,6,'-1','Contanti alla consegna',1.000000,'',0,0,'',0,'',0.000000,0.000000,0.000000,61.200000,61.200000,61.200000,0.000000,0.000000,0.000000,0.000000,0.000000,0.000000,0.000,0.000000,0.000000,0.000000,2,1,0,0,'0000-00-00 00:00:00','0000-00-00 00:00:00',1,'2017-10-25 09:49:24','2017-10-25 09:49:24'),(50,'TIVXWJQLU',1,1,42,1,2856,98,1,316766,316766,4,'-1','Contanti alla consegna',1.000000,'',0,0,'',0,'',0.000000,0.000000,0.000000,77.390000,77.390000,77.390000,0.000000,0.000000,0.000000,0.000000,0.000000,0.000000,0.000,0.000000,0.000000,0.000000,2,1,0,0,'0000-00-00 00:00:00','0000-00-00 00:00:00',1,'2017-10-26 12:26:44','2017-10-26 12:26:44'),(51,'QCKRYYZTK',1,1,42,1,2859,100,1,588139,588139,4,'-1','Contanti alla consegna',1.000000,'',0,0,'',0,'',0.000000,0.000000,0.000000,59.500000,59.500000,59.500000,0.000000,0.000000,0.000000,0.000000,0.000000,0.000000,0.000,0.000000,0.000000,0.000000,2,1,0,0,'0000-00-00 00:00:00','0000-00-00 00:00:00',1,'2017-10-26 21:00:28','2017-10-26 21:00:28'),(52,'AGQHKWOPG',1,1,42,1,2860,102,1,859515,859515,4,'-1','Contanti alla consegna',1.000000,'',0,0,'',0,'',0.000000,0.000000,0.000000,35.800000,35.800000,35.800000,0.000000,0.000000,0.000000,0.000000,0.000000,0.000000,0.000,0.000000,0.000000,0.000000,2,1,0,0,'0000-00-00 00:00:00','0000-00-00 00:00:00',1,'2017-10-28 19:24:11','2017-10-28 19:24:11'),(53,'ZLXGLJIHF',1,1,42,1,2862,104,1,859516,859516,4,'-1','Contanti alla consegna',1.000000,'',0,0,'',0,'',0.000000,0.000000,0.000000,13.600000,13.600000,13.600000,0.000000,0.000000,0.000000,0.000000,0.000000,0.000000,0.000,0.000000,0.000000,0.000000,2,1,0,0,'0000-00-00 00:00:00','0000-00-00 00:00:00',1,'2017-10-29 19:30:23','2017-10-29 19:30:23'),(54,'BOTAYGMSP',1,1,42,1,2859,105,1,588139,588139,4,'-1','Contanti alla consegna',1.000000,'',0,0,'',0,'',0.000000,0.000000,0.000000,10.200000,10.200000,10.200000,0.000000,0.000000,0.000000,0.000000,0.000000,0.000000,0.000,0.000000,0.000000,0.000000,2,1,0,0,'0000-00-00 00:00:00','0000-00-00 00:00:00',1,'2017-10-30 09:55:54','2017-10-30 09:55:54'),(55,'FHQPMAAUE',1,1,42,1,2855,107,1,181083,181083,4,'-1','Contanti alla consegna',1.000000,'',0,0,'',0,'',0.000000,0.000000,0.000000,95.200000,95.200000,95.200000,0.000000,0.000000,0.000000,0.000000,0.000000,0.000000,0.000,0.000000,0.000000,0.000000,2,1,0,0,'0000-00-00 00:00:00','0000-00-00 00:00:00',1,'2017-10-31 11:23:21','2017-10-31 11:23:21'),(56,'TDINCEMFP',1,1,42,1,2866,108,1,1402275,1402275,4,'-1','Contanti alla consegna',1.000000,'',0,0,'',0,'',0.000000,0.000000,0.000000,25.500000,25.500000,25.500000,0.000000,0.000000,0.000000,0.000000,0.000000,0.000000,0.000,0.000000,0.000000,0.000000,2,1,0,0,'0000-00-00 00:00:00','0000-00-00 00:00:00',1,'2017-10-31 14:42:43','2017-10-31 14:42:43'),(57,'IKPEBCEVC',1,1,43,1,2880,112,1,2171041,2171041,6,'-1','Contanti alla consegna',1.000000,'',0,0,'',0,'',0.000000,0.000000,0.000000,56.580000,56.580000,56.580000,0.000000,0.000000,0.000000,0.000000,15.000000,15.000000,0.000,0.000000,0.000000,0.000000,2,1,0,0,'0000-00-00 00:00:00','0000-00-00 00:00:00',1,'2017-11-04 09:37:08','2017-11-04 09:37:08'),(59,'TYKAAYOOB',1,1,43,1,2897,117,1,4658861,4658861,4,'-1','Bonifico anticipato',1.000000,'',0,0,'',0,'',0.000000,0.000000,0.000000,144.260000,144.260000,144.260000,0.000000,0.000000,0.000000,0.000000,15.000000,15.000000,0.000,0.000000,0.000000,0.000000,2,1,0,0,'0000-00-00 00:00:00','0000-00-00 00:00:00',1,'2017-11-08 15:51:42','2017-11-08 15:51:42'),(60,'UKQNWLSYM',1,1,42,1,2913,120,1,4658886,4658886,4,'-1','Contanti alla consegna',1.000000,'',0,0,'',0,'',0.000000,0.000000,0.000000,27.540000,27.540000,27.540000,0.000000,0.000000,0.000000,0.000000,0.000000,0.000000,0.000,0.000000,0.000000,0.000000,2,1,0,0,'0000-00-00 00:00:00','0000-00-00 00:00:00',1,'2017-11-11 18:15:28','2017-11-11 18:15:28'),(61,'REJHTGAYS',1,1,42,1,2914,121,1,4658887,4658887,4,'-1','Contanti alla consegna',1.000000,'',0,0,'',0,'',0.000000,0.000000,0.000000,24.080000,24.080000,24.080000,0.000000,0.000000,0.000000,0.000000,0.000000,0.000000,0.000,0.000000,0.000000,0.000000,2,1,0,0,'0000-00-00 00:00:00','0000-00-00 00:00:00',1,'2017-11-12 17:45:04','2017-11-12 17:45:04'),(62,'TIJJDBZGQ',1,1,42,1,2921,122,1,4658917,4658917,6,'-1','Bonifico anticipato',1.000000,'',0,0,'',0,'',0.000000,0.000000,0.000000,80.550000,80.550000,80.550000,0.000000,0.000000,0.000000,0.000000,0.000000,0.000000,0.000,0.000000,0.000000,0.000000,2,1,0,0,'0000-00-00 00:00:00','0000-00-00 00:00:00',1,'2017-11-13 21:17:58','2017-11-13 21:17:58'),(63,'CUNCKXGCZ',1,1,42,1,2930,125,1,4659000,4659000,4,'-1','Contanti alla consegna',1.000000,'',0,0,'',0,'',0.000000,0.000000,0.000000,85.350000,85.350000,85.350000,0.000000,0.000000,0.000000,0.000000,0.000000,0.000000,0.000,0.000000,0.000000,0.000000,2,1,0,0,'0000-00-00 00:00:00','0000-00-00 00:00:00',1,'2017-11-14 17:30:58','2017-11-14 17:30:58'),(64,'XIPGQQRXP',1,1,42,1,2946,128,1,4659161,4659161,4,'-1','Contanti alla consegna',1.000000,'',0,0,'',0,'',0.000000,0.000000,0.000000,32.300000,32.300000,26.480000,0.000000,0.000000,0.000000,0.000000,0.000000,0.000000,0.000,0.000000,0.000000,0.000000,2,1,0,0,'0000-00-00 00:00:00','0000-00-00 00:00:00',1,'2017-11-16 11:33:45','2017-11-16 11:33:45'),(65,'VDOFSEZMB',1,1,42,1,2948,129,1,4659469,4659469,4,'-1','Contanti alla consegna',1.000000,'',0,0,'',0,'',0.000000,0.000000,0.000000,115.900000,115.900000,115.900000,0.000000,0.000000,0.000000,0.000000,0.000000,0.000000,0.000,0.000000,0.000000,0.000000,2,1,0,0,'0000-00-00 00:00:00','0000-00-00 00:00:00',1,'2017-11-16 17:20:48','2017-11-16 17:20:48'),(66,'CEKCMBUWQ',1,1,42,1,2949,130,1,4660091,4660091,4,'-1','Contanti alla consegna',1.000000,'',0,0,'',0,'',0.000000,0.000000,0.000000,52.360000,52.360000,52.360000,0.000000,0.000000,0.000000,0.000000,0.000000,0.000000,0.000,0.000000,0.000000,0.000000,2,1,0,0,'0000-00-00 00:00:00','0000-00-00 00:00:00',1,'2017-11-16 18:24:10','2017-11-16 18:24:10'),(68,'DRQPMICIK',1,1,42,1,2971,142,1,4661370,4661370,4,'-1','Bonifico anticipato',1.000000,'',0,0,'',0,'',0.000000,0.000000,0.000000,258.400000,258.400000,211.840000,0.000000,0.000000,0.000000,0.000000,0.000000,0.000000,0.000,0.000000,0.000000,0.000000,2,1,0,0,'0000-00-00 00:00:00','0000-00-00 00:00:00',1,'2017-11-24 10:30:51','2017-11-24 10:30:51'),(69,'CEYCUNUAX',1,1,42,1,2975,144,1,4663862,4663862,4,'-1','Contanti alla consegna',1.000000,'',0,0,'',0,'',0.000000,0.000000,0.000000,10.740000,10.740000,10.740000,0.000000,0.000000,0.000000,0.000000,0.000000,0.000000,0.000,0.000000,0.000000,0.000000,2,1,0,0,'0000-00-00 00:00:00','0000-00-00 00:00:00',1,'2017-11-25 12:02:45','2017-11-25 12:02:45'),(70,'LUBELHRBB',1,1,42,1,2859,145,1,588139,588139,4,'-1','Contanti alla consegna',1.000000,'',0,0,'',0,'',0.000000,0.000000,0.000000,8.500000,8.500000,8.500000,0.000000,0.000000,0.000000,0.000000,0.000000,0.000000,0.000,0.000000,0.000000,0.000000,2,1,0,0,'0000-00-00 00:00:00','0000-00-00 00:00:00',1,'2017-11-25 17:07:08','2017-11-25 17:07:08'),(72,'FFGBFMLOG',1,1,42,1,2980,148,1,4668874,4668874,4,'-1','Contanti alla consegna',1.000000,'',0,0,'',0,'',0.000000,0.000000,0.000000,581.400000,581.400000,581.400000,0.000000,0.000000,0.000000,0.000000,0.000000,0.000000,0.000,0.000000,0.000000,0.000000,2,1,0,0,'0000-00-00 00:00:00','0000-00-00 00:00:00',1,'2017-11-28 18:41:29','2017-11-28 18:41:29'),(73,'EWDCYAKYV',1,1,42,1,2988,151,1,4668904,4668904,4,'-1','Contanti alla consegna',1.000000,'',0,0,'',0,'',0.000000,0.000000,0.000000,66.160000,66.160000,66.160000,0.000000,0.000000,0.000000,0.000000,0.000000,0.000000,0.000,0.000000,0.000000,0.000000,2,1,0,0,'0000-00-00 00:00:00','0000-00-00 00:00:00',1,'2017-11-30 16:25:47','2017-11-30 16:25:47'),(74,'UKRMYMQHK',1,1,42,1,2989,150,1,34,34,4,'-1','Contanti alla consegna',1.000000,'',0,0,'',0,'',0.000000,0.000000,0.000000,13.000000,13.000000,10.000000,0.000000,0.000000,0.000000,0.000000,0.000000,0.000000,0.000,0.000000,0.000000,0.000000,2,1,0,0,'0000-00-00 00:00:00','0000-00-00 00:00:00',1,'2017-11-30 16:41:56','2017-11-30 16:41:56'),(75,'FREYGBRAC',1,1,42,1,3004,156,1,4668975,4668975,4,'-1','Contanti alla consegna',1.000000,'',0,0,'',0,'',0.000000,0.000000,0.000000,36.010000,36.010000,36.010000,0.000000,0.000000,0.000000,0.000000,0.000000,0.000000,0.000,0.000000,0.000000,0.000000,2,1,0,0,'0000-00-00 00:00:00','0000-00-00 00:00:00',1,'2018-01-06 18:12:58','2018-01-06 18:12:58'),(76,'PBGXHBQCX',1,1,42,1,3005,157,1,4668976,4668976,4,'-1','Contanti alla consegna',1.000000,'',0,0,'',0,'',0.000000,0.000000,0.000000,43.680000,43.680000,42.030000,0.000000,0.000000,0.000000,0.000000,0.000000,0.000000,0.000,0.000000,0.000000,0.000000,2,1,0,0,'0000-00-00 00:00:00','0000-00-00 00:00:00',1,'2018-01-08 22:55:55','2018-01-08 22:55:55'),(77,'CZELTLJIF',1,1,42,1,3021,161,1,4669095,4669095,4,'-1','Contanti alla consegna',1.000000,'',0,0,'',0,'',0.000000,0.000000,0.000000,10.460000,10.460000,10.460000,0.000000,0.000000,0.000000,0.000000,0.000000,0.000000,0.000,0.000000,0.000000,0.000000,2,1,0,0,'0000-00-00 00:00:00','0000-00-00 00:00:00',1,'2018-01-14 19:15:36','2018-01-14 19:15:36'),(78,'FBDGLAQHE',1,1,42,1,3005,164,1,4668976,4668976,3,'-1','Contanti alla consegna',1.000000,'',0,0,'',0,'',0.000000,0.000000,0.000000,9.000000,9.000000,7.350000,0.000000,0.000000,0.000000,0.000000,0.000000,0.000000,0.000,0.000000,0.000000,0.000000,2,1,0,0,'0000-00-00 00:00:00','0000-00-00 00:00:00',1,'2018-01-30 23:49:46','2018-01-30 23:49:46'),(79,'CKRGHJXMH',1,1,42,1,3022,166,1,4669097,4669097,3,'-1','Contanti alla consegna',1.000000,'',0,0,'',0,'',0.000000,0.000000,0.000000,20.400000,20.400000,20.400000,0.000000,0.000000,0.000000,0.000000,0.000000,0.000000,0.000,0.000000,0.000000,0.000000,2,1,0,0,'0000-00-00 00:00:00','0000-00-00 00:00:00',1,'2018-02-01 22:18:04','2018-02-01 22:18:04'),(80,'XBOCPJJZS',1,1,42,1,3025,168,1,4669100,4669100,3,'-1','Contanti alla consegna',1.000000,'',0,0,'',0,'',0.000000,0.000000,0.000000,18.700000,18.700000,18.700000,0.000000,0.000000,0.000000,0.000000,0.000000,0.000000,0.000,0.000000,0.000000,0.000000,2,1,0,0,'0000-00-00 00:00:00','0000-00-00 00:00:00',1,'2018-02-07 12:31:58','2018-02-07 12:31:58'),(82,'UGYWKADGW',1,1,42,1,3026,176,1,4669101,4669101,3,'-1','Contanti alla consegna',1.000000,'',0,0,'',0,'',0.000000,0.000000,0.000000,17.200000,17.200000,14.000000,0.000000,0.000000,0.000000,0.000000,0.000000,0.000000,0.000,0.000000,0.000000,0.000000,2,1,0,0,'0000-00-00 00:00:00','0000-00-00 00:00:00',1,'2018-02-26 10:13:08','2018-02-26 10:13:08'),(83,'EKWOZFRYR',1,1,42,1,2880,181,1,4669106,4669106,3,'-1','Contanti alla consegna',1.000000,'',0,0,'',0,'',0.000000,0.000000,0.000000,25.500000,25.500000,25.500000,0.000000,0.000000,0.000000,0.000000,0.000000,0.000000,0.000,0.000000,0.000000,0.000000,2,1,0,0,'0000-00-00 00:00:00','0000-00-00 00:00:00',1,'2018-03-03 20:52:38','2018-03-03 20:52:38'),(84,'TTXJVTGAT',1,1,42,1,3033,189,1,4669108,4669108,3,'-1','Contanti alla consegna',1.000000,'',0,0,'',0,'',0.000000,0.000000,0.000000,6.630000,6.630000,6.630000,0.000000,0.000000,0.000000,0.000000,0.000000,0.000000,0.000,0.000000,0.000000,0.000000,2,1,0,0,'0000-00-00 00:00:00','0000-00-00 00:00:00',1,'2018-03-26 11:59:34','2018-03-26 11:59:34'),(85,'OITEQKUBA',1,1,42,1,3034,192,1,4669109,4669109,3,'-1','Contanti alla consegna',1.000000,'',0,0,'',0,'',0.000000,0.000000,0.000000,4.080000,4.080000,4.080000,0.000000,0.000000,0.000000,0.000000,0.000000,0.000000,0.000,0.000000,0.000000,0.000000,2,1,0,0,'0000-00-00 00:00:00','0000-00-00 00:00:00',1,'2018-04-16 07:54:35','2018-04-16 07:54:35'),(86,'JYHFODXVB',1,1,42,1,3034,193,1,4669109,4669109,3,'-1','Contanti alla consegna',1.000000,'',0,0,'',0,'',0.000000,0.000000,0.000000,1.360000,1.360000,1.360000,0.000000,0.000000,0.000000,0.000000,0.000000,0.000000,0.000,0.000000,0.000000,0.000000,2,1,0,0,'0000-00-00 00:00:00','0000-00-00 00:00:00',1,'2018-04-16 14:31:57','2018-04-16 14:31:57'),(87,'KZDQQLIYF',1,1,42,1,3036,196,1,4669111,4669111,3,'-1','Contanti alla consegna',1.000000,'',0,0,'',0,'',0.000000,0.000000,0.000000,31.280000,31.280000,31.280000,0.000000,0.000000,0.000000,0.000000,0.000000,0.000000,0.000,0.000000,0.000000,0.000000,2,1,0,0,'0000-00-00 00:00:00','0000-00-00 00:00:00',1,'2018-04-19 16:22:07','2018-04-19 16:22:07'),(88,'KSCRJMXUO',1,1,42,1,3036,197,1,4669111,4669111,3,'-1','Contanti alla consegna',1.000000,'',0,0,'',0,'',0.000000,0.000000,0.000000,1.360000,1.360000,1.360000,0.000000,0.000000,0.000000,0.000000,0.000000,0.000000,0.000,0.000000,0.000000,0.000000,2,1,0,0,'0000-00-00 00:00:00','0000-00-00 00:00:00',1,'2018-04-19 16:28:00','2018-04-19 16:28:00'),(90,'OKZRZOACG',1,1,42,1,3038,198,1,4669113,4669113,3,'-1','Bonifico anticipato',1.000000,'',0,0,'',0,'',0.000000,0.000000,0.000000,85.160000,85.160000,85.160000,0.000000,0.000000,0.000000,0.000000,0.000000,0.000000,0.000,0.000000,0.000000,0.000000,2,1,0,0,'0000-00-00 00:00:00','0000-00-00 00:00:00',1,'2018-04-20 13:47:19','2018-04-20 13:47:19'),(91,'JIXSNJOOF',1,1,42,1,3039,202,1,4669114,4669114,3,'-1','Contanti alla consegna',1.000000,'',0,0,'',0,'',0.000000,0.000000,0.000000,112.880000,112.880000,112.880000,0.000000,0.000000,0.000000,0.000000,0.000000,0.000000,0.000,0.000000,0.000000,0.000000,2,1,0,0,'0000-00-00 00:00:00','0000-00-00 00:00:00',1,'2018-04-27 17:53:40','2018-04-27 17:53:40'),(92,'UNQUYSYZB',1,1,43,1,3041,205,1,4669116,4669116,4,'-1','Bonifico anticipato',1.000000,'',0,0,'',0,'',0.000000,0.000000,0.000000,96.900000,96.900000,96.900000,0.000000,0.000000,0.000000,0.000000,15.000000,15.000000,0.000,0.000000,0.000000,0.000000,2,1,0,0,'0000-00-00 00:00:00','0000-00-00 00:00:00',1,'2018-05-02 09:24:13','2018-05-02 09:24:13'),(93,'JHBCUQNZW',1,1,42,1,2743,207,1,11460,11460,3,'-1','Contanti alla consegna',1.000000,'',0,0,'',0,'',0.000000,0.000000,0.000000,111.390000,111.390000,92.820000,0.000000,0.000000,0.000000,0.000000,0.000000,0.000000,0.000,0.000000,0.000000,0.000000,2,1,0,0,'0000-00-00 00:00:00','0000-00-00 00:00:00',1,'2018-05-15 17:48:58','2018-05-15 17:48:58'),(95,'XWJENVNDK',1,1,42,1,2743,209,1,11460,11460,3,'-1','Contanti alla consegna',1.000000,'',0,0,'',0,'',0.000000,0.000000,0.000000,0.560000,0.560000,0.450000,0.000000,0.000000,0.000000,0.000000,0.000000,0.000000,0.000,0.000000,0.000000,0.000000,2,1,0,0,'0000-00-00 00:00:00','0000-00-00 00:00:00',1,'2018-05-15 20:15:26','2018-05-15 20:15:26'),(96,'PHKUCFHTD',1,1,42,1,3042,211,1,4669117,4669117,3,'-1','Contanti alla consegna',1.000000,'',0,0,'',0,'',0.000000,0.000000,0.000000,10.660000,10.660000,10.610000,0.000000,0.000000,0.000000,0.000000,0.000000,0.000000,0.000,0.000000,0.000000,0.000000,2,1,0,0,'0000-00-00 00:00:00','0000-00-00 00:00:00',1,'2018-05-26 21:03:36','2018-05-26 21:03:36'),(97,'XZBZAMHAD',1,1,42,1,3042,212,1,4669117,4669117,3,'-1','Contanti alla consegna',1.000000,'',0,0,'',0,'',0.000000,0.000000,0.000000,20.670000,20.670000,20.520000,0.000000,0.000000,0.000000,0.000000,0.000000,0.000000,0.000,0.000000,0.000000,0.000000,2,1,0,0,'0000-00-00 00:00:00','0000-00-00 00:00:00',1,'2018-06-04 16:36:07','2018-06-04 16:36:07'),(98,'TCMLNNWLC',1,1,42,1,3044,216,1,4669119,4669119,3,'-1','Contanti alla consegna',1.000000,'',0,0,'',0,'',0.000000,0.000000,0.000000,14.180000,14.180000,13.850000,0.000000,0.000000,0.000000,0.000000,0.000000,0.000000,0.000,0.000000,0.000000,0.000000,2,1,0,0,'0000-00-00 00:00:00','0000-00-00 00:00:00',1,'2018-06-15 11:13:47','2018-06-15 11:13:47'),(99,'XXZCRAYMH',1,1,43,1,2741,217,1,11462,11462,3,'-1','Contanti alla consegna',1.000000,'',0,0,'',0,'',0.000000,0.000000,0.000000,0.130000,0.130000,0.100000,0.000000,0.000000,0.000000,0.000000,15.000000,15.000000,0.000,0.000000,0.000000,0.000000,2,1,0,0,'0000-00-00 00:00:00','0000-00-00 00:00:00',1,'2018-06-16 18:25:38','2018-06-16 18:25:38'),(101,'ENZNFXEAE',1,1,42,1,0,218,1,0,0,3,'-1','Contanti alla consegna',1.000000,'',0,0,'',0,'',0.000000,0.000000,0.000000,32.300000,32.300000,26.480000,0.000000,0.000000,0.000000,0.000000,0.000000,0.000000,0.000,0.000000,0.000000,0.000000,2,1,0,0,'0000-00-00 00:00:00','0000-00-00 00:00:00',1,'2018-06-22 22:37:22','2018-06-22 22:37:22'),(103,'JTFYTLXWY',1,1,42,1,0,219,1,0,0,3,'-1','Contanti alla consegna',1.000000,'',0,0,'',0,'',0.000000,0.000000,0.000000,32.300000,32.300000,26.480000,0.000000,0.000000,0.000000,0.000000,0.000000,0.000000,0.000,0.000000,0.000000,0.000000,2,1,0,0,'0000-00-00 00:00:00','0000-00-00 00:00:00',1,'2018-06-22 23:27:09','2018-06-22 23:27:09'),(105,'WGSRRSIAO',1,1,43,1,2738,222,1,11465,11465,3,'-1','Contanti alla consegna',1.000000,'',0,0,'',0,'',0.000000,0.000000,0.000000,17.600000,17.600000,2.000000,0.000000,0.000000,0.000000,0.000000,15.000000,15.000000,0.000,0.000000,0.000000,0.000000,2,1,0,0,'0000-00-00 00:00:00','0000-00-00 00:00:00',0,'2018-06-25 22:29:05','2018-06-25 22:29:05'),(106,'ARZYHGSUY',1,1,42,1,2743,224,1,11460,11460,3,'-1','Contanti alla consegna',1.000000,'',0,0,'',0,'',0.000000,0.000000,0.000000,6.280000,6.280000,1.050000,0.000000,0.000000,0.000000,0.000000,0.000000,0.000000,0.000,0.000000,0.000000,0.000000,2,1,0,0,'0000-00-00 00:00:00','0000-00-00 00:00:00',0,'2018-06-29 15:47:31','2018-06-29 15:47:31'),(107,'MKKBZWZQT',1,1,42,1,2743,226,1,11460,11460,3,'-1','Contanti alla consegna',1.000000,'',0,0,'',0,'',0.000000,0.000000,0.000000,13.930000,13.930000,8.850000,0.000000,0.000000,0.000000,0.000000,0.000000,0.000000,0.000,0.000000,0.000000,0.000000,2,1,0,0,'0000-00-00 00:00:00','0000-00-00 00:00:00',0,'2018-06-29 16:00:56','2018-06-29 16:00:56'),(109,'VXNBTFTAG',1,1,42,1,3047,227,1,4669122,4669122,3,'-1','Contanti alla consegna',1.000000,'',0,0,'',0,'',0.000000,0.000000,0.000000,34.800000,34.800000,29.800000,0.000000,0.000000,0.000000,0.000000,0.000000,0.000000,0.000,0.000000,0.000000,0.000000,2,1,0,0,'0000-00-00 00:00:00','0000-00-00 00:00:00',1,'2018-07-30 23:52:16','2018-07-30 23:52:16'),(110,'ZMFVEOCOH',1,1,42,1,3048,237,1,4669123,4669123,4,'-1','Bonifico anticipato',1.000000,'',0,0,'',0,'',0.000000,0.000000,0.000000,227.140000,227.140000,214.140000,0.000000,0.000000,0.000000,0.000000,0.000000,0.000000,0.000,0.000000,0.000000,0.000000,2,1,0,0,'0000-00-00 00:00:00','0000-00-00 00:00:00',1,'2018-09-08 10:51:46','2018-09-08 10:51:46'),(111,'RFNMCQWCB',1,1,42,1,3049,240,1,4669124,4669124,4,'-1','Contanti alla consegna',1.000000,'',0,0,'',0,'',0.000000,0.000000,0.000000,39.000000,39.000000,27.860000,0.000000,0.000000,0.000000,0.000000,0.000000,0.000000,0.000,0.000000,0.000000,0.000000,2,1,0,0,'0000-00-00 00:00:00','0000-00-00 00:00:00',1,'2018-09-11 11:38:59','2018-09-11 11:38:59'),(113,'XPAONLMOK',1,1,42,1,3051,243,1,4669126,4669126,4,'-1','Contanti alla consegna',1.000000,'',0,0,'',0,'',0.000000,0.000000,0.000000,48.030000,48.030000,40.630000,0.000000,0.000000,0.000000,0.000000,0.000000,0.000000,0.000,0.000000,0.000000,0.000000,2,1,0,0,'0000-00-00 00:00:00','0000-00-00 00:00:00',1,'2018-09-12 16:45:03','2018-09-12 16:45:03'),(114,'LYBOORVRX',1,1,42,1,3054,247,1,4669129,4669129,4,'-1','Contanti alla consegna',1.000000,'',0,0,'',0,'',0.000000,0.000000,0.000000,21.590000,21.590000,16.590000,0.000000,0.000000,0.000000,0.000000,0.000000,0.000000,0.000,0.000000,0.000000,0.000000,2,1,0,0,'0000-00-00 00:00:00','0000-00-00 00:00:00',1,'2018-09-14 19:56:23','2018-09-14 19:56:23'),(115,'MZMDFPNWL',1,1,42,1,3055,248,1,4669130,4669130,4,'-1','Bonifico anticipato',1.000000,'',0,0,'',0,'',0.000000,0.000000,0.000000,37.300000,37.300000,26.480000,0.000000,0.000000,0.000000,0.000000,0.000000,0.000000,0.000,0.000000,0.000000,0.000000,2,1,0,0,'0000-00-00 00:00:00','0000-00-00 00:00:00',1,'2018-09-15 06:03:10','2018-09-15 06:03:10'),(116,'WMSEWRENQ',1,1,42,1,3130,252,1,4669265,4669265,4,'-1','Contanti alla consegna',1.000000,'',0,0,'',0,'',0.000000,0.000000,0.000000,9.250000,9.250000,4.250000,0.000000,0.000000,0.000000,0.000000,0.000000,0.000000,0.000,0.000000,0.000000,0.000000,2,1,0,0,'0000-00-00 00:00:00','0000-00-00 00:00:00',1,'2018-09-19 08:20:21','2018-09-19 08:20:21'),(117,'JKLQUGFYF',1,1,42,1,3131,253,1,4669266,4669266,4,'-1','Contanti alla consegna',1.000000,'',0,0,'',0,'',0.000000,0.000000,0.000000,37.300000,37.300000,26.480000,0.000000,0.000000,0.000000,0.000000,0.000000,0.000000,0.000,0.000000,0.000000,0.000000,2,1,0,0,'0000-00-00 00:00:00','0000-00-00 00:00:00',1,'2018-09-19 08:34:10','2018-09-19 08:34:10'),(118,'DFFVVKLGI',1,1,43,1,3132,256,1,4669267,4669267,4,'-1','Bonifico anticipato',1.000000,'',0,0,'',0,'',0.000000,0.000000,0.000000,193.750000,193.750000,165.750000,0.000000,0.000000,0.000000,0.000000,15.000000,15.000000,0.000,0.000000,0.000000,0.000000,2,1,0,0,'0000-00-00 00:00:00','0000-00-00 00:00:00',1,'2018-09-20 11:50:33','2018-09-20 11:50:33'),(119,'JFWQNEIEH',1,1,42,1,2859,265,1,588139,588139,4,'-1','Contanti alla consegna',1.000000,'',0,0,'',0,'',0.000000,0.000000,0.000000,6.700000,6.700000,1.700000,0.000000,0.000000,0.000000,0.000000,0.000000,0.000000,0.000,0.000000,0.000000,0.000000,2,1,0,0,'0000-00-00 00:00:00','0000-00-00 00:00:00',1,'2018-09-23 18:45:59','2018-09-23 18:45:59'),(120,'QMXXJYFOX',1,1,42,1,3137,269,1,4669313,4669313,4,'-1','Contanti alla consegna',1.000000,'',0,0,'',0,'',0.000000,0.000000,0.000000,153.880000,153.880000,140.880000,0.000000,0.000000,0.000000,0.000000,0.000000,0.000000,0.000,0.000000,0.000000,0.000000,2,1,0,0,'0000-00-00 00:00:00','0000-00-00 00:00:00',1,'2018-09-27 10:08:37','2018-09-27 10:08:37'),(121,'AYNMUDXXJ',1,1,42,1,3131,270,1,4669266,4669266,3,'-1','Contanti alla consegna',1.000000,'',0,0,'',0,'',0.000000,0.000000,0.000000,37.300000,37.300000,26.480000,0.000000,0.000000,0.000000,0.000000,0.000000,0.000000,0.000,0.000000,0.000000,0.000000,2,1,0,0,'0000-00-00 00:00:00','0000-00-00 00:00:00',1,'2018-09-27 11:01:01','2018-09-27 11:01:01'),(122,'MHXJKUBFU',1,1,42,1,2743,273,1,11460,11460,3,'-1','Contanti alla consegna',1.000000,'',0,0,'',0,'',0.000000,0.000000,0.000000,18.980000,18.980000,13.760000,0.000000,0.000000,0.000000,0.000000,0.000000,0.000000,0.000,0.000000,0.000000,0.000000,2,1,0,0,'0000-00-00 00:00:00','0000-00-00 00:00:00',1,'2018-09-27 16:44:36','2018-09-27 16:44:36'),(123,'KCCSQYRHM',1,1,42,1,2810,272,1,0,0,3,'-1','Contanti alla consegna',1.000000,'',0,0,'',0,'',0.000000,0.000000,0.000000,71.000000,71.000000,56.000000,0.000000,0.000000,0.000000,0.000000,0.000000,0.000000,0.000,0.000000,0.000000,0.000000,2,1,0,0,'0000-00-00 00:00:00','0000-00-00 00:00:00',1,'2018-09-27 16:50:12','2018-09-27 16:50:12'),(124,'LSMXCEUYM',1,1,42,1,2743,275,1,11460,11460,3,'-1','Bonifico anticipato',1.000000,'',0,0,'',0,'',0.000000,0.000000,0.000000,32.200000,32.200000,24.130000,0.000000,0.000000,0.000000,0.000000,0.000000,0.000000,0.000,0.000000,0.000000,0.000000,2,1,0,0,'0000-00-00 00:00:00','0000-00-00 00:00:00',1,'2018-09-27 19:29:19','2018-09-27 19:29:19'),(125,'THPNXRJSH',1,1,42,1,2743,277,1,11460,11460,3,'-1','Bonifico anticipato',1.000000,'',0,0,'',0,'',0.000000,0.000000,0.000000,88.650000,88.650000,63.560000,0.000000,0.000000,0.000000,0.000000,0.000000,0.000000,0.000,0.000000,0.000000,0.000000,2,1,0,0,'0000-00-00 00:00:00','0000-00-00 00:00:00',0,'2018-09-27 19:32:43','2018-09-27 19:32:43'),(126,'BMDGOCHYF',1,1,42,1,3150,283,1,4669379,4669379,4,'-1','Contanti alla consegna',1.000000,'',0,0,'',0,'',0.000000,0.000000,0.000000,40.000000,40.000000,34.890000,0.000000,0.000000,0.000000,0.000000,0.000000,0.000000,0.000,0.000000,0.000000,0.000000,2,1,0,0,'0000-00-00 00:00:00','0000-00-00 00:00:00',1,'2018-10-01 19:08:30','2018-10-01 19:08:30'),(127,'HEGIRKRPE',1,1,42,1,2775,288,1,11580,11580,4,'-1','Contanti alla consegna',1.000000,'',0,0,'',0,'',0.000000,0.000000,0.000000,336.000000,336.000000,306.000000,0.000000,0.000000,0.000000,0.000000,0.000000,0.000000,0.000,0.000000,0.000000,0.000000,2,1,0,0,'0000-00-00 00:00:00','0000-00-00 00:00:00',1,'2018-10-02 20:21:05','2018-10-02 20:21:05'),(128,'MUWOMUCDA',1,1,42,1,3151,289,1,4669382,4669382,4,'-1','Bonifico anticipato',1.000000,'',0,0,'',0,'',0.000000,0.000000,0.000000,37.300000,37.300000,26.480000,0.000000,0.000000,0.000000,0.000000,0.000000,0.000000,0.000,0.000000,0.000000,0.000000,2,1,0,0,'0000-00-00 00:00:00','0000-00-00 00:00:00',1,'2018-10-02 20:39:33','2018-10-02 20:39:33'),(129,'BWYTJGCYS',1,1,42,1,3154,291,1,4669392,4669392,4,'-1','Bonifico anticipato',1.000000,'',0,0,'',0,'',0.000000,0.000000,0.000000,12.680000,12.680000,6.240000,0.000000,0.000000,0.000000,0.000000,0.000000,0.000000,0.000,0.000000,0.000000,0.000000,2,1,0,0,'0000-00-00 00:00:00','0000-00-00 00:00:00',1,'2018-10-03 14:34:42','2018-10-03 14:34:42'),(130,'OBGPNPUIA',1,1,42,1,3155,293,1,4669393,4669393,4,'-1','Contanti alla consegna',1.000000,'',0,0,'',0,'',0.000000,0.000000,0.000000,46.310000,46.310000,41.310000,0.000000,0.000000,0.000000,0.000000,0.000000,0.000000,0.000,0.000000,0.000000,0.000000,2,1,0,0,'0000-00-00 00:00:00','0000-00-00 00:00:00',1,'2018-10-03 18:54:06','2018-10-03 18:54:06'),(131,'GSJIAQCQS',1,1,42,1,3155,294,1,4669393,4669393,4,'-1','Contanti alla consegna',1.000000,'',0,0,'',0,'',0.000000,0.000000,0.000000,32.540000,32.540000,27.540000,0.000000,0.000000,0.000000,0.000000,0.000000,0.000000,0.000,0.000000,0.000000,0.000000,2,1,0,0,'0000-00-00 00:00:00','0000-00-00 00:00:00',1,'2018-10-03 18:55:14','2018-10-03 18:55:14'),(132,'TDAXUUAHP',1,1,42,1,3156,295,1,4669410,4669410,4,'-1','Contanti alla consegna',1.000000,'',0,0,'',0,'',0.000000,0.000000,0.000000,75.070000,75.070000,61.020000,0.000000,0.000000,0.000000,0.000000,0.000000,0.000000,0.000,0.000000,0.000000,0.000000,2,1,0,0,'0000-00-00 00:00:00','0000-00-00 00:00:00',1,'2018-10-05 22:51:50','2018-10-05 22:51:50'),(133,'DNOHUZJWT',1,1,42,1,3157,296,1,4669413,4669413,4,'-1','Contanti alla consegna',1.000000,'',0,0,'',0,'',0.000000,0.000000,0.000000,6.700000,6.700000,1.700000,0.000000,0.000000,0.000000,0.000000,0.000000,0.000000,0.000,0.000000,0.000000,0.000000,2,1,0,0,'0000-00-00 00:00:00','0000-00-00 00:00:00',1,'2018-10-07 15:49:56','2018-10-07 15:49:56'),(134,'FIGXONJQT',1,1,42,1,3159,298,1,4669415,4669415,4,'-1','Contanti alla consegna',1.000000,'',0,0,'',0,'',0.000000,0.000000,0.000000,17.750000,17.750000,10.500000,0.000000,0.000000,0.000000,0.000000,0.000000,0.000000,0.000,0.000000,0.000000,0.000000,2,1,0,0,'0000-00-00 00:00:00','0000-00-00 00:00:00',1,'2018-10-08 09:02:52','2018-10-08 09:02:52'),(135,'TVSETGCQZ',1,1,42,1,3173,305,1,4669447,4669447,4,'-1','Contanti alla consegna',1.000000,'',0,0,'',0,'',0.000000,0.000000,0.000000,74.200000,74.200000,61.200000,0.000000,0.000000,0.000000,0.000000,0.000000,0.000000,0.000,0.000000,0.000000,0.000000,2,1,0,0,'0000-00-00 00:00:00','0000-00-00 00:00:00',1,'2018-10-09 16:23:27','2018-10-09 16:23:27'),(137,'TGUVVZHIY',1,1,43,1,3174,309,1,4669448,4669448,4,'-1','Bonifico anticipato',1.000000,'',0,0,'',0,'',0.000000,0.000000,0.000000,87.600000,87.600000,59.600000,0.000000,0.000000,0.000000,0.000000,15.000000,15.000000,0.000,0.000000,0.000000,0.000000,2,1,0,0,'0000-00-00 00:00:00','0000-00-00 00:00:00',1,'2018-10-10 12:20:01','2018-10-10 12:20:01'),(138,'YCEDOBQRY',1,1,42,1,3176,310,1,4669450,4669450,4,'-1','Contanti alla consegna',1.000000,'',0,0,'',0,'',0.000000,0.000000,0.000000,46.650000,46.650000,35.830000,0.000000,0.000000,0.000000,0.000000,0.000000,0.000000,0.000,0.000000,0.000000,0.000000,2,1,0,0,'0000-00-00 00:00:00','0000-00-00 00:00:00',1,'2018-10-10 15:47:09','2018-10-10 15:47:09'),(139,'IDXKYJSPB',1,1,42,1,3137,314,1,4669313,4669313,4,'-1','Contanti alla consegna',1.000000,'',0,0,'',0,'',0.000000,0.000000,0.000000,120.100000,120.100000,107.100000,0.000000,0.000000,0.000000,0.000000,0.000000,0.000000,0.000,0.000000,0.000000,0.000000,2,1,0,0,'0000-00-00 00:00:00','0000-00-00 00:00:00',1,'2018-10-11 15:22:09','2018-10-11 15:22:09'),(140,'OVNOAXOTW',1,1,42,1,3178,317,1,4669452,4669452,4,'-1','Contanti alla consegna',1.000000,'',0,0,'',0,'',0.000000,0.000000,0.000000,52.090000,52.090000,47.090000,0.000000,0.000000,0.000000,0.000000,0.000000,0.000000,0.000,0.000000,0.000000,0.000000,2,1,0,0,'0000-00-00 00:00:00','0000-00-00 00:00:00',1,'2018-10-11 21:36:53','2018-10-11 21:36:53'),(149,'RLFATISKB',1,1,42,1,3182,328,1,4669456,4669456,6,'-1','Contanti alla consegna',1.000000,'',0,0,'',0,'',0.000000,0.000000,0.000000,13.500000,13.500000,8.500000,0.000000,0.000000,0.000000,0.000000,0.000000,0.000000,0.000,0.000000,0.000000,0.000000,2,1,0,0,'0000-00-00 00:00:00','0000-00-00 00:00:00',1,'2018-10-13 19:57:51','2018-10-13 19:57:51'),(153,'GPXWOZVHR',1,1,42,1,3183,332,1,4669457,4669457,4,'-1','Contanti alla consegna',1.000000,'',0,0,'',0,'',0.000000,0.000000,0.000000,64.850000,64.850000,51.850000,0.000000,0.000000,0.000000,0.000000,0.000000,0.000000,0.000,0.000000,0.000000,0.000000,2,1,0,0,'0000-00-00 00:00:00','0000-00-00 00:00:00',1,'2018-10-15 09:04:07','2018-10-15 09:04:07'),(154,'YBGVWEYKN',1,1,42,1,3268,337,1,4669670,4669670,3,'-1','Bonifico anticipato',1.000000,'',0,0,'',0,'',0.000000,0.000000,0.000000,115.000000,115.000000,102.000000,0.000000,0.000000,0.000000,0.000000,0.000000,0.000000,0.000,0.000000,0.000000,0.000000,2,1,0,0,'0000-00-00 00:00:00','0000-00-00 00:00:00',1,'2018-10-16 21:12:09','2018-10-16 21:12:09'),(155,'PIBUVCWGP',1,1,42,1,3269,338,1,4669671,4669671,3,'-1','Contanti alla consegna',1.000000,'',0,0,'',0,'',0.000000,0.000000,0.000000,99.750000,99.750000,82.760000,0.000000,0.000000,0.000000,0.000000,0.000000,0.000000,0.000,0.000000,0.000000,0.000000,2,1,0,0,'0000-00-00 00:00:00','0000-00-00 00:00:00',1,'2018-10-17 16:53:46','2018-10-17 16:53:46'),(156,'YMULACQSU',1,1,43,1,3274,342,1,4669676,4669676,3,'-1','Contanti alla consegna',1.000000,'',0,0,'',0,'',0.000000,0.000000,0.000000,198.000000,198.000000,170.000000,0.000000,0.000000,0.000000,0.000000,15.000000,15.000000,0.000,0.000000,0.000000,0.000000,2,1,0,0,'0000-00-00 00:00:00','0000-00-00 00:00:00',1,'2018-10-18 15:39:52','2018-10-18 15:39:52'),(157,'IHBMFHPVH',1,1,42,1,3275,343,1,4669677,4669677,3,'-1','Bonifico anticipato',1.000000,'',0,0,'',0,'',0.000000,0.000000,0.000000,283.300000,283.300000,253.300000,0.000000,0.000000,0.000000,0.000000,0.000000,0.000000,0.000,0.000000,0.000000,0.000000,2,1,0,0,'0000-00-00 00:00:00','0000-00-00 00:00:00',1,'2018-10-19 09:35:00','2018-10-19 09:35:00'),(158,'XAVLCNZEO',1,1,42,1,3276,346,1,4669695,4669695,3,'-1','Contanti alla consegna',1.000000,'',0,0,'',0,'',0.000000,0.000000,0.000000,234.000000,234.000000,221.000000,0.000000,0.000000,0.000000,0.000000,0.000000,0.000000,0.000,0.000000,0.000000,0.000000,2,1,0,0,'0000-00-00 00:00:00','0000-00-00 00:00:00',1,'2018-10-21 11:37:15','2018-10-21 11:37:15'),(159,'EPPLITYMV',1,1,42,1,3280,353,1,4669699,4669699,3,'-1','Contanti alla consegna',1.000000,'',0,0,'',0,'',0.000000,0.000000,0.000000,107.380000,107.380000,94.380000,0.000000,0.000000,0.000000,0.000000,0.000000,0.000000,0.000,0.000000,0.000000,0.000000,2,1,0,0,'0000-00-00 00:00:00','0000-00-00 00:00:00',1,'2018-10-22 19:56:29','2018-10-22 19:56:29'),(160,'OPXAXBXIL',1,1,42,1,3281,358,1,4669700,4669700,3,'-1','Contanti alla consegna',1.000000,'',0,0,'',0,'',0.000000,0.000000,0.000000,16.480000,16.480000,11.480000,0.000000,0.000000,0.000000,0.000000,0.000000,0.000000,0.000,0.000000,0.000000,0.000000,2,1,0,0,'0000-00-00 00:00:00','0000-00-00 00:00:00',1,'2018-10-26 19:34:51','2018-10-26 19:34:51'),(161,'CXANNTXNU',1,1,42,1,3283,361,1,4669702,4669702,3,'-1','Contanti alla consegna',1.000000,'',0,0,'',0,'',0.000000,0.000000,0.000000,28.000000,28.000000,23.000000,0.000000,0.000000,0.000000,0.000000,0.000000,0.000000,0.000,0.000000,0.000000,0.000000,2,1,0,0,'0000-00-00 00:00:00','0000-00-00 00:00:00',1,'2018-10-28 10:17:41','2018-10-28 10:17:41'),(162,'IRJXYTSKY',1,1,42,1,3179,365,1,4669453,4669453,3,'-1','Contanti alla consegna',1.000000,'',0,0,'',0,'',0.000000,0.000000,0.000000,34.920000,34.920000,29.920000,0.000000,0.000000,0.000000,0.000000,0.000000,0.000000,0.000,0.000000,0.000000,0.000000,2,1,0,0,'0000-00-00 00:00:00','0000-00-00 00:00:00',1,'2018-10-30 20:38:54','2018-10-30 20:38:54'),(163,'RLAQZOICS',1,1,42,1,3292,377,1,4669711,4669711,3,'-1','Contanti alla consegna',1.000000,'',0,0,'',0,'',0.000000,0.000000,0.000000,40.700000,40.700000,35.700000,0.000000,0.000000,0.000000,0.000000,0.000000,0.000000,0.000,0.000000,0.000000,0.000000,2,1,0,0,'0000-00-00 00:00:00','0000-00-00 00:00:00',1,'2018-11-08 10:02:15','2018-11-08 10:02:15'),(164,'OSDZVUGXW',1,1,42,1,3291,378,1,4669710,4669710,3,'-1','Contanti alla consegna',1.000000,'',0,0,'',0,'',0.000000,0.000000,0.000000,40.700000,40.700000,35.700000,0.000000,0.000000,0.000000,0.000000,0.000000,0.000000,0.000,0.000000,0.000000,0.000000,2,1,0,0,'0000-00-00 00:00:00','0000-00-00 00:00:00',1,'2018-11-08 10:04:46','2018-11-08 10:04:46'),(165,'USSJICFHP',1,1,42,1,3293,379,1,4669712,4669712,3,'-1','Contanti alla consegna',1.000000,'',0,0,'',0,'',0.000000,0.000000,0.000000,7.380000,7.380000,2.380000,0.000000,0.000000,0.000000,0.000000,0.000000,0.000000,0.000,0.000000,0.000000,0.000000,2,1,0,0,'0000-00-00 00:00:00','0000-00-00 00:00:00',1,'2018-11-08 11:11:46','2018-11-08 11:11:46'),(166,'YNXEOXLFC',1,1,42,1,3294,380,1,4669713,4669713,3,'-1','Contanti alla consegna',1.000000,'',0,0,'',0,'',0.000000,0.000000,0.000000,47.500000,47.500000,42.500000,0.000000,0.000000,0.000000,0.000000,0.000000,0.000000,0.000,0.000000,0.000000,0.000000,2,1,0,0,'0000-00-00 00:00:00','0000-00-00 00:00:00',1,'2018-11-08 11:21:21','2018-11-08 11:21:21'),(167,'VJZQOXWZD',1,1,42,1,3300,392,1,4669719,4669719,3,'-1','Contanti alla consegna',1.000000,'',0,0,'',0,'',0.000000,0.000000,0.000000,17.750000,17.750000,12.750000,0.000000,0.000000,0.000000,0.000000,0.000000,0.000000,0.000,0.000000,0.000000,0.000000,2,1,0,0,'0000-00-00 00:00:00','0000-00-00 00:00:00',1,'2018-11-14 13:14:52','2018-11-14 13:14:52'),(168,'EMLOHZPSS',1,1,42,1,3301,395,1,4669720,4669720,3,'-1','Contanti alla consegna',1.000000,'',0,0,'',0,'',0.000000,0.000000,0.000000,7.890000,7.890000,2.890000,0.000000,0.000000,0.000000,0.000000,0.000000,0.000000,0.000,0.000000,0.000000,0.000000,2,1,0,0,'0000-00-00 00:00:00','0000-00-00 00:00:00',1,'2018-11-18 16:52:00','2018-11-18 16:52:00'),(169,'WYUBPPRCC',1,1,42,1,3302,396,1,4669721,4669721,3,'-1','Contanti alla consegna',1.000000,'',0,0,'',0,'',0.000000,0.000000,0.000000,18.600000,18.600000,13.600000,0.000000,0.000000,0.000000,0.000000,0.000000,0.000000,0.000,0.000000,0.000000,0.000000,2,1,0,0,'0000-00-00 00:00:00','0000-00-00 00:00:00',1,'2018-11-20 18:32:10','2018-11-20 18:32:10'),(170,'MIOVLQEDN',1,1,42,1,3303,398,1,4669722,4669722,3,'-1','Bonifico anticipato',1.000000,'',0,0,'',0,'',0.000000,0.000000,0.000000,39.850000,39.850000,34.850000,0.000000,0.000000,0.000000,0.000000,0.000000,0.000000,0.000,0.000000,0.000000,0.000000,2,1,0,0,'0000-00-00 00:00:00','0000-00-00 00:00:00',1,'2018-11-21 07:40:28','2018-11-21 07:40:28'),(171,'PBBJAHJQV',1,1,43,1,2897,400,1,4658861,4658861,3,'-1','Bonifico anticipato',1.000000,'',0,0,'',0,'',0.000000,0.000000,0.000000,87.600000,87.600000,59.600000,0.000000,0.000000,0.000000,0.000000,15.000000,15.000000,0.000,0.000000,0.000000,0.000000,2,1,0,0,'0000-00-00 00:00:00','0000-00-00 00:00:00',1,'2018-11-22 13:29:06','2018-11-22 13:29:06'),(172,'NEXCFTBAF',1,1,42,1,3305,404,1,4669724,4669724,3,'-1','Contanti alla consegna',1.000000,'',0,0,'',0,'',0.000000,0.000000,0.000000,82.190000,82.190000,69.190000,0.000000,0.000000,0.000000,0.000000,0.000000,0.000000,0.000,0.000000,0.000000,0.000000,2,1,0,0,'0000-00-00 00:00:00','0000-00-00 00:00:00',1,'2018-11-24 09:24:37','2018-11-24 09:24:37'),(173,'MYBOGRUDG',1,1,42,1,3304,408,1,4669723,4669723,3,'-1','Contanti alla consegna',1.000000,'',0,0,'',0,'',0.000000,0.000000,0.000000,69.100000,69.100000,56.100000,0.000000,0.000000,0.000000,0.000000,0.000000,0.000000,0.000,0.000000,0.000000,0.000000,2,1,0,0,'0000-00-00 00:00:00','0000-00-00 00:00:00',1,'2018-11-25 16:36:48','2018-11-25 16:36:48'),(174,'HHHMFQLCO',1,1,42,1,3295,411,1,4669714,4669714,3,'-1','Contanti alla consegna',1.000000,'',0,0,'',0,'',0.000000,0.000000,0.000000,31.180000,31.180000,26.180000,0.000000,0.000000,0.000000,0.000000,0.000000,0.000000,0.000,0.000000,0.000000,0.000000,2,1,0,0,'0000-00-00 00:00:00','0000-00-00 00:00:00',1,'2018-12-01 15:23:19','2018-12-01 15:23:19'),(175,'PYSWFZEOD',1,1,42,1,3308,412,1,4669727,4669727,3,'-1','Contanti alla consegna',1.000000,'',0,0,'',0,'',0.000000,0.000000,0.000000,28.000000,28.000000,23.000000,0.000000,0.000000,0.000000,0.000000,0.000000,0.000000,0.000,0.000000,0.000000,0.000000,2,1,0,0,'0000-00-00 00:00:00','0000-00-00 00:00:00',1,'2018-12-02 14:50:29','2018-12-02 14:50:29'),(176,'KGPRPVTOR',1,1,42,1,3310,413,1,4669729,4669729,3,'-1','Contanti alla consegna',1.000000,'',0,0,'',0,'',0.000000,0.000000,0.000000,44.950000,44.950000,38.000000,0.000000,0.000000,0.000000,0.000000,0.000000,0.000000,0.000,0.000000,0.000000,0.000000,2,1,0,0,'0000-00-00 00:00:00','0000-00-00 00:00:00',1,'2018-12-04 14:50:59','2018-12-04 14:50:59'),(177,'BIBFJGECS',1,1,42,1,3288,414,1,4669707,4669707,3,'-1','Contanti alla consegna',1.000000,'',0,0,'',0,'',0.000000,0.000000,0.000000,148.500000,148.500000,135.500000,0.000000,0.000000,0.000000,0.000000,0.000000,0.000000,0.000,0.000000,0.000000,0.000000,2,1,0,0,'0000-00-00 00:00:00','0000-00-00 00:00:00',1,'2018-12-06 10:37:15','2018-12-06 10:37:15'),(178,'XKHMAZFOP',1,1,42,1,3312,419,1,4669731,4669731,3,'-1','Contanti alla consegna',1.000000,'',0,0,'',0,'',0.000000,0.000000,0.000000,101.400000,101.400000,88.400000,0.000000,0.000000,0.000000,0.000000,0.000000,0.000000,0.000,0.000000,0.000000,0.000000,2,1,0,0,'0000-00-00 00:00:00','0000-00-00 00:00:00',1,'2018-12-18 09:59:05','2018-12-18 09:59:05'),(179,'YFDQCWKVX',1,1,42,1,3312,419,1,4669731,4669731,3,'-1','Contanti alla consegna',1.000000,'',0,0,'',0,'',0.000000,0.000000,0.000000,101.400000,101.400000,88.400000,0.000000,0.000000,0.000000,0.000000,0.000000,0.000000,0.000,0.000000,0.000000,0.000000,2,1,0,0,'0000-00-00 00:00:00','0000-00-00 00:00:00',1,'2018-12-18 09:59:11','2018-12-18 09:59:11'),(180,'XENGORSQW',1,1,42,1,3313,421,1,4669732,4669732,3,'-1','Bonifico anticipato',1.000000,'',0,0,'',0,'',0.000000,0.000000,0.000000,37.300000,37.300000,26.480000,0.000000,0.000000,0.000000,0.000000,0.000000,0.000000,0.000,0.000000,0.000000,0.000000,2,1,0,0,'0000-00-00 00:00:00','0000-00-00 00:00:00',1,'2018-12-27 10:07:43','2018-12-27 10:07:43'),(181,'ETDGYOUQQ',1,1,42,1,3314,422,1,4669733,4669733,3,'-1','Bonifico anticipato',1.000000,'',0,0,'',0,'',0.000000,0.000000,0.000000,115.340000,115.340000,102.340000,0.000000,0.000000,0.000000,0.000000,0.000000,0.000000,0.000,0.000000,0.000000,0.000000,2,1,0,0,'0000-00-00 00:00:00','0000-00-00 00:00:00',1,'2018-12-27 11:46:28','2018-12-27 11:46:28'),(182,'ECQFPDBMW',1,1,42,1,3315,423,1,4669734,4669734,3,'-1','Bonifico anticipato',1.000000,'',0,0,'',0,'',0.000000,0.000000,0.000000,13.500000,13.500000,8.500000,0.000000,0.000000,0.000000,0.000000,0.000000,0.000000,0.000,0.000000,0.000000,0.000000,2,1,0,0,'0000-00-00 00:00:00','0000-00-00 00:00:00',1,'2019-01-03 19:11:09','2019-01-03 19:11:09'),(183,'TKHVVVYOC',1,1,42,1,3315,424,1,4669734,4669734,3,'-1','Bonifico anticipato',1.000000,'',0,0,'',0,'',0.000000,0.000000,0.000000,13.500000,13.500000,8.500000,0.000000,0.000000,0.000000,0.000000,0.000000,0.000000,0.000,0.000000,0.000000,0.000000,2,1,0,0,'0000-00-00 00:00:00','0000-00-00 00:00:00',1,'2019-01-03 19:23:29','2019-01-03 19:23:29'),(184,'ASVCLSTDX',1,1,42,1,3316,426,1,4669735,4669735,3,'-1','Contanti alla consegna',1.000000,'',0,0,'',0,'',0.000000,0.000000,0.000000,26.420000,26.420000,21.420000,0.000000,0.000000,0.000000,0.000000,0.000000,0.000000,0.000,0.000000,0.000000,0.000000,2,1,0,0,'0000-00-00 00:00:00','0000-00-00 00:00:00',1,'2019-01-07 21:11:19','2019-01-07 21:11:19'),(185,'STVNOZOVL',1,1,42,1,3316,426,1,4669735,4669735,3,'-1','Contanti alla consegna',1.000000,'',0,0,'',0,'',0.000000,0.000000,0.000000,26.420000,26.420000,21.420000,0.000000,0.000000,0.000000,0.000000,0.000000,0.000000,0.000,0.000000,0.000000,0.000000,2,1,0,0,'0000-00-00 00:00:00','0000-00-00 00:00:00',1,'2019-01-07 21:11:24','2019-01-07 21:11:24'),(186,'DTQNRKXMI',1,1,42,1,3316,432,1,4669735,4669735,3,'-1','Contanti alla consegna',1.000000,'',0,0,'',0,'',0.000000,0.000000,0.000000,26.420000,26.420000,21.420000,0.000000,0.000000,0.000000,0.000000,0.000000,0.000000,0.000,0.000000,0.000000,0.000000,2,1,0,0,'0000-00-00 00:00:00','0000-00-00 00:00:00',1,'2019-01-20 12:43:58','2019-01-20 12:43:58'),(187,'JESUIXCXU',1,1,42,1,3317,435,1,4669736,4669736,3,'-1','Contanti alla consegna',1.000000,'',0,0,'',0,'',0.000000,0.000000,0.000000,98.000000,98.000000,69.650000,0.000000,0.000000,0.000000,0.000000,0.000000,0.000000,0.000,0.000000,0.000000,0.000000,2,1,0,0,'0000-00-00 00:00:00','0000-00-00 00:00:00',1,'2019-01-22 17:10:55','2019-01-22 17:10:55'),(188,'DDKEHJECQ',1,1,42,1,3320,441,1,4669739,4669739,3,'-1','Contanti alla consegna',1.000000,'',0,0,'',0,'',0.000000,0.000000,0.000000,13.500000,13.500000,8.500000,0.000000,0.000000,0.000000,0.000000,0.000000,0.000000,0.000,0.000000,0.000000,0.000000,2,1,0,0,'0000-00-00 00:00:00','0000-00-00 00:00:00',1,'2019-01-29 19:14:25','2019-01-29 19:14:25'),(189,'KZROOOSMD',1,1,42,1,3322,444,1,4669741,4669741,3,'-1','Bonifico anticipato',1.000000,'',0,0,'',0,'',0.000000,0.000000,0.000000,32.720000,32.720000,27.720000,0.000000,0.000000,0.000000,0.000000,0.000000,0.000000,0.000,0.000000,0.000000,0.000000,2,1,0,0,'0000-00-00 00:00:00','0000-00-00 00:00:00',1,'2019-02-10 19:28:10','2019-02-10 19:28:10'),(190,'RXOFVJRXZ',1,1,42,1,3329,446,1,4669752,4669752,4,'-1','Contanti alla consegna',1.000000,'',0,0,'',0,'',0.000000,0.000000,0.000000,39.440000,39.440000,34.440000,0.000000,0.000000,0.000000,0.000000,0.000000,0.000000,0.000,0.000000,0.000000,0.000000,2,1,0,0,'0000-00-00 00:00:00','0000-00-00 00:00:00',1,'2019-02-12 21:32:38','2019-02-12 21:32:38');

--
-- Table structure for table `ps_pack`
--

CREATE TABLE `ps_pack` (
  `id_product_pack` int(10) unsigned NOT NULL,
  `id_product_item` int(10) unsigned NOT NULL,
  `id_product_attribute_item` int(10) unsigned NOT NULL,
  `quantity` int(10) unsigned NOT NULL DEFAULT '1',
  PRIMARY KEY (`id_product_pack`,`id_product_item`,`id_product_attribute_item`),
  KEY `product_item` (`id_product_item`,`id_product_attribute_item`)
) ENGINE=InnoDB DEFAULT CHARSET=utf8;

--
-- Dumping data for table `ps_pack`
--


--
-- Table structure for table `ps_page`
--

CREATE TABLE `ps_page` (
  `id_page` int(10) unsigned NOT NULL AUTO_INCREMENT,
  `id_page_type` int(10) unsigned NOT NULL,
  `id_object` int(10) unsigned DEFAULT NULL,
  PRIMARY KEY (`id_page`),
  KEY `id_page_type` (`id_page_type`),
  KEY `id_object` (`id_object`)
) ENGINE=InnoDB AUTO_INCREMENT=626 DEFAULT CHARSET=utf8;

--
-- Dumping data for table `ps_page`
--

INSERT INTO `ps_page` VALUES (1,1,NULL),(2,2,10),(3,2,9),(4,2,8),(5,2,7),(6,2,5),(7,2,4),(8,2,3),(9,3,0),(10,4,NULL),(11,5,NULL),(12,6,NULL),(13,2,54),(14,7,NULL),(15,8,NULL),(16,9,82),(17,9,266),(18,2,31),(19,2,25),(20,2,60),(21,2,24),(22,2,50),(23,2,40),(24,2,30),(25,2,27),(26,2,64),(27,2,48),(28,10,NULL),(29,2,55),(30,2,22),(31,2,57),(32,2,21),(33,2,26),(34,2,58),(35,2,46),(36,2,45),(37,2,52),(38,2,11),(39,2,65),(40,2,34),(41,2,23),(42,2,59),(43,2,66),(44,2,47),(45,11,NULL),(46,2,44),(47,2,41),(48,2,16),(49,2,53),(50,2,67),(51,2,43),(52,2,29),(53,2,33),(54,2,28),(55,2,6),(56,2,56),(57,2,14),(58,12,NULL),(59,2,42),(60,2,51),(61,2,39),(62,2,37),(63,2,15),(64,2,32),(65,13,NULL),(66,2,38),(67,2,19),(68,2,35),(69,2,49),(70,2,20),(71,9,6),(72,9,150),(73,9,126),(74,9,77),(75,9,148),(76,9,131),(77,9,132),(78,9,13),(79,9,78),(80,9,30),(81,9,3),(82,9,31),(83,9,22),(84,9,107),(85,9,127),(86,9,83),(87,9,81),(88,9,10),(89,9,86),(90,9,9),(91,9,28),(92,9,20),(93,9,85),(94,9,2),(95,9,37),(96,9,12),(97,9,88),(98,9,87),(99,9,90),(100,9,79),(101,9,212),(102,9,219),(103,9,217),(104,9,218),(105,9,221),(106,9,214),(107,9,215),(108,9,222),(109,9,223),(110,9,220),(111,9,216),(112,9,213),(113,9,15),(114,9,1),(115,9,7),(116,9,41),(117,9,76),(118,9,21),(119,9,4),(120,9,42),(121,9,33),(122,9,80),(123,9,51),(124,9,43),(125,9,283),(126,9,23),(127,9,18),(128,9,5),(129,9,17),(130,9,8),(131,9,27),(132,9,19),(133,9,32),(134,9,14),(135,9,26),(136,9,29),(137,9,24),(138,9,122),(139,9,114),(140,9,113),(141,9,25),(142,9,117),(143,9,75),(144,9,98),(145,9,116),(146,9,108),(147,9,95),(148,9,111),(149,9,97),(150,9,96),(151,9,284),(152,9,94),(153,9,93),(154,9,278),(155,9,272),(156,9,271),(157,9,280),(158,9,273),(159,9,270),(160,9,279),(161,9,274),(162,9,275),(163,9,276),(164,9,277),(165,9,281),(166,9,291),(167,14,NULL),(168,15,0),(169,16,NULL),(170,17,NULL),(171,9,151),(172,9,128),(173,9,129),(174,9,130),(175,9,120),(176,9,139),(177,9,121),(178,9,89),(179,9,138),(180,9,260),(181,9,258),(182,9,153),(183,9,262),(184,9,261),(185,9,263),(186,9,259),(187,9,101),(188,9,257),(189,9,224),(190,9,103),(191,9,256),(192,9,245),(193,9,252),(194,9,235),(195,9,237),(196,9,225),(197,9,243),(198,9,105),(199,9,227),(200,9,236),(201,9,234),(202,9,254),(203,9,255),(204,9,253),(205,9,242),(206,9,226),(207,9,230),(208,9,233),(209,9,38),(210,9,232),(211,9,229),(212,9,231),(213,9,104),(214,9,106),(215,9,34),(216,9,100),(217,9,152),(218,9,44),(219,9,35),(220,9,74),(221,9,36),(222,9,102),(223,9,99),(224,9,142),(225,9,144),(226,9,145),(227,9,143),(228,9,123),(229,9,146),(230,9,140),(231,9,141),(232,9,147),(233,9,125),(234,9,124),(235,9,244),(236,9,240),(237,9,238),(238,9,241),(239,9,239),(240,9,246),(241,9,247),(242,9,251),(243,9,248),(244,9,249),(245,9,250),(246,9,228),(247,9,159),(248,9,158),(249,9,290),(250,18,NULL),(251,9,52),(252,2,17),(253,2,18),(254,2,12),(255,19,NULL),(256,9,285),(257,9,289),(258,9,269),(259,9,265),(260,9,286),(261,9,287),(262,9,267),(263,9,264),(264,9,268),(265,9,288),(266,9,282),(267,9,91),(268,9,135),(269,9,134),(270,9,133),(271,9,118),(272,9,50),(273,9,109),(274,9,59),(275,9,56),(276,9,48),(277,9,67),(278,9,136),(279,9,47),(280,9,65),(281,9,58),(282,9,69),(283,9,40),(284,9,110),(285,9,115),(286,9,112),(287,9,61),(288,9,119),(289,9,68),(290,9,63),(291,9,53),(292,9,54),(293,9,70),(294,9,46),(295,9,45),(296,9,73),(297,9,55),(298,9,66),(299,9,60),(300,9,64),(301,9,72),(302,9,71),(303,9,49),(304,9,92),(305,20,NULL),(306,21,NULL),(307,9,167),(308,9,157),(309,9,156),(310,22,NULL),(311,9,166),(312,9,161),(313,9,160),(314,9,165),(315,9,164),(316,15,1),(317,9,154),(318,9,155),(319,2,68),(320,9,321),(321,9,312),(322,9,311),(323,9,309),(324,9,322),(325,9,320),(326,9,310),(327,9,319),(328,9,297),(329,9,300),(330,9,301),(331,9,292),(332,9,293),(333,9,303),(334,9,296),(335,9,294),(336,9,295),(337,9,306),(338,9,308),(339,9,307),(340,9,323),(341,9,324),(342,9,325),(343,9,305),(344,9,326),(345,9,331),(346,9,334),(347,9,327),(348,9,328),(349,9,329),(350,9,330),(351,9,333),(352,9,332),(353,9,299),(354,9,302),(355,9,304),(356,9,298),(357,9,360),(358,9,356),(359,9,357),(360,9,359),(361,9,361),(362,9,362),(363,9,354),(364,9,355),(365,9,368),(366,9,358),(367,9,353),(368,9,348),(369,9,345),(370,9,344),(371,9,346),(372,9,343),(373,9,347),(374,9,349),(375,9,372),(376,2,72),(377,2,71),(378,2,70),(379,2,69),(380,9,378),(381,9,380),(382,9,371),(383,9,379),(384,9,342),(385,9,377),(386,9,370),(387,9,376),(388,9,374),(389,9,375),(390,9,373),(391,9,364),(392,9,351),(393,9,367),(394,9,366),(395,9,369),(396,9,335),(397,9,352),(398,9,339),(399,9,337),(400,9,341),(401,9,340),(402,9,336),(403,9,338),(404,9,363),(405,9,365),(406,9,350),(407,9,406),(408,9,407),(409,9,405),(410,9,404),(411,9,409),(412,9,408),(413,9,403),(414,9,402),(415,9,387),(416,9,385),(417,9,384),(418,9,382),(419,9,386),(420,9,383),(421,9,388),(422,9,389),(423,9,381),(424,9,401),(425,9,400),(426,9,398),(427,9,396),(428,9,394),(429,9,399),(430,9,395),(431,9,390),(432,9,392),(433,9,393),(434,9,391),(435,9,397),(436,9,410),(437,9,455),(438,9,456),(439,9,449),(440,9,451),(441,9,452),(442,9,450),(443,9,453),(444,9,447),(445,9,448),(446,9,454),(447,9,416),(448,9,421),(449,9,444),(450,9,446),(451,9,445),(452,9,428),(453,9,431),(454,9,429),(455,9,432),(456,9,423),(457,9,411),(458,9,417),(459,9,415),(460,9,420),(461,9,412),(462,9,425),(463,9,426),(464,9,422),(465,9,427),(466,9,424),(467,9,413),(468,9,419),(469,9,414),(470,9,418),(471,9,435),(472,9,443),(473,9,434),(474,9,441),(475,9,440),(476,9,430),(477,9,442),(478,9,436),(479,9,438),(480,9,439),(481,9,437),(482,9,433),(483,2,74),(484,2,78),(485,2,75),(486,2,73),(487,2,77),(488,2,76),(489,2,79),(490,9,471),(491,9,461),(492,9,470),(493,9,468),(494,9,458),(495,9,463),(496,9,457),(497,9,462),(498,9,465),(499,9,460),(500,9,467),(501,9,464),(502,9,466),(503,9,459),(504,9,469),(505,9,472),(506,9,473),(507,23,NULL),(508,24,NULL),(509,2,82),(510,2,81),(511,2,84),(512,2,80),(513,2,83),(514,2,85),(515,2,88),(516,2,86),(517,2,87),(518,2,90),(519,2,91),(520,2,92),(521,2,89),(522,2,93),(523,2,95),(524,2,94),(525,2,96),(526,2,97),(527,2,99),(528,2,103),(529,2,102),(530,2,98),(531,2,101),(532,2,100),(533,9,475),(534,9,474),(535,9,476),(536,9,477),(537,9,479),(538,9,478),(539,9,480),(540,9,483),(541,9,482),(542,9,481),(543,2,107),(544,2,104),(545,2,105),(546,2,106),(547,9,485),(548,9,484),(549,2,108),(550,9,495),(551,9,497),(552,9,499),(553,9,491),(554,9,493),(555,9,494),(556,9,496),(557,9,492),(558,9,498),(559,9,500),(560,9,505),(561,9,502),(562,9,504),(563,9,501),(564,9,503),(565,9,507),(566,9,506),(567,9,508),(568,9,488),(569,9,509),(570,9,489),(571,9,490),(572,9,486),(573,9,487),(574,9,510),(575,9,511),(576,9,512),(577,9,514),(578,9,515),(579,9,520),(580,9,518),(581,9,517),(582,9,519),(583,2,109),(584,9,523),(585,9,522),(586,9,521),(587,9,525),(588,9,532),(589,9,531),(590,9,530),(591,9,528),(592,9,527),(593,9,529),(594,9,526),(595,9,524),(596,9,541),(597,9,540),(598,9,536),(599,9,534),(600,9,538),(601,9,537),(602,9,533),(603,9,535),(604,9,539),(605,9,542),(606,9,544),(607,9,543),(608,9,547),(609,9,545),(610,9,546),(611,9,548),(612,9,549),(613,9,550),(614,9,551),(615,9,555),(616,9,556),(617,9,552),(618,9,554),(619,9,553),(620,2,110),(621,9,557),(622,9,558),(623,9,560),(624,9,559),(625,25,NULL);

--
-- Table structure for table `ps_page_type`
--

CREATE TABLE `ps_page_type` (
  `id_page_type` int(10) unsigned NOT NULL AUTO_INCREMENT,
  `name` varchar(255) NOT NULL,
  PRIMARY KEY (`id_page_type`),
  KEY `name` (`name`)
) ENGINE=InnoDB AUTO_INCREMENT=26 DEFAULT CHARSET=utf8;

--
-- Dumping data for table `ps_page_type`
--

INSERT INTO `ps_page_type` VALUES (8,'authentication'),(13,'bestsales'),(17,'cart'),(2,'category'),(16,'cms'),(5,'contact'),(19,'default'),(1,'index'),(15,'manufacturer'),(21,'migliorivendite'),(23,'myaccount'),(12,'newproducts'),(20,'nuoviprodotti'),(3,'order'),(6,'pagenotfound'),(22,'password'),(25,'payment'),(11,'pricesdrop'),(9,'product'),(18,'productscomparison'),(10,'search'),(4,'sitemap'),(7,'stores'),(24,'submit'),(14,'supplier');

--
-- Table structure for table `ps_page_viewed`
--

CREATE TABLE `ps_page_viewed` (
  `id_page` int(10) unsigned NOT NULL,
  `id_shop_group` int(10) unsigned NOT NULL DEFAULT '1',
  `id_shop` int(10) unsigned NOT NULL DEFAULT '1',
  `id_date_range` int(10) unsigned NOT NULL,
  `counter` int(10) unsigned NOT NULL,
  PRIMARY KEY (`id_page`,`id_date_range`,`id_shop`)
) ENGINE=InnoDB DEFAULT CHARSET=utf8;

--
-- Dumping data for table `ps_page_viewed`
--


--
-- Table structure for table `ps_pagenotfound`
--

CREATE TABLE `ps_pagenotfound` (
  `id_pagenotfound` int(10) unsigned NOT NULL AUTO_INCREMENT,
  `id_shop` int(10) unsigned NOT NULL DEFAULT '1',
  `id_shop_group` int(10) unsigned NOT NULL DEFAULT '1',
  `request_uri` varchar(256) NOT NULL,
  `http_referer` varchar(256) NOT NULL,
  `date_add` datetime NOT NULL,
  PRIMARY KEY (`id_pagenotfound`),
  KEY `date_add` (`date_add`)
) ENGINE=InnoDB DEFAULT CHARSET=utf8;

--
-- Dumping data for table `ps_pagenotfound`
--


--
-- Table structure for table `ps_paypal_capture`
--

CREATE TABLE `ps_paypal_capture` (
  `id_paypal_capture` int(11) NOT NULL AUTO_INCREMENT,
  `id_order` int(11) NOT NULL,
  `capture_amount` float NOT NULL,
  `result` text NOT NULL,
  `date_add` datetime NOT NULL,
  `date_upd` datetime NOT NULL,
  PRIMARY KEY (`id_paypal_capture`)
) ENGINE=InnoDB DEFAULT CHARSET=utf8;

--
-- Dumping data for table `ps_paypal_capture`
--


--
-- Table structure for table `ps_paypal_customer`
--

CREATE TABLE `ps_paypal_customer` (
  `id_paypal_customer` int(10) unsigned NOT NULL AUTO_INCREMENT,
  `id_customer` int(10) unsigned NOT NULL,
  `paypal_email` varchar(255) NOT NULL,
  PRIMARY KEY (`id_paypal_customer`)
) ENGINE=InnoDB AUTO_INCREMENT=4 DEFAULT CHARSET=utf8;

--
-- Dumping data for table `ps_paypal_customer`
--

INSERT INTO `ps_paypal_customer` VALUES (1,66,'romatiburtina@iriparo.com'),(2,132,'baroni_fabio@libero.it'),(3,145,'daniele.tarchi@gmail.com');

--
-- Table structure for table `ps_paypal_login_user`
--

CREATE TABLE `ps_paypal_login_user` (
  `id_paypal_login_user` int(11) NOT NULL AUTO_INCREMENT,
  `id_customer` int(11) NOT NULL,
  `token_type` varchar(255) NOT NULL,
  `expires_in` varchar(255) NOT NULL,
  `refresh_token` varchar(255) NOT NULL,
  `id_token` varchar(255) NOT NULL,
  `access_token` varchar(255) NOT NULL,
  `account_type` varchar(255) NOT NULL,
  `user_id` varchar(255) NOT NULL,
  `verified_account` varchar(255) NOT NULL,
  `zoneinfo` varchar(255) NOT NULL,
  `age_range` varchar(255) NOT NULL,
  PRIMARY KEY (`id_paypal_login_user`)
) ENGINE=InnoDB DEFAULT CHARSET=utf8;

--
-- Dumping data for table `ps_paypal_login_user`
--


--
-- Table structure for table `ps_paypal_order`
--

CREATE TABLE `ps_paypal_order` (
  `id_order` int(10) unsigned NOT NULL,
  `id_transaction` varchar(255) NOT NULL,
  `id_invoice` varchar(255) DEFAULT NULL,
  `currency` varchar(10) NOT NULL,
  `total_paid` varchar(50) NOT NULL,
  `shipping` varchar(50) NOT NULL,
  `capture` int(2) NOT NULL,
  `payment_date` varchar(50) NOT NULL,
  `payment_method` int(2) unsigned NOT NULL,
  `payment_status` varchar(255) DEFAULT NULL,
  PRIMARY KEY (`id_order`)
) ENGINE=InnoDB DEFAULT CHARSET=utf8;

--
-- Dumping data for table `ps_paypal_order`
--

INSERT INTO `ps_paypal_order` VALUES (65,'8RK12651V9227590J','','EUR','22.5','6.5',0,'2016-05-03T08:26:48Z',1,'Completed'),(128,'64L80935P23731202','','EUR','5.4','2.4',0,'2016-06-25T05:27:27Z',1,'Completed'),(137,'6M842637TM055004E','','EUR','7.9','2.4',0,'2016-07-08T22:06:28Z',1,'Completed');

--
-- Table structure for table `ps_product`
--

CREATE TABLE `ps_product` (
  `id_product` int(10) unsigned NOT NULL AUTO_INCREMENT,
  `id_supplier` int(10) unsigned DEFAULT NULL,
  `id_manufacturer` int(10) unsigned DEFAULT NULL,
  `id_category_default` int(10) unsigned DEFAULT NULL,
  `id_shop_default` int(10) unsigned NOT NULL DEFAULT '1',
  `id_tax_rules_group` int(11) unsigned NOT NULL,
  `on_sale` tinyint(1) unsigned NOT NULL DEFAULT '0',
  `online_only` tinyint(1) unsigned NOT NULL DEFAULT '0',
  `ean13` varchar(20) DEFAULT NULL,
  `upc` varchar(12) DEFAULT NULL,
  `ecotax` decimal(17,6) NOT NULL DEFAULT '0.000000',
  `quantity` int(10) NOT NULL DEFAULT '0',
  `minimal_quantity` int(10) unsigned NOT NULL DEFAULT '1',
  `price` decimal(20,6) NOT NULL DEFAULT '0.000000',
  `wholesale_price` decimal(20,6) NOT NULL DEFAULT '0.000000',
  `unity` varchar(255) DEFAULT NULL,
  `unit_price_ratio` decimal(20,6) NOT NULL DEFAULT '0.000000',
  `additional_shipping_cost` decimal(20,2) NOT NULL DEFAULT '0.00',
  `reference` varchar(32) DEFAULT NULL,
  `supplier_reference` varchar(32) DEFAULT NULL,
  `location` varchar(64) DEFAULT NULL,
  `width` decimal(20,6) NOT NULL DEFAULT '0.000000',
  `height` decimal(20,6) NOT NULL DEFAULT '0.000000',
  `depth` decimal(20,6) NOT NULL DEFAULT '0.000000',
  `weight` decimal(20,6) NOT NULL DEFAULT '0.000000',
  `out_of_stock` int(10) unsigned NOT NULL DEFAULT '2',
  `quantity_discount` tinyint(1) DEFAULT '0',
  `customizable` tinyint(2) NOT NULL DEFAULT '0',
  `uploadable_files` tinyint(4) NOT NULL DEFAULT '0',
  `text_fields` tinyint(4) NOT NULL DEFAULT '0',
  `active` tinyint(1) unsigned NOT NULL DEFAULT '0',
  `redirect_type` enum('','404','301','302') NOT NULL DEFAULT '',
  `id_product_redirected` int(10) unsigned NOT NULL DEFAULT '0',
  `available_for_order` tinyint(1) NOT NULL DEFAULT '1',
  `available_date` date NOT NULL DEFAULT '0000-00-00',
  `condition` enum('new','used','refurbished') NOT NULL DEFAULT 'new',
  `show_price` tinyint(1) NOT NULL DEFAULT '1',
  `indexed` tinyint(1) NOT NULL DEFAULT '0',
  `visibility` enum('both','catalog','search','none') NOT NULL DEFAULT 'both',
  `cache_is_pack` tinyint(1) NOT NULL DEFAULT '0',
  `cache_has_attachments` tinyint(1) NOT NULL DEFAULT '0',
  `is_virtual` tinyint(1) NOT NULL DEFAULT '0',
  `cache_default_attribute` int(10) unsigned DEFAULT NULL,
  `date_add` datetime NOT NULL,
  `date_upd` datetime NOT NULL,
  `advanced_stock_management` tinyint(1) NOT NULL DEFAULT '0',
  `pack_stock_type` int(11) unsigned NOT NULL DEFAULT '3',
  PRIMARY KEY (`id_product`),
  KEY `product_supplier` (`id_supplier`),
  KEY `product_manufacturer` (`id_manufacturer`,`id_product`),
  KEY `id_category_default` (`id_category_default`),
  KEY `indexed` (`indexed`),
  KEY `date_add` (`date_add`)
) ENGINE=InnoDB AUTO_INCREMENT=140 DEFAULT CHARSET=utf8;

--
-- Dumping data for table `ps_product`
--

INSERT INTO `ps_product` VALUES (1,NULL,NULL,NULL,1,4,0,0,'9770000000001',NULL,0.000000,0,1,8.000000,0.000000,NULL,0.000000,0.00,NULL,NULL,NULL,0.000000,0.000000,0.000000,0.000000,2,0,0,0,0,0,'',0,1,'0000-00-00','new',1,0,'both',0,0,0,NULL,'2019-02-25 19:21:26','0000-00-00 00:00:00',0,3),(2,NULL,NULL,NULL,1,4,0,0,'9788887688207',NULL,0.000000,0,1,2.500000,0.000000,NULL,0.000000,0.00,NULL,NULL,NULL,0.000000,0.000000,0.000000,0.000000,2,0,0,0,0,0,'',0,1,'0000-00-00','new',1,0,'both',0,0,0,NULL,'2019-02-25 19:21:26','0000-00-00 00:00:00',0,3),(3,NULL,NULL,NULL,1,4,0,0,'9788887688214',NULL,0.000000,0,1,2.500000,0.000000,NULL,0.000000,0.00,NULL,NULL,NULL,0.000000,0.000000,0.000000,0.000000,2,0,0,0,0,0,'',0,1,'0000-00-00','new',1,0,'both',0,0,0,NULL,'2019-02-25 19:21:26','0000-00-00 00:00:00',0,3),(4,NULL,NULL,NULL,1,4,0,0,'9788887688222',NULL,0.000000,0,1,2.000000,0.000000,NULL,0.000000,0.00,NULL,NULL,NULL,0.000000,0.000000,0.000000,0.000000,2,0,0,0,0,0,'',0,1,'0000-00-00','new',1,0,'both',0,0,0,NULL,'2019-02-25 19:21:26','0000-00-00 00:00:00',0,3),(5,NULL,NULL,NULL,1,4,0,0,'9788887688249',NULL,0.000000,0,1,1.500000,0.000000,NULL,0.000000,0.00,NULL,NULL,NULL,0.000000,0.000000,0.000000,0.000000,2,0,0,0,0,0,'',0,1,'0000-00-00','new',1,0,'both',0,0,0,NULL,'2019-02-25 19:21:26','0000-00-00 00:00:00',0,3),(6,NULL,NULL,NULL,1,4,0,0,'9788887688252',NULL,0.000000,0,1,2.000000,0.000000,NULL,0.000000,0.00,NULL,NULL,NULL,0.000000,0.000000,0.000000,0.000000,2,0,0,0,0,0,'',0,1,'0000-00-00','new',1,0,'both',0,0,0,NULL,'2019-02-25 19:21:26','0000-00-00 00:00:00',0,3),(7,NULL,NULL,NULL,1,4,0,0,'9788887688346',NULL,0.000000,0,1,1.500000,0.000000,NULL,0.000000,0.00,NULL,NULL,NULL,0.000000,0.000000,0.000000,0.000000,2,0,0,0,0,0,'',0,1,'0000-00-00','new',1,0,'both',0,0,0,NULL,'2019-02-25 19:21:26','0000-00-00 00:00:00',0,3),(8,NULL,NULL,NULL,1,4,0,0,'9788887688354',NULL,0.000000,0,1,1.500000,0.000000,NULL,0.000000,0.00,NULL,NULL,NULL,0.000000,0.000000,0.000000,0.000000,2,0,0,0,0,0,'',0,1,'0000-00-00','new',1,0,'both',0,0,0,NULL,'2019-02-25 19:21:26','0000-00-00 00:00:00',0,3),(9,0,NULL,NULL,1,4,0,0,'9788887688412',NULL,0.000000,0,1,10.500000,0.000000,NULL,0.000000,0.00,'',NULL,NULL,0.000000,0.000000,0.000000,0.000000,2,0,0,0,0,0,'',0,1,'0000-00-00','new',1,0,'both',0,0,0,NULL,'2019-02-25 19:21:26','2022-10-21 15:42:12',0,3),(10,NULL,NULL,NULL,1,4,0,0,'9788887688429',NULL,0.000000,0,1,2.000000,0.000000,NULL,0.000000,0.00,NULL,NULL,NULL,0.000000,0.000000,0.000000,0.000000,2,0,0,0,0,0,'',0,1,'0000-00-00','new',1,0,'both',0,0,0,NULL,'2019-02-25 19:21:26','0000-00-00 00:00:00',0,3),(11,NULL,NULL,NULL,1,4,0,0,'9788887688443',NULL,0.000000,0,1,1.500000,0.000000,NULL,0.000000,0.00,NULL,NULL,NULL,0.000000,0.000000,0.000000,0.000000,2,0,0,0,0,0,'',0,1,'0000-00-00','new',1,0,'both',0,0,0,NULL,'2019-02-25 19:21:26','0000-00-00 00:00:00',0,3),(12,NULL,NULL,NULL,1,4,0,0,'9788887688583',NULL,0.000000,0,1,2.000000,0.000000,NULL,0.000000,0.00,NULL,NULL,NULL,0.000000,0.000000,0.000000,0.000000,2,0,0,0,0,0,'',0,1,'0000-00-00','new',1,0,'both',0,0,0,NULL,'2019-02-25 19:21:26','0000-00-00 00:00:00',0,3),(13,0,NULL,NULL,1,4,0,0,'9788887688696',NULL,0.000000,0,1,1.500000,0.320000,NULL,0.000000,0.00,'',NULL,NULL,0.000000,0.000000,0.000000,0.000000,2,0,0,0,0,0,'',0,1,'0000-00-00','new',1,0,'both',0,0,0,NULL,'2019-02-25 19:21:26','2019-06-17 00:00:00',0,3),(14,NULL,NULL,NULL,1,4,0,0,'9788887688710',NULL,0.000000,0,1,15.000000,0.000000,NULL,0.000000,0.00,NULL,NULL,NULL,0.000000,0.000000,0.000000,0.000000,2,0,0,0,0,0,'',0,1,'0000-00-00','new',1,0,'both',0,0,0,NULL,'2019-02-25 19:21:26','0000-00-00 00:00:00',0,3),(15,NULL,NULL,NULL,1,4,0,0,'9788887688719',NULL,0.000000,0,1,15.000000,0.000000,NULL,0.000000,0.00,NULL,NULL,NULL,0.000000,0.000000,0.000000,0.000000,2,0,0,0,0,0,'',0,1,'0000-00-00','new',1,0,'both',0,0,0,NULL,'2019-02-25 19:21:27','0000-00-00 00:00:00',0,3),(16,NULL,NULL,NULL,1,4,0,0,'9788887688729',NULL,0.000000,0,1,2.500000,0.000000,NULL,0.000000,0.00,NULL,NULL,NULL,0.000000,0.000000,0.000000,0.000000,2,0,0,0,0,0,'',0,1,'0000-00-00','new',1,0,'both',0,0,0,NULL,'2019-02-25 19:21:27','0000-00-00 00:00:00',0,3),(17,53,NULL,NULL,1,4,0,0,'9788887688740',NULL,0.000000,0,1,6.000000,1.020000,NULL,0.000000,0.00,'',NULL,NULL,0.000000,0.000000,0.000000,0.000000,2,0,0,0,0,0,'',0,1,'0000-00-00','new',1,0,'both',0,0,0,NULL,'2019-02-25 19:21:27','2023-01-26 00:00:00',0,3),(18,NULL,NULL,NULL,1,4,0,0,'9788887688818',NULL,0.000000,0,1,9.500000,0.000000,NULL,0.000000,0.00,NULL,NULL,NULL,0.000000,0.000000,0.000000,0.000000,2,0,0,0,0,0,'',0,1,'0000-00-00','new',1,0,'both',0,0,0,NULL,'2019-02-25 19:21:27','0000-00-00 00:00:00',0,3),(19,0,NULL,NULL,1,4,0,0,'9788887688832',NULL,0.000000,0,1,2.500000,0.520000,NULL,0.000000,0.00,'',NULL,NULL,0.000000,0.000000,0.000000,0.000000,2,0,0,0,0,0,'',0,1,'0000-00-00','new',1,0,'both',0,0,0,NULL,'2019-02-25 19:21:27','2019-06-17 00:00:00',0,3),(20,0,NULL,NULL,1,4,0,0,'9788887688863',NULL,0.000000,0,1,1.500000,0.000000,NULL,0.000000,0.00,'',NULL,NULL,0.000000,0.000000,0.000000,0.000000,2,0,0,0,0,0,'',0,1,'0000-00-00','new',1,0,'both',0,0,0,NULL,'2019-02-25 19:21:27','2022-03-25 09:28:12',0,3),(21,NULL,NULL,NULL,1,4,0,0,'9788887688887',NULL,0.000000,0,1,2.000000,0.000000,NULL,0.000000,0.00,NULL,NULL,NULL,0.000000,0.000000,0.000000,0.000000,2,0,0,0,0,0,'',0,1,'0000-00-00','new',1,0,'both',0,0,0,NULL,'2019-02-25 19:21:27','0000-00-00 00:00:00',0,3),(22,NULL,NULL,NULL,1,4,0,0,'9788887688931',NULL,0.000000,0,1,2.500000,0.000000,NULL,0.000000,0.00,NULL,NULL,NULL,0.000000,0.000000,0.000000,0.000000,2,0,0,0,0,0,'',0,1,'0000-00-00','new',1,0,'both',0,0,0,NULL,'2019-02-25 19:21:27','0000-00-00 00:00:00',0,3),(23,0,NULL,NULL,1,4,0,0,'9788887688948',NULL,0.000000,0,1,2.500000,0.260000,NULL,0.000000,0.00,'',NULL,NULL,0.000000,0.000000,0.000000,0.000000,2,0,0,0,0,0,'',0,1,'0000-00-00','new',1,0,'both',0,0,0,NULL,'2019-02-25 19:21:27','2022-07-19 00:00:00',0,3),(24,53,NULL,NULL,1,4,0,0,'9788887688955',NULL,0.000000,0,1,2.500000,0.380000,NULL,0.000000,0.00,'',NULL,NULL,0.000000,0.000000,0.000000,0.000000,2,0,0,0,0,0,'',0,1,'0000-00-00','new',1,0,'both',0,0,0,NULL,'2019-02-25 19:21:27','2022-06-30 00:00:00',0,3),(25,115,NULL,NULL,1,4,0,0,'9788887688986',NULL,0.000000,0,1,3.000000,0.550000,NULL,0.000000,0.00,'',NULL,NULL,0.000000,0.000000,0.000000,0.000000,2,0,0,0,0,0,'',0,1,'0000-00-00','new',1,0,'both',0,0,0,NULL,'2019-02-25 19:21:27','2019-09-20 00:00:00',0,3),(26,NULL,NULL,NULL,1,4,0,0,'9788895783048',NULL,0.000000,0,1,1.500000,0.000000,NULL,0.000000,0.00,NULL,NULL,NULL,0.000000,0.000000,0.000000,0.000000,2,0,0,0,0,0,'',0,1,'0000-00-00','new',1,0,'both',0,0,0,NULL,'2019-02-25 19:21:27','0000-00-00 00:00:00',0,3),(27,NULL,NULL,NULL,1,4,0,0,'9788895783055',NULL,0.000000,0,1,2.500000,0.000000,NULL,0.000000,0.00,NULL,NULL,NULL,0.000000,0.000000,0.000000,0.000000,2,0,0,0,0,0,'',0,1,'0000-00-00','new',1,0,'both',0,0,0,NULL,'2019-02-25 19:21:27','0000-00-00 00:00:00',0,3),(28,NULL,NULL,NULL,1,4,0,0,'9788895783109',NULL,0.000000,0,1,2.000000,0.000000,NULL,0.000000,0.00,NULL,NULL,NULL,0.000000,0.000000,0.000000,0.000000,2,0,0,0,0,0,'',0,1,'0000-00-00','new',1,0,'both',0,0,0,NULL,'2019-02-25 19:21:27','0000-00-00 00:00:00',0,3),(29,0,NULL,NULL,1,4,0,0,'9788895783116',NULL,0.000000,0,1,2.000000,0.000000,NULL,0.000000,0.00,'',NULL,NULL,0.000000,0.000000,0.000000,0.000000,2,0,0,0,0,0,'',0,1,'0000-00-00','new',1,0,'both',0,0,0,NULL,'2019-02-25 19:21:27','2022-09-30 10:11:04',0,3),(30,NULL,NULL,NULL,1,4,0,0,'9788895783123',NULL,0.000000,0,1,9.000000,0.000000,NULL,0.000000,0.00,NULL,NULL,NULL,0.000000,0.000000,0.000000,0.000000,2,0,0,0,0,0,'',0,1,'0000-00-00','new',1,0,'both',0,0,0,NULL,'2019-02-25 19:21:27','0000-00-00 00:00:00',0,3),(31,NULL,NULL,NULL,1,4,0,0,'9788895783130',NULL,0.000000,0,1,12.000000,0.000000,NULL,0.000000,0.00,NULL,NULL,NULL,0.000000,0.000000,0.000000,0.000000,2,0,0,0,0,0,'',0,1,'0000-00-00','new',1,0,'both',0,0,0,NULL,'2019-02-25 19:21:27','0000-00-00 00:00:00',0,3),(32,NULL,NULL,NULL,1,4,0,0,'9788895783161',NULL,0.000000,0,1,2.200000,0.000000,NULL,0.000000,0.00,NULL,NULL,NULL,0.000000,0.000000,0.000000,0.000000,2,0,0,0,0,0,'',0,1,'0000-00-00','new',1,0,'both',0,0,0,NULL,'2019-02-25 19:21:27','0000-00-00 00:00:00',0,3),(33,0,NULL,NULL,1,4,0,0,'9788895783178',NULL,0.000000,0,1,7.500000,1.650000,NULL,0.000000,0.00,'',NULL,NULL,0.000000,0.000000,0.000000,0.000000,2,0,0,0,0,0,'',0,1,'0000-00-00','new',1,0,'both',0,0,0,NULL,'2019-02-25 19:21:27','2022-06-23 00:00:00',0,3),(34,0,NULL,NULL,1,4,0,0,'9788895783185',NULL,0.000000,0,1,1.500000,0.320000,NULL,0.000000,0.00,'',NULL,NULL,0.000000,0.000000,0.000000,0.000000,2,0,0,0,0,0,'',0,1,'0000-00-00','new',1,0,'both',0,0,0,NULL,'2019-02-25 19:21:27','2019-06-17 00:00:00',0,3),(35,0,NULL,NULL,1,4,0,0,'9788895783222',NULL,0.000000,0,1,2.500000,0.520000,NULL,0.000000,0.00,'',NULL,NULL,0.000000,0.000000,0.000000,0.000000,2,0,0,0,0,0,'',0,1,'0000-00-00','new',1,0,'both',0,0,0,NULL,'2019-02-25 19:21:27','2019-06-17 00:00:00',0,3),(36,NULL,NULL,NULL,1,4,0,0,'9788895783239',NULL,0.000000,0,1,2.500000,0.000000,NULL,0.000000,0.00,NULL,NULL,NULL,0.000000,0.000000,0.000000,0.000000,2,0,0,0,0,0,'',0,1,'0000-00-00','new',1,0,'both',0,0,0,NULL,'2019-02-25 19:21:27','0000-00-00 00:00:00',0,3),(37,NULL,NULL,NULL,1,4,0,0,'9788895783246',NULL,0.000000,0,1,1.800000,0.000000,NULL,0.000000,0.00,NULL,NULL,NULL,0.000000,0.000000,0.000000,0.000000,2,0,0,0,0,0,'',0,1,'0000-00-00','new',1,0,'both',0,0,0,NULL,'2019-02-25 19:21:27','0000-00-00 00:00:00',0,3),(38,NULL,NULL,NULL,1,4,0,0,'9788895783291',NULL,0.000000,0,1,2.600000,0.000000,NULL,0.000000,0.00,NULL,NULL,NULL,0.000000,0.000000,0.000000,0.000000,2,0,0,0,0,0,'',0,1,'0000-00-00','new',1,0,'both',0,0,0,NULL,'2019-02-25 19:21:27','0000-00-00 00:00:00',0,3),(39,NULL,NULL,NULL,1,4,0,0,'9788895783314',NULL,0.000000,0,1,2.000000,0.000000,NULL,0.000000,0.00,NULL,NULL,NULL,0.000000,0.000000,0.000000,0.000000,2,0,0,0,0,0,'',0,1,'0000-00-00','new',1,0,'both',0,0,0,NULL,'2019-02-25 19:21:27','0000-00-00 00:00:00',0,3),(40,NULL,NULL,NULL,1,4,0,0,'9788895783352',NULL,0.000000,0,1,2.500000,0.000000,NULL,0.000000,0.00,NULL,NULL,NULL,0.000000,0.000000,0.000000,0.000000,2,0,0,0,0,0,'',0,1,'0000-00-00','new',1,0,'both',0,0,0,NULL,'2019-02-25 19:21:27','0000-00-00 00:00:00',0,3),(41,NULL,NULL,NULL,1,4,0,0,'9788895783369',NULL,0.000000,0,1,2.000000,0.000000,NULL,0.000000,0.00,NULL,NULL,NULL,0.000000,0.000000,0.000000,0.000000,2,0,0,0,0,0,'',0,1,'0000-00-00','new',1,0,'both',0,0,0,NULL,'2019-02-25 19:21:27','0000-00-00 00:00:00',0,3),(42,0,NULL,NULL,1,4,0,0,'9788895783390',NULL,0.000000,0,1,3.000000,0.630000,NULL,0.000000,0.00,'',NULL,NULL,0.000000,0.000000,0.000000,0.000000,2,0,0,0,0,0,'',0,1,'0000-00-00','new',1,0,'both',0,0,0,NULL,'2019-02-25 19:21:27','2020-09-30 00:00:00',0,3),(43,NULL,NULL,NULL,1,4,0,0,'9788895783406',NULL,0.000000,0,1,1.300000,0.000000,NULL,0.000000,0.00,NULL,NULL,NULL,0.000000,0.000000,0.000000,0.000000,2,0,0,0,0,0,'',0,1,'0000-00-00','new',1,0,'both',0,0,0,NULL,'2019-02-25 19:21:27','0000-00-00 00:00:00',0,3),(44,0,NULL,NULL,1,4,0,0,'9788895783437',NULL,0.000000,0,1,9.900000,0.000000,NULL,0.000000,0.00,'',NULL,NULL,0.000000,0.000000,0.000000,0.000000,2,0,0,0,0,0,'',0,1,'0000-00-00','new',1,0,'both',0,0,0,NULL,'2019-02-25 19:21:27','2022-09-30 10:05:42',0,3),(45,NULL,NULL,NULL,1,4,0,0,'9788895783444',NULL,0.000000,0,1,15.000000,0.000000,NULL,0.000000,0.00,NULL,NULL,NULL,0.000000,0.000000,0.000000,0.000000,2,0,0,0,0,0,'',0,1,'0000-00-00','new',1,0,'both',0,0,0,NULL,'2019-02-25 19:21:27','0000-00-00 00:00:00',0,3),(46,NULL,NULL,NULL,1,4,0,0,'9788895783451',NULL,0.000000,0,1,3.500000,0.000000,NULL,0.000000,0.00,NULL,NULL,NULL,0.000000,0.000000,0.000000,0.000000,2,0,0,0,0,0,'',0,1,'0000-00-00','new',1,0,'both',0,0,0,NULL,'2019-02-25 19:21:27','0000-00-00 00:00:00',0,3),(47,0,NULL,NULL,1,4,0,0,'9788895783468',NULL,0.000000,0,1,2.500000,0.000000,NULL,0.000000,0.00,'',NULL,NULL,0.000000,0.000000,0.000000,0.000000,2,0,0,0,0,0,'',0,1,'0000-00-00','new',1,0,'both',0,0,0,NULL,'2019-02-25 19:21:27','2019-06-17 00:00:00',0,3),(48,NULL,NULL,NULL,1,4,0,0,'9788895783475',NULL,0.000000,0,1,3.000000,0.000000,NULL,0.000000,0.00,NULL,NULL,NULL,0.000000,0.000000,0.000000,0.000000,2,0,0,0,0,0,'',0,1,'0000-00-00','new',1,0,'both',0,0,0,NULL,'2019-02-25 19:21:27','0000-00-00 00:00:00',0,3),(49,NULL,NULL,NULL,1,4,0,0,'9788895783505',NULL,0.000000,0,1,12.000000,0.000000,NULL,0.000000,0.00,NULL,NULL,NULL,0.000000,0.000000,0.000000,0.000000,2,0,0,0,0,0,'',0,1,'0000-00-00','new',1,0,'both',0,0,0,NULL,'2019-02-25 19:21:27','0000-00-00 00:00:00',0,3),(50,0,NULL,NULL,1,4,0,0,'9788895783512',NULL,0.000000,0,1,2.500000,0.170000,NULL,0.000000,0.00,'',NULL,NULL,0.000000,0.000000,0.000000,0.000000,2,0,0,0,0,0,'',0,1,'0000-00-00','new',1,0,'both',0,0,0,NULL,'2019-02-25 19:21:27','2022-10-21 00:00:00',0,3),(51,NULL,NULL,NULL,1,4,0,0,'9788895783529',NULL,0.000000,0,1,3.000000,0.000000,NULL,0.000000,0.00,NULL,NULL,NULL,0.000000,0.000000,0.000000,0.000000,2,0,0,0,0,0,'',0,1,'0000-00-00','new',1,0,'both',0,0,0,NULL,'2019-02-25 19:21:27','0000-00-00 00:00:00',0,3),(52,0,NULL,NULL,1,4,0,0,'9788895783536',NULL,0.000000,0,1,2.000000,0.000000,NULL,0.000000,0.00,'',NULL,NULL,0.000000,0.000000,0.000000,0.000000,2,0,0,0,0,0,'',0,1,'0000-00-00','new',1,0,'both',0,0,0,NULL,'2019-02-25 19:21:27','2019-06-17 00:00:00',0,3),(53,NULL,NULL,NULL,1,4,0,0,'9788895783543',NULL,0.000000,0,1,2.500000,0.000000,NULL,0.000000,0.00,NULL,NULL,NULL,0.000000,0.000000,0.000000,0.000000,2,0,0,0,0,0,'',0,1,'0000-00-00','new',1,0,'both',0,0,0,NULL,'2019-02-25 19:21:27','0000-00-00 00:00:00',0,3),(54,NULL,NULL,NULL,1,4,0,0,'9788895783550',NULL,0.000000,0,1,2.500000,0.000000,NULL,0.000000,0.00,NULL,NULL,NULL,0.000000,0.000000,0.000000,0.000000,2,0,0,0,0,0,'',0,1,'0000-00-00','new',1,0,'both',0,0,0,NULL,'2019-02-25 19:21:27','0000-00-00 00:00:00',0,3),(55,0,NULL,NULL,1,4,0,0,'9788895783567',NULL,0.000000,0,1,1.500000,0.320000,NULL,0.000000,0.00,'',NULL,NULL,0.000000,0.000000,0.000000,0.000000,2,0,0,0,0,0,'',0,1,'0000-00-00','new',1,0,'both',0,0,0,NULL,'2019-02-25 19:21:27','2019-06-17 00:00:00',0,3),(56,NULL,NULL,NULL,1,4,0,0,'9788895783574',NULL,0.000000,0,1,2.500000,0.000000,NULL,0.000000,0.00,NULL,NULL,NULL,0.000000,0.000000,0.000000,0.000000,2,0,0,0,0,0,'',0,1,'0000-00-00','new',1,0,'both',0,0,0,NULL,'2019-02-25 19:21:28','0000-00-00 00:00:00',0,3),(57,0,NULL,NULL,1,4,0,0,'9788895783598',NULL,0.000000,0,1,2.000000,0.670000,NULL,0.000000,0.00,'',NULL,NULL,0.000000,0.000000,0.000000,0.000000,2,0,0,0,0,0,'',0,1,'0000-00-00','new',1,0,'both',0,0,0,NULL,'2019-02-25 19:21:28','2019-10-08 00:00:00',0,3),(58,116,NULL,NULL,1,4,0,0,'9788895783604',NULL,0.000000,0,1,30.000000,3.570000,NULL,0.000000,0.00,'',NULL,NULL,0.000000,0.000000,0.000000,0.000000,2,0,0,0,0,0,'',0,1,'0000-00-00','new',1,0,'both',0,0,0,NULL,'2019-02-25 19:21:28','2019-08-31 00:00:00',0,3),(59,NULL,NULL,NULL,1,4,0,0,'9788895783628',NULL,0.000000,0,1,2.500000,0.000000,NULL,0.000000,0.00,NULL,NULL,NULL,0.000000,0.000000,0.000000,0.000000,2,0,0,0,0,0,'',0,1,'0000-00-00','new',1,0,'both',0,0,0,NULL,'2019-02-25 19:21:28','0000-00-00 00:00:00',0,3),(60,NULL,NULL,NULL,1,4,0,0,'9788895783635',NULL,0.000000,0,1,2.000000,0.000000,NULL,0.000000,0.00,NULL,NULL,NULL,0.000000,0.000000,0.000000,0.000000,2,0,0,0,0,0,'',0,1,'0000-00-00','new',1,0,'both',0,0,0,NULL,'2019-02-25 19:21:28','0000-00-00 00:00:00',0,3),(61,NULL,NULL,NULL,1,4,0,0,'9788895783642',NULL,0.000000,0,1,2.500000,0.000000,NULL,0.000000,0.00,NULL,NULL,NULL,0.000000,0.000000,0.000000,0.000000,2,0,0,0,0,0,'',0,1,'0000-00-00','new',1,0,'both',0,0,0,NULL,'2019-02-25 19:21:28','0000-00-00 00:00:00',0,3),(62,NULL,NULL,NULL,1,4,0,0,'9788895783659',NULL,0.000000,0,1,2.500000,0.000000,NULL,0.000000,0.00,NULL,NULL,NULL,0.000000,0.000000,0.000000,0.000000,2,0,0,0,0,0,'',0,1,'0000-00-00','new',1,0,'both',0,0,0,NULL,'2019-02-25 19:21:28','0000-00-00 00:00:00',0,3),(63,NULL,NULL,NULL,1,4,0,0,'9788895783666',NULL,0.000000,0,1,2.000000,0.000000,NULL,0.000000,0.00,NULL,NULL,NULL,0.000000,0.000000,0.000000,0.000000,2,0,0,0,0,0,'',0,1,'0000-00-00','new',1,0,'both',0,0,0,NULL,'2019-02-25 19:21:28','0000-00-00 00:00:00',0,3),(64,NULL,NULL,NULL,1,4,0,0,'9788895783697',NULL,0.000000,0,1,2.500000,0.000000,NULL,0.000000,0.00,NULL,NULL,NULL,0.000000,0.000000,0.000000,0.000000,2,0,0,0,0,0,'',0,1,'0000-00-00','new',1,0,'both',0,0,0,NULL,'2019-02-25 19:21:28','0000-00-00 00:00:00',0,3),(65,NULL,NULL,NULL,1,4,0,0,'9788895783703',NULL,0.000000,0,1,6.000000,0.000000,NULL,0.000000,0.00,NULL,NULL,NULL,0.000000,0.000000,0.000000,0.000000,2,0,0,0,0,0,'',0,1,'0000-00-00','new',1,0,'both',0,0,0,NULL,'2019-02-25 19:21:28','0000-00-00 00:00:00',0,3),(66,NULL,NULL,NULL,1,4,0,0,'9788895783710',NULL,0.000000,0,1,6.500000,0.000000,NULL,0.000000,0.00,NULL,NULL,NULL,0.000000,0.000000,0.000000,0.000000,2,0,0,0,0,0,'',0,1,'0000-00-00','new',1,0,'both',0,0,0,NULL,'2019-02-25 19:21:28','0000-00-00 00:00:00',0,3),(67,0,NULL,NULL,1,4,0,0,'9788895783741',NULL,0.000000,0,1,2.000000,0.220000,NULL,0.000000,0.00,'4/3',NULL,NULL,0.000000,0.000000,0.000000,0.000000,2,0,0,0,0,0,'',0,1,'0000-00-00','new',1,0,'both',0,0,0,NULL,'2019-02-25 19:21:28','2020-02-14 00:00:00',0,3),(68,NULL,NULL,NULL,1,4,0,0,'9788895783758',NULL,0.000000,0,1,3.000000,0.000000,NULL,0.000000,0.00,NULL,NULL,NULL,0.000000,0.000000,0.000000,0.000000,2,0,0,0,0,0,'',0,1,'0000-00-00','new',1,0,'both',0,0,0,NULL,'2019-02-25 19:21:28','0000-00-00 00:00:00',0,3),(69,NULL,NULL,NULL,1,4,0,0,'9788895783765',NULL,0.000000,0,1,7.000000,0.000000,NULL,0.000000,0.00,NULL,NULL,NULL,0.000000,0.000000,0.000000,0.000000,2,0,0,0,0,0,'',0,1,'0000-00-00','new',1,0,'both',0,0,0,NULL,'2019-02-25 19:21:28','0000-00-00 00:00:00',0,3),(70,NULL,NULL,NULL,1,4,0,0,'9788895783772',NULL,0.000000,0,1,2.000000,0.000000,NULL,0.000000,0.00,NULL,NULL,NULL,0.000000,0.000000,0.000000,0.000000,2,0,0,0,0,0,'',0,1,'0000-00-00','new',1,0,'both',0,0,0,NULL,'2019-02-25 19:21:28','0000-00-00 00:00:00',0,3),(71,NULL,NULL,NULL,1,4,0,0,'9788895783789',NULL,0.000000,0,1,13.000000,0.000000,NULL,0.000000,0.00,NULL,NULL,NULL,0.000000,0.000000,0.000000,0.000000,2,0,0,0,0,0,'',0,1,'0000-00-00','new',1,0,'both',0,0,0,NULL,'2019-02-25 19:21:28','0000-00-00 00:00:00',0,3),(72,NULL,NULL,NULL,1,4,0,0,'9788895783796',NULL,0.000000,0,1,6.000000,0.000000,NULL,0.000000,0.00,NULL,NULL,NULL,0.000000,0.000000,0.000000,0.000000,2,0,0,0,0,0,'',0,1,'0000-00-00','new',1,0,'both',0,0,0,NULL,'2019-02-25 19:21:28','0000-00-00 00:00:00',0,3),(73,NULL,NULL,NULL,1,4,0,0,'9788895783802',NULL,0.000000,0,1,2.500000,0.000000,NULL,0.000000,0.00,NULL,NULL,NULL,0.000000,0.000000,0.000000,0.000000,2,0,0,0,0,0,'',0,1,'0000-00-00','new',1,0,'both',0,0,0,NULL,'2019-02-25 19:21:28','0000-00-00 00:00:00',0,3),(74,NULL,NULL,NULL,1,4,0,0,'9788895783819',NULL,0.000000,0,1,4.500000,0.000000,NULL,0.000000,0.00,NULL,NULL,NULL,0.000000,0.000000,0.000000,0.000000,2,0,0,0,0,0,'',0,1,'0000-00-00','new',1,0,'both',0,0,0,NULL,'2019-02-25 19:21:28','0000-00-00 00:00:00',0,3),(75,0,NULL,NULL,1,4,0,0,'9788895783833',NULL,0.000000,0,1,1.500000,0.320000,NULL,0.000000,0.00,'',NULL,NULL,0.000000,0.000000,0.000000,0.000000,2,0,0,0,0,0,'',0,1,'0000-00-00','new',1,0,'both',0,0,0,NULL,'2019-02-25 19:21:28','2019-06-17 00:00:00',0,3),(76,NULL,NULL,NULL,1,4,0,0,'9788895783840',NULL,0.000000,0,1,7.900000,0.000000,NULL,0.000000,0.00,NULL,NULL,NULL,0.000000,0.000000,0.000000,0.000000,2,0,0,0,0,0,'',0,1,'0000-00-00','new',1,0,'both',0,0,0,NULL,'2019-02-25 19:21:28','0000-00-00 00:00:00',0,3),(77,NULL,NULL,NULL,1,4,0,0,'9788895783857',NULL,0.000000,0,1,1.000000,0.000000,NULL,0.000000,0.00,NULL,NULL,NULL,0.000000,0.000000,0.000000,0.000000,2,0,0,0,0,0,'',0,1,'0000-00-00','new',1,0,'both',0,0,0,NULL,'2019-02-25 19:21:28','0000-00-00 00:00:00',0,3),(78,NULL,NULL,NULL,1,4,0,0,'9788895783864',NULL,0.000000,0,1,1.500000,0.000000,NULL,0.000000,0.00,NULL,NULL,NULL,0.000000,0.000000,0.000000,0.000000,2,0,0,0,0,0,'',0,1,'0000-00-00','new',1,0,'both',0,0,0,NULL,'2019-02-25 19:21:28','0000-00-00 00:00:00',0,3),(79,NULL,NULL,NULL,1,4,0,0,'9788895783864',NULL,0.000000,0,1,1.500000,0.000000,NULL,0.000000,0.00,NULL,NULL,NULL,0.000000,0.000000,0.000000,0.000000,2,0,0,0,0,0,'',0,1,'0000-00-00','new',1,0,'both',0,0,0,NULL,'2019-02-25 19:21:28','0000-00-00 00:00:00',0,3),(80,NULL,NULL,NULL,1,4,0,0,'9788895783871',NULL,0.000000,0,1,2.500000,0.000000,NULL,0.000000,0.00,NULL,NULL,NULL,0.000000,0.000000,0.000000,0.000000,2,0,0,0,0,0,'',0,1,'0000-00-00','new',1,0,'both',0,0,0,NULL,'2019-02-25 19:21:28','0000-00-00 00:00:00',0,3),(81,NULL,NULL,NULL,1,4,0,0,'9788895783888',NULL,0.000000,0,1,1.000000,0.000000,NULL,0.000000,0.00,NULL,NULL,NULL,0.000000,0.000000,0.000000,0.000000,2,0,0,0,0,0,'',0,1,'0000-00-00','new',1,0,'both',0,0,0,NULL,'2019-02-25 19:21:28','0000-00-00 00:00:00',0,3),(82,0,NULL,NULL,1,4,0,0,'9788895783901',NULL,0.000000,0,1,2.000000,0.000000,NULL,0.000000,0.00,'',NULL,NULL,0.000000,0.000000,0.000000,0.000000,2,0,0,0,0,0,'',0,1,'0000-00-00','new',1,0,'both',0,0,0,NULL,'2019-02-25 19:21:28','2022-09-30 10:03:01',0,3),(83,NULL,NULL,NULL,1,4,0,0,'9788895783918',NULL,0.000000,0,1,2.500000,0.000000,NULL,0.000000,0.00,NULL,NULL,NULL,0.000000,0.000000,0.000000,0.000000,2,0,0,0,0,0,'',0,1,'0000-00-00','new',1,0,'both',0,0,0,NULL,'2019-02-25 19:21:28','0000-00-00 00:00:00',0,3),(84,NULL,NULL,NULL,1,4,0,0,'9788895783925',NULL,0.000000,0,1,2.000000,0.000000,NULL,0.000000,0.00,NULL,NULL,NULL,0.000000,0.000000,0.000000,0.000000,2,0,0,0,0,0,'',0,1,'0000-00-00','new',1,0,'both',0,0,0,NULL,'2019-02-25 19:21:28','0000-00-00 00:00:00',0,3),(85,NULL,NULL,NULL,1,4,0,0,'9788895783949',NULL,0.000000,0,1,1.500000,0.000000,NULL,0.000000,0.00,NULL,NULL,NULL,0.000000,0.000000,0.000000,0.000000,2,0,0,0,0,0,'',0,1,'0000-00-00','new',1,0,'both',0,0,0,NULL,'2019-02-25 19:21:28','0000-00-00 00:00:00',0,3),(86,NULL,NULL,NULL,1,4,0,0,'9788895783956',NULL,0.000000,0,1,1.500000,0.000000,NULL,0.000000,0.00,NULL,NULL,NULL,0.000000,0.000000,0.000000,0.000000,2,0,0,0,0,0,'',0,1,'0000-00-00','new',1,0,'both',0,0,0,NULL,'2019-02-25 19:21:28','0000-00-00 00:00:00',0,3),(87,NULL,NULL,NULL,1,4,0,0,'9788895783963',NULL,0.000000,0,1,1.500000,0.000000,NULL,0.000000,0.00,NULL,NULL,NULL,0.000000,0.000000,0.000000,0.000000,2,0,0,0,0,0,'',0,1,'0000-00-00','new',1,0,'both',0,0,0,NULL,'2019-02-25 19:21:28','0000-00-00 00:00:00',0,3),(88,NULL,NULL,NULL,1,4,0,0,'9788895783987',NULL,0.000000,0,1,2.000000,0.000000,NULL,0.000000,0.00,NULL,NULL,NULL,0.000000,0.000000,0.000000,0.000000,2,0,0,0,0,0,'',0,1,'0000-00-00','new',1,0,'both',0,0,0,NULL,'2019-02-25 19:21:28','0000-00-00 00:00:00',0,3),(89,0,NULL,NULL,1,4,0,0,'9788895783994',NULL,0.000000,0,1,1.800000,0.100000,NULL,0.000000,0.00,'',NULL,NULL,0.000000,0.000000,0.000000,0.000000,2,0,0,0,0,0,'',0,1,'0000-00-00','new',1,0,'both',0,0,0,NULL,'2019-02-25 19:21:28','2022-11-09 00:00:00',0,3),(90,NULL,NULL,NULL,1,4,0,0,'9788899571009',NULL,0.000000,0,1,1.500000,0.000000,NULL,0.000000,0.00,NULL,NULL,NULL,0.000000,0.000000,0.000000,0.000000,2,0,0,0,0,0,'',0,1,'0000-00-00','new',1,0,'both',0,0,0,NULL,'2019-02-25 19:21:28','0000-00-00 00:00:00',0,3),(91,NULL,NULL,NULL,1,4,0,0,'9788899571016',NULL,0.000000,0,1,2.000000,0.000000,NULL,0.000000,0.00,NULL,NULL,NULL,0.000000,0.000000,0.000000,0.000000,2,0,0,0,0,0,'',0,1,'0000-00-00','new',1,0,'both',0,0,0,NULL,'2019-02-25 19:21:28','0000-00-00 00:00:00',0,3),(92,0,NULL,NULL,1,4,0,0,'9788899571023',NULL,0.000000,0,1,2.500000,0.560000,NULL,0.000000,0.00,'',NULL,NULL,0.000000,0.000000,0.000000,0.000000,2,0,0,0,0,0,'',0,1,'0000-00-00','new',1,0,'both',0,0,0,NULL,'2019-02-25 19:21:28','2019-06-17 00:00:00',0,3),(93,0,NULL,NULL,1,4,0,0,'9788899571030-',NULL,0.000000,0,1,1.500000,0.000000,NULL,0.000000,0.00,'',NULL,NULL,0.000000,0.000000,0.000000,0.000000,2,0,0,0,0,0,'',0,1,'0000-00-00','new',1,0,'both',0,0,0,NULL,'2019-02-25 19:21:28','2021-09-16 15:42:29',0,3),(94,NULL,NULL,NULL,1,4,0,0,'9788899571047',NULL,0.000000,0,1,1.500000,0.000000,NULL,0.000000,0.00,NULL,NULL,NULL,0.000000,0.000000,0.000000,0.000000,2,0,0,0,0,0,'',0,1,'0000-00-00','new',1,0,'both',0,0,0,NULL,'2019-02-25 19:21:28','0000-00-00 00:00:00',0,3),(95,NULL,NULL,NULL,1,4,0,0,'9788899571078',NULL,0.000000,0,1,1.500000,0.000000,NULL,0.000000,0.00,NULL,NULL,NULL,0.000000,0.000000,0.000000,0.000000,2,0,0,0,0,0,'',0,1,'0000-00-00','new',1,0,'both',0,0,0,NULL,'2019-02-25 19:21:28','0000-00-00 00:00:00',0,3),(96,0,NULL,NULL,1,4,0,0,'9788899571085',NULL,0.000000,0,1,1.500000,0.320000,NULL,0.000000,0.00,'',NULL,NULL,0.000000,0.000000,0.000000,0.000000,2,0,0,0,0,0,'',0,1,'0000-00-00','new',1,0,'both',0,0,0,NULL,'2019-02-25 19:21:28','2019-06-17 00:00:00',0,3),(97,NULL,NULL,NULL,1,4,0,0,'9788899571092',NULL,0.000000,0,1,1.500000,0.000000,NULL,0.000000,0.00,NULL,NULL,NULL,0.000000,0.000000,0.000000,0.000000,2,0,0,0,0,0,'',0,1,'0000-00-00','new',1,0,'both',0,0,0,NULL,'2019-02-25 19:21:28','0000-00-00 00:00:00',0,3),(98,NULL,NULL,NULL,1,4,0,0,'9788899571108',NULL,0.000000,0,1,1.500000,0.000000,NULL,0.000000,0.00,NULL,NULL,NULL,0.000000,0.000000,0.000000,0.000000,2,0,0,0,0,0,'',0,1,'0000-00-00','new',1,0,'both',0,0,0,NULL,'2019-02-25 19:21:28','0000-00-00 00:00:00',0,3),(99,0,NULL,NULL,1,4,0,0,'9788899571115',NULL,0.000000,0,1,2.000000,0.390000,NULL,0.000000,0.00,'',NULL,NULL,0.000000,0.000000,0.000000,0.000000,2,0,0,0,0,0,'',0,1,'0000-00-00','new',1,0,'both',0,0,0,NULL,'2019-02-25 19:21:28','2019-06-17 00:00:00',0,3),(100,NULL,NULL,NULL,1,4,0,0,'9788899571122',NULL,0.000000,0,1,2.000000,0.000000,NULL,0.000000,0.00,NULL,NULL,NULL,0.000000,0.000000,0.000000,0.000000,2,0,0,0,0,0,'',0,1,'0000-00-00','new',1,0,'both',0,0,0,NULL,'2019-02-25 19:21:28','0000-00-00 00:00:00',0,3),(101,0,NULL,NULL,1,4,0,0,'9788899571139',NULL,0.000000,0,1,1.500000,0.320000,NULL,0.000000,0.00,'',NULL,NULL,0.000000,0.000000,0.000000,0.000000,2,0,0,0,0,0,'',0,1,'0000-00-00','new',1,0,'both',0,0,0,NULL,'2019-02-25 19:21:29','2019-06-17 00:00:00',0,3),(102,NULL,NULL,NULL,1,4,0,0,'9788899571146',NULL,0.000000,0,1,2.000000,0.000000,NULL,0.000000,0.00,NULL,NULL,NULL,0.000000,0.000000,0.000000,0.000000,2,0,0,0,0,0,'',0,1,'0000-00-00','new',1,0,'both',0,0,0,NULL,'2019-02-25 19:21:29','0000-00-00 00:00:00',0,3),(103,NULL,NULL,NULL,1,4,0,0,'9788899571153',NULL,0.000000,0,1,2.000000,0.000000,NULL,0.000000,0.00,NULL,NULL,NULL,0.000000,0.000000,0.000000,0.000000,2,0,0,0,0,0,'',0,1,'0000-00-00','new',1,0,'both',0,0,0,NULL,'2019-02-25 19:21:29','0000-00-00 00:00:00',0,3),(104,129,NULL,NULL,1,4,0,0,'9788899571160',NULL,0.000000,0,1,2.500000,0.390000,NULL,0.000000,0.00,'',NULL,NULL,0.000000,0.000000,0.000000,0.000000,2,0,0,0,0,0,'',0,1,'0000-00-00','new',1,0,'both',0,0,0,NULL,'2019-02-25 19:21:29','2022-10-21 00:00:00',0,3),(105,0,NULL,NULL,1,4,0,0,'9788899571184 -',NULL,0.000000,0,1,1.500000,0.000000,NULL,0.000000,0.00,'',NULL,NULL,0.000000,0.000000,0.000000,0.000000,2,0,0,0,0,0,'',0,1,'0000-00-00','new',1,0,'both',0,0,0,NULL,'2019-02-25 19:21:29','2020-07-31 16:47:23',0,3),(106,NULL,NULL,NULL,1,4,0,0,'9788899571191',NULL,0.000000,0,1,1.500000,0.000000,NULL,0.000000,0.00,NULL,NULL,NULL,0.000000,0.000000,0.000000,0.000000,2,0,0,0,0,0,'',0,1,'0000-00-00','new',1,0,'both',0,0,0,NULL,'2019-02-25 19:21:29','0000-00-00 00:00:00',0,3),(107,NULL,NULL,NULL,1,4,0,0,'9788899571207',NULL,0.000000,0,1,1.500000,0.000000,NULL,0.000000,0.00,NULL,NULL,NULL,0.000000,0.000000,0.000000,0.000000,2,0,0,0,0,0,'',0,1,'0000-00-00','new',1,0,'both',0,0,0,NULL,'2019-02-25 19:21:29','0000-00-00 00:00:00',0,3),(109,NULL,NULL,NULL,1,4,0,0,'9788899571221',NULL,0.000000,0,1,2.000000,0.000000,NULL,0.000000,0.00,NULL,NULL,NULL,0.000000,0.000000,0.000000,0.000000,2,0,0,0,0,0,'',0,1,'0000-00-00','new',1,0,'both',0,0,0,NULL,'2019-02-25 19:21:29','0000-00-00 00:00:00',0,3),(110,0,NULL,NULL,1,4,0,0,'9788899571238',NULL,0.000000,0,1,1.800000,0.190000,NULL,0.000000,0.00,'',NULL,NULL,0.000000,0.000000,0.000000,0.000000,2,0,0,0,0,0,'',0,1,'0000-00-00','new',1,0,'both',0,0,0,NULL,'2019-02-25 19:21:29','2022-08-11 00:00:00',0,3),(111,0,NULL,NULL,1,4,0,0,'9788899571245',NULL,0.000000,0,1,1.800000,0.190000,NULL,0.000000,0.00,'',NULL,NULL,0.000000,0.000000,0.000000,0.000000,2,0,0,0,0,0,'',0,1,'0000-00-00','new',1,0,'both',0,0,0,NULL,'2019-02-25 19:21:29','2022-08-11 00:00:00',0,3),(112,0,NULL,NULL,1,4,0,0,'9788899571252',NULL,0.000000,0,1,2.500000,0.000000,NULL,0.000000,0.00,'',NULL,NULL,0.000000,0.000000,0.000000,0.000000,2,0,0,0,0,0,'',0,1,'0000-00-00','new',1,0,'both',0,0,0,NULL,'2019-02-25 19:21:29','2022-11-03 09:47:04',0,3),(113,NULL,NULL,NULL,1,4,0,0,'9788899571269',NULL,0.000000,0,1,2.000000,0.000000,NULL,0.000000,0.00,NULL,NULL,NULL,0.000000,0.000000,0.000000,0.000000,2,0,0,0,0,0,'',0,1,'0000-00-00','new',1,0,'both',0,0,0,NULL,'2019-02-25 19:21:29','0000-00-00 00:00:00',0,3),(114,0,NULL,NULL,1,4,0,0,'9788899571283',NULL,0.000000,0,1,1.500000,0.000000,NULL,0.000000,0.00,'',NULL,NULL,0.000000,0.000000,0.000000,0.000000,2,0,0,0,0,0,'',0,1,'0000-00-00','new',1,0,'both',0,0,0,NULL,'2019-02-25 19:21:29','2019-06-17 00:00:00',0,3),(115,0,NULL,NULL,1,4,0,0,'9788899571290',NULL,0.000000,0,1,4.000000,0.450000,NULL,0.000000,0.00,'',NULL,NULL,0.000000,0.000000,0.000000,0.000000,2,0,0,0,0,0,'',0,1,'0000-00-00','new',1,0,'both',0,0,0,NULL,'2019-02-25 19:21:29','2019-03-14 00:00:00',0,3),(116,NULL,NULL,NULL,1,4,0,0,'9788899571306',NULL,0.000000,0,1,2.500000,0.000000,NULL,0.000000,0.00,NULL,NULL,NULL,0.000000,0.000000,0.000000,0.000000,2,0,0,0,0,0,'',0,1,'0000-00-00','new',1,0,'both',0,0,0,NULL,'2019-02-25 19:21:29','0000-00-00 00:00:00',0,3),(117,0,NULL,NULL,1,4,0,0,'9788899571313',NULL,0.000000,0,1,1.800000,0.320000,NULL,0.000000,0.00,'',NULL,NULL,0.000000,0.000000,0.000000,0.000000,2,0,0,0,0,0,'',0,1,'0000-00-00','new',1,0,'both',0,0,0,NULL,'2019-02-25 19:21:29','2022-08-11 00:00:00',0,3),(118,0,NULL,NULL,1,4,0,0,'9788899571320',NULL,0.000000,0,1,2.500000,0.300000,NULL,0.000000,0.00,'',NULL,NULL,0.000000,0.000000,0.000000,0.000000,2,0,0,0,0,0,'',0,1,'0000-00-00','new',1,0,'both',0,0,0,NULL,'2019-02-25 19:21:29','2019-11-25 00:00:00',0,3),(119,0,NULL,NULL,1,4,0,0,'9788899571337',NULL,0.000000,0,1,2.500000,0.000000,NULL,0.000000,0.00,'',NULL,NULL,0.000000,0.000000,0.000000,0.000000,2,0,0,0,0,0,'',0,1,'0000-00-00','new',1,0,'both',0,0,0,NULL,'2019-02-25 19:21:29','2021-05-24 13:04:05',0,3),(120,NULL,NULL,NULL,1,4,0,0,'9788899571344',NULL,0.000000,0,1,16.000000,0.000000,NULL,0.000000,0.00,NULL,NULL,NULL,0.000000,0.000000,0.000000,0.000000,2,0,0,0,0,0,'',0,1,'0000-00-00','new',1,0,'both',0,0,0,NULL,'2019-02-25 19:21:29','0000-00-00 00:00:00',0,3),(121,0,NULL,NULL,1,1,0,0,'9788887688993',NULL,0.000000,0,1,2.500000,0.450000,NULL,0.000000,0.00,'',NULL,NULL,0.000000,0.000000,0.000000,0.000000,2,0,0,0,0,0,'',0,1,'0000-00-00','new',1,0,'both',0,0,0,NULL,'2019-09-19 17:43:22','2019-09-20 00:00:00',0,3),(122,0,NULL,NULL,1,1,0,0,'9788895783031',NULL,0.000000,0,1,16.000000,0.000000,NULL,0.000000,0.00,'',NULL,NULL,0.000000,0.000000,0.000000,0.000000,2,0,0,0,0,0,'',0,1,'0000-00-00','new',1,0,'both',0,0,0,NULL,'2019-10-03 16:39:57','2019-10-25 00:00:00',0,3),(123,0,NULL,NULL,1,1,0,0,'9788899571276',NULL,0.000000,0,1,3.000000,0.400000,NULL,0.000000,0.00,'',NULL,NULL,0.000000,0.000000,0.000000,0.000000,2,0,0,0,0,0,'',0,1,'0000-00-00','new',1,0,'both',0,0,0,NULL,'2019-10-26 10:02:15','2019-10-28 00:00:00',0,3),(124,126,NULL,NULL,1,1,0,0,'9788887688924',NULL,0.000000,0,1,1.500000,0.180000,NULL,0.000000,0.00,'',NULL,NULL,0.000000,0.000000,0.000000,0.000000,2,0,0,0,0,0,'',0,1,'0000-00-00','new',1,0,'both',0,0,0,NULL,'2019-12-11 10:04:50','2022-06-30 00:00:00',0,3),(125,115,NULL,NULL,1,1,0,0,'9788895783017',NULL,0.000000,0,1,1.500000,0.180000,NULL,0.000000,0.00,'',NULL,NULL,0.000000,0.000000,0.000000,0.000000,2,0,0,0,0,0,'',0,1,'0000-00-00','new',1,0,'both',0,0,0,NULL,'2020-02-17 17:16:49','2022-06-30 00:00:00',0,3),(126,0,NULL,NULL,1,1,0,0,'9788899571597',NULL,0.000000,0,1,2.000000,0.250000,NULL,0.000000,0.00,'',NULL,NULL,0.000000,0.000000,0.000000,0.000000,2,0,0,0,0,0,'',0,1,'0000-00-00','new',1,0,'both',0,0,0,NULL,'2020-06-25 12:21:09','2020-06-30 00:00:00',0,3),(127,0,NULL,NULL,1,1,0,0,'9788899571184',NULL,0.000000,0,1,2.500000,0.380000,NULL,0.000000,0.00,'',NULL,NULL,0.000000,0.000000,0.000000,0.000000,2,0,0,0,0,0,'',0,1,'0000-00-00','new',1,0,'both',0,0,0,NULL,'2020-07-31 14:38:50','2020-07-31 00:00:00',0,3),(128,0,NULL,NULL,1,1,0,0,'9788899571559',NULL,0.000000,0,1,16.000000,0.000000,NULL,0.000000,0.00,'',NULL,NULL,0.000000,0.000000,0.000000,0.000000,2,0,0,0,0,0,'',0,1,'0000-00-00','new',1,0,'both',0,0,0,NULL,'2020-08-06 09:33:40','2020-08-28 00:00:00',0,3),(129,0,NULL,NULL,1,1,0,0,'9788899571368',NULL,0.000000,0,1,3.000000,0.450000,NULL,0.000000,0.00,'',NULL,NULL,0.000000,0.000000,0.000000,0.000000,2,0,0,0,0,0,'',0,1,'0000-00-00','new',1,0,'both',0,0,0,NULL,'2020-09-28 09:37:44','2021-10-15 00:00:00',0,3),(130,53,NULL,NULL,1,1,0,0,'9788895783000',NULL,0.000000,0,1,2.500000,0.570000,NULL,0.000000,0.00,'',NULL,NULL,0.000000,0.000000,0.000000,0.000000,2,0,0,0,0,0,'',0,1,'0000-00-00','new',1,0,'both',0,0,0,NULL,'2021-05-24 13:04:42','2021-05-24 00:00:00',0,3),(131,0,NULL,NULL,1,1,0,0,'9788899571030',NULL,0.000000,-144,1,16.000000,3.800000,NULL,0.000000,0.00,'',NULL,NULL,0.000000,0.000000,0.000000,0.000000,2,0,0,0,0,0,'',0,1,'0000-00-00','new',1,0,'both',0,0,0,NULL,'2021-05-24 13:06:04','2021-09-30 00:00:00',0,3),(132,53,NULL,NULL,1,1,0,0,'9788899571351',NULL,0.000000,0,1,2.500000,0.300000,NULL,0.000000,0.00,'',NULL,NULL,0.000000,0.000000,0.000000,0.000000,2,0,0,0,0,0,'',0,1,'0000-00-00','new',1,0,'both',0,0,0,NULL,'2021-09-29 12:54:22','2021-11-30 00:00:00',0,3),(133,0,NULL,NULL,1,1,0,0,'9788899571573',NULL,0.000000,0,1,18.000000,3.960000,NULL,0.000000,0.00,'',NULL,NULL,0.000000,0.000000,0.000000,0.000000,2,0,0,0,0,0,'',0,1,'0000-00-00','new',1,0,'both',0,0,0,NULL,'2022-02-14 16:24:00','2022-07-15 00:00:00',0,3),(134,0,NULL,NULL,1,1,0,0,'9788887688894',NULL,0.000000,0,1,1.800000,0.000000,NULL,0.000000,0.00,'',NULL,NULL,0.000000,0.000000,0.000000,0.000000,2,0,0,0,0,0,'',0,1,'0000-00-00','new',1,0,'both',0,0,0,NULL,'2022-11-23 18:40:39','2022-11-23 00:00:00',0,3),(135,127,NULL,NULL,1,1,0,0,'9788899571382',NULL,0.000000,0,1,18.000000,4.950000,NULL,0.000000,0.00,'',NULL,NULL,0.000000,0.000000,0.000000,0.000000,2,0,0,0,0,0,'',0,1,'0000-00-00','new',1,0,'both',0,0,0,NULL,'2023-02-01 15:50:48','2023-06-20 00:00:00',0,3),(136,0,NULL,NULL,1,1,0,0,'9788899571535',NULL,0.000000,0,1,1.800000,0.000000,NULL,0.000000,0.00,'',NULL,NULL,0.000000,0.000000,0.000000,0.000000,2,0,0,0,0,0,'',0,1,'0000-00-00','new',1,0,'both',0,0,0,NULL,'2023-09-27 17:30:49','2023-09-27 00:00:00',0,3),(137,0,NULL,NULL,1,1,0,0,'9788899571566',NULL,0.000000,0,1,2.500000,0.000000,NULL,0.000000,0.00,'',NULL,NULL,0.000000,0.000000,0.000000,0.000000,2,0,0,0,0,0,'',0,1,'0000-00-00','new',1,0,'both',0,0,0,NULL,'2023-09-27 17:31:59','2023-09-27 00:00:00',0,3),(138,0,NULL,NULL,1,1,0,0,'9788899571399',NULL,0.000000,0,1,2.500000,0.000000,NULL,0.000000,0.00,'',NULL,NULL,0.000000,0.000000,0.000000,0.000000,2,0,0,0,0,0,'',0,1,'0000-00-00','new',1,0,'both',0,0,0,NULL,'2023-10-12 17:37:33','2023-10-12 17:38:20',0,3),(139,0,NULL,NULL,1,1,0,0,'9788899571405',NULL,0.000000,0,1,1.639344,0.000000,NULL,0.000000,0.00,'',NULL,NULL,0.000000,0.000000,0.000000,0.000000,2,0,0,0,0,0,'',0,1,'0000-00-00','new',1,0,'both',0,0,0,NULL,'2023-10-12 17:40:23','2023-10-12 17:40:51',0,3);

--
