-- Table structure for table `ps_mail`
--

CREATE TABLE `ps_mail` (
  `id_mail` int(11) unsigned NOT NULL AUTO_INCREMENT,
  `recipient` varchar(126) NOT NULL,
  `template` varchar(62) NOT NULL,
  `subject` varchar(254) NOT NULL,
  `id_lang` int(11) unsigned NOT NULL,
  `date_add` timestamp NOT NULL DEFAULT CURRENT_TIMESTAMP,
  PRIMARY KEY (`id_mail`),
  KEY `recipient` (`recipient`(10))
) ENGINE=InnoDB AUTO_INCREMENT=654 DEFAULT CHARSET=utf8;

--
-- Dumping data for table `ps_mail`
--



--
-- Table structure for table `ps_mailalert_customer_oos`
--

CREATE TABLE `ps_mailalert_customer_oos` (
  `id_customer` int(10) unsigned NOT NULL,
  `customer_email` varchar(128) NOT NULL,
  `id_product` int(10) unsigned NOT NULL,
  `id_product_attribute` int(10) unsigned NOT NULL,
  `id_shop` int(10) unsigned NOT NULL,
  `id_lang` int(10) unsigned NOT NULL,
  PRIMARY KEY (`id_customer`,`customer_email`,`id_product`,`id_product_attribute`,`id_shop`)
) ENGINE=InnoDB DEFAULT CHARSET=utf8;

--
-- Dumping data for table `ps_mailalert_customer_oos`
--


--
-- Table structure for table `ps_manufacturer`
--

CREATE TABLE `ps_manufacturer` (
  `id_manufacturer` int(10) unsigned NOT NULL AUTO_INCREMENT,
  `name` varchar(64) NOT NULL,
  `date_add` datetime NOT NULL,
  `date_upd` datetime NOT NULL,
  `active` tinyint(1) NOT NULL DEFAULT '0',
  PRIMARY KEY (`id_manufacturer`)
) ENGINE=InnoDB AUTO_INCREMENT=2 DEFAULT CHARSET=utf8;

--
-- Dumping data for table `ps_manufacturer`
--

INSERT INTO `ps_manufacturer` VALUES (1,'Fashion Manufacturer','2016-02-15 10:48:13','2016-02-15 10:48:13',1);

--
-- Table structure for table `ps_manufacturer_lang`
--

CREATE TABLE `ps_manufacturer_lang` (
  `id_manufacturer` int(10) unsigned NOT NULL,
  `id_lang` int(10) unsigned NOT NULL,
  `description` text,
  `short_description` text,
  `meta_title` varchar(128) DEFAULT NULL,
  `meta_keywords` varchar(255) DEFAULT NULL,
  `meta_description` varchar(255) DEFAULT NULL,
  PRIMARY KEY (`id_manufacturer`,`id_lang`)
) ENGINE=InnoDB DEFAULT CHARSET=utf8;

--
-- Dumping data for table `ps_manufacturer_lang`
--

INSERT INTO `ps_manufacturer_lang` VALUES (1,1,'','','','','');

--
-- Table structure for table `ps_manufacturer_shop`
--

CREATE TABLE `ps_manufacturer_shop` (
  `id_manufacturer` int(11) unsigned NOT NULL,
  `id_shop` int(11) unsigned NOT NULL,
  PRIMARY KEY (`id_manufacturer`,`id_shop`),
  KEY `id_shop` (`id_shop`)
) ENGINE=InnoDB DEFAULT CHARSET=utf8;

--
-- Dumping data for table `ps_manufacturer_shop`
--

INSERT INTO `ps_manufacturer_shop` VALUES (1,1);

--
-- Table structure for table `ps_memcached_servers`
--

CREATE TABLE `ps_memcached_servers` (
  `id_memcached_server` int(11) unsigned NOT NULL AUTO_INCREMENT,
  `ip` varchar(254) NOT NULL,
  `port` int(11) unsigned NOT NULL,
  `weight` int(11) unsigned NOT NULL,
  PRIMARY KEY (`id_memcached_server`)
) ENGINE=InnoDB DEFAULT CHARSET=utf8;

--
-- Dumping data for table `ps_memcached_servers`
--


--
-- Table structure for table `ps_message`
--

CREATE TABLE `ps_message` (
  `id_message` int(10) unsigned NOT NULL AUTO_INCREMENT,
  `id_cart` int(10) unsigned DEFAULT NULL,
  `id_customer` int(10) unsigned NOT NULL,
  `id_employee` int(10) unsigned DEFAULT NULL,
  `id_order` int(10) unsigned NOT NULL,
  `message` text NOT NULL,
  `private` tinyint(1) unsigned NOT NULL DEFAULT '1',
  `date_add` datetime NOT NULL,
  PRIMARY KEY (`id_message`),
  KEY `message_order` (`id_order`),
  KEY `id_cart` (`id_cart`),
  KEY `id_customer` (`id_customer`),
  KEY `id_employee` (`id_employee`)
) ENGINE=InnoDB AUTO_INCREMENT=4 DEFAULT CHARSET=utf8;

--
-- Dumping data for table `ps_message`
--

INSERT INTO `ps_message` VALUES (1,83,66,0,65,'Payment accepted.',1,'2016-05-03 10:25:21'),(2,160,132,0,128,'Payment accepted.',1,'2016-06-25 07:24:47'),(3,173,145,0,137,'Payment accepted.',1,'2016-07-09 00:03:24');

--
-- Table structure for table `ps_message_readed`
--

CREATE TABLE `ps_message_readed` (
  `id_message` int(10) unsigned NOT NULL,
  `id_employee` int(10) unsigned NOT NULL,
  `date_add` datetime NOT NULL,
  PRIMARY KEY (`id_message`,`id_employee`)
) ENGINE=InnoDB DEFAULT CHARSET=utf8;

--
-- Dumping data for table `ps_message_readed`
--


--
-- Table structure for table `ps_meta`
--

CREATE TABLE `ps_meta` (
  `id_meta` int(10) unsigned NOT NULL AUTO_INCREMENT,
  `page` varchar(64) NOT NULL,
  `configurable` tinyint(1) unsigned NOT NULL DEFAULT '1',
  PRIMARY KEY (`id_meta`),
  UNIQUE KEY `page` (`page`)
) ENGINE=InnoDB AUTO_INCREMENT=41 DEFAULT CHARSET=utf8;

--
-- Dumping data for table `ps_meta`
--



--
-- Table structure for table `ps_meta_lang`
--

CREATE TABLE `ps_meta_lang` (
  `id_meta` int(10) unsigned NOT NULL,
  `id_shop` int(11) unsigned NOT NULL DEFAULT '1',
  `id_lang` int(10) unsigned NOT NULL,
  `title` varchar(128) DEFAULT NULL,
  `description` varchar(255) DEFAULT NULL,
  `keywords` varchar(255) DEFAULT NULL,
  `url_rewrite` varchar(254) NOT NULL,
  PRIMARY KEY (`id_meta`,`id_shop`,`id_lang`),
  KEY `id_shop` (`id_shop`),
  KEY `id_lang` (`id_lang`)
) ENGINE=InnoDB DEFAULT CHARSET=utf8;

--
-- Dumping data for table `ps_meta_lang`
--



--
-- Table structure for table `ps_module`
--

CREATE TABLE `ps_module` (
  `id_module` int(10) unsigned NOT NULL AUTO_INCREMENT,
  `name` varchar(64) NOT NULL,
  `active` tinyint(1) unsigned NOT NULL DEFAULT '0',
  `version` varchar(8) NOT NULL,
  PRIMARY KEY (`id_module`),
  KEY `name` (`name`)
) ENGINE=InnoDB AUTO_INCREMENT=85 DEFAULT CHARSET=utf8;

--
-- Dumping data for table `ps_module`
--

INSERT INTO `ps_module` VALUES (1,'socialsharing',1,'1.4.3'),(2,'blockbanner',1,'1.4.0'),(3,'bankwire',1,'1.1.2'),(4,'blockbestsellers',1,'1.8.1'),(5,'blockcart',1,'1.6.1'),(6,'blocksocial',1,'1.2.2'),(7,'blockcategories',1,'2.9.4'),(8,'blockcurrencies',1,'0.4.1'),(9,'blockfacebook',1,'1.4.0'),(10,'blocklanguages',1,'1.5.1'),(11,'blocklayered',1,'2.2.0'),(12,'blockcms',1,'2.1.2'),(13,'blockcmsinfo',1,'1.6.0'),(14,'blockcontact',1,'1.4.0'),(15,'blockcontactinfos',1,'1.2.1'),(16,'blockmanufacturer',1,'1.4.1'),(17,'blockmyaccount',1,'1.4.1'),(18,'blockmyaccountfooter',1,'1.6.1'),(19,'blocknewproducts',1,'1.10.1'),(20,'blocknewsletter',1,'2.3.2'),(21,'blockpaymentlogo',1,'0.4.1'),(22,'blocksearch',1,'1.7.1'),(23,'blockspecials',1,'1.3.1'),(24,'blockstore',1,'1.3.1'),(25,'blocksupplier',1,'1.2.1'),(26,'blocktags',1,'1.3.1'),(27,'blocktopmenu',1,'2.2.4'),(28,'blockuserinfo',1,'0.4.1'),(29,'blockviewed',1,'1.3.1'),(30,'cheque',1,'2.7.2'),(31,'dashactivity',1,'0.5.0'),(32,'dashtrends',1,'0.8.1'),(33,'dashgoals',1,'0.7.0'),(34,'dashproducts',1,'0.3.5'),(35,'graphnvd3',1,'1.5.0'),(36,'gridhtml',1,'1.3.0'),(37,'homeslider',1,'1.6.0'),(38,'homefeatured',1,'1.8.1'),(39,'productpaymentlogos',1,'1.4.0'),(40,'pagesnotfound',1,'1.5.0'),(41,'sekeywords',1,'1.4.0'),(42,'statsbestcategories',1,'1.5.0'),(43,'statsbestcustomers',1,'1.5.0'),(44,'statsbestproducts',1,'1.5.0'),(45,'statsbestsuppliers',1,'1.4.0'),(46,'statsbestvouchers',1,'1.5.0'),(47,'statscarrier',1,'1.4.0'),(48,'statscatalog',1,'1.3.0'),(49,'statscheckup',1,'1.4.0'),(50,'statsdata',1,'1.5.0'),(51,'statsequipment',1,'1.3.0'),(52,'statsforecast',1,'1.4.0'),(53,'statslive',1,'1.3.0'),(54,'statsnewsletter',1,'1.4.0'),(55,'statsorigin',1,'1.4.0'),(56,'statspersonalinfos',1,'1.4.0'),(57,'statsproduct',1,'1.4.0'),(58,'statsregistrations',1,'1.4.0'),(59,'statssales',1,'1.3.0'),(60,'statssearch',1,'1.4.0'),(61,'statsstock',1,'1.5.0'),(62,'statsvisits',1,'1.6.0'),(63,'themeconfigurator',1,'2.1.1'),(64,'gamification',1,'1.12.0'),(65,'blockwishlist',1,'1.3.2'),(66,'productcomments',1,'3.5.2'),(67,'sendtoafriend',1,'1.9.0'),(68,'cronjobs',1,'1.3.3'),(70,'tmfeatureproducts',1,'1.0'),(71,'tmnewproducts',1,'1.0'),(72,'tmblocklink1',1,'1.0'),(73,'tmblocklink2',1,'1.0'),(74,'tmhomeslider',1,'1.4.1'),(75,'crossselling',1,'1.1.2'),(76,'blockpermanentlinks',1,'0.3.1'),(77,'productscategory',1,'1.8.1'),(78,'ebay',1,'1.12.3'),(79,'gsitemap',1,'3.2.0'),(80,'gapi',1,'1.2.1'),(81,'ganalytics',1,'2.3.4'),(82,'paypal',1,'3.10.10'),(83,'mailalerts',1,'3.6.0'),(84,'watermark',1,'1.0.4');

--
-- Table structure for table `ps_module_access`
--

CREATE TABLE `ps_module_access` (
  `id_profile` int(10) unsigned NOT NULL,
  `id_module` int(10) unsigned NOT NULL,
  `view` tinyint(1) NOT NULL DEFAULT '0',
  `configure` tinyint(1) NOT NULL DEFAULT '0',
  `uninstall` tinyint(1) NOT NULL DEFAULT '0',
  PRIMARY KEY (`id_profile`,`id_module`)
) ENGINE=InnoDB DEFAULT CHARSET=utf8;

--
-- Dumping data for table `ps_module_access`
--

INSERT INTO `ps_module_access` VALUES (1,1,1,0,0),(1,2,1,0,0),(1,3,1,0,0),(1,4,1,0,0),(1,5,1,0,0),(1,6,1,0,0),(1,7,1,0,0),(1,8,1,0,0),(1,9,1,0,0),(1,10,1,0,0),(1,11,1,0,0),(1,12,1,0,0),(1,13,1,0,0),(1,14,1,0,0),(1,15,1,0,0),(1,16,1,0,0),(1,17,1,0,0),(1,18,1,0,0),(1,19,1,0,0),(1,20,1,0,0),(1,21,1,0,0),(1,22,1,0,0),(1,23,1,0,0),(1,24,1,0,0),(1,25,1,0,0),(1,26,1,0,0),(1,27,1,0,0),(1,28,1,0,0),(1,29,1,0,0),(1,30,1,0,0),(1,31,1,0,0),(1,32,1,0,0),(1,33,1,0,0),(1,34,1,0,0),(1,35,1,0,0),(1,36,1,0,0),(1,37,1,0,0),(1,38,1,0,0),(1,39,1,0,0),(1,40,1,0,0),(1,41,1,0,0),(1,42,1,0,0),(1,43,1,0,0),(1,44,1,0,0),(1,45,1,0,0),(1,46,1,0,0),(1,47,1,0,0),(1,48,1,0,0),(1,49,1,0,0),(1,50,1,0,0),(1,51,1,0,0),(1,52,1,0,0),(1,53,1,0,0),(1,54,1,0,0),(1,55,1,0,0),(1,56,1,0,0),(1,57,1,0,0),(1,58,1,0,0),(1,59,1,0,0),(1,60,1,0,0),(1,61,1,0,0),(1,62,1,0,0),(1,63,1,0,0),(1,64,1,0,0),(1,65,1,0,0),(1,66,1,0,0),(1,67,1,0,0),(1,68,1,0,0),(1,70,1,0,0),(1,71,1,0,0),(1,72,1,0,0),(1,73,1,0,0),(1,74,1,0,0),(1,75,1,0,0),(1,76,1,0,0),(1,77,1,0,0),(1,78,1,0,0),(1,79,1,0,0),(1,80,1,0,0),(1,81,1,0,0),(1,82,1,0,0),(1,83,1,0,0),(1,84,1,0,0),(2,1,1,1,1),(2,2,1,1,1),(2,3,1,1,1),(2,4,1,1,1),(2,5,1,1,1),(2,6,1,1,1),(2,7,1,1,1),(2,8,1,1,1),(2,9,1,1,1),(2,10,1,1,1),(2,11,1,1,1),(2,12,1,1,1),(2,13,1,1,1),(2,14,1,1,1),(2,15,1,1,1),(2,16,1,1,1),(2,17,1,1,1),(2,18,1,1,1),(2,19,1,1,1),(2,20,1,1,1),(2,21,1,1,1),(2,22,1,1,1),(2,23,1,1,1),(2,24,1,1,1),(2,25,1,1,1),(2,26,1,1,1),(2,27,1,1,1),(2,28,1,1,1),(2,29,1,1,1),(2,30,1,1,1),(2,31,1,1,1),(2,32,1,1,1),(2,33,1,1,1),(2,34,1,1,1),(2,35,1,1,1),(2,36,1,1,1),(2,37,1,1,1),(2,38,1,1,1),(2,39,1,1,1),(2,40,1,1,1),(2,41,1,1,1),(2,42,1,1,1),(2,43,1,1,1),(2,44,1,1,1),(2,45,1,1,1),(2,46,1,1,1),(2,47,1,1,1),(2,48,1,1,1),(2,49,1,1,1),(2,50,1,1,1),(2,51,1,1,1),(2,52,1,1,1),(2,53,1,1,1),(2,54,1,1,1),(2,55,1,1,1),(2,56,1,1,1),(2,57,1,1,1),(2,58,1,1,1),(2,59,1,1,1),(2,60,1,1,1),(2,61,1,1,1),(2,62,1,1,1),(2,63,1,1,1),(2,64,1,1,1),(2,65,1,1,1),(2,66,1,1,1),(2,67,1,1,1),(2,68,1,1,1),(2,70,1,1,1),(2,71,1,1,1),(2,72,1,1,1),(2,73,1,1,1),(2,74,1,1,1),(2,75,1,1,1),(2,76,1,1,1),(2,77,1,1,1),(2,78,1,1,1),(2,79,1,1,1),(2,80,1,1,1),(2,81,1,1,1),(2,82,1,1,1),(2,83,1,1,1),(2,84,1,1,1),(3,1,1,0,0),(3,2,1,0,0),(3,3,1,0,0),(3,4,1,0,0),(3,5,1,0,0),(3,6,1,0,0),(3,7,1,0,0),(3,8,1,0,0),(3,9,1,0,0),(3,10,1,0,0),(3,11,1,0,0),(3,12,1,0,0),(3,13,1,0,0),(3,14,1,0,0),(3,15,1,0,0),(3,16,1,0,0),(3,17,1,0,0),(3,18,1,0,0),(3,19,1,0,0),(3,20,1,0,0),(3,21,1,0,0),(3,22,1,0,0),(3,23,1,0,0),(3,24,1,0,0),(3,25,1,0,0),(3,26,1,0,0),(3,27,1,0,0),(3,28,1,0,0),(3,29,1,0,0),(3,30,1,0,0),(3,31,1,0,0),(3,32,1,0,0),(3,33,1,0,0),(3,34,1,0,0),(3,35,1,0,0),(3,36,1,0,0),(3,37,1,0,0),(3,38,1,0,0),(3,39,1,0,0),(3,40,1,0,0),(3,41,1,0,0),(3,42,1,0,0),(3,43,1,0,0),(3,44,1,0,0),(3,45,1,0,0),(3,46,1,0,0),(3,47,1,0,0),(3,48,1,0,0),(3,49,1,0,0),(3,50,1,0,0),(3,51,1,0,0),(3,52,1,0,0),(3,53,1,0,0),(3,54,1,0,0),(3,55,1,0,0),(3,56,1,0,0),(3,57,1,0,0),(3,58,1,0,0),(3,59,1,0,0),(3,60,1,0,0),(3,61,1,0,0),(3,62,1,0,0),(3,63,1,0,0),(3,64,1,0,0),(3,65,1,0,0),(3,66,1,0,0),(3,67,1,0,0),(3,68,1,0,0),(3,70,1,0,0),(3,71,1,0,0),(3,72,1,0,0),(3,73,1,0,0),(3,74,1,0,0),(3,75,1,0,0),(3,76,1,0,0),(3,77,1,0,0),(3,78,1,0,0),(3,79,1,0,0),(3,80,1,0,0),(3,81,1,0,0),(3,82,1,0,0),(3,83,1,0,0),(3,84,1,0,0),(4,1,1,1,1),(4,2,1,1,1),(4,3,1,1,1),(4,4,1,1,1),(4,5,1,1,1),(4,6,1,1,1),(4,7,1,1,1),(4,8,1,1,1),(4,9,1,1,1),(4,10,1,1,1),(4,11,1,1,1),(4,12,1,1,1),(4,13,1,1,1),(4,14,1,1,1),(4,15,1,1,1),(4,16,1,1,1),(4,17,1,1,1),(4,18,1,1,1),(4,19,1,1,1),(4,20,1,1,1),(4,21,1,1,1),(4,22,1,1,1),(4,23,1,1,1),(4,24,1,1,1),(4,25,1,1,1),(4,26,1,1,1),(4,27,1,1,1),(4,28,1,1,1),(4,29,1,1,1),(4,30,1,1,1),(4,31,1,1,1),(4,32,1,1,1),(4,33,1,1,1),(4,34,1,1,1),(4,35,1,1,1),(4,36,1,1,1),(4,37,1,1,1),(4,38,1,1,1),(4,39,1,1,1),(4,40,1,1,1),(4,41,1,1,1),(4,42,1,1,1),(4,43,1,1,1),(4,44,1,1,1),(4,45,1,1,1),(4,46,1,1,1),(4,47,1,1,1),(4,48,1,1,1),(4,49,1,1,1),(4,50,1,1,1),(4,51,1,1,1),(4,52,1,1,1),(4,53,1,1,1),(4,54,1,1,1),(4,55,1,1,1),(4,56,1,1,1),(4,57,1,1,1),(4,58,1,1,1),(4,59,1,1,1),(4,60,1,1,1),(4,61,1,1,1),(4,62,1,1,1),(4,63,1,1,1),(4,64,1,1,1),(4,65,1,1,1),(4,66,1,1,1),(4,67,1,1,1),(4,68,1,1,1),(4,70,1,1,1),(4,71,1,1,1),(4,72,1,1,1),(4,73,1,1,1),(4,74,1,1,1),(4,75,1,1,1),(4,76,1,1,1),(4,77,1,1,1),(4,78,1,1,1),(4,79,1,1,1),(4,80,1,1,1),(4,81,1,1,1),(4,82,1,1,1),(4,83,1,1,1),(4,84,1,1,1);

--
-- Table structure for table `ps_module_country`
--

CREATE TABLE `ps_module_country` (
  `id_module` int(10) unsigned NOT NULL,
  `id_shop` int(11) unsigned NOT NULL DEFAULT '1',
  `id_country` int(10) unsigned NOT NULL,
  PRIMARY KEY (`id_module`,`id_shop`,`id_country`)
) ENGINE=InnoDB DEFAULT CHARSET=utf8;

--
-- Dumping data for table `ps_module_country`
--

INSERT INTO `ps_module_country` VALUES (3,1,10),(30,1,10),(82,1,10);

--
-- Table structure for table `ps_module_currency`
--

CREATE TABLE `ps_module_currency` (
  `id_module` int(10) unsigned NOT NULL,
  `id_shop` int(11) unsigned NOT NULL DEFAULT '1',
  `id_currency` int(11) NOT NULL,
  PRIMARY KEY (`id_module`,`id_shop`,`id_currency`),
  KEY `id_module` (`id_module`)
) ENGINE=InnoDB DEFAULT CHARSET=utf8;

--
-- Dumping data for table `ps_module_currency`
--

INSERT INTO `ps_module_currency` VALUES (3,1,1),(30,1,1),(82,1,-2);

--
-- Table structure for table `ps_module_group`
--

CREATE TABLE `ps_module_group` (
  `id_module` int(10) unsigned NOT NULL,
  `id_shop` int(11) unsigned NOT NULL DEFAULT '1',
  `id_group` int(11) unsigned NOT NULL,
  PRIMARY KEY (`id_module`,`id_shop`,`id_group`)
) ENGINE=InnoDB DEFAULT CHARSET=utf8;

--
-- Dumping data for table `ps_module_group`
--

INSERT INTO `ps_module_group` VALUES (1,1,1),(1,1,2),(1,1,3),(2,1,1),(2,1,2),(2,1,3),(3,1,1),(3,1,2),(3,1,3),(4,1,1),(4,1,2),(4,1,3),(5,1,1),(5,1,2),(5,1,3),(6,1,1),(6,1,2),(6,1,3),(7,1,1),(7,1,2),(7,1,3),(8,1,1),(8,1,2),(8,1,3),(9,1,1),(9,1,2),(9,1,3),(10,1,1),(10,1,2),(10,1,3),(11,1,1),(11,1,2),(11,1,3),(12,1,1),(12,1,2),(12,1,3),(13,1,1),(13,1,2),(13,1,3),(14,1,1),(14,1,2),(14,1,3),(15,1,1),(15,1,2),(15,1,3),(16,1,1),(16,1,2),(16,1,3),(17,1,1),(17,1,2),(17,1,3),(18,1,1),(18,1,2),(18,1,3),(19,1,1),(19,1,2),(19,1,3),(20,1,1),(20,1,2),(20,1,3),(21,1,1),(21,1,2),(21,1,3),(22,1,1),(22,1,2),(22,1,3),(23,1,1),(23,1,2),(23,1,3),(24,1,1),(24,1,2),(24,1,3),(25,1,1),(25,1,2),(25,1,3),(26,1,1),(26,1,2),(26,1,3),(27,1,1),(27,1,2),(27,1,3),(28,1,1),(28,1,2),(28,1,3),(29,1,1),(29,1,2),(29,1,3),(30,1,1),(30,1,2),(30,1,3),(31,1,1),(31,1,2),(31,1,3),(32,1,1),(32,1,2),(32,1,3),(33,1,1),(33,1,2),(33,1,3),(34,1,1),(34,1,2),(34,1,3),(35,1,1),(35,1,2),(35,1,3),(36,1,1),(36,1,2),(36,1,3),(37,1,1),(37,1,2),(37,1,3),(38,1,1),(38,1,2),(38,1,3),(39,1,1),(39,1,2),(39,1,3),(40,1,1),(40,1,2),(40,1,3),(41,1,1),(41,1,2),(41,1,3),(42,1,1),(42,1,2),(42,1,3),(43,1,1),(43,1,2),(43,1,3),(44,1,1),(44,1,2),(44,1,3),(45,1,1),(45,1,2),(45,1,3),(46,1,1),(46,1,2),(46,1,3),(47,1,1),(47,1,2),(47,1,3),(48,1,1),(48,1,2),(48,1,3),(49,1,1),(49,1,2),(49,1,3),(50,1,1),(50,1,2),(50,1,3),(51,1,1),(51,1,2),(51,1,3),(52,1,1),(52,1,2),(52,1,3),(53,1,1),(53,1,2),(53,1,3),(54,1,1),(54,1,2),(54,1,3),(55,1,1),(55,1,2),(55,1,3),(56,1,1),(56,1,2),(56,1,3),(57,1,1),(57,1,2),(57,1,3),(58,1,1),(58,1,2),(58,1,3),(59,1,1),(59,1,2),(59,1,3),(60,1,1),(60,1,2),(60,1,3),(61,1,1),(61,1,2),(61,1,3),(62,1,1),(62,1,2),(62,1,3),(63,1,1),(63,1,2),(63,1,3),(64,1,1),(64,1,2),(64,1,3),(65,1,1),(65,1,2),(65,1,3),(66,1,1),(66,1,2),(66,1,3),(67,1,1),(67,1,2),(67,1,3),(68,1,1),(68,1,2),(68,1,3),(70,1,1),(70,1,2),(70,1,3),(71,1,1),(71,1,2),(71,1,3),(72,1,1),(72,1,2),(72,1,3),(73,1,1),(73,1,2),(73,1,3),(74,1,1),(74,1,2),(74,1,3),(75,1,1),(75,1,2),(75,1,3),(76,1,1),(76,1,2),(76,1,3),(77,1,1),(77,1,2),(77,1,3),(78,1,1),(78,1,2),(78,1,3),(79,1,1),(79,1,2),(79,1,3),(80,1,1),(80,1,2),(80,1,3),(81,1,1),(81,1,2),(81,1,3),(82,1,1),(82,1,2),(82,1,3),(83,1,1),(83,1,2),(83,1,3),(84,1,1),(84,1,2),(84,1,3);

--
-- Table structure for table `ps_module_preference`
--

CREATE TABLE `ps_module_preference` (
  `id_module_preference` int(11) NOT NULL AUTO_INCREMENT,
  `id_employee` int(11) NOT NULL,
  `module` varchar(255) NOT NULL,
  `interest` tinyint(1) DEFAULT NULL,
  `favorite` tinyint(1) DEFAULT NULL,
  PRIMARY KEY (`id_module_preference`),
  UNIQUE KEY `employee_module` (`id_employee`,`module`)
) ENGINE=InnoDB AUTO_INCREMENT=13 DEFAULT CHARSET=utf8;

--
-- Dumping data for table `ps_module_preference`
--

INSERT INTO `ps_module_preference` VALUES (1,1,'tmblocklink2',NULL,1),(2,1,'tmblocklink1',NULL,1),(3,1,'tmnewproducts',NULL,1),(4,1,'tmhomeslider',NULL,1),(5,1,'tmfeatureproducts',NULL,1),(6,1,'blocktopmenu',NULL,1),(7,1,'blockcms',NULL,1),(8,1,'ebay',NULL,1),(9,2,'ebay',NULL,1),(10,1,'ganalytics',NULL,1),(11,2,'watermark',NULL,1),(12,1,'productscategory',NULL,1);

--
-- Table structure for table `ps_module_shop`
--

CREATE TABLE `ps_module_shop` (
  `id_module` int(11) unsigned NOT NULL,
  `id_shop` int(11) unsigned NOT NULL,
  `enable_device` tinyint(1) NOT NULL DEFAULT '7',
  PRIMARY KEY (`id_module`,`id_shop`),
  KEY `id_shop` (`id_shop`)
) ENGINE=InnoDB DEFAULT CHARSET=utf8;

--
-- Dumping data for table `ps_module_shop`
--

INSERT INTO `ps_module_shop` VALUES (1,1,7),(3,1,7),(4,1,7),(5,1,7),(6,1,7),(7,1,7),(8,1,7),(10,1,7),(11,1,7),(12,1,7),(15,1,7),(16,1,7),(17,1,7),(18,1,7),(19,1,7),(20,1,7),(21,1,7),(22,1,7),(23,1,7),(24,1,7),(25,1,7),(26,1,7),(27,1,7),(28,1,7),(29,1,7),(30,1,7),(31,1,7),(32,1,7),(33,1,7),(34,1,7),(35,1,7),(36,1,7),(38,1,7),(40,1,7),(41,1,7),(42,1,7),(43,1,7),(44,1,7),(45,1,7),(46,1,7),(47,1,7),(48,1,7),(49,1,7),(50,1,7),(51,1,7),(52,1,7),(53,1,7),(54,1,7),(55,1,7),(56,1,7),(57,1,7),(58,1,7),(59,1,7),(60,1,7),(61,1,7),(62,1,7),(64,1,7),(65,1,7),(66,1,7),(67,1,7),(68,1,7),(70,1,7),(71,1,7),(72,1,7),(73,1,7),(74,1,3),(75,1,7),(76,1,7),(77,1,7),(78,1,7),(79,1,7),(81,1,7),(82,1,7),(83,1,7),(84,1,7);

--
-- Table structure for table `ps_modules_perfs`
--

CREATE TABLE `ps_modules_perfs` (
  `id_modules_perfs` int(11) unsigned NOT NULL AUTO_INCREMENT,
  `session` int(11) unsigned NOT NULL,
  `module` varchar(62) NOT NULL,
  `method` varchar(126) NOT NULL,
  `time_start` double unsigned NOT NULL,
  `time_end` double unsigned NOT NULL,
  `memory_start` int(10) unsigned NOT NULL,
  `memory_end` int(10) unsigned NOT NULL,
  PRIMARY KEY (`id_modules_perfs`),
  KEY `session` (`session`)
) ENGINE=InnoDB DEFAULT CHARSET=utf8;

--
-- Dumping data for table `ps_modules_perfs`
--


--
-- Table structure for table `ps_newsletter`
--

CREATE TABLE `ps_newsletter` (
  `id` int(6) NOT NULL AUTO_INCREMENT,
  `id_shop` int(10) unsigned NOT NULL DEFAULT '1',
  `id_shop_group` int(10) unsigned NOT NULL DEFAULT '1',
  `email` varchar(255) NOT NULL,
  `newsletter_date_add` datetime DEFAULT NULL,
  `ip_registration_newsletter` varchar(15) NOT NULL,
  `http_referer` varchar(255) DEFAULT NULL,
  `active` tinyint(1) NOT NULL DEFAULT '0',
  PRIMARY KEY (`id`)
) ENGINE=InnoDB DEFAULT CHARSET=utf8;

--
-- Dumping data for table `ps_newsletter`
--


--
-- Table structure for table `ps_operating_system`
--

CREATE TABLE `ps_operating_system` (
  `id_operating_system` int(10) unsigned NOT NULL AUTO_INCREMENT,
  `name` varchar(64) DEFAULT NULL,
  PRIMARY KEY (`id_operating_system`)
) ENGINE=InnoDB AUTO_INCREMENT=8 DEFAULT CHARSET=utf8;

--
-- Dumping data for table `ps_operating_system`
--

INSERT INTO `ps_operating_system` VALUES (1,'Windows XP'),(2,'Windows Vista'),(3,'Windows 7'),(4,'Windows 8'),(5,'MacOsX'),(6,'Linux'),(7,'Android');

--
-- Table structure for table `ps_order_carrier`
--

CREATE TABLE `ps_order_carrier` (
  `id_order_carrier` int(11) NOT NULL AUTO_INCREMENT,
  `id_order` int(11) unsigned NOT NULL,
  `id_carrier` int(11) unsigned NOT NULL,
  `id_order_invoice` int(11) unsigned DEFAULT NULL,
  `weight` decimal(20,6) DEFAULT NULL,
  `shipping_cost_tax_excl` decimal(20,6) DEFAULT NULL,
  `shipping_cost_tax_incl` decimal(20,6) DEFAULT NULL,
  `tracking_number` varchar(64) DEFAULT NULL,
  `date_add` datetime NOT NULL,
  PRIMARY KEY (`id_order_carrier`),
  KEY `id_order` (`id_order`),
  KEY `id_carrier` (`id_carrier`),
  KEY `id_order_invoice` (`id_order_invoice`)
) ENGINE=InnoDB AUTO_INCREMENT=333 DEFAULT CHARSET=utf8;

--
-- Dumping data for table `ps_order_carrier`
--

INSERT INTO `ps_order_carrier` VALUES (1,1,2,0,0.000000,2.000000,2.000000,'','2016-02-15 10:48:15'),(2,2,2,0,0.000000,2.000000,2.000000,'','2016-02-15 10:48:15'),(3,3,2,0,0.000000,2.000000,2.000000,'','2016-02-15 10:48:15'),(4,4,2,0,0.000000,2.000000,2.000000,'','2016-02-15 10:48:15'),(5,5,2,0,0.000000,2.000000,2.000000,'','2016-02-15 10:48:15'),(6,6,1,0,0.000000,0.000000,0.000000,'','2016-03-08 16:09:58'),(7,7,14,0,0.000000,7.000000,7.000000,'','2016-03-12 15:41:50'),(8,8,17,1,0.000000,2.000000,2.000000,'','2016-04-05 19:34:55'),(9,9,17,2,0.000000,2.000000,2.000000,'','2016-04-06 12:59:41'),(10,11,17,4,0.000000,2.000000,2.000000,'','2016-04-08 02:01:59'),(11,10,17,3,0.000000,2.000000,2.000000,'','2016-04-08 02:01:59'),(12,12,14,5,0.000000,7.000000,7.000000,'','2016-04-11 14:29:07'),(13,13,17,6,0.000000,2.000000,2.000000,'','2016-04-11 19:15:07'),(14,14,17,7,0.000000,2.000000,2.000000,'','2016-04-11 21:51:33'),(15,15,17,8,0.000000,2.000000,2.000000,'','2016-04-12 11:51:51'),(16,16,14,9,0.000000,7.000000,7.000000,'','2016-04-12 11:51:57'),(17,17,14,10,0.000000,7.000000,7.000000,'','2016-04-12 18:08:34'),(18,18,14,11,0.000000,7.000000,7.000000,'','2016-04-13 11:00:23'),(19,19,17,12,0.000000,2.000000,2.000000,'','2016-04-15 09:11:39'),(20,20,24,13,0.000000,1.200000,1.200000,'','2016-04-16 15:52:18'),(21,21,14,14,0.000000,7.000000,7.000000,'','2016-04-16 17:43:00'),(22,22,14,15,0.000000,7.000000,7.000000,'','2016-04-16 19:06:28'),(23,23,24,16,0.000000,1.200000,1.200000,'','2016-04-17 10:38:41'),(24,24,31,17,0.000000,3.000000,3.000000,'','2016-04-17 19:59:38'),(25,25,37,18,0.000000,2.000000,2.000000,'','2016-04-17 22:04:58'),(26,26,5,19,0.000000,0.000000,0.000000,'','2016-04-17 23:10:13'),(27,27,32,20,0.000000,6.500000,6.500000,'','2016-04-18 15:50:26'),(28,28,36,21,0.000000,3.000000,3.000000,'','2016-04-18 18:18:30'),(29,29,5,22,0.000000,0.000000,0.000000,'','2016-04-18 20:23:56'),(30,30,5,23,0.000000,0.000000,0.000000,'','2016-04-18 23:59:16'),(31,31,36,24,0.000000,3.000000,3.000000,'','2016-04-19 09:03:13'),(32,32,5,25,0.000000,0.000000,0.000000,'','2016-04-19 11:32:32'),(33,33,5,26,0.000000,0.000000,0.000000,'','2016-04-19 20:43:41'),(34,34,5,27,0.000000,0.000000,0.000000,'','2016-04-19 20:43:43'),(35,35,5,28,0.000000,0.000000,0.000000,'','2016-04-19 22:34:15'),(36,36,32,29,0.000000,6.500000,6.500000,'','2016-04-20 11:13:38'),(37,37,5,30,0.000000,0.000000,0.000000,'','2016-04-20 18:53:21'),(38,38,32,31,0.000000,6.500000,6.500000,'','2016-04-21 11:43:32'),(39,39,5,32,0.000000,0.000000,0.000000,'','2016-04-21 12:24:09'),(40,40,32,33,0.000000,6.500000,6.500000,'','2016-04-21 17:07:14'),(41,41,5,34,0.000000,0.000000,0.000000,'','2016-04-22 23:00:07'),(42,42,5,35,0.000000,0.000000,0.000000,'','2016-04-24 12:17:49'),(43,43,5,36,0.000000,0.000000,0.000000,'','2016-04-24 20:10:36'),(44,44,5,37,0.000000,0.000000,0.000000,'','2016-04-26 02:12:41'),(45,45,36,38,0.000000,3.000000,3.000000,'','2016-04-26 17:08:59'),(46,46,5,39,0.000000,0.000000,0.000000,'','2016-04-27 00:39:30'),(47,47,36,40,0.000000,3.000000,3.000000,'','2016-04-27 19:58:45'),(48,48,5,41,0.000000,0.000000,0.000000,'','2016-04-28 09:40:05'),(49,49,42,42,0.000000,2.400000,2.400000,'','2016-04-28 19:46:46'),(50,50,32,43,0.000000,6.500000,6.500000,'','2016-04-29 14:24:35'),(51,51,32,44,0.000000,6.500000,6.500000,'','2016-04-29 17:07:22'),(52,52,42,45,0.000000,2.400000,2.400000,'','2016-04-29 19:15:49'),(53,53,42,46,0.000000,2.400000,2.400000,'','2016-04-29 20:05:20'),(54,54,42,47,0.000000,2.400000,2.400000,'','2016-04-30 10:32:31'),(55,55,32,48,0.000000,6.500000,6.500000,'','2016-04-30 13:33:54'),(56,56,42,49,0.000000,2.400000,2.400000,'','2016-05-01 09:57:33'),(57,57,32,50,0.000000,6.500000,6.500000,'','2016-05-01 18:47:10'),(58,58,42,51,0.000000,2.400000,2.400000,'','2016-05-01 23:44:22'),(59,59,32,52,0.000000,6.500000,6.500000,'','2016-05-02 13:07:02'),(60,60,42,53,0.000000,2.400000,2.400000,'','2016-05-02 13:07:04'),(61,61,42,54,0.000000,2.400000,2.400000,'','2016-05-02 16:31:07'),(62,62,42,55,0.000000,2.400000,2.400000,'','2016-05-02 21:35:21'),(63,63,42,56,0.000000,2.400000,2.400000,'','2016-05-02 22:53:23'),(64,64,32,57,0.000000,6.500000,6.500000,'','2016-05-03 10:12:28'),(65,65,32,58,0.000000,6.500000,6.500000,'','2016-05-03 10:25:21'),(66,66,42,59,0.000000,2.400000,2.400000,'','2016-05-04 15:06:34'),(67,67,32,60,0.000000,6.500000,6.500000,'','2016-05-04 22:09:16'),(68,68,42,61,0.000000,2.400000,2.400000,'','2016-05-08 11:47:03'),(69,69,42,62,0.000000,2.400000,2.400000,'','2016-05-08 22:40:20'),(70,70,5,63,0.000000,0.000000,0.000000,'','2016-05-09 11:28:04'),(71,71,42,64,0.000000,2.400000,2.400000,'','2016-05-09 22:57:13'),(72,72,42,65,0.000000,2.400000,2.400000,'','2016-05-10 19:38:45'),(73,73,42,66,0.000000,2.400000,2.400000,'','2016-05-12 09:44:01'),(74,74,5,67,0.000000,0.000000,0.000000,'','2016-05-12 11:27:12'),(75,75,42,68,0.000000,2.400000,2.400000,'','2016-05-14 19:24:54'),(76,76,42,69,0.000000,2.400000,2.400000,'','2016-05-15 11:28:54'),(77,77,42,70,0.000000,2.400000,2.400000,'','2016-05-15 12:27:45'),(78,78,42,71,0.000000,2.400000,2.400000,'','2016-05-15 12:27:51'),(79,79,32,72,0.000000,6.500000,6.500000,'','2016-05-15 18:10:24'),(80,80,42,73,0.000000,2.400000,2.400000,'','2016-05-17 09:33:48'),(81,81,42,74,0.000000,2.400000,2.400000,'','2016-05-17 18:05:28'),(82,82,42,75,0.000000,2.400000,2.400000,'','2016-05-18 10:17:42'),(83,83,42,76,0.000000,2.400000,2.400000,'','2016-05-18 11:08:31'),(84,84,5,77,0.000000,0.000000,0.000000,'','2016-05-18 13:46:28'),(85,85,42,78,0.000000,2.400000,2.400000,'','2016-05-18 18:16:24'),(86,86,42,79,0.000000,2.400000,2.400000,'','2016-05-19 09:44:40'),(87,87,42,80,0.000000,2.400000,2.400000,'','2016-05-19 09:44:41'),(88,88,42,81,0.000000,2.400000,2.400000,'','2016-05-19 22:56:13'),(89,89,42,82,0.000000,2.400000,2.400000,'','2016-05-20 10:48:15'),(90,90,42,83,0.000000,2.400000,2.400000,'','2016-05-21 16:19:11'),(91,91,42,84,0.000000,2.400000,2.400000,'','2016-05-22 10:52:42'),(92,92,5,85,0.000000,0.000000,0.000000,'','2016-05-23 23:48:43'),(93,93,42,86,0.000000,2.400000,2.400000,'','2016-05-24 01:20:31'),(94,94,5,87,0.000000,0.000000,0.000000,'','2016-05-24 14:38:55'),(95,95,32,88,0.000000,6.500000,6.500000,'','2016-05-24 20:18:34'),(96,96,5,89,0.000000,0.000000,0.000000,'','2016-05-25 13:19:08'),(97,97,42,90,0.000000,2.400000,2.400000,'','2016-05-25 15:10:39'),(98,98,42,91,0.000000,2.400000,2.400000,'','2016-05-25 17:29:29'),(99,99,5,92,0.000000,0.000000,0.000000,'','2016-05-26 12:47:32'),(100,100,5,93,0.000000,0.000000,0.000000,'','2016-05-26 13:45:18'),(101,101,5,94,0.000000,0.000000,0.000000,'','2016-05-27 11:52:05'),(102,102,5,95,0.000000,0.000000,0.000000,'','2016-05-28 09:50:44'),(103,103,5,96,0.000000,0.000000,0.000000,'','2016-05-28 15:06:02'),(104,104,42,97,0.000000,2.400000,2.400000,'','2016-05-29 10:59:58'),(105,105,42,98,0.000000,2.400000,2.400000,'','2016-05-30 09:25:49'),(106,106,42,99,0.000000,2.400000,2.400000,'','2016-05-31 19:45:18'),(107,107,5,100,0.000000,0.000000,0.000000,'','2016-06-03 09:22:38'),(108,108,5,101,0.000000,0.000000,0.000000,'','2016-06-03 09:22:40'),(109,109,32,102,0.000000,6.500000,6.500000,'','2016-06-03 09:22:44'),(110,110,5,103,0.000000,0.000000,0.000000,'','2016-06-03 10:26:45'),(111,111,5,104,0.000000,0.000000,0.000000,'','2016-06-03 15:50:36'),(112,112,42,105,0.000000,2.400000,2.400000,'','2016-06-03 18:05:46'),(113,113,5,106,0.000000,0.000000,0.000000,'','2016-06-07 15:01:55'),(114,114,32,107,0.000000,6.500000,6.500000,'','2016-06-07 19:58:39'),(115,115,32,108,0.000000,6.500000,6.500000,'','2016-06-08 21:40:29'),(116,116,42,109,0.000000,2.400000,2.400000,'','2016-06-11 09:11:43'),(117,117,42,110,0.000000,2.400000,2.400000,'','2016-06-14 15:00:17'),(118,118,5,111,0.000000,0.000000,0.000000,'','2016-06-14 20:00:38'),(119,119,42,112,0.000000,2.400000,2.400000,'','2016-06-15 20:29:14'),(120,120,5,113,0.000000,0.000000,0.000000,'','2016-06-16 18:35:15'),(121,121,42,114,0.000000,2.400000,2.400000,'','2016-06-17 17:08:14'),(122,122,42,115,0.000000,2.400000,2.400000,'','2016-06-19 22:04:35'),(123,123,42,116,0.000000,2.400000,2.400000,'','2016-06-20 10:04:02'),(124,124,5,117,0.000000,0.000000,0.000000,'','2016-06-20 10:04:09'),(125,125,42,118,0.000000,2.400000,2.400000,'','2016-06-21 17:35:33'),(126,126,5,119,0.000000,0.000000,0.000000,'','2016-06-22 19:46:21'),(127,127,5,120,0.000000,0.000000,0.000000,'','2016-06-24 18:38:49'),(128,128,42,121,0.000000,2.400000,2.400000,'','2016-06-25 07:24:47'),(129,129,5,122,0.000000,0.000000,0.000000,'','2016-06-26 17:31:34'),(130,130,32,123,0.000000,6.500000,6.500000,'','2016-06-27 10:22:45'),(131,131,32,124,0.000000,6.500000,6.500000,'','2016-07-02 08:43:32'),(132,132,5,125,0.000000,0.000000,0.000000,'','2016-07-05 12:42:27'),(133,133,5,126,0.000000,0.000000,0.000000,'','2016-07-06 17:15:17'),(134,134,5,127,0.000000,0.000000,0.000000,'','2016-07-07 12:17:19'),(135,135,32,128,0.000000,6.500000,6.500000,'','2016-07-07 13:47:58'),(136,136,42,129,0.000000,2.400000,2.400000,'','2016-07-08 18:41:15'),(137,137,42,130,0.000000,2.400000,2.400000,'','2016-07-09 00:03:24'),(138,138,5,131,0.000000,0.000000,0.000000,'','2016-07-11 17:58:12'),(139,139,5,132,0.000000,0.000000,0.000000,'','2016-07-13 00:11:41'),(140,140,5,133,0.000000,0.000000,0.000000,'','2016-07-13 00:11:43'),(141,141,5,134,0.000000,0.000000,0.000000,'','2016-07-13 22:07:16'),(142,142,5,135,0.000000,0.000000,0.000000,'','2016-07-14 18:35:03'),(143,143,5,136,0.000000,0.000000,0.000000,'','2016-07-15 01:01:13'),(144,144,5,137,0.000000,0.000000,0.000000,'','2016-07-15 02:22:39'),(145,145,42,138,0.000000,2.400000,2.400000,'','2016-07-15 13:47:41'),(146,146,5,139,0.000000,0.000000,0.000000,'','2016-07-15 14:21:12'),(147,147,5,140,0.000000,0.000000,0.000000,'','2016-07-15 16:10:08'),(148,148,32,141,0.000000,6.500000,6.500000,'','2016-07-16 14:30:49'),(149,149,5,142,0.000000,0.000000,0.000000,'','2016-07-18 20:50:06'),(150,150,5,143,0.000000,0.000000,0.000000,'','2016-07-19 06:26:36'),(151,151,42,144,0.000000,2.400000,2.400000,'','2016-07-19 10:43:01'),(152,152,42,145,0.000000,2.400000,2.400000,'','2016-07-19 17:23:03'),(153,153,5,146,0.000000,0.000000,0.000000,'','2016-07-20 12:13:34'),(154,154,5,147,0.000000,0.000000,0.000000,'','2016-07-20 23:12:14'),(155,155,5,148,0.000000,0.000000,0.000000,'','2016-07-21 03:15:10'),(156,156,5,149,0.000000,0.000000,0.000000,'','2016-07-21 10:33:50'),(157,157,42,150,0.000000,2.400000,2.400000,'','2016-07-21 13:35:07'),(158,158,5,151,0.000000,0.000000,0.000000,'','2016-07-21 15:57:41'),(159,159,5,152,0.000000,0.000000,0.000000,'','2016-07-21 20:45:38'),(160,160,42,153,0.000000,2.400000,2.400000,'','2016-07-22 11:41:49'),(161,161,5,154,0.000000,0.000000,0.000000,'','2016-07-22 14:48:14'),(162,162,5,155,0.000000,0.000000,0.000000,'','2016-07-22 15:57:26'),(163,163,5,156,0.000000,0.000000,0.000000,'','2016-07-22 21:03:20'),(164,164,5,157,0.000000,0.000000,0.000000,'','2016-07-22 21:03:26'),(165,165,32,158,0.000000,6.500000,6.500000,'','2016-07-22 21:03:35'),(166,166,42,159,0.000000,2.400000,2.400000,'','2016-07-22 22:16:08'),(167,167,5,160,0.000000,0.000000,0.000000,'','2016-07-22 22:46:54'),(168,168,5,161,0.000000,0.000000,0.000000,'','2016-07-22 23:19:59'),(169,169,5,162,0.000000,0.000000,0.000000,'','2016-07-23 03:14:25'),(170,170,5,163,0.000000,0.000000,0.000000,'','2016-07-23 14:30:31'),(171,171,32,164,0.000000,6.500000,6.500000,'','2016-07-23 18:40:08'),(172,172,5,165,0.000000,0.000000,0.000000,'','2016-07-23 19:29:35'),(173,173,5,166,0.000000,0.000000,0.000000,'','2016-07-24 02:45:09'),(174,174,5,167,0.000000,0.000000,0.000000,'','2016-07-25 01:45:47'),(175,175,5,168,0.000000,0.000000,0.000000,'','2016-07-25 14:34:20'),(176,176,5,169,0.000000,0.000000,0.000000,'','2016-07-25 15:42:41'),(177,177,5,170,0.000000,0.000000,0.000000,'','2016-07-26 13:08:45'),(178,178,5,171,0.000000,0.000000,0.000000,'','2016-07-27 00:56:45'),(179,179,5,172,0.000000,0.000000,0.000000,'','2016-07-27 01:36:56'),(180,180,5,173,0.000000,0.000000,0.000000,'','2016-07-27 07:53:27'),(181,181,42,174,0.000000,2.400000,2.400000,'','2016-07-28 00:13:15'),(182,182,5,175,0.000000,0.000000,0.000000,'','2016-07-28 09:45:27'),(183,183,5,176,0.000000,0.000000,0.000000,'','2016-07-28 11:44:45'),(184,184,5,177,0.000000,0.000000,0.000000,'','2016-07-28 15:14:27'),(185,185,5,178,0.000000,0.000000,0.000000,'','2016-07-29 11:31:27'),(186,186,5,179,0.000000,0.000000,0.000000,'','2016-07-29 19:34:41'),(187,187,32,180,0.000000,6.500000,6.500000,'','2016-07-30 00:29:39'),(188,188,5,181,0.000000,0.000000,0.000000,'','2016-07-30 13:11:00'),(189,189,5,182,0.000000,0.000000,0.000000,'','2016-07-30 15:50:42'),(190,190,42,183,0.000000,2.400000,2.400000,'','2016-07-31 10:13:58'),(191,191,42,184,0.000000,2.400000,2.400000,'','2016-07-31 17:34:10'),(192,192,5,185,0.000000,0.000000,0.000000,'','2016-08-01 12:52:38'),(193,193,5,186,0.000000,0.000000,0.000000,'','2016-08-01 16:42:44'),(194,194,42,187,0.000000,2.400000,2.400000,'','2016-08-01 18:37:32'),(195,195,5,188,0.000000,0.000000,0.000000,'','2016-08-01 22:22:41'),(196,196,5,189,0.000000,0.000000,0.000000,'','2016-08-02 11:56:12'),(197,197,5,190,0.000000,0.000000,0.000000,'','2016-08-02 17:56:43'),(198,198,5,191,0.000000,0.000000,0.000000,'','2016-08-02 18:28:19'),(199,199,5,192,0.000000,0.000000,0.000000,'','2016-08-02 18:28:21'),(200,200,42,193,0.000000,2.400000,2.400000,'','2016-08-02 21:06:00'),(201,201,5,194,0.000000,0.000000,0.000000,'','2016-08-03 15:04:49'),(202,202,42,195,0.000000,2.400000,2.400000,'','2016-08-03 19:50:36'),(203,203,5,196,0.000000,0.000000,0.000000,'','2016-08-04 10:08:36'),(204,204,32,197,0.000000,6.500000,6.500000,'','2016-08-05 08:09:31'),(205,205,5,198,0.000000,0.000000,0.000000,'','2016-08-05 15:05:50'),(206,206,5,199,0.000000,0.000000,0.000000,'','2016-08-05 15:05:52'),(207,207,5,200,0.000000,0.000000,0.000000,'','2016-08-06 14:24:18'),(208,208,5,201,0.000000,0.000000,0.000000,'','2016-08-06 18:25:25'),(209,209,42,202,0.000000,2.400000,2.400000,'','2016-08-06 23:17:03'),(210,210,5,203,0.000000,0.000000,0.000000,'','2016-08-07 18:14:07'),(211,211,42,204,0.000000,2.400000,2.400000,'','2016-08-07 21:04:02'),(212,212,5,205,0.000000,0.000000,0.000000,'','2016-08-08 10:38:14'),(213,213,5,206,0.000000,0.000000,0.000000,'','2016-08-08 11:10:23'),(214,214,5,207,0.000000,0.000000,0.000000,'','2016-08-08 14:53:57'),(215,215,5,208,0.000000,0.000000,0.000000,'','2016-08-08 21:07:06'),(216,216,32,209,0.000000,6.500000,6.500000,'','2016-08-08 23:29:02'),(217,217,5,210,0.000000,0.000000,0.000000,'','2016-08-09 17:03:37'),(218,218,5,211,0.000000,0.000000,0.000000,'','2016-08-09 18:30:07'),(219,219,42,212,0.000000,2.400000,2.400000,'','2016-08-10 10:38:00'),(220,220,42,213,0.000000,2.400000,2.400000,'','2016-08-10 12:50:53'),(221,221,5,214,0.000000,0.000000,0.000000,'','2016-08-11 12:30:52'),(222,222,5,215,0.000000,0.000000,0.000000,'','2016-08-11 19:40:25'),(223,223,5,216,0.000000,0.000000,0.000000,'','2016-08-11 20:49:50'),(224,224,42,217,0.000000,2.400000,2.400000,'','2016-08-12 00:16:39'),(225,225,42,218,0.000000,2.400000,2.400000,'','2016-08-12 07:18:23'),(226,226,5,219,0.000000,0.000000,0.000000,'','2016-08-12 11:18:56'),(227,227,5,220,0.000000,0.000000,0.000000,'','2016-08-12 11:18:58'),(228,228,5,221,0.000000,0.000000,0.000000,'','2016-08-12 11:19:00'),(229,229,5,222,0.000000,0.000000,0.000000,'','2016-08-12 15:09:19'),(230,230,43,0,0.000000,7.000000,7.000000,'','2016-08-12 18:47:55'),(231,231,42,223,0.000000,2.400000,2.400000,'','2016-08-13 18:07:16'),(232,232,42,224,0.000000,2.400000,2.400000,'','2016-08-15 15:13:40'),(233,233,5,225,0.000000,0.000000,0.000000,'','2016-08-16 19:46:34'),(234,234,5,226,0.000000,0.000000,0.000000,'','2016-08-16 22:07:54'),(235,235,42,227,0.000000,2.400000,2.400000,'','2016-08-17 17:22:28'),(236,236,5,228,0.000000,0.000000,0.000000,'','2016-08-17 17:22:30'),(237,237,5,229,0.000000,0.000000,0.000000,'','2016-08-17 22:28:59'),(238,238,5,230,0.000000,0.000000,0.000000,'','2016-08-18 15:12:41'),(239,239,42,231,0.000000,2.400000,2.400000,'','2016-08-18 17:42:51'),(240,240,5,232,0.000000,0.000000,0.000000,'','2016-08-18 17:42:53'),(241,241,5,233,0.000000,0.000000,0.000000,'','2016-08-18 19:39:34'),(242,242,5,234,0.000000,0.000000,0.000000,'','2016-08-18 19:39:36'),(243,243,5,235,0.000000,0.000000,0.000000,'','2016-08-18 23:38:20'),(244,244,5,236,0.000000,0.000000,0.000000,'','2016-08-19 11:15:17'),(245,245,42,237,0.000000,2.400000,2.400000,'','2016-08-19 11:15:27'),(246,246,5,238,0.000000,0.000000,0.000000,'','2016-08-19 11:50:42'),(247,247,5,239,0.000000,0.000000,0.000000,'','2016-08-19 19:25:34'),(248,248,42,240,0.000000,2.400000,2.400000,'','2016-08-19 21:52:53'),(249,249,42,241,0.000000,2.400000,2.400000,'','2016-08-20 11:10:46'),(250,250,5,242,0.000000,0.000000,0.000000,'','2016-08-20 12:24:41'),(251,251,5,243,0.000000,0.000000,0.000000,'','2016-08-20 15:39:51'),(252,252,5,244,0.000000,0.000000,0.000000,'','2016-08-20 18:29:58'),(253,253,5,245,0.000000,0.000000,0.000000,'','2016-08-21 11:51:04'),(254,254,5,246,0.000000,0.000000,0.000000,'','2016-08-21 16:54:34'),(255,255,42,247,0.000000,2.400000,2.400000,'','2016-08-21 16:54:36'),(256,256,5,248,0.000000,0.000000,0.000000,'','2016-08-21 17:25:17'),(257,257,5,249,0.000000,0.000000,0.000000,'','2016-08-21 22:45:11'),(258,258,5,250,0.000000,0.000000,0.000000,'','2016-08-22 11:00:13'),(259,259,5,251,0.000000,0.000000,0.000000,'','2016-08-22 12:02:09'),(260,260,5,252,0.000000,0.000000,0.000000,'','2016-08-23 14:11:33'),(261,261,5,253,0.000000,0.000000,0.000000,'','2016-08-23 14:11:35'),(262,262,5,254,0.000000,0.000000,0.000000,'','2016-08-23 18:18:10'),(263,263,5,255,0.000000,0.000000,0.000000,'','2016-08-23 22:32:48'),(264,264,5,256,0.000000,0.000000,0.000000,'','2016-08-24 13:01:03'),(265,265,5,257,0.000000,0.000000,0.000000,'','2016-08-24 14:53:33'),(266,266,5,258,0.000000,0.000000,0.000000,'','2016-08-24 15:32:31'),(267,267,42,259,0.000000,2.400000,2.400000,'','2016-08-24 16:05:00'),(268,268,5,260,0.000000,0.000000,0.000000,'','2016-08-24 18:43:48'),(269,269,5,261,0.000000,0.000000,0.000000,'','2016-08-24 18:43:50'),(270,270,5,262,0.000000,0.000000,0.000000,'','2016-08-25 10:54:01'),(271,271,5,263,0.000000,0.000000,0.000000,'','2016-08-25 12:21:31'),(272,272,5,264,0.000000,0.000000,0.000000,'','2016-08-25 13:01:19'),(273,273,42,265,0.000000,2.400000,2.400000,'','2016-08-25 19:55:14'),(274,274,42,266,0.000000,2.400000,2.400000,'','2016-08-25 21:59:42'),(275,275,5,267,0.000000,0.000000,0.000000,'','2016-08-25 23:57:17'),(276,276,5,268,0.000000,0.000000,0.000000,'','2016-08-26 21:51:01'),(277,277,5,269,0.000000,0.000000,0.000000,'','2016-08-28 19:41:21'),(278,278,5,270,0.000000,0.000000,0.000000,'','2016-08-29 12:16:13'),(279,279,42,271,0.000000,2.400000,2.400000,'','2016-08-29 12:16:16'),(280,280,5,272,0.000000,0.000000,0.000000,'','2016-08-29 15:16:48'),(281,281,42,273,0.000000,2.400000,2.400000,'','2016-08-30 11:13:33'),(282,282,5,274,0.000000,0.000000,0.000000,'','2016-08-30 16:35:30'),(283,283,5,275,0.000000,0.000000,0.000000,'','2016-08-30 18:00:00'),(284,284,42,276,0.000000,2.400000,2.400000,'','2016-08-30 21:10:57'),(285,285,42,277,0.000000,2.400000,2.400000,'','2016-08-30 23:55:20'),(286,286,5,278,0.000000,0.000000,0.000000,'','2016-08-31 14:41:34'),(287,287,42,279,0.000000,2.400000,2.400000,'','2016-09-01 10:18:54'),(288,288,5,280,0.000000,0.000000,0.000000,'','2016-09-01 12:35:03'),(289,289,5,281,0.000000,0.000000,0.000000,'','2016-09-01 19:05:43'),(290,290,5,282,0.000000,0.000000,0.000000,'','2016-09-01 21:11:37'),(291,291,42,283,0.000000,2.400000,2.400000,'','2016-09-02 16:50:17'),(292,292,42,284,0.000000,2.400000,2.400000,'','2016-09-02 16:50:20'),(293,293,5,285,0.000000,0.000000,0.000000,'','2016-09-02 18:08:48'),(294,294,42,286,0.000000,2.400000,2.400000,'','2016-09-03 20:27:57'),(295,295,42,287,0.000000,2.400000,2.400000,'','2016-09-03 23:09:20'),(296,296,42,288,0.000000,2.400000,2.400000,'','2016-09-04 11:21:05'),(297,297,42,289,0.000000,2.400000,2.400000,'','2016-09-04 15:40:59'),(298,298,43,290,0.000000,7.000000,7.000000,'','2016-09-05 04:14:40'),(299,299,5,291,0.000000,0.000000,0.000000,'','2016-10-27 12:01:50'),(300,300,5,292,0.000000,0.000000,0.000000,'','2016-10-27 12:01:57'),(301,301,5,293,0.000000,0.000000,0.000000,'','2016-10-27 12:02:00'),(302,302,5,294,0.000000,0.000000,0.000000,'','2016-10-27 12:02:03'),(303,303,5,295,0.000000,0.000000,0.000000,'','2016-10-27 12:02:06'),(304,304,5,296,0.000000,0.000000,0.000000,'','2016-10-27 12:02:10'),(305,305,42,297,0.000000,2.400000,2.400000,'','2016-10-27 12:02:14'),(306,306,5,298,0.000000,0.000000,0.000000,'','2016-10-27 12:02:17'),(307,307,42,299,0.000000,2.400000,2.400000,'','2016-10-27 12:02:20'),(308,308,5,300,0.000000,0.000000,0.000000,'','2016-10-27 12:02:23'),(309,309,5,301,0.000000,0.000000,0.000000,'','2016-10-27 12:02:26'),(310,310,5,302,0.000000,0.000000,0.000000,'','2016-10-27 12:02:30'),(311,311,5,303,0.000000,0.000000,0.000000,'','2016-10-27 12:02:33'),(312,312,5,304,0.000000,0.000000,0.000000,'','2016-10-27 12:02:36'),(313,313,5,305,0.000000,0.000000,0.000000,'','2016-10-27 12:02:39'),(314,314,5,306,0.000000,0.000000,0.000000,'','2016-10-27 12:02:42'),(315,315,5,307,0.000000,0.000000,0.000000,'','2016-10-27 12:02:45'),(316,316,42,308,0.000000,2.400000,2.400000,'','2016-10-27 12:02:48'),(317,317,5,309,0.000000,0.000000,0.000000,'','2016-10-27 12:02:53'),(318,318,5,310,0.000000,0.000000,0.000000,'','2016-10-27 12:02:55'),(319,319,42,311,0.000000,2.400000,2.400000,'','2016-10-27 12:02:58'),(320,320,5,312,0.000000,0.000000,0.000000,'','2016-10-27 12:03:03'),(321,321,42,313,0.000000,2.400000,2.400000,'','2016-11-05 10:17:16'),(322,322,42,314,0.000000,2.400000,2.400000,'','2016-11-05 10:17:22'),(323,323,5,315,0.000000,0.000000,0.000000,'','2016-11-05 10:17:42'),(324,324,43,316,0.000000,7.000000,7.000000,'','2016-11-05 10:18:00'),(325,325,5,317,0.000000,0.000000,0.000000,'','2016-11-05 10:18:06'),(326,326,5,318,0.000000,0.000000,0.000000,'','2016-11-05 10:18:17'),(327,327,5,319,0.000000,0.000000,0.000000,'','2016-11-05 10:18:24'),(328,328,5,320,0.000000,0.000000,0.000000,'','2016-11-05 10:18:28'),(329,329,5,321,0.000000,0.000000,0.000000,'','2016-11-05 10:18:32'),(330,330,5,322,0.000000,0.000000,0.000000,'','2016-11-05 10:18:40'),(331,331,42,323,0.000000,2.400000,2.400000,'','2016-11-05 10:18:47'),(332,332,5,324,0.000000,0.000000,0.000000,'','2016-11-05 10:18:50');

--
-- Table structure for table `ps_order_cart_rule`
--

CREATE TABLE `ps_order_cart_rule` (
  `id_order_cart_rule` int(10) unsigned NOT NULL AUTO_INCREMENT,
  `id_order` int(10) unsigned NOT NULL,
  `id_cart_rule` int(10) unsigned NOT NULL,
  `id_order_invoice` int(10) unsigned DEFAULT '0',
  `name` varchar(254) NOT NULL,
  `value` decimal(17,2) NOT NULL DEFAULT '0.00',
  `value_tax_excl` decimal(17,2) NOT NULL DEFAULT '0.00',
  `free_shipping` tinyint(1) NOT NULL DEFAULT '0',
  PRIMARY KEY (`id_order_cart_rule`),
  KEY `id_order` (`id_order`),
  KEY `id_cart_rule` (`id_cart_rule`)
) ENGINE=InnoDB DEFAULT CHARSET=utf8;

--
-- Dumping data for table `ps_order_cart_rule`
--


--
-- Table structure for table `ps_order_detail`
--

CREATE TABLE `ps_order_detail` (
  `id_order_detail` int(10) unsigned NOT NULL AUTO_INCREMENT,
  `id_order` int(10) unsigned NOT NULL,
  `id_order_invoice` int(11) DEFAULT NULL,
  `id_warehouse` int(10) unsigned DEFAULT '0',
  `id_shop` int(11) unsigned NOT NULL,
  `product_id` int(10) unsigned NOT NULL,
  `product_attribute_id` int(10) unsigned DEFAULT NULL,
  `product_name` varchar(255) NOT NULL,
  `product_quantity` int(10) unsigned NOT NULL DEFAULT '0',
  `product_quantity_in_stock` int(10) NOT NULL DEFAULT '0',
  `product_quantity_refunded` int(10) unsigned NOT NULL DEFAULT '0',
  `product_quantity_return` int(10) unsigned NOT NULL DEFAULT '0',
  `product_quantity_reinjected` int(10) unsigned NOT NULL DEFAULT '0',
  `product_price` decimal(20,6) NOT NULL DEFAULT '0.000000',
  `reduction_percent` decimal(10,2) NOT NULL DEFAULT '0.00',
  `reduction_amount` decimal(20,6) NOT NULL DEFAULT '0.000000',
  `reduction_amount_tax_incl` decimal(20,6) NOT NULL DEFAULT '0.000000',
  `reduction_amount_tax_excl` decimal(20,6) NOT NULL DEFAULT '0.000000',
  `group_reduction` decimal(10,2) NOT NULL DEFAULT '0.00',
  `product_quantity_discount` decimal(20,6) NOT NULL DEFAULT '0.000000',
  `product_ean13` varchar(13) DEFAULT NULL,
  `product_upc` varchar(12) DEFAULT NULL,
  `product_reference` varchar(32) DEFAULT NULL,
  `product_supplier_reference` varchar(32) DEFAULT NULL,
  `product_weight` decimal(20,6) NOT NULL,
  `id_tax_rules_group` int(11) unsigned DEFAULT '0',
  `tax_computation_method` tinyint(1) unsigned NOT NULL DEFAULT '0',
  `tax_name` varchar(16) NOT NULL,
  `tax_rate` decimal(10,3) NOT NULL DEFAULT '0.000',
  `ecotax` decimal(21,6) NOT NULL DEFAULT '0.000000',
  `ecotax_tax_rate` decimal(5,3) NOT NULL DEFAULT '0.000',
  `discount_quantity_applied` tinyint(1) NOT NULL DEFAULT '0',
  `download_hash` varchar(255) DEFAULT NULL,
  `download_nb` int(10) unsigned DEFAULT '0',
  `download_deadline` datetime DEFAULT NULL,
  `total_price_tax_incl` decimal(20,6) NOT NULL DEFAULT '0.000000',
  `total_price_tax_excl` decimal(20,6) NOT NULL DEFAULT '0.000000',
  `unit_price_tax_incl` decimal(20,6) NOT NULL DEFAULT '0.000000',
  `unit_price_tax_excl` decimal(20,6) NOT NULL DEFAULT '0.000000',
  `total_shipping_price_tax_incl` decimal(20,6) NOT NULL DEFAULT '0.000000',
  `total_shipping_price_tax_excl` decimal(20,6) NOT NULL DEFAULT '0.000000',
  `purchase_supplier_price` decimal(20,6) NOT NULL DEFAULT '0.000000',
  `original_product_price` decimal(20,6) NOT NULL DEFAULT '0.000000',
  `original_wholesale_price` decimal(20,6) NOT NULL DEFAULT '0.000000',
  PRIMARY KEY (`id_order_detail`),
  KEY `order_detail_order` (`id_order`),
  KEY `product_id` (`product_id`),
  KEY `product_attribute_id` (`product_attribute_id`),
  KEY `id_tax_rules_group` (`id_tax_rules_group`),
  KEY `id_order_id_order_detail` (`id_order`,`id_order_detail`)
) ENGINE=InnoDB AUTO_INCREMENT=350 DEFAULT CHARSET=utf8;

--
-- Dumping data for table `ps_order_detail`
--

INSERT INTO `ps_order_detail` VALUES (1,1,0,0,1,2,10,'Blouse - Color : White, Size : M',1,1,0,0,0,26.999852,0.00,0.000000,0.000000,0.000000,0.00,0.000000,'','','demo_2','',0.000000,0,0,'',0.000,0.000000,0.000,0,'',0,'0000-00-00 00:00:00',27.000000,27.000000,27.000000,27.000000,0.000000,0.000000,0.000000,26.999852,8.100000),(2,1,0,0,1,3,13,'Printed Dress - Color : Orange, Size : S',1,1,0,0,0,25.999852,0.00,0.000000,0.000000,0.000000,0.00,0.000000,'','','demo_3','',0.000000,0,0,'',0.000,0.000000,0.000,0,'',0,'0000-00-00 00:00:00',26.000000,26.000000,26.000000,26.000000,0.000000,0.000000,0.000000,25.999852,7.800000),(3,2,0,0,1,2,10,'Blouse - Color : White, Size : M',1,1,0,0,0,26.999852,0.00,0.000000,0.000000,0.000000,0.00,0.000000,'','','demo_2','',0.000000,0,0,'',0.000,0.000000,0.000,0,'',0,'0000-00-00 00:00:00',27.000000,27.000000,27.000000,27.000000,0.000000,0.000000,0.000000,26.999852,8.100000),(4,2,0,0,1,6,32,'Printed Summer Dress - Color : Yellow, Size : M',1,1,0,0,0,30.502569,0.00,0.000000,0.000000,0.000000,0.00,0.000000,'','','demo_6','',0.000000,0,0,'',0.000,0.000000,0.000,0,'',0,'0000-00-00 00:00:00',30.500000,30.500000,30.500000,30.500000,0.000000,0.000000,0.000000,30.502569,9.150000),(5,2,0,0,1,7,34,'Printed Chiffon Dress - Color : Yellow, Size : S',1,1,0,0,0,20.501236,20.00,0.000000,0.000000,0.000000,0.00,17.400000,'','','demo_7','',0.000000,0,0,'',0.000,0.000000,0.000,0,'',0,'0000-00-00 00:00:00',16.400000,16.400000,16.400000,16.400000,0.000000,0.000000,0.000000,20.501236,6.150000),(6,3,0,0,1,1,1,'Faded Short Sleeve T-shirts - Color : Orange, Size : S',1,1,0,0,0,16.510000,0.00,0.000000,0.000000,0.000000,0.00,0.000000,'','','demo_1','',0.000000,0,0,'',0.000,0.000000,0.000,0,'',0,'0000-00-00 00:00:00',16.510000,16.510000,16.510000,16.510000,0.000000,0.000000,0.000000,16.510000,4.950000),(7,3,0,0,1,2,10,'Blouse - Color : White, Size : M',1,1,0,0,0,26.999852,0.00,0.000000,0.000000,0.000000,0.00,0.000000,'','','demo_2','',0.000000,0,0,'',0.000,0.000000,0.000,0,'',0,'0000-00-00 00:00:00',27.000000,27.000000,27.000000,27.000000,0.000000,0.000000,0.000000,26.999852,8.100000),(8,3,0,0,1,6,32,'Printed Summer Dress - Color : Yellow, Size : M',1,1,0,0,0,30.502569,0.00,0.000000,0.000000,0.000000,0.00,0.000000,'','','demo_6','',0.000000,0,0,'',0.000,0.000000,0.000,0,'',0,'0000-00-00 00:00:00',30.500000,30.500000,30.500000,30.500000,0.000000,0.000000,0.000000,30.502569,9.150000),(9,4,0,0,1,1,1,'Faded Short Sleeve T-shirts - Color : Orange, Size : S',1,1,0,0,0,16.510000,0.00,0.000000,0.000000,0.000000,0.00,0.000000,'','','demo_1','',0.000000,0,0,'',0.000,0.000000,0.000,0,'',0,'0000-00-00 00:00:00',16.510000,16.510000,16.510000,16.510000,0.000000,0.000000,0.000000,16.510000,4.950000),(10,4,0,0,1,3,13,'Printed Dress - Color : Orange, Size : S',1,1,0,0,0,25.999852,0.00,0.000000,0.000000,0.000000,0.00,0.000000,'','','demo_3','',0.000000,0,0,'',0.000,0.000000,0.000,0,'',0,'0000-00-00 00:00:00',26.000000,26.000000,26.000000,26.000000,0.000000,0.000000,0.000000,25.999852,7.800000),(11,4,0,0,1,5,19,'Printed Summer Dress - Color : Yellow, Size : S',1,1,0,0,0,30.506321,5.00,0.000000,0.000000,0.000000,0.00,29.980000,'','','demo_5','',0.000000,0,0,'',0.000,0.000000,0.000,0,'',0,'0000-00-00 00:00:00',28.980000,28.980000,28.980000,28.980000,0.000000,0.000000,0.000000,30.506321,9.150000),(12,4,0,0,1,7,34,'Printed Chiffon Dress - Color : Yellow, Size : S',1,1,0,0,0,20.501236,20.00,0.000000,0.000000,0.000000,0.00,17.400000,'','','demo_7','',0.000000,0,0,'',0.000,0.000000,0.000,0,'',0,'0000-00-00 00:00:00',16.400000,16.400000,16.400000,16.400000,0.000000,0.000000,0.000000,20.501236,6.150000),(13,5,0,0,1,1,1,'Faded Short Sleeve T-shirts - Color : Orange, Size : S',1,1,0,0,0,16.510000,0.00,0.000000,0.000000,0.000000,0.00,0.000000,'','','demo_1','',0.000000,0,0,'',0.000,0.000000,0.000,0,'',0,'0000-00-00 00:00:00',16.510000,16.510000,16.510000,16.510000,0.000000,0.000000,0.000000,16.510000,4.950000),(14,5,0,0,1,2,7,'Blouse - Color : Black, Size : S',1,1,0,0,0,26.999852,0.00,0.000000,0.000000,0.000000,0.00,0.000000,'','','demo_2','',0.000000,0,0,'',0.000,0.000000,0.000,0,'',0,'0000-00-00 00:00:00',27.000000,27.000000,27.000000,27.000000,0.000000,0.000000,0.000000,26.999852,8.100000),(15,5,0,0,1,3,13,'Printed Dress - Color : Orange, Size : S',1,1,0,0,0,25.999852,0.00,0.000000,0.000000,0.000000,0.00,0.000000,'','','demo_3','',0.000000,0,0,'',0.000,0.000000,0.000,0,'',0,'0000-00-00 00:00:00',26.000000,26.000000,26.000000,26.000000,0.000000,0.000000,0.000000,25.999852,7.800000),(16,6,0,0,1,282,0,'HARD DISK HDD HD INTERNO SATA3 3,5\" WESTERN DIGITAL GREEN 3000GB 3TB WD30EZRX',1,1,0,0,0,77.049180,0.00,0.000000,0.000000,0.000000,0.00,0.000000,'','','CH13','',0.000000,1,0,'',0.000,0.000000,0.000,0,'',0,'0000-00-00 00:00:00',94.000000,77.050000,94.000000,77.049180,0.000000,0.000000,0.000000,77.049180,0.000000),(17,7,0,0,1,127,0,'Convertitore Usb 2.0 to Lan Rj45 Fast Ethernet Scheda Rete Adattatore',1,1,0,0,0,4.098361,0.00,0.000000,0.000000,0.000000,0.00,0.000000,'','','AV01','',0.000000,1,0,'',0.000,0.000000,0.000,0,'',0,'0000-00-00 00:00:00',5.000000,4.100000,5.000000,4.098361,0.000000,0.000000,0.000000,4.098361,0.000000),(18,8,1,0,1,126,0,'Lettore di Smart card USB esterno Tessera Sanitaria Firma Digitale',2,2,0,0,0,6.557377,0.00,0.000000,0.000000,0.000000,0.00,0.000000,'','','DCR01','',0.000000,1,0,'',0.000,0.000000,0.000,0,'',0,'0000-00-00 00:00:00',16.000000,13.114754,8.000000,6.557377,0.000000,0.000000,0.000000,6.557377,0.000000),(19,9,2,0,1,306,0,'Pellicola vetro temperato proteggi schermo infrangibile apple iphone 6 6s',3,3,0,0,0,1.311475,0.00,0.000000,0.000000,0.000000,0.00,0.000000,'','','TA29','',0.000000,1,0,'',0.000,0.000000,0.000,0,'',0,'0000-00-00 00:00:00',4.800000,3.934426,1.600000,1.311475,0.000000,0.000000,0.000000,1.311475,0.000000),(20,11,4,0,1,308,0,'Pellicola Curva per Samsung Galaxy S6 Edge+ Plus Copertura Bordi Display',1,1,0,0,0,3.114754,0.00,0.000000,0.000000,0.000000,0.00,0.000000,'','','TA27','',0.000000,1,0,'',0.000,0.000000,0.000,0,'',0,'0000-00-00 00:00:00',3.800000,3.114754,3.800000,3.114754,0.000000,0.000000,0.000000,3.114754,0.000000),(21,10,3,0,1,308,0,'Pellicola Curva per Samsung Galaxy S6 Edge+ Plus Copertura Bordi Display',1,1,0,0,0,3.114754,0.00,0.000000,0.000000,0.000000,0.00,0.000000,'','','TA27','',0.000000,1,0,'',0.000,0.000000,0.000,0,'',0,'0000-00-00 00:00:00',3.800000,3.114754,3.800000,3.114754,0.000000,0.000000,0.000000,3.114754,0.000000),(22,12,5,0,1,132,0,'Floppy Disk Drive Esterno USB Portatile 3.5” per PC Laptop',1,1,0,0,0,10.655738,0.00,0.000000,0.000000,0.000000,0.00,0.000000,'2412345678901','123456789124','AV02','',0.000000,1,0,'',0.000,0.000000,0.000,0,'',0,'0000-00-00 00:00:00',13.000000,10.655738,13.000000,10.655738,0.000000,0.000000,0.000000,10.655738,0.000000),(23,13,6,0,1,121,0,'Mouse ultrasottile Laser Ottico 2.4GHz Wireless con ricevitore nano Nero',1,1,0,0,0,4.098361,0.00,0.000000,0.000000,0.000000,0.00,0.000000,'','','DTM04','',0.000000,1,0,'',0.000,0.000000,0.000,0,'',0,'0000-00-00 00:00:00',5.000000,4.098361,5.000000,4.098361,0.000000,0.000000,0.000000,4.098361,0.000000),(24,14,7,0,1,300,0,'SPLITTER VGA 2 PORTE PER PC MONITOR SWITCH BOX SDOPPIATORE',1,1,0,0,0,5.737705,0.00,0.000000,0.000000,0.000000,0.00,0.000000,'','','AV03','',0.000000,1,0,'',0.000,0.000000,0.000,0,'',0,'0000-00-00 00:00:00',7.000000,5.737705,7.000000,5.737705,0.000000,0.000000,0.000000,5.737705,0.000000),(25,15,8,0,1,127,0,'Convertitore Usb 2.0 to Lan Rj45 Fast Ethernet Scheda Rete Adattatore',1,1,0,0,0,4.098361,0.00,0.000000,0.000000,0.000000,0.00,0.000000,'','','AV01','',0.000000,1,0,'',0.000,0.000000,0.000,0,'',0,'0000-00-00 00:00:00',5.000000,4.098361,5.000000,4.098361,0.000000,0.000000,0.000000,4.098361,0.000000),(26,16,9,0,1,372,0,'VETRO TOUCH SCREEN per SAMSUNG GALAXY TAB 3 LITE SM-T113 BIANCO WHITE WIFI 3G T113 113',1,1,0,0,0,13.934426,0.00,0.000000,0.000000,0.000000,0.00,0.000000,'','','TR25','',0.000000,1,0,'',0.000,0.000000,0.000,0,'',0,'0000-00-00 00:00:00',17.000000,13.934426,17.000000,13.934426,0.000000,0.000000,0.000000,13.934426,0.000000),(27,17,10,0,1,372,0,'VETRO TOUCH SCREEN per SAMSUNG GALAXY TAB 3 LITE SM-T113 BIANCO WHITE WIFI 3G T113 113',1,1,0,0,0,13.934426,0.00,0.000000,0.000000,0.000000,0.00,0.000000,'','','TR25','',0.000000,1,0,'',0.000,0.000000,0.000,0,'',0,'0000-00-00 00:00:00',17.000000,13.934426,17.000000,13.934426,0.000000,0.000000,0.000000,13.934426,0.000000),(28,18,11,0,1,372,0,'VETRO TOUCH SCREEN per SAMSUNG GALAXY TAB 3 LITE SM-T113 BIANCO WHITE WIFI 3G T113 113',1,1,0,0,0,13.934426,0.00,0.000000,0.000000,0.000000,0.00,0.000000,'','','TR25','',0.000000,1,0,'',0.000,0.000000,0.000,0,'',0,'0000-00-00 00:00:00',17.000000,13.934426,17.000000,13.934426,0.000000,0.000000,0.000000,13.934426,0.000000),(29,19,12,0,1,348,0,'Lente Vetro Vetrino Camera Fotocamera Posteriore Samsung Galaxy S6 G920F Blue',1,1,0,0,0,3.065574,0.00,0.000000,0.000000,0.000000,0.00,0.000000,'','','CR20','',0.000000,1,0,'',0.000,0.000000,0.000,0,'',0,'0000-00-00 00:00:00',3.740000,3.065574,3.740000,3.065574,0.000000,0.000000,0.000000,2.868852,0.000000),(30,20,13,0,1,341,0,'FLAT DOCK FLEX CONNETTORE CARICA DI RICARICA SAMSUNG GALAXY NOTE 3 N9005',1,1,0,0,0,0.819672,0.00,0.000000,0.000000,0.000000,0.00,0.000000,'','','CR13','',0.000000,1,0,'',0.000,0.000000,0.000,0,'',0,'0000-00-00 00:00:00',1.000000,0.819672,1.000000,0.819672,0.000000,0.000000,0.000000,6.147541,0.000000),(31,21,14,0,1,95,0,'Touch Screen Vetro Black NERO per Samusung Galaxy Tab 3 Lite T110 110',1,1,0,0,0,10.655738,0.00,0.000000,0.000000,0.000000,0.00,0.000000,'','','TR02','',0.000000,1,0,'',0.000,0.000000,0.000,0,'',0,'0000-00-00 00:00:00',13.000000,10.655738,13.000000,10.655738,0.000000,0.000000,0.000000,10.655738,0.000000),(32,22,15,0,1,310,0,'DUPLICATORE SPLITTER RJ45 SDOPPIATORE RJ-45 CAVO di RETE Ethernet INTERNET LAN',1,1,0,0,0,1.557377,0.00,0.000000,0.000000,0.000000,0.00,0.000000,'','','N02','',0.000000,1,0,'',0.000,0.000000,0.000,0,'',0,'0000-00-00 00:00:00',1.900000,1.557377,1.900000,1.557377,0.000000,0.000000,0.000000,0.819672,0.000000),(33,23,16,0,1,366,0,'Lente Vetro Vetrino Camera Fotocamera Posteriore Samsung Galaxy S5 SV G900',1,1,0,0,0,0.967213,0.00,0.000000,0.000000,0.000000,0.00,0.000000,'','','CR37','',0.000000,1,0,'',0.000,0.000000,0.000,0,'',0,'0000-00-00 00:00:00',1.180000,0.967213,1.180000,0.967213,0.000000,0.000000,0.000000,0.901639,0.000000),(34,24,17,0,1,364,0,'SCHERMO VETRO TOUCH SCREEN SAMSUNG GALAXY GRAND NEO I9060 NERO',1,1,0,0,0,7.803279,0.00,0.000000,0.000000,0.000000,0.00,0.000000,'','','CR36','',0.000000,1,0,'',0.000,0.000000,0.000,0,'',0,'0000-00-00 00:00:00',9.520000,7.803279,9.520000,7.803279,0.000000,0.000000,0.000000,7.295082,0.000000),(35,25,18,0,1,366,0,'Lente Vetro Vetrino Camera Fotocamera Posteriore Samsung Galaxy S5 SV G900',1,1,0,0,0,0.967213,0.00,0.000000,0.000000,0.000000,0.00,0.000000,'','','CR37','',0.000000,1,0,'',0.000,0.000000,0.000,0,'',0,'0000-00-00 00:00:00',1.180000,0.967213,1.180000,0.967213,0.000000,0.000000,0.000000,0.901639,0.000000),(36,26,19,0,1,341,0,'FLAT DOCK FLEX CONNETTORE CARICA DI RICARICA SAMSUNG GALAXY NOTE 3 N9005',1,1,0,0,0,6.581967,0.00,0.000000,0.000000,0.000000,0.00,0.000000,'','','CR13','',0.000000,1,0,'',0.000,0.000000,0.000,0,'',0,'0000-00-00 00:00:00',8.030000,6.581967,8.030000,6.581967,0.000000,0.000000,0.000000,6.147541,0.000000),(37,27,20,0,1,348,0,'Lente Vetro Vetrino Camera Fotocamera Posteriore Samsung Galaxy S6 G920F Blue',1,1,0,0,0,3.065574,0.00,0.000000,0.000000,0.000000,0.00,0.000000,'','','CR20','',0.000000,1,0,'',0.000,0.000000,0.000,0,'',0,'0000-00-00 00:00:00',3.740000,3.065574,3.740000,3.065574,0.000000,0.000000,0.000000,2.868852,0.000000),(38,28,21,0,1,356,0,'FLAT DOCK FLEX CONNETTORE CARICA DI RICARICA HTC ONE M8',1,1,0,0,0,7.893443,0.00,0.000000,0.000000,0.000000,0.00,0.000000,'','','CR28','',0.000000,1,0,'',0.000,0.000000,0.000,0,'',0,'0000-00-00 00:00:00',9.630000,7.893443,9.630000,7.893443,0.000000,0.000000,0.000000,7.377049,0.000000),(39,29,22,0,1,292,0,'Adattatore 2.5 \"a 3,5 pollici STAFFA SSD HDD NOTEBOOK MONTAGGIO vassoio caddy Bay',1,1,0,0,0,1.639344,0.00,0.000000,0.000000,0.000000,0.00,0.000000,'','','AV04','',0.000000,1,0,'',0.000,0.000000,0.000,0,'',0,'0000-00-00 00:00:00',2.000000,1.639344,2.000000,1.639344,0.000000,0.000000,0.000000,1.639344,0.000000),(40,30,23,0,1,365,0,'USB LED LAMPADA FLESSIBILE LAMPADINE LUCE PER LAPTOP COMPUTER NOTEBOOK PC',2,2,0,0,0,1.639344,0.00,0.000000,0.000000,0.000000,0.00,0.000000,'','','','',0.000000,1,0,'',0.000,0.000000,0.000,0,'',0,'0000-00-00 00:00:00',4.000000,3.278689,2.000000,1.639344,0.000000,0.000000,0.000000,1.639344,0.000000),(41,31,24,0,1,368,0,'VETRO SCHERMO TOUCH SCREEN SAMSUNG GALAXY SM-J1 SM-J100 BIANCO WHITE',1,1,0,0,0,7.188525,0.00,0.000000,0.000000,0.000000,0.00,0.000000,'','','CR39','',0.000000,1,0,'',0.000,0.000000,0.000,0,'',0,'0000-00-00 00:00:00',8.770000,7.188525,8.770000,7.188525,0.000000,0.000000,0.000000,6.721311,0.000000),(42,32,25,0,1,120,0,'Mouse ultrasottile Laser Ottico 2.4GHz Wireless con ricevitore nano Bianco \"',1,1,0,0,0,4.098361,0.00,0.000000,0.000000,0.000000,0.00,0.000000,'','','DTM03','',0.000000,1,0,'',0.000,0.000000,0.000,0,'',0,'0000-00-00 00:00:00',5.000000,4.098361,5.000000,4.098361,0.000000,0.000000,0.000000,4.098361,0.000000),(43,33,26,0,1,214,0,'Cartuccia inkjet magenta 1283 inchiosto COMPATIBILE EPSON T1283 MG',5,5,0,0,0,0.983607,0.00,0.000000,0.000000,0.000000,0.00,0.000000,'','','CC35','',0.000000,1,0,'',0.000,0.000000,0.000,0,'',0,'0000-00-00 00:00:00',6.000000,4.918033,1.200000,0.983607,0.000000,0.000000,0.000000,0.983607,0.000000),(44,34,27,0,1,294,0,'Supporto Telefono Cellulare Smartphone universale da auto aggancio al volante nero',1,1,0,0,0,2.459016,0.00,0.000000,0.000000,0.000000,0.00,0.000000,'','','TA34','',0.000000,1,0,'',0.000,0.000000,0.000,0,'',0,'0000-00-00 00:00:00',3.000000,2.459016,3.000000,2.459016,0.000000,0.000000,0.000000,2.459016,0.000000),(45,35,28,0,1,348,0,'Lente Vetro Vetrino Camera Fotocamera Posteriore Samsung Galaxy S6 G920F Blue',1,1,0,0,0,3.065574,0.00,0.000000,0.000000,0.000000,0.00,0.000000,'','','CR20','',0.000000,1,0,'',0.000,0.000000,0.000,0,'',0,'0000-00-00 00:00:00',3.740000,3.065574,3.740000,3.065574,0.000000,0.000000,0.000000,2.868852,0.000000),(46,36,29,0,1,285,0,'Touch Screen Vetro Nokia Lumia 520 Vetrino per Display Touchscreen',1,1,0,0,0,5.327869,0.00,0.000000,0.000000,0.000000,0.00,0.000000,'','','CR07','',0.000000,1,0,'',0.000,0.000000,0.000,0,'',0,'0000-00-00 00:00:00',6.500000,5.327869,6.500000,5.327869,0.000000,0.000000,0.000000,5.327869,0.000000),(47,37,30,0,1,367,0,'FLAT FOTOCAMERA POSTERIORE RETRO CAMERA BACK PER SAMSUNG S5 G900F',1,1,0,0,0,5.262295,0.00,0.000000,0.000000,0.000000,0.00,0.000000,'','','CR38','',0.000000,1,0,'',0.000,0.000000,0.000,0,'',0,'0000-00-00 00:00:00',6.420000,5.262295,6.420000,5.262295,0.000000,0.000000,0.000000,4.918033,0.000000),(48,38,31,0,1,285,0,'Touch Screen Vetro Nokia Lumia 520 Vetrino per Display Touchscreen',1,1,0,0,0,5.327869,0.00,0.000000,0.000000,0.000000,0.00,0.000000,'','','CR07','',0.000000,1,0,'',0.000,0.000000,0.000,0,'',0,'0000-00-00 00:00:00',6.500000,5.327869,6.500000,5.327869,0.000000,0.000000,0.000000,5.327869,0.000000),(49,39,32,0,1,216,0,'Cartuccia inkjet nera inchiostro COMPATIBILE EPSON T1291 BK 1291',1,1,0,0,0,0.983607,0.00,0.000000,0.000000,0.000000,0.00,0.000000,'','','CC37','',0.000000,1,0,'',0.000,0.000000,0.000,0,'',0,'0000-00-00 00:00:00',1.200000,0.983607,1.200000,0.983607,0.000000,0.000000,0.000000,0.983607,0.000000),(50,40,33,0,1,356,0,'FLAT DOCK FLEX CONNETTORE CARICA DI RICARICA HTC ONE M8',1,1,0,0,0,7.893443,0.00,0.000000,0.000000,0.000000,0.00,0.000000,'','','CR28','',0.000000,1,0,'',0.000,0.000000,0.000,0,'',0,'0000-00-00 00:00:00',9.630000,7.893443,9.630000,7.893443,0.000000,0.000000,0.000000,7.377049,0.000000),(51,41,34,0,1,376,0,'biadesivo adesivo fissaggio vetro posteriore back per Samsung Galaxy S6 g920F',2,2,0,0,0,1.754098,0.00,0.000000,0.000000,0.000000,0.00,0.000000,'','','CR45','',0.000000,1,0,'',0.000,0.000000,0.000,0,'',0,'0000-00-00 00:00:00',4.280000,3.508197,2.140000,1.754098,0.000000,0.000000,0.000000,1.639344,0.000000),(52,42,35,0,1,292,0,'Adattatore 2.5 \"a 3,5 pollici STAFFA SSD HDD NOTEBOOK MONTAGGIO vassoio caddy Bay',1,1,0,0,0,1.639344,0.00,0.000000,0.000000,0.000000,0.00,0.000000,'','','AV04','',0.000000,1,0,'',0.000,0.000000,0.000,0,'',0,'0000-00-00 00:00:00',2.000000,1.639344,2.000000,1.639344,0.000000,0.000000,0.000000,1.639344,0.000000),(53,43,36,0,1,376,0,'biadesivo adesivo fissaggio vetro posteriore back per Samsung Galaxy S6 g920F',1,1,0,0,0,1.754098,0.00,0.000000,0.000000,0.000000,0.00,0.000000,'','','CR45','',0.000000,1,0,'',0.000,0.000000,0.000,0,'',0,'0000-00-00 00:00:00',2.140000,1.754098,2.140000,1.754098,0.000000,0.000000,0.000000,1.639344,0.000000),(54,44,37,0,1,376,0,'biadesivo adesivo fissaggio vetro posteriore back per Samsung Galaxy S6 g920F',1,1,0,0,0,1.754098,0.00,0.000000,0.000000,0.000000,0.00,0.000000,'','','CR45','',0.000000,1,0,'',0.000,0.000000,0.000,0,'',0,'0000-00-00 00:00:00',2.140000,1.754098,2.140000,1.754098,0.000000,0.000000,0.000000,1.639344,0.000000),(55,45,38,0,1,215,0,'Cartuccia inkjet yallow gialla COMPATIBILE EPSON 1284 T1284 YE',2,2,0,0,0,0.983607,0.00,0.000000,0.000000,0.000000,0.00,0.000000,'','','CC36','',0.000000,1,0,'',0.000,0.000000,0.000,0,'',0,'0000-00-00 00:00:00',2.400000,1.967213,1.200000,0.983607,0.000000,0.000000,0.000000,0.983607,0.000000),(56,46,39,0,1,374,0,'Lente Vetro Vetrino Camera Fotocamera Posteriore Samsung S6 Edge blu g925 blue',1,1,0,0,0,3.065574,0.00,0.000000,0.000000,0.000000,0.00,0.000000,'','','CR43','',0.000000,1,0,'',0.000,0.000000,0.000,0,'',0,'0000-00-00 00:00:00',3.740000,3.065574,3.740000,3.065574,0.000000,0.000000,0.000000,2.868852,0.000000),(57,47,40,0,1,376,0,'biadesivo adesivo fissaggio vetro posteriore back per Samsung Galaxy S6 g920F',1,1,0,0,0,1.754098,0.00,0.000000,0.000000,0.000000,0.00,0.000000,'','','CR45','',0.000000,1,0,'',0.000,0.000000,0.000,0,'',0,'0000-00-00 00:00:00',2.140000,1.754098,2.140000,1.754098,0.000000,0.000000,0.000000,1.639344,0.000000),(58,48,41,0,1,376,0,'biadesivo adesivo fissaggio vetro posteriore back per Samsung Galaxy S6 g920F',1,1,0,0,0,1.754098,0.00,0.000000,0.000000,0.000000,0.00,0.000000,'','','CR45','',0.000000,1,0,'',0.000,0.000000,0.000,0,'',0,'0000-00-00 00:00:00',2.140000,1.754098,2.140000,1.754098,0.000000,0.000000,0.000000,1.639344,0.000000),(59,49,42,0,1,362,0,'Vetro Posteriore Samsung Galaxy S6 G920f back glass cover White G920',1,1,0,0,0,6.139344,0.00,0.000000,0.000000,0.000000,0.00,0.000000,'','','CR34','',0.000000,1,0,'',0.000,0.000000,0.000,0,'',0,'0000-00-00 00:00:00',7.490000,6.139344,7.490000,6.139344,0.000000,0.000000,0.000000,5.737705,0.000000),(60,50,43,0,1,117,0,'VETRO TOUCH SCREEN per SAMSUNG GALAXY TAB 4 LITE SM-T116 NERO BLACK WIFI 3G T116 116',1,1,0,0,0,13.934426,0.00,0.000000,0.000000,0.000000,0.00,0.000000,'','','TR12','',0.000000,1,0,'',0.000,0.000000,0.000,0,'',0,'0000-00-00 00:00:00',17.000000,13.934426,17.000000,13.934426,0.000000,0.000000,0.000000,13.114754,0.000000),(61,51,44,0,1,287,0,'Touch Screen Vetro Nero Nokia Lumia 1520 Vetrino per Display Touchscreen',1,1,0,0,0,13.114754,0.00,0.000000,0.000000,0.000000,0.00,0.000000,'','','CR09','',0.000000,1,0,'',0.000,0.000000,0.000,0,'',0,'0000-00-00 00:00:00',16.000000,13.114754,16.000000,13.114754,0.000000,0.000000,0.000000,13.114754,0.000000),(62,52,45,0,1,376,0,'biadesivo adesivo fissaggio vetro posteriore back per Samsung Galaxy S6 g920F',1,1,0,0,0,1.754098,0.00,0.000000,0.000000,0.000000,0.00,0.000000,'','','CR45','',0.000000,1,0,'',0.000,0.000000,0.000,0,'',0,'0000-00-00 00:00:00',2.140000,1.754098,2.140000,1.754098,0.000000,0.000000,0.000000,1.639344,0.000000),(63,53,46,0,1,376,0,'biadesivo adesivo fissaggio vetro posteriore back per Samsung Galaxy S6 g920F',1,1,0,0,0,1.754098,0.00,0.000000,0.000000,0.000000,0.00,0.000000,'','','CR45','',0.000000,1,0,'',0.000,0.000000,0.000,0,'',0,'0000-00-00 00:00:00',2.140000,1.754098,2.140000,1.754098,0.000000,0.000000,0.000000,1.639344,0.000000),(64,54,47,0,1,212,0,'Cartuccia inkjet nera inchiosto COMPATIBILE EPSON T1281 BK',4,4,0,0,0,0.983607,0.00,0.000000,0.000000,0.000000,0.00,0.000000,'','','CC33','',0.000000,1,0,'',0.000,0.000000,0.000,0,'',0,'0000-00-00 00:00:00',4.800000,3.934426,1.200000,0.983607,0.000000,0.000000,0.000000,0.983607,0.000000),(65,55,48,0,1,372,0,'VETRO TOUCH SCREEN per SAMSUNG GALAXY TAB 3 LITE SM-T113 BIANCO WHITE WIFI 3G T113 113',1,1,0,0,0,13.934426,0.00,0.000000,0.000000,0.000000,0.00,0.000000,'','','TR25','',0.000000,1,0,'',0.000,0.000000,0.000,0,'',0,'0000-00-00 00:00:00',17.000000,13.934426,17.000000,13.934426,0.000000,0.000000,0.000000,13.934426,0.000000),(66,56,49,0,1,351,0,'SAMSUNG GALAXY NOTE 10.1 N8000 FLAT FLEX LETTORE SIM CARD SCHEDA',1,1,0,0,0,4.827869,0.00,0.000000,0.000000,0.000000,0.00,0.000000,'','','CR23','',0.000000,1,0,'',0.000,0.000000,0.000,0,'',0,'0000-00-00 00:00:00',5.890000,4.827869,5.890000,4.827869,0.000000,0.000000,0.000000,4.508197,0.000000),(67,57,50,0,1,132,0,'Floppy Disk Drive Esterno USB Portatile 3.5” per PC Laptop',1,1,0,0,0,10.655738,0.00,0.000000,0.000000,0.000000,0.00,0.000000,'2412345678901','123456789124','AV02','',0.000000,1,0,'',0.000,0.000000,0.000,0,'',0,'0000-00-00 00:00:00',13.000000,10.655738,13.000000,10.655738,0.000000,0.000000,0.000000,10.655738,0.000000),(68,58,51,0,1,292,0,'Adattatore 2.5 \"a 3,5 pollici STAFFA SSD HDD NOTEBOOK MONTAGGIO vassoio caddy Bay',1,1,0,0,0,1.639344,0.00,0.000000,0.000000,0.000000,0.00,0.000000,'','','AV04','',0.000000,1,0,'',0.000,0.000000,0.000,0,'',0,'0000-00-00 00:00:00',2.000000,1.639344,2.000000,1.639344,0.000000,0.000000,0.000000,1.639344,0.000000),(69,59,52,0,1,286,0,'Touch Screen Vetro Nero Nokia Lumia 920 Vetrino per Display Touchscreen',1,1,0,0,0,9.836066,0.00,0.000000,0.000000,0.000000,0.00,0.000000,'','','CR08','',0.000000,1,0,'',0.000,0.000000,0.000,0,'',0,'0000-00-00 00:00:00',12.000000,9.836066,12.000000,9.836066,0.000000,0.000000,0.000000,9.836066,0.000000),(70,60,53,0,1,83,0,'Fascia da Braccio Sportiva Universale AUKEY Sport Armband',1,1,0,0,0,3.278689,0.00,0.000000,0.000000,0.000000,0.00,0.000000,'','','TA08','',0.000000,1,0,'',0.000,0.000000,0.000,0,'',0,'0000-00-00 00:00:00',4.000000,3.278689,4.000000,3.278689,0.000000,0.000000,0.000000,3.278689,0.000000),(71,61,54,0,1,376,0,'biadesivo adesivo fissaggio vetro posteriore back per Samsung Galaxy S6 g920F',2,2,0,0,0,1.754098,0.00,0.000000,0.000000,0.000000,0.00,0.000000,'','','CR45','',0.000000,1,0,'',0.000,0.000000,0.000,0,'',0,'0000-00-00 00:00:00',4.280000,3.508197,2.140000,1.754098,0.000000,0.000000,0.000000,1.639344,0.000000),(72,62,55,0,1,374,0,'Lente Vetro Vetrino Camera Fotocamera Posteriore Samsung S6 Edge blu g925 blue',1,1,0,0,0,3.065574,0.00,0.000000,0.000000,0.000000,0.00,0.000000,'','','CR43','',0.000000,1,0,'',0.000,0.000000,0.000,0,'',0,'0000-00-00 00:00:00',3.740000,3.065574,3.740000,3.065574,0.000000,0.000000,0.000000,2.868852,0.000000),(73,63,56,0,1,130,0,'Mouse ultrasottile Laser Ottico 2.4GHz Wireless con ricevitore nano Nero Verde',1,1,0,0,0,4.098361,0.00,0.000000,0.000000,0.000000,0.00,0.000000,'','','DTM07','',0.000000,1,0,'',0.000,0.000000,0.000,0,'',0,'0000-00-00 00:00:00',5.000000,4.098361,5.000000,4.098361,0.000000,0.000000,0.000000,4.098361,0.000000),(74,64,57,0,1,286,0,'Touch Screen Vetro Nero Nokia Lumia 920 Vetrino per Display Touchscreen',1,1,0,0,0,9.836066,0.00,0.000000,0.000000,0.000000,0.00,0.000000,'','','CR08','',0.000000,1,0,'',0.000,0.000000,0.000,0,'',0,'0000-00-00 00:00:00',12.000000,9.836066,12.000000,9.836066,0.000000,0.000000,0.000000,9.836066,0.000000),(75,65,58,0,1,116,0,'VETRO TOUCH SCREEN per SAMSUNG GALAXY TAB 4 LITE SM-T116 BIANCO WHITE WIFI 3G T116 116',1,1,0,0,0,13.114754,0.00,0.000000,0.000000,0.000000,0.00,0.000000,'','','TR11','',0.000000,1,0,'',0.000,0.000000,0.000,0,'',0,'0000-00-00 00:00:00',16.000000,13.110000,16.000000,13.114754,0.000000,0.000000,0.000000,13.114754,0.000000),(76,66,59,0,1,292,0,'Adattatore 2.5 \"a 3,5 pollici STAFFA SSD HDD NOTEBOOK MONTAGGIO vassoio caddy Bay',2,2,0,0,0,1.639344,0.00,0.000000,0.000000,0.000000,0.00,0.000000,'','','AV04','',0.000000,1,0,'',0.000,0.000000,0.000,0,'',0,'0000-00-00 00:00:00',4.000000,3.278689,2.000000,1.639344,0.000000,0.000000,0.000000,1.639344,0.000000),(77,67,60,0,1,290,0,'Touch Screen Vetro Nero Huawey y530 Vetrino per Display Touchscreen',1,1,0,0,0,7.893443,0.00,0.000000,0.000000,0.000000,0.00,0.000000,'','','CR12','',0.000000,1,0,'',0.000,0.000000,0.000,0,'',0,'0000-00-00 00:00:00',9.630000,7.893443,9.630000,7.893443,0.000000,0.000000,0.000000,9.016393,0.000000),(78,68,61,0,1,388,0,'Tappo Porta caricatore Copri USB Flap Cover antipolvere per Samsung Galaxy S5 i9600 g900',1,1,0,0,0,1.319672,0.00,0.000000,0.000000,0.000000,0.00,0.000000,'','','','',0.000000,1,0,'',0.000,0.000000,0.000,0,'',0,'0000-00-00 00:00:00',1.610000,1.319672,1.610000,1.319672,0.000000,0.000000,0.000000,1.229508,0.000000),(79,69,62,0,1,405,0,'LENTE VETRO VETRINO FOTOCAMERA POSTERIORE SAMSUNG GALAXY SIII s3 i9300',1,1,0,0,0,1.049180,0.00,0.000000,0.000000,0.000000,0.00,0.000000,'','','','',0.000000,1,0,'',0.000,0.000000,0.000,0,'',0,'0000-00-00 00:00:00',1.280000,1.049180,1.280000,1.049180,0.000000,0.000000,0.000000,0.983607,0.000000),(80,70,63,0,1,355,0,'VETRO SCHERMO TOUCH SCREEN SAMSUNG GALAXY SM-J5 SM-J500 BIANCO WHITE',1,1,0,0,0,10.524590,0.00,0.000000,0.000000,0.000000,0.00,0.000000,'','','CR27','',0.000000,1,0,'',0.000,0.000000,0.000,0,'',0,'0000-00-00 00:00:00',12.840000,10.524590,12.840000,10.524590,0.000000,0.000000,0.000000,9.836066,0.000000),(81,71,64,0,1,354,0,'CASSA SUONERIA SAMSUNG S6 EDGE G925F VIVAVOCE BUZZER ALTOPARLANTE',1,1,0,0,0,3.155738,0.00,0.000000,0.000000,0.000000,0.00,0.000000,'','','CR26','',0.000000,1,0,'',0.000,0.000000,0.000,0,'',0,'0000-00-00 00:00:00',3.850000,3.155738,3.850000,3.155738,0.000000,0.000000,0.000000,2.950820,0.000000),(82,72,65,0,1,416,0,'TOUCH SCREEN VETRO SAMSUNG GALAXY GRAND NEO i9060 BIANCO WHITE',1,1,0,0,0,7.803279,0.00,0.000000,0.000000,0.000000,0.00,0.000000,'','','','',0.000000,1,0,'',0.000,0.000000,0.000,0,'',0,'0000-00-00 00:00:00',9.520000,7.803279,9.520000,7.803279,0.000000,0.000000,0.000000,7.295082,0.000000),(83,73,66,0,1,421,0,'VETRO VETRINO LENTE BACK CAMERA FOTOCAMERA SAMSUNG A3 A300 A300F WHITE BIANCO',1,1,0,0,0,2.631148,0.00,0.000000,0.000000,0.000000,0.00,0.000000,'','','','',0.000000,1,0,'',0.000,0.000000,0.000,0,'',0,'0000-00-00 00:00:00',3.210000,2.631148,3.210000,2.631148,0.000000,0.000000,0.000000,2.459016,0.000000),(84,74,67,0,1,355,0,'VETRO SCHERMO TOUCH SCREEN SAMSUNG GALAXY SM-J5 SM-J500 BIANCO WHITE',1,1,0,0,0,10.524590,0.00,0.000000,0.000000,0.000000,0.00,0.000000,'','','CR27','',0.000000,1,0,'',0.000,0.000000,0.000,0,'',0,'0000-00-00 00:00:00',12.840000,10.524590,12.840000,10.524590,0.000000,0.000000,0.000000,9.836066,0.000000),(85,75,68,0,1,425,0,'VETRO VETRINO LENTE BACK CAMERA FOTOCAMERA SAMSUNG A5 A500 A500F BLACK NERA',1,1,0,0,0,2.631148,0.00,0.000000,0.000000,0.000000,0.00,0.000000,'','','','',0.000000,1,0,'',0.000,0.000000,0.000,0,'',0,'0000-00-00 00:00:00',3.210000,2.631148,3.210000,2.631148,0.000000,0.000000,0.000000,2.459016,0.000000),(86,76,69,0,1,367,0,'FLAT FOTOCAMERA POSTERIORE RETRO CAMERA BACK PER SAMSUNG S5 G900F',1,1,0,0,0,5.262295,0.00,0.000000,0.000000,0.000000,0.00,0.000000,'','','CR38','',0.000000,1,0,'',0.000,0.000000,0.000,0,'',0,'0000-00-00 00:00:00',6.420000,5.262295,6.420000,5.262295,0.000000,0.000000,0.000000,4.918033,0.000000),(87,77,70,0,1,421,0,'VETRO VETRINO LENTE BACK CAMERA FOTOCAMERA SAMSUNG A3 A300 A300F WHITE BIANCO',1,1,0,0,0,2.631148,0.00,0.000000,0.000000,0.000000,0.00,0.000000,'','','','',0.000000,1,0,'',0.000,0.000000,0.000,0,'',0,'0000-00-00 00:00:00',3.210000,2.631148,3.210000,2.631148,0.000000,0.000000,0.000000,2.459016,0.000000),(88,78,71,0,1,303,0,'Zsun Wi-fi Lettore Di Schede Memoria Estendibile Wireless Trasferimento dati',1,1,0,0,0,16.885246,0.00,0.000000,0.000000,0.000000,0.00,0.000000,'','','TA30','',0.000000,1,0,'',0.000,0.000000,0.000,0,'',0,'0000-00-00 00:00:00',20.600000,16.885246,20.600000,16.885246,0.000000,0.000000,0.000000,16.885246,0.000000),(89,79,72,0,1,310,0,'DUPLICATORE SPLITTER RJ45 SDOPPIATORE RJ-45 CAVO di RETE Ethernet INTERNET LAN',1,1,0,0,0,1.311475,0.00,0.000000,0.000000,0.000000,0.00,0.000000,'','','N02','',0.000000,1,0,'',0.000,0.000000,0.000,0,'',0,'0000-00-00 00:00:00',1.600000,1.311475,1.600000,1.311475,0.000000,0.000000,0.000000,0.819672,0.000000),(90,80,73,0,1,301,0,'STAFFA CADDY PER HD HARD DISK PER PLAYSTATION PS3 PLAY STATION 3',1,1,0,0,0,4.385246,0.00,0.000000,0.000000,0.000000,0.00,0.000000,'','','CA02','',0.000000,1,0,'',0.000,0.000000,0.000,0,'',0,'0000-00-00 00:00:00',5.350000,4.385246,5.350000,4.385246,0.000000,0.000000,0.000000,4.098361,0.000000),(91,81,74,0,1,403,0,'MOTORE MOTORINO VIBRAZIONE VIBRACALL FLAT FLEX SAMSUNG GALAXY S4 i9500 i9505 LTE',1,1,0,0,0,2.278689,0.00,0.000000,0.000000,0.000000,0.00,0.000000,'','','','',0.000000,1,0,'',0.000,0.000000,0.000,0,'',0,'0000-00-00 00:00:00',2.780000,2.278689,2.780000,2.278689,0.000000,0.000000,0.000000,2.131148,0.000000),(92,82,75,0,1,425,0,'VETRO VETRINO LENTE BACK CAMERA FOTOCAMERA SAMSUNG A5 A500 A500F BLACK NERA',1,1,0,0,0,2.631148,0.00,0.000000,0.000000,0.000000,0.00,0.000000,'','','','',0.000000,1,0,'',0.000,0.000000,0.000,0,'',0,'0000-00-00 00:00:00',3.210000,2.631148,3.210000,2.631148,0.000000,0.000000,0.000000,2.459016,0.000000),(93,83,76,0,1,426,0,'VETRO VETRINO LENTE BACK CAMERA FOTOCAMERA SAMSUNG A7 A700 A700F WHITE BIANCO',1,1,0,0,0,2.631148,0.00,0.000000,0.000000,0.000000,0.00,0.000000,'','','','',0.000000,1,0,'',0.000,0.000000,0.000,0,'',0,'0000-00-00 00:00:00',3.210000,2.631148,3.210000,2.631148,0.000000,0.000000,0.000000,2.459016,0.000000),(94,84,77,0,1,360,0,'Vetro Posteriore Samsung Galaxy S6 G920 back glass cover Blue',1,1,0,0,0,6.139344,0.00,0.000000,0.000000,0.000000,0.00,0.000000,'','','CR32','',0.000000,1,0,'',0.000,0.000000,0.000,0,'',0,'0000-00-00 00:00:00',7.490000,6.139344,7.490000,6.139344,0.000000,0.000000,0.000000,5.737705,0.000000),(95,85,78,0,1,456,0,'VETRINO FRAME FOTOCAMERA NERO PER SAMSUNG NOTE 3 N9005',1,1,0,0,0,2.196721,0.00,0.000000,0.000000,0.000000,0.00,0.000000,'','','','',0.000000,1,0,'',0.000,0.000000,0.000,0,'',0,'0000-00-00 00:00:00',2.680000,2.196721,2.680000,2.196721,0.000000,0.000000,0.000000,2.049180,0.000000),(96,86,79,0,1,452,0,'TOUCH SCREEN PER SAMSUNG SM-G350 G3500 GALAXY CORE PLUS VETRINO VETRO NERO',1,1,0,0,0,8.770492,0.00,0.000000,0.000000,0.000000,0.00,0.000000,'','','','',0.000000,1,0,'',0.000,0.000000,0.000,0,'',0,'0000-00-00 00:00:00',10.700000,8.770492,10.700000,8.770492,0.000000,0.000000,0.000000,8.196721,0.000000),(97,87,80,0,1,456,0,'VETRINO FRAME FOTOCAMERA NERO PER SAMSUNG NOTE 3 N9005',1,1,0,0,0,2.196721,0.00,0.000000,0.000000,0.000000,0.00,0.000000,'','','','',0.000000,1,0,'',0.000,0.000000,0.000,0,'',0,'0000-00-00 00:00:00',2.680000,2.196721,2.680000,2.196721,0.000000,0.000000,0.000000,2.049180,0.000000),(98,88,81,0,1,340,0,'FLAT DOCK FLEX CONNETTORE CARICA DI RICARICA SAMSUNG GALAXY NOTE 4 N910F',1,1,0,0,0,6.581967,0.00,0.000000,0.000000,0.000000,0.00,0.000000,'','','CR12','',0.000000,1,0,'',0.000,0.000000,0.000,0,'',0,'0000-00-00 00:00:00',8.030000,6.581967,8.030000,6.581967,0.000000,0.000000,0.000000,6.147541,0.000000),(99,89,82,0,1,413,0,'Motorino Motore Vibro MUTE MUTO VIBRAZIONE Samsung GT-I9300 Galaxy S3 III I9300',1,1,0,0,0,1.926230,0.00,0.000000,0.000000,0.000000,0.00,0.000000,'','','','',0.000000,1,0,'',0.000,0.000000,0.000,0,'',0,'0000-00-00 00:00:00',2.350000,1.926230,2.350000,1.926230,0.000000,0.000000,0.000000,1.803279,0.000000),(100,90,83,0,1,420,0,'VETRO VETRINO LENTE BACK CAMERA FOTOCAMERA SAMSUNG A3 A300 A300F BLACK NERO',2,2,0,0,0,2.631148,0.00,0.000000,0.000000,0.000000,0.00,0.000000,'','','','',0.000000,1,0,'',0.000,0.000000,0.000,0,'',0,'0000-00-00 00:00:00',3.210000,2.631148,3.210000,2.631148,0.000000,0.000000,0.000000,2.459016,0.000000),(101,91,84,0,1,365,0,'USB LED LAMPADA FLESSIBILE LAMPADINE LUCE PER LAPTOP COMPUTER NOTEBOOK PC',1,1,0,0,0,1.639344,0.00,0.000000,0.000000,0.000000,0.00,0.000000,'','','','',0.000000,1,0,'',0.000,0.000000,0.000,0,'',0,'0000-00-00 00:00:00',2.000000,1.639344,2.000000,1.639344,0.000000,0.000000,0.000000,1.639344,0.000000),(102,92,85,0,1,388,0,'Tappo Porta caricatore Copri USB Flap Cover antipolvere per Samsung Galaxy S5 i9600 g900',1,1,0,0,0,1.319672,0.00,0.000000,0.000000,0.000000,0.00,0.000000,'','','','',0.000000,1,0,'',0.000,0.000000,0.000,0,'',0,'0000-00-00 00:00:00',1.610000,1.319672,1.610000,1.319672,0.000000,0.000000,0.000000,1.229508,0.000000),(103,93,86,0,1,120,0,'Mouse ultrasottile Laser Ottico 2.4GHz Wireless con ricevitore nano Bianco \"',1,1,0,0,0,4.098361,0.00,0.000000,0.000000,0.000000,0.00,0.000000,'','','DTM03','',0.000000,1,0,'',0.000,0.000000,0.000,0,'',0,'0000-00-00 00:00:00',5.000000,4.098361,5.000000,4.098361,0.000000,0.000000,0.000000,4.098361,0.000000),(104,94,87,0,1,357,0,'FLAT DOCK FLEX CONNETTORE CARICA DI RICARICA HTC ONE M9',1,1,0,0,0,14.032787,0.00,0.000000,0.000000,0.000000,0.00,0.000000,'','','CR29','',0.000000,1,0,'',0.000,0.000000,0.000,0,'',0,'0000-00-00 00:00:00',17.120000,14.032787,17.120000,14.032787,0.000000,0.000000,0.000000,13.114754,0.000000),(105,95,88,0,1,356,0,'FLAT DOCK FLEX CONNETTORE CARICA DI RICARICA HTC ONE M8',1,1,0,0,0,7.893443,0.00,0.000000,0.000000,0.000000,0.00,0.000000,'','','CR28','',0.000000,1,0,'',0.000,0.000000,0.000,0,'',0,'0000-00-00 00:00:00',9.630000,7.893443,9.630000,7.893443,0.000000,0.000000,0.000000,7.377049,0.000000),(106,96,89,0,1,389,0,'LENTE VETRO VETRINO FOTOCAMERA POSTERIORE SAMSUNG GALAXY S5 I9600 G900',1,1,0,0,0,1.139344,0.00,0.000000,0.000000,0.000000,0.00,0.000000,'','','','',0.000000,1,0,'',0.000,0.000000,0.000,0,'',0,'0000-00-00 00:00:00',1.390000,1.139344,1.390000,1.139344,0.000000,0.000000,0.000000,1.065574,0.000000),(107,97,90,0,1,75,0,'MINI SUPPORTO MAGNETICO FLESSIBILE ROTATIVO SMARTPHONE AUTO MACCHINA',1,1,0,0,0,6.557377,0.00,0.000000,0.000000,0.000000,0.00,0.000000,'','','TA01','',0.000000,1,0,'',0.000,0.000000,0.000,0,'',0,'0000-00-00 00:00:00',8.000000,6.557377,8.000000,6.557377,0.000000,0.000000,0.000000,6.557377,0.000000),(108,98,91,0,1,395,0,'WIFI GPS ANTENNA segnale fili cavo flessibile SAMSUNG Galaxy S5 i9600 G900',1,1,0,0,0,2.631148,0.00,0.000000,0.000000,0.000000,0.00,0.000000,'','','','',0.000000,1,0,'',0.000,0.000000,0.000,0,'',0,'0000-00-00 00:00:00',3.210000,2.631148,3.210000,2.631148,0.000000,0.000000,0.000000,2.459016,0.000000),(109,99,92,0,1,389,0,'LENTE VETRO VETRINO FOTOCAMERA POSTERIORE SAMSUNG GALAXY S5 I9600 G900',1,1,0,0,0,1.139344,0.00,0.000000,0.000000,0.000000,0.00,0.000000,'','','','',0.000000,1,0,'',0.000,0.000000,0.000,0,'',0,'0000-00-00 00:00:00',1.390000,1.139344,1.390000,1.139344,0.000000,0.000000,0.000000,1.065574,0.000000),(110,100,93,0,1,367,0,'FLAT FOTOCAMERA POSTERIORE RETRO CAMERA BACK PER SAMSUNG S5 G900F',1,1,0,0,0,5.262295,0.00,0.000000,0.000000,0.000000,0.00,0.000000,'','','CR38','',0.000000,1,0,'',0.000,0.000000,0.000,0,'',0,'0000-00-00 00:00:00',6.420000,5.262295,6.420000,5.262295,0.000000,0.000000,0.000000,4.918033,0.000000),(111,101,94,0,1,335,0,'FLAT DOCK FLEX CONNETTORE CARICA DI RICARICA SAMSUNG GALAXY S6 G920F',1,1,0,0,0,6.139344,0.00,0.000000,0.000000,0.000000,0.00,0.000000,'','','CR07','',0.000000,1,0,'',0.000,0.000000,0.000,0,'',0,'0000-00-00 00:00:00',7.490000,6.139344,7.490000,6.139344,0.000000,0.000000,0.000000,5.737705,0.000000),(112,102,95,0,1,418,0,'Vassoio alloggio Micro Sd VANO SIM porta nano Sim per Samsung Galaxy A3 A5 A7 NERO',1,1,0,0,0,4.557377,0.00,0.000000,0.000000,0.000000,0.00,0.000000,'','','','',0.000000,1,0,'',0.000,0.000000,0.000,0,'',0,'0000-00-00 00:00:00',5.560000,4.557377,5.560000,4.557377,0.000000,0.000000,0.000000,4.262295,0.000000),(113,103,96,0,1,386,0,'Carrello porta SIM per Samsung G920 Galaxy S6 gold oro carrellino vano nano lettore',1,1,0,0,0,2.196721,0.00,0.000000,0.000000,0.000000,0.00,0.000000,'','','','',0.000000,1,0,'',0.000,0.000000,0.000,0,'',0,'0000-00-00 00:00:00',2.680000,2.196721,2.680000,2.196721,0.000000,0.000000,0.000000,2.049180,0.000000),(114,104,97,0,1,389,0,'LENTE VETRO VETRINO FOTOCAMERA POSTERIORE SAMSUNG GALAXY S5 I9600 G900',1,1,0,0,0,1.139344,0.00,0.000000,0.000000,0.000000,0.00,0.000000,'','','','',0.000000,1,0,'',0.000,0.000000,0.000,0,'',0,'0000-00-00 00:00:00',1.390000,1.139344,1.390000,1.139344,0.000000,0.000000,0.000000,1.065574,0.000000),(115,105,98,0,1,437,0,'FLEX FLAT FOTOCAMERA ANTERIORE FRONTALE SENSORE DI PROSSIMITA\' APPLE IPHONE 5C',1,1,0,0,0,3.770492,0.00,0.000000,0.000000,0.000000,0.00,0.000000,'','','','',0.000000,1,0,'',0.000,0.000000,0.000,0,'',0,'0000-00-00 00:00:00',4.600000,3.770492,4.600000,3.770492,0.000000,0.000000,0.000000,3.524590,0.000000),(116,106,99,0,1,389,0,'LENTE VETRO VETRINO FOTOCAMERA POSTERIORE SAMSUNG GALAXY S5 I9600 G900',1,1,0,0,0,1.139344,0.00,0.000000,0.000000,0.000000,0.00,0.000000,'','','','',0.000000,1,0,'',0.000,0.000000,0.000,0,'',0,'0000-00-00 00:00:00',1.390000,1.139344,1.390000,1.139344,0.000000,0.000000,0.000000,1.065574,0.000000),(117,107,100,0,1,335,0,'FLAT DOCK FLEX CONNETTORE CARICA DI RICARICA SAMSUNG GALAXY S6 G920F',1,1,0,0,0,6.139344,0.00,0.000000,0.000000,0.000000,0.00,0.000000,'','','CR07','',0.000000,1,0,'',0.000,0.000000,0.000,0,'',0,'0000-00-00 00:00:00',7.490000,6.139344,7.490000,6.139344,0.000000,0.000000,0.000000,5.737705,0.000000),(118,108,101,0,1,370,0,'CONNETTORE DI RICARICA JACK CARICA MICRO USB PLUG DOCK PER NOKIA LUMIA 820',1,1,0,0,0,1.663934,0.00,0.000000,0.000000,0.000000,0.00,0.000000,'','','CR41','',0.000000,1,0,'',0.000,0.000000,0.000,0,'',0,'0000-00-00 00:00:00',2.030000,1.663934,2.030000,1.663934,0.000000,0.000000,0.000000,1.557377,0.000000),(119,109,102,0,1,310,0,'DUPLICATORE SPLITTER RJ45 SDOPPIATORE RJ-45 CAVO di RETE Ethernet INTERNET LAN',1,1,0,0,0,1.311475,0.00,0.000000,0.000000,0.000000,0.00,0.000000,'','','N02','',0.000000,1,0,'',0.000,0.000000,0.000,0,'',0,'0000-00-00 00:00:00',1.600000,1.311475,1.600000,1.311475,0.000000,0.000000,0.000000,0.819672,0.000000),(120,110,103,0,1,405,0,'LENTE VETRO VETRINO FOTOCAMERA POSTERIORE SAMSUNG GALAXY SIII s3 i9300',1,1,0,0,0,1.049180,0.00,0.000000,0.000000,0.000000,0.00,0.000000,'','','','',0.000000,1,0,'',0.000,0.000000,0.000,0,'',0,'0000-00-00 00:00:00',1.280000,1.049180,1.280000,1.049180,0.000000,0.000000,0.000000,0.983607,0.000000),(121,111,104,0,1,387,0,'Carrello porta SIM per Samsung G920 Galaxy S6 bianco white carrellino vano nano lettore',1,1,0,0,0,2.196721,0.00,0.000000,0.000000,0.000000,0.00,0.000000,'','','','',0.000000,1,0,'',0.000,0.000000,0.000,0,'',0,'0000-00-00 00:00:00',2.680000,2.196721,2.680000,2.196721,0.000000,0.000000,0.000000,2.049180,0.000000),(122,112,105,0,1,453,0,'FLAT CONNETTORE DI CARICA USB MICROFONO PER SAMSUNG GALAXY NOTE N7000 i9220',1,1,0,0,0,4.647541,0.00,0.000000,0.000000,0.000000,0.00,0.000000,'','','','',0.000000,1,0,'',0.000,0.000000,0.000,0,'',0,'0000-00-00 00:00:00',5.670000,4.647541,5.670000,4.647541,0.000000,0.000000,0.000000,4.344262,0.000000),(123,113,106,0,1,370,0,'CONNETTORE DI RICARICA JACK CARICA MICRO USB PLUG DOCK PER NOKIA LUMIA 820',1,1,0,0,0,1.663934,0.00,0.000000,0.000000,0.000000,0.00,0.000000,'','','CR41','',0.000000,1,0,'',0.000,0.000000,0.000,0,'',0,'0000-00-00 00:00:00',2.030000,1.663934,2.030000,1.663934,0.000000,0.000000,0.000000,1.557377,0.000000),(124,114,107,0,1,109,0,'Altoparlante Bluetooth Speaker Cassa vivavoce cellulare AUKEY',1,1,0,0,0,15.491803,0.00,0.000000,0.000000,0.000000,0.00,0.000000,'','','TA15','',0.000000,1,0,'',0.000,0.000000,0.000,0,'',0,'0000-00-00 00:00:00',18.900000,15.491803,18.900000,15.491803,0.000000,0.000000,0.000000,15.491803,0.000000),(125,115,108,0,1,356,0,'FLAT DOCK FLEX CONNETTORE CARICA DI RICARICA HTC ONE M8',1,1,0,0,0,7.893443,0.00,0.000000,0.000000,0.000000,0.00,0.000000,'','','CR28','',0.000000,1,0,'',0.000,0.000000,0.000,0,'',0,'0000-00-00 00:00:00',9.630000,7.893443,9.630000,7.893443,0.000000,0.000000,0.000000,7.377049,0.000000),(126,116,109,0,1,300,0,'SPLITTER VGA 2 PORTE PER PC MONITOR SWITCH BOX SDOPPIATORE',1,1,0,0,0,5.737705,0.00,0.000000,0.000000,0.000000,0.00,0.000000,'','','AV03','',0.000000,1,0,'',0.000,0.000000,0.000,0,'',0,'0000-00-00 00:00:00',7.000000,5.737705,7.000000,5.737705,0.000000,0.000000,0.000000,5.737705,0.000000),(127,117,110,0,1,433,0,'Flat FLEX per Iphone 4S ricambio Antenna linea Wi-Fi e segnale 3G con Connettore',1,1,0,0,0,1.581967,0.00,0.000000,0.000000,0.000000,0.00,0.000000,'','','','',0.000000,1,0,'',0.000,0.000000,0.000,0,'',0,'0000-00-00 00:00:00',1.930000,1.581967,1.930000,1.581967,0.000000,0.000000,0.000000,1.475410,0.000000),(128,118,111,0,1,352,0,'FLAT DOCK FLEX CONNETTORE CARICA DI RICARICA MICRO USB SAMSUNG GALAXY I8262 CORE',1,1,0,0,0,5.524590,0.00,0.000000,0.000000,0.000000,0.00,0.000000,'','','CR24','',0.000000,1,0,'',0.000,0.000000,0.000,0,'',0,'0000-00-00 00:00:00',6.740000,5.524590,6.740000,5.524590,0.000000,0.000000,0.000000,5.163934,0.000000),(129,119,112,0,1,352,0,'FLAT DOCK FLEX CONNETTORE CARICA DI RICARICA MICRO USB SAMSUNG GALAXY I8262 CORE',1,1,0,0,0,5.524590,0.00,0.000000,0.000000,0.000000,0.00,0.000000,'','','CR24','',0.000000,1,0,'',0.000,0.000000,0.000,0,'',0,'0000-00-00 00:00:00',6.740000,5.524590,6.740000,5.524590,0.000000,0.000000,0.000000,5.163934,0.000000),(130,120,113,0,1,336,0,'FLAT DOCK FLEX CONNETTORE CARICA DI RICARICA SAMSUNG GALAXY S6 EDGE G925F',1,1,0,0,0,9.647541,0.00,0.000000,0.000000,0.000000,0.00,0.000000,'','','CR08','',0.000000,1,0,'',0.000,0.000000,0.000,0,'',0,'0000-00-00 00:00:00',11.770000,9.647541,11.770000,9.647541,0.000000,0.000000,0.000000,9.016393,0.000000),(131,121,114,0,1,423,0,'FLAT CONNETTORE DI CARICA USB MICROFONO PER SAMSUNG A5 A500F A500 F 2016',1,1,0,0,0,8.336066,0.00,0.000000,0.000000,0.000000,0.00,0.000000,'','','','',0.000000,1,0,'',0.000,0.000000,0.000,0,'',0,'0000-00-00 00:00:00',10.170000,8.336066,10.170000,8.336066,0.000000,0.000000,0.000000,7.786885,0.000000),(132,122,115,0,1,338,0,'FLAT DOCK FLEX CONNETTORE CARICA DI RICARICA SAMSUNG GALAXY S5 MINI SV G800F',1,1,0,0,0,4.385246,0.00,0.000000,0.000000,0.000000,0.00,0.000000,'','','CR10','',0.000000,1,0,'',0.000,0.000000,0.000,0,'',0,'0000-00-00 00:00:00',5.350000,4.385246,5.350000,4.385246,0.000000,0.000000,0.000000,4.098361,0.000000),(133,123,116,0,1,429,0,'Vassoio alloggio VANO SIM porta nano Sim per Samsung A3 A5 A7 BIANCO',1,1,0,0,0,4.385246,0.00,0.000000,0.000000,0.000000,0.00,0.000000,'','','','',0.000000,1,0,'',0.000,0.000000,0.000,0,'',0,'0000-00-00 00:00:00',5.350000,4.385246,5.350000,4.385246,0.000000,0.000000,0.000000,4.098361,0.000000),(134,124,117,0,1,422,0,'VETRO VETRINO LENTE BACK CAMERA FOTOCAMERA SAMSUNG A5 A500 A500F WHITE BIANCO',1,1,0,0,0,2.631148,0.00,0.000000,0.000000,0.000000,0.00,0.000000,'','','','',0.000000,1,0,'',0.000,0.000000,0.000,0,'',0,'0000-00-00 00:00:00',3.210000,2.631148,3.210000,2.631148,0.000000,0.000000,0.000000,2.459016,0.000000),(135,125,118,0,1,356,0,'FLAT DOCK FLEX CONNETTORE CARICA DI RICARICA HTC ONE M8',1,1,0,0,0,7.893443,0.00,0.000000,0.000000,0.000000,0.00,0.000000,'','','CR28','',0.000000,1,0,'',0.000,0.000000,0.000,0,'',0,'0000-00-00 00:00:00',9.630000,7.893443,9.630000,7.893443,0.000000,0.000000,0.000000,7.377049,0.000000),(136,126,119,0,1,378,0,'CONNETTORE DOCK RICARICA Micro USB PORTA DATI CARICA x nokia lumia n925 n 925',1,1,0,0,0,2.016393,0.00,0.000000,0.000000,0.000000,0.00,0.000000,'','','CR47','',0.000000,1,0,'',0.000,0.000000,0.000,0,'',0,'0000-00-00 00:00:00',2.460000,2.016393,2.460000,2.016393,0.000000,0.000000,0.000000,1.885246,0.000000),(137,127,120,0,1,405,0,'LENTE VETRO VETRINO FOTOCAMERA POSTERIORE SAMSUNG GALAXY SIII s3 i9300',1,1,0,0,0,1.049180,0.00,0.000000,0.000000,0.000000,0.00,0.000000,'','','','',0.000000,1,0,'',0.000,0.000000,0.000,0,'',0,'0000-00-00 00:00:00',1.280000,1.049180,1.280000,1.049180,0.000000,0.000000,0.000000,0.983607,0.000000),(138,128,121,0,1,420,0,'VETRO VETRINO LENTE BACK CAMERA FOTOCAMERA SAMSUNG A3 A300 A300F BLACK NERO',1,1,0,0,0,2.459016,0.00,0.000000,0.000000,0.000000,0.00,0.000000,'','','','',0.000000,1,0,'',0.000,0.000000,0.000,0,'',0,'0000-00-00 00:00:00',3.000000,2.460000,3.000000,2.459016,0.000000,0.000000,0.000000,2.459016,0.000000),(139,129,122,0,1,80,0,'Adattatore per presa accendisigari da Auto',1,1,0,0,0,15.573770,0.00,0.000000,0.000000,0.000000,0.00,0.000000,'','','TA06','',0.000000,1,0,'',0.000,0.000000,0.000,0,'',0,'0000-00-00 00:00:00',19.000000,15.573770,19.000000,15.573770,0.000000,0.000000,0.000000,15.573770,0.000000),(140,130,123,0,1,358,0,'FLAT HTC ONE M9 MICRO SD MEMORY CARD READER  TASTO POWER VOLUME BUTTON FLEX',1,1,0,0,0,14.032787,0.00,0.000000,0.000000,0.000000,0.00,0.000000,'','','CR30','',0.000000,1,0,'',0.000,0.000000,0.000,0,'',0,'0000-00-00 00:00:00',17.120000,14.032787,17.120000,14.032787,0.000000,0.000000,0.000000,13.114754,0.000000),(141,131,124,0,1,141,0,'Touch screen Vetro BIANCO per Samsung Galaxy TAB 3 8\" T311 WHITE',1,1,0,0,0,13.524590,0.00,0.000000,0.000000,0.000000,0.00,0.000000,'','','TR18','',0.000000,1,0,'',0.000,0.000000,0.000,0,'',0,'0000-00-00 00:00:00',16.500000,13.524590,16.500000,13.524590,0.000000,0.000000,0.000000,11.885246,0.000000),(142,132,125,0,1,346,0,'FLAT DOCK FLEX JACK AUDIO CARICA DI RICARICA BIANCA MICROFONO IPHONE 5 BIANCO',1,1,0,0,0,3.680328,0.00,0.000000,0.000000,0.000000,0.00,0.000000,'','','CR18','',0.000000,1,0,'',0.000,0.000000,0.000,0,'',0,'0000-00-00 00:00:00',4.490000,3.680328,4.490000,3.680328,0.000000,0.000000,0.000000,3.442623,0.000000),(143,133,126,0,1,410,0,'biadesivo adesivo fissaggio vetro posteriore back per Samsung Galaxy S6 Edge g925',1,1,0,0,0,1.754098,0.00,0.000000,0.000000,0.000000,0.00,0.000000,'','','','',0.000000,1,0,'',0.000,0.000000,0.000,0,'',0,'0000-00-00 00:00:00',2.140000,1.754098,2.140000,1.754098,0.000000,0.000000,0.000000,1.639344,0.000000),(144,134,127,0,1,349,0,'Lente Vetro Vetrino Camera Fotocamera Posteriore Samsung Galaxy S6 G920F Bianco',1,1,0,0,0,3.065574,0.00,0.000000,0.000000,0.000000,0.00,0.000000,'','','CR21','',0.000000,1,0,'',0.000,0.000000,0.000,0,'',0,'0000-00-00 00:00:00',3.740000,3.065574,3.740000,3.065574,0.000000,0.000000,0.000000,2.868852,0.000000),(145,135,128,0,1,288,0,'Touch Screen Vetro Nero con Frame Nokia Lumia 820 Vetrino per Display Touchscreen',1,1,0,0,0,11.401639,0.00,0.000000,0.000000,0.000000,0.00,0.000000,'','','CR10','',0.000000,1,0,'',0.000,0.000000,0.000,0,'',0,'0000-00-00 00:00:00',13.910000,11.401639,13.910000,11.401639,0.000000,0.000000,0.000000,10.655738,0.000000),(146,136,129,0,1,400,0,'LENTE VETRO VETRINO FOTOCAMERA POSTERIORE SAMSUNG GALAXY S4 I9505 I9500',1,1,0,0,0,1.319672,0.00,0.000000,0.000000,0.000000,0.00,0.000000,'','','','',0.000000,1,0,'',0.000,0.000000,0.000,0,'',0,'0000-00-00 00:00:00',1.610000,1.319672,1.610000,1.319672,0.000000,0.000000,0.000000,1.229508,0.000000),(147,137,130,0,1,351,0,'SAMSUNG GALAXY NOTE 10.1 N8000 FLAT FLEX LETTORE SIM CARD SCHEDA',1,1,0,0,0,4.508197,0.00,0.000000,0.000000,0.000000,0.00,0.000000,'','','CR23','',0.000000,1,0,'',0.000,0.000000,0.000,0,'',0,'0000-00-00 00:00:00',5.500000,4.510000,5.500000,4.508197,0.000000,0.000000,0.000000,4.508197,0.000000),(148,138,131,0,1,410,0,'biadesivo adesivo fissaggio vetro posteriore back per Samsung Galaxy S6 Edge g925',1,1,0,0,0,1.754098,0.00,0.000000,0.000000,0.000000,0.00,0.000000,'','','','',0.000000,1,0,'',0.000,0.000000,0.000,0,'',0,'0000-00-00 00:00:00',2.140000,1.754098,2.140000,1.754098,0.000000,0.000000,0.000000,1.639344,0.000000),(149,139,132,0,1,358,0,'FLAT HTC ONE M9 MICRO SD MEMORY CARD READER  TASTO POWER VOLUME BUTTON FLEX',1,1,0,0,0,14.032787,0.00,0.000000,0.000000,0.000000,0.00,0.000000,'','','CR30','',0.000000,1,0,'',0.000,0.000000,0.000,0,'',0,'0000-00-00 00:00:00',17.120000,14.032787,17.120000,14.032787,0.000000,0.000000,0.000000,13.114754,0.000000),(150,140,133,0,1,400,0,'LENTE VETRO VETRINO FOTOCAMERA POSTERIORE SAMSUNG GALAXY S4 I9505 I9500',1,1,0,0,0,1.319672,0.00,0.000000,0.000000,0.000000,0.00,0.000000,'','','','',0.000000,1,0,'',0.000,0.000000,0.000,0,'',0,'0000-00-00 00:00:00',1.610000,1.319672,1.610000,1.319672,0.000000,0.000000,0.000000,1.229508,0.000000),(151,141,134,0,1,347,0,'Lente Vetro Vetrino Camera Fotocamera Posteriore Samsung Galaxy S6 G920F Gold Oro',1,1,0,0,0,3.065574,0.00,0.000000,0.000000,0.000000,0.00,0.000000,'','','CR19','',0.000000,1,0,'',0.000,0.000000,0.000,0,'',0,'0000-00-00 00:00:00',3.740000,3.065574,3.740000,3.065574,0.000000,0.000000,0.000000,2.868852,0.000000),(152,142,135,0,1,367,0,'FLAT FOTOCAMERA POSTERIORE RETRO CAMERA BACK PER SAMSUNG S5 G900F',1,1,0,0,0,5.262295,0.00,0.000000,0.000000,0.000000,0.00,0.000000,'','','CR38','',0.000000,1,0,'',0.000,0.000000,0.000,0,'',0,'0000-00-00 00:00:00',6.420000,5.262295,6.420000,5.262295,0.000000,0.000000,0.000000,4.918033,0.000000),(153,143,136,0,1,420,0,'VETRO VETRINO LENTE BACK CAMERA FOTOCAMERA SAMSUNG A3 A300 A300F BLACK NERO',1,1,0,0,0,2.631148,0.00,0.000000,0.000000,0.000000,0.00,0.000000,'','','','',0.000000,1,0,'',0.000,0.000000,0.000,0,'',0,'0000-00-00 00:00:00',3.210000,2.631148,3.210000,2.631148,0.000000,0.000000,0.000000,2.459016,0.000000),(154,144,137,0,1,484,0,'LENTE FOTOCAMERA FRAME TASTO POWER E VOLUME LG G3 D855 NERO VETRINO CAMERA',1,1,0,0,0,6.311475,0.00,0.000000,0.000000,0.000000,0.00,0.000000,'','','','',0.000000,1,0,'',0.000,0.000000,0.000,0,'',0,'0000-00-00 00:00:00',7.700000,6.311475,7.700000,6.311475,0.000000,0.000000,2.600000,5.901639,2.600000),(155,145,138,0,1,455,0,'scocca posteriore per Huawei Ascend P7 back cover copri batteria BIANCO bulk',1,1,0,0,0,6.581967,0.00,0.000000,0.000000,0.000000,0.00,0.000000,'','','','',0.000000,1,0,'',0.000,0.000000,0.000,0,'',0,'0000-00-00 00:00:00',8.030000,6.581967,8.030000,6.581967,0.000000,0.000000,0.000000,6.147541,0.000000),(156,146,139,0,1,424,0,'FLAT FLEX CAVO TASTO ACCENSIONE POWER ON/OFF BUTTON PER SAMSUNG A5 A500F A500',1,1,0,0,0,3.508197,0.00,0.000000,0.000000,0.000000,0.00,0.000000,'','','','',0.000000,1,0,'',0.000,0.000000,0.000,0,'',0,'0000-00-00 00:00:00',4.280000,3.508197,4.280000,3.508197,0.000000,0.000000,0.000000,3.278689,0.000000),(157,147,140,0,1,486,0,'SPEAKER BUZZER CASSA ALTOPARLANTE VIVAVOCE SUONERIA IPHONE 6',1,1,0,0,0,2.983607,0.00,0.000000,0.000000,0.000000,0.00,0.000000,'','','','',0.000000,1,0,'',0.000,0.000000,0.000,0,'',0,'0000-00-00 00:00:00',3.640000,2.983607,3.640000,2.983607,0.000000,0.000000,2.730000,2.786885,2.730000),(158,148,141,0,1,381,0,'TOUCH SCREEN VETRO per SAMSUNG GALAXY TAB 3 LITE T111 7\" BIANCO CON BIADESIVO',1,1,0,0,0,13.598361,0.00,0.000000,0.000000,0.000000,0.00,0.000000,'','','','',0.000000,1,0,'',0.000,0.000000,0.000,0,'',0,'0000-00-00 00:00:00',16.590000,13.598361,16.590000,13.598361,0.000000,0.000000,0.000000,12.704918,0.000000),(159,149,142,0,1,388,0,'Tappo Porta caricatore Copri USB Flap Cover antipolvere per Samsung Galaxy S5 i9600 g900',1,1,0,0,0,1.319672,0.00,0.000000,0.000000,0.000000,0.00,0.000000,'','','','',0.000000,1,0,'',0.000,0.000000,0.000,0,'',0,'0000-00-00 00:00:00',1.610000,1.319672,1.610000,1.319672,0.000000,0.000000,0.000000,1.229508,0.000000),(160,150,143,0,1,366,0,'Lente Vetro Vetrino Camera Fotocamera Posteriore Samsung Galaxy S5 SV G900',1,1,0,0,0,1.139344,0.00,0.000000,0.000000,0.000000,0.00,0.000000,'','','CR37','',0.000000,1,0,'',0.000,0.000000,0.000,0,'',0,'0000-00-00 00:00:00',1.390000,1.139344,1.390000,1.139344,0.000000,0.000000,0.000000,1.065574,0.000000),(161,151,144,0,1,483,0,'VETRINO LENTE FRAME BIANCO FOTOCAMERA N910F PER SAMSUNG NOTE 4',1,1,0,0,0,2.278689,0.00,0.000000,0.000000,0.000000,0.00,0.000000,'','','','',0.000000,1,0,'',0.000,0.000000,0.000,0,'',0,'0000-00-00 00:00:00',2.780000,2.278689,2.780000,2.278689,0.000000,0.000000,1.000000,2.131148,1.000000),(162,152,145,0,1,301,0,'STAFFA CADDY PER HD HARD DISK PER PLAYSTATION PS3 PLAY STATION 3',1,1,0,0,0,4.385246,0.00,0.000000,0.000000,0.000000,0.00,0.000000,'','','CA02','',0.000000,1,0,'',0.000,0.000000,0.000,0,'',0,'0000-00-00 00:00:00',5.350000,4.385246,5.350000,4.385246,0.000000,0.000000,0.000000,4.098361,0.000000),(163,153,146,0,1,484,0,'LENTE FOTOCAMERA FRAME TASTO POWER E VOLUME LG G3 D855 NERO VETRINO CAMERA',1,1,0,0,0,6.311475,0.00,0.000000,0.000000,0.000000,0.00,0.000000,'','','','',0.000000,1,0,'',0.000,0.000000,0.000,0,'',0,'0000-00-00 00:00:00',7.700000,6.311475,7.700000,6.311475,0.000000,0.000000,2.600000,5.901639,2.600000),(164,154,147,0,1,480,0,'Cassa Suoneria Samsung GALAXY S4 MINI i9195 i9190 Vivavoce Buzzer Altoparlante',1,1,0,0,0,2.803279,0.00,0.000000,0.000000,0.000000,0.00,0.000000,'','','','',0.000000,1,0,'',0.000,0.000000,0.000,0,'',0,'0000-00-00 00:00:00',3.420000,2.803279,3.420000,2.803279,0.000000,0.000000,2.050000,2.622951,2.050000),(165,155,148,0,1,376,0,'biadesivo adesivo fissaggio vetro posteriore back per Samsung Galaxy S6 g920F',1,1,0,0,0,1.754098,0.00,0.000000,0.000000,0.000000,0.00,0.000000,'','','CR45','',0.000000,1,0,'',0.000,0.000000,0.000,0,'',0,'0000-00-00 00:00:00',2.140000,1.754098,2.140000,1.754098,0.000000,0.000000,0.000000,1.639344,0.000000),(166,156,149,0,1,421,0,'VETRO VETRINO LENTE BACK CAMERA FOTOCAMERA SAMSUNG A3 A300 A300F WHITE BIANCO',1,1,0,0,0,2.631148,0.00,0.000000,0.000000,0.000000,0.00,0.000000,'','','','',0.000000,1,0,'',0.000,0.000000,0.000,0,'',0,'0000-00-00 00:00:00',3.210000,2.631148,3.210000,2.631148,0.000000,0.000000,0.000000,2.459016,0.000000),(167,157,150,0,1,292,0,'Adattatore 2.5 \"a 3,5 pollici STAFFA SSD HDD NOTEBOOK MONTAGGIO vassoio caddy Bay',2,2,0,0,0,1.688525,0.00,0.000000,0.000000,0.000000,0.00,0.000000,'','','AV04','',0.000000,1,0,'',0.000,0.000000,0.000,0,'',0,'0000-00-00 00:00:00',4.120000,3.377049,2.060000,1.688525,0.000000,0.000000,0.000000,1.639344,0.000000),(168,158,151,0,1,292,0,'Adattatore 2.5 \"a 3,5 pollici STAFFA SSD HDD NOTEBOOK MONTAGGIO vassoio caddy Bay',3,3,0,0,0,1.688525,0.00,0.000000,0.000000,0.000000,0.00,0.000000,'','','AV04','',0.000000,1,0,'',0.000,0.000000,0.000,0,'',0,'0000-00-00 00:00:00',6.180000,5.065574,2.060000,1.688525,0.000000,0.000000,0.000000,1.639344,0.000000),(169,159,152,0,1,410,0,'biadesivo adesivo fissaggio vetro posteriore back per Samsung Galaxy S6 Edge g925',1,1,0,0,0,1.754098,0.00,0.000000,0.000000,0.000000,0.00,0.000000,'','','','',0.000000,1,0,'',0.000,0.000000,0.000,0,'',0,'0000-00-00 00:00:00',2.140000,1.754098,2.140000,1.754098,0.000000,0.000000,0.000000,1.639344,0.000000),(170,160,153,0,1,425,0,'VETRO VETRINO LENTE BACK CAMERA FOTOCAMERA SAMSUNG A5 A500 A500F BLACK NERA',1,1,0,0,0,2.631148,0.00,0.000000,0.000000,0.000000,0.00,0.000000,'','','','',0.000000,1,0,'',0.000,0.000000,0.000,0,'',0,'0000-00-00 00:00:00',3.210000,2.631148,3.210000,2.631148,0.000000,0.000000,0.000000,2.459016,0.000000),(171,161,154,0,1,483,0,'VETRINO LENTE FRAME BIANCO FOTOCAMERA N910F PER SAMSUNG NOTE 4',1,1,0,0,0,2.278689,0.00,0.000000,0.000000,0.000000,0.00,0.000000,'','','','',0.000000,1,0,'',0.000,0.000000,0.000,0,'',0,'0000-00-00 00:00:00',2.780000,2.278689,2.780000,2.278689,0.000000,0.000000,1.000000,2.131148,1.000000),(172,162,155,0,1,500,0,'GALAXY S4 i9505 Flex SPEAKER Voce SENSORE altoparlante Flat per Samsung',1,1,0,0,0,2.016393,0.00,0.000000,0.000000,0.000000,0.00,0.000000,'','','','',0.000000,1,0,'',0.000,0.000000,0.000,0,'',0,'0000-00-00 00:00:00',2.460000,2.016393,2.460000,2.016393,0.000000,0.000000,0.000000,1.885246,0.000000),(173,163,156,0,1,483,0,'VETRINO LENTE FRAME BIANCO FOTOCAMERA N910F PER SAMSUNG NOTE 4',1,1,0,0,0,2.278689,0.00,0.000000,0.000000,0.000000,0.00,0.000000,'','','','',0.000000,1,0,'',0.000,0.000000,0.000,0,'',0,'0000-00-00 00:00:00',2.780000,2.278689,2.780000,2.278689,0.000000,0.000000,1.000000,2.131148,1.000000),(174,164,157,0,1,527,0,'FOTOCAMERA CAMERA FRONTALE sensore prossimità SAMSUNG GALAXY NOTE 4 N910F',1,1,0,0,0,4.122951,0.00,0.000000,0.000000,0.000000,0.00,0.000000,'','','','',0.000000,1,0,'',0.000,0.000000,0.000,0,'',0,'0000-00-00 00:00:00',5.030000,4.122951,5.030000,4.122951,0.000000,0.000000,2.170000,3.852459,2.170000),(175,165,158,0,1,526,0,'FLAT Flex Tasto ON OFF Power GALAXY NOTE 4 N910F Accensione VIBRAZIONE Samsung',1,1,0,0,0,3.245902,0.00,0.000000,0.000000,0.000000,0.00,0.000000,'','','','',0.000000,1,0,'',0.000,0.000000,0.000,0,'',0,'0000-00-00 00:00:00',3.960000,3.245902,3.960000,3.245902,0.000000,0.000000,1.800000,3.032787,1.800000),(176,166,159,0,1,524,0,'FLAT FLEX MODULO VANO LETTORE SIM SCHEDA PER HTC ONE M9',1,1,0,0,0,8.770492,0.00,0.000000,0.000000,0.000000,0.00,0.000000,'','','','',0.000000,1,0,'',0.000,0.000000,0.000,0,'',0,'0000-00-00 00:00:00',10.700000,8.770492,10.700000,8.770492,0.000000,0.000000,5.440000,8.196721,5.440000),(177,167,160,0,1,528,0,'Suoneria Cassa Altoparlante Viavavoce Buzzer Samsung Galaxy Note 4 N910F',1,1,0,0,0,3.950820,0.00,0.000000,0.000000,0.000000,0.00,0.000000,'','','','',0.000000,1,0,'',0.000,0.000000,0.000,0,'',0,'0000-00-00 00:00:00',4.820000,3.950820,4.820000,3.950820,0.000000,0.000000,1.680000,3.688525,1.680000),(178,168,161,0,1,483,0,'VETRINO LENTE FRAME BIANCO FOTOCAMERA N910F PER SAMSUNG NOTE 4',1,1,0,0,0,2.278689,0.00,0.000000,0.000000,0.000000,0.00,0.000000,'','','','',0.000000,1,0,'',0.000,0.000000,0.000,0,'',0,'0000-00-00 00:00:00',2.780000,2.278689,2.780000,2.278689,0.000000,0.000000,1.000000,2.131148,1.000000),(179,169,162,0,1,427,0,'VETRO VETRINO LENTE BACK CAMERA FOTOCAMERA SAMSUNG A7 A700 A700F BLACK NERA',1,1,0,0,0,2.631148,0.00,0.000000,0.000000,0.000000,0.00,0.000000,'','','','',0.000000,1,0,'',0.000,0.000000,0.000,0,'',0,'0000-00-00 00:00:00',3.210000,2.631148,3.210000,2.631148,0.000000,0.000000,0.000000,2.459016,0.000000),(180,170,163,0,1,404,0,'MODULO CAVO ANTENNA WIFI RICAMBIO GPS PER SAMSUNG GALAXY S4 I9500 I9505 FLEX',1,1,0,0,0,1.319672,0.00,0.000000,0.000000,0.000000,0.00,0.000000,'','','','',0.000000,1,0,'',0.000,0.000000,0.000,0,'',0,'0000-00-00 00:00:00',1.610000,1.319672,1.610000,1.319672,0.000000,0.000000,0.000000,1.229508,0.000000),(181,171,164,0,1,358,0,'FLAT HTC ONE M9 MICRO SD MEMORY CARD READER  TASTO POWER VOLUME BUTTON FLEX',1,1,0,0,0,14.032787,0.00,0.000000,0.000000,0.000000,0.00,0.000000,'','','','',0.000000,1,0,'',0.000,0.000000,0.000,0,'',0,'0000-00-00 00:00:00',17.120000,14.032787,17.120000,14.032787,0.000000,0.000000,0.000000,13.114754,0.000000),(182,172,165,0,1,388,0,'Tappo Porta caricatore Copri USB Flap Cover antipolvere per Samsung Galaxy S5 i9600 g900',1,1,0,0,0,1.319672,0.00,0.000000,0.000000,0.000000,0.00,0.000000,'','','','',0.000000,1,0,'',0.000,0.000000,0.000,0,'',0,'0000-00-00 00:00:00',1.610000,1.319672,1.610000,1.319672,0.000000,0.000000,0.000000,1.229508,0.000000),(183,173,166,0,1,483,0,'VETRINO LENTE FRAME BIANCO FOTOCAMERA N910F PER SAMSUNG NOTE 4',1,1,0,0,0,2.278689,0.00,0.000000,0.000000,0.000000,0.00,0.000000,'','','','',0.000000,1,0,'',0.000,0.000000,0.000,0,'',0,'0000-00-00 00:00:00',2.780000,2.278689,2.780000,2.278689,0.000000,0.000000,1.000000,2.131148,1.000000),(184,174,167,0,1,387,0,'Carrello porta SIM per Samsung G920 Galaxy S6 bianco white carrellino vano nano lettore',1,1,0,0,0,2.196721,0.00,0.000000,0.000000,0.000000,0.00,0.000000,'','','','',0.000000,1,0,'',0.000,0.000000,0.000,0,'',0,'0000-00-00 00:00:00',2.680000,2.196721,2.680000,2.196721,0.000000,0.000000,0.000000,2.049180,0.000000),(185,175,168,0,1,421,0,'VETRO VETRINO LENTE BACK CAMERA FOTOCAMERA SAMSUNG A3 A300 A300F WHITE BIANCO',1,1,0,0,0,2.631148,0.00,0.000000,0.000000,0.000000,0.00,0.000000,'','','','',0.000000,1,0,'',0.000,0.000000,0.000,0,'',0,'0000-00-00 00:00:00',3.210000,2.631148,3.210000,2.631148,0.000000,0.000000,0.000000,2.459016,0.000000),(186,176,169,0,1,366,0,'Lente Vetro Vetrino Camera Fotocamera Posteriore Samsung Galaxy S5 SV G900',1,1,0,0,0,1.139344,0.00,0.000000,0.000000,0.000000,0.00,0.000000,'','','CR37','',0.000000,1,0,'',0.000,0.000000,0.000,0,'',0,'0000-00-00 00:00:00',1.390000,1.139344,1.390000,1.139344,0.000000,0.000000,0.000000,1.065574,0.000000),(187,176,169,0,1,544,0,'LENTE FOTOCAMERA POSTERIORE RICAMBIO Per Samsung Galaxy S7 g930',1,1,0,0,0,3.770492,0.00,0.000000,0.000000,0.000000,0.00,0.000000,'','','','',0.000000,1,0,'',0.000,0.000000,0.000,0,'',0,'0000-00-00 00:00:00',4.600000,3.770492,4.600000,3.770492,0.000000,0.000000,1.670000,3.524590,1.670000),(188,177,170,0,1,456,0,'VETRINO FRAME FOTOCAMERA NERO PER SAMSUNG NOTE 3 N9000',1,1,0,0,0,2.196721,0.00,0.000000,0.000000,0.000000,0.00,0.000000,'','','','',0.000000,1,0,'',0.000,0.000000,0.000,0,'',0,'0000-00-00 00:00:00',2.680000,2.196721,2.680000,2.196721,0.000000,0.000000,0.000000,2.049180,0.000000),(189,178,171,0,1,515,0,'Lente Vetro Vetrino Camera Fotocamera Posteriore ORIGINALE Samsung Galaxy S6 G920F Blue',1,1,0,0,0,6.049180,0.00,0.000000,0.000000,0.000000,0.00,0.000000,'','','CR20','',0.000000,1,0,'',0.000,0.000000,0.000,0,'',0,'0000-00-00 00:00:00',7.380000,6.049180,7.380000,6.049180,0.000000,0.000000,0.000000,5.655738,0.000000),(190,179,172,0,1,523,0,'BIADESIVO ADESIVO BATTERIA IPHONE 6S BIADESIVO SCOCCA FRAME STICKER',1,1,0,0,0,0.877049,0.00,0.000000,0.000000,0.000000,0.00,0.000000,'','','','',0.000000,1,0,'',0.000,0.000000,0.000,0,'',0,'0000-00-00 00:00:00',1.070000,0.877049,1.070000,0.877049,0.000000,0.000000,0.300000,0.819672,0.300000),(191,180,173,0,1,410,0,'biadesivo adesivo fissaggio vetro posteriore back per Samsung Galaxy S6 Edge g925',1,1,0,0,0,1.754098,0.00,0.000000,0.000000,0.000000,0.00,0.000000,'','','','',0.000000,1,0,'',0.000,0.000000,0.000,0,'',0,'0000-00-00 00:00:00',2.140000,1.754098,2.140000,1.754098,0.000000,0.000000,0.000000,1.639344,0.000000),(192,181,174,0,1,484,0,'LENTE FOTOCAMERA FRAME TASTO POWER E VOLUME LG G3 D855 NERO VETRINO CAMERA',1,1,0,0,0,6.311475,0.00,0.000000,0.000000,0.000000,0.00,0.000000,'','','','',0.000000,1,0,'',0.000,0.000000,0.000,0,'',0,'0000-00-00 00:00:00',7.700000,6.311475,7.700000,6.311475,0.000000,0.000000,2.600000,5.901639,2.600000),(193,182,175,0,1,527,0,'FOTOCAMERA CAMERA FRONTALE sensore prossimità SAMSUNG GALAXY NOTE 4 N910F',1,1,0,0,0,4.122951,0.00,0.000000,0.000000,0.000000,0.00,0.000000,'','','','',0.000000,1,0,'',0.000,0.000000,0.000,0,'',0,'0000-00-00 00:00:00',5.030000,4.122951,5.030000,4.122951,0.000000,0.000000,2.170000,3.852459,2.170000),(194,183,176,0,1,386,0,'Carrello porta SIM per Samsung G920 Galaxy S6 gold oro carrellino vano nano lettore',1,1,0,0,0,2.196721,0.00,0.000000,0.000000,0.000000,0.00,0.000000,'','','','',0.000000,1,0,'',0.000,0.000000,0.000,0,'',0,'0000-00-00 00:00:00',2.680000,2.196721,2.680000,2.196721,0.000000,0.000000,0.000000,2.049180,0.000000),(195,184,177,0,1,420,0,'VETRO VETRINO LENTE BACK CAMERA FOTOCAMERA SAMSUNG A3 A300 A300F BLACK NERO',1,1,0,0,0,2.631148,0.00,0.000000,0.000000,0.000000,0.00,0.000000,'','','','',0.000000,1,0,'',0.000,0.000000,0.000,0,'',0,'0000-00-00 00:00:00',3.210000,2.631148,3.210000,2.631148,0.000000,0.000000,0.000000,2.459016,0.000000),(196,185,178,0,1,388,0,'Tappo Porta caricatore Copri USB Flap Cover antipolvere per Samsung Galaxy S5 i9600 g900',1,1,0,0,0,1.319672,0.00,0.000000,0.000000,0.000000,0.00,0.000000,'','','','',0.000000,1,0,'',0.000,0.000000,0.000,0,'',0,'0000-00-00 00:00:00',1.610000,1.319672,1.610000,1.319672,0.000000,0.000000,0.000000,1.229508,0.000000),(197,186,179,0,1,526,0,'FLAT Flex Tasto ON OFF Power GALAXY NOTE 4 N910F Accensione VIBRAZIONE Samsung',1,1,0,0,0,3.245902,0.00,0.000000,0.000000,0.000000,0.00,0.000000,'','','','',0.000000,1,0,'',0.000,0.000000,0.000,0,'',0,'0000-00-00 00:00:00',3.960000,3.245902,3.960000,3.245902,0.000000,0.000000,1.800000,3.032787,1.800000),(198,187,180,0,1,515,0,'Lente Vetro Vetrino Camera Fotocamera Posteriore ORIGINALE Samsung Galaxy S6 G920F Blue',1,1,0,0,0,6.049180,0.00,0.000000,0.000000,0.000000,0.00,0.000000,'','','CR20','',0.000000,1,0,'',0.000,0.000000,0.000,0,'',0,'0000-00-00 00:00:00',7.380000,6.049180,7.380000,6.049180,0.000000,0.000000,0.000000,5.655738,0.000000),(199,188,181,0,1,366,0,'Lente Vetro Vetrino Camera Fotocamera Posteriore Samsung Galaxy S5 SV G900',1,1,0,0,0,1.139344,0.00,0.000000,0.000000,0.000000,0.00,0.000000,'','','CR37','',0.000000,1,0,'',0.000,0.000000,0.000,0,'',0,'0000-00-00 00:00:00',1.390000,1.139344,1.390000,1.139344,0.000000,0.000000,0.000000,1.065574,0.000000),(200,189,182,0,1,388,0,'Tappo Porta caricatore Copri USB Flap Cover antipolvere per Samsung Galaxy S5 i9600 g900',1,1,0,0,0,1.319672,0.00,0.000000,0.000000,0.000000,0.00,0.000000,'','','','',0.000000,1,0,'',0.000,0.000000,0.000,0,'',0,'0000-00-00 00:00:00',1.610000,1.319672,1.610000,1.319672,0.000000,0.000000,0.000000,1.229508,0.000000),(201,190,183,0,1,386,0,'Carrello porta SIM per Samsung G920 Galaxy S6 gold oro carrellino vano nano lettore',1,1,0,0,0,2.196721,0.00,0.000000,0.000000,0.000000,0.00,0.000000,'','','','',0.000000,1,0,'',0.000,0.000000,0.000,0,'',0,'0000-00-00 00:00:00',2.680000,2.196721,2.680000,2.196721,0.000000,0.000000,0.000000,2.049180,0.000000),(202,191,184,0,1,341,0,'FLAT DOCK FLEX CONNETTORE CARICA DI RICARICA SAMSUNG GALAXY NOTE 3 N9000 N9005',1,1,0,0,0,6.581967,0.00,0.000000,0.000000,0.000000,0.00,0.000000,'','','CR13','',0.000000,1,0,'',0.000,0.000000,0.000,0,'',0,'0000-00-00 00:00:00',8.030000,6.581967,8.030000,6.581967,0.000000,0.000000,0.000000,6.147541,0.000000),(203,192,185,0,1,427,0,'VETRO VETRINO LENTE BACK CAMERA FOTOCAMERA SAMSUNG A7 A700 A700F BLACK NERA',1,1,0,0,0,2.631148,0.00,0.000000,0.000000,0.000000,0.00,0.000000,'','','','',0.000000,1,0,'',0.000,0.000000,0.000,0,'',0,'0000-00-00 00:00:00',3.210000,2.631148,3.210000,2.631148,0.000000,0.000000,0.000000,2.459016,0.000000),(204,193,186,0,1,557,0,'biadesivo adesivo fissaggio vetro posteriore back per Samsung Galaxy S7 g930F',1,1,0,0,0,3.065574,0.00,0.000000,0.000000,0.000000,0.00,0.000000,'','','','',0.000000,1,0,'',0.000,0.000000,0.000,0,'',0,'0000-00-00 00:00:00',3.740000,3.065574,3.740000,3.065574,0.000000,0.000000,0.440000,2.868852,0.440000),(205,194,187,0,1,553,0,'SPEAKER FLAT ALTOPARLANTE VIBRAZIONE ORIGINALE PER SAMSUNG GALAXY S2 I9100',1,1,0,0,0,3.950820,0.00,0.000000,0.000000,0.000000,0.00,0.000000,'','','','',0.000000,1,0,'',0.000,0.000000,0.000,0,'',0,'0000-00-00 00:00:00',4.820000,3.950820,4.820000,3.950820,0.000000,0.000000,0.950000,3.688525,0.950000),(206,195,188,0,1,410,0,'biadesivo adesivo fissaggio vetro posteriore back per Samsung Galaxy S6 Edge g925',1,1,0,0,0,1.754098,0.00,0.000000,0.000000,0.000000,0.00,0.000000,'','','','',0.000000,1,0,'',0.000,0.000000,0.000,0,'',0,'0000-00-00 00:00:00',2.140000,1.754098,2.140000,1.754098,0.000000,0.000000,0.000000,1.639344,0.000000),(207,196,189,0,1,374,0,'Lente Vetro Vetrino Camera Fotocamera Posteriore Samsung S6 Edge blu g925 blue',1,1,0,0,0,3.065574,0.00,0.000000,0.000000,0.000000,0.00,0.000000,'','','CR43','',0.000000,1,0,'',0.000,0.000000,0.000,0,'',0,'0000-00-00 00:00:00',3.740000,3.065574,3.740000,3.065574,0.000000,0.000000,0.000000,2.868852,0.000000),(208,196,189,0,1,410,0,'biadesivo adesivo fissaggio vetro posteriore back per Samsung Galaxy S6 Edge g925',1,1,0,0,0,1.754098,0.00,0.000000,0.000000,0.000000,0.00,0.000000,'','','','',0.000000,1,0,'',0.000,0.000000,0.000,0,'',0,'0000-00-00 00:00:00',2.140000,1.754098,2.140000,1.754098,0.000000,0.000000,0.000000,1.639344,0.000000),(209,197,190,0,1,534,0,'FOTOCAMERA POSTERIORE BACK CAMERA N9000 PER SAMSUNG NOTE 3 N9005',1,1,0,0,0,7.278689,0.00,0.000000,0.000000,0.000000,0.00,0.000000,'','','','',0.000000,1,0,'',0.000,0.000000,0.000,0,'',0,'0000-00-00 00:00:00',8.880000,7.278689,8.880000,7.278689,0.000000,0.000000,5.590000,6.803279,5.590000),(210,198,191,0,1,366,0,'Lente Vetro Vetrino Camera Fotocamera Posteriore Samsung Galaxy S5 SV G900',1,1,0,0,0,1.139344,0.00,0.000000,0.000000,0.000000,0.00,0.000000,'','','CR37','',0.000000,1,0,'',0.000,0.000000,0.000,0,'',0,'0000-00-00 00:00:00',1.390000,1.139344,1.390000,1.139344,0.000000,0.000000,0.000000,1.065574,0.000000),(211,199,192,0,1,348,0,'Lente Vetro Vetrino Camera Fotocamera Posteriore Samsung Galaxy S6 G920F Blue',1,1,0,0,0,3.065574,0.00,0.000000,0.000000,0.000000,0.00,0.000000,'','','CR20','',0.000000,1,0,'',0.000,0.000000,0.000,0,'',0,'0000-00-00 00:00:00',3.740000,3.065574,3.740000,3.065574,0.000000,0.000000,0.000000,2.868852,0.000000),(212,200,193,0,1,522,0,'Biadesivo Adesivo Samsung Galaxy S7 G930 Frontale Display LCD',1,1,0,0,0,2.893443,0.00,0.000000,0.000000,0.000000,0.00,0.000000,'','','','',0.000000,1,0,'',0.000,0.000000,0.000,0,'',0,'0000-00-00 00:00:00',3.530000,2.893443,3.530000,2.893443,0.000000,0.000000,0.440000,2.704918,0.440000),(213,201,194,0,1,486,0,'SPEAKER BUZZER CASSA ALTOPARLANTE VIVAVOCE SUONERIA IPHONE 6',1,1,0,0,0,2.983607,0.00,0.000000,0.000000,0.000000,0.00,0.000000,'','','','',0.000000,1,0,'',0.000,0.000000,0.000,0,'',0,'0000-00-00 00:00:00',3.640000,2.983607,3.640000,2.983607,0.000000,0.000000,2.730000,2.786885,2.730000),(214,202,195,0,1,454,0,'HUAWEI Ascend p8 LITE BACK COPRIBATTERIA GUSCIO COVER DI VETRO QUADRO NERO BLACK',1,1,0,0,0,7.016393,0.00,0.000000,0.000000,0.000000,0.00,0.000000,'','','','',0.000000,1,0,'',0.000,0.000000,0.000,0,'',0,'0000-00-00 00:00:00',8.560000,7.016393,8.560000,7.016393,0.000000,0.000000,0.000000,6.557377,0.000000),(215,203,196,0,1,422,0,'VETRO VETRINO LENTE BACK CAMERA FOTOCAMERA SAMSUNG A5 A500 A500F WHITE BIANCO',1,1,0,0,0,2.631148,0.00,0.000000,0.000000,0.000000,0.00,0.000000,'','','','',0.000000,1,0,'',0.000,0.000000,0.000,0,'',0,'0000-00-00 00:00:00',3.210000,2.631148,3.210000,2.631148,0.000000,0.000000,0.000000,2.459016,0.000000),(216,204,197,0,1,558,0,'biadesivo adesivo fissaggio vetro posteriore back Samsung Galaxy S7 edge g935F',1,1,0,0,0,3.065574,0.00,0.000000,0.000000,0.000000,0.00,0.000000,'','','','',0.000000,1,0,'',0.000,0.000000,0.000,0,'',0,'0000-00-00 00:00:00',3.740000,3.065574,3.740000,3.065574,0.000000,0.000000,0.390000,2.868852,0.390000),(217,205,198,0,1,358,0,'FLAT HTC ONE M9 MICRO SD MEMORY CARD READER  TASTO POWER VOLUME BUTTON FLEX',1,1,0,0,0,14.032787,0.00,0.000000,0.000000,0.000000,0.00,0.000000,'','','','',0.000000,1,0,'',0.000,0.000000,0.000,0,'',0,'0000-00-00 00:00:00',17.120000,14.032787,17.120000,14.032787,0.000000,0.000000,0.000000,13.114754,0.000000),(218,206,199,0,1,400,0,'LENTE VETRO VETRINO FOTOCAMERA POSTERIORE SAMSUNG GALAXY S4 I9505 I9500',1,1,0,0,0,1.319672,0.00,0.000000,0.000000,0.000000,0.00,0.000000,'','','','',0.000000,1,0,'',0.000,0.000000,0.000,0,'',0,'0000-00-00 00:00:00',1.610000,1.319672,1.610000,1.319672,0.000000,0.000000,0.000000,1.229508,0.000000),(219,207,200,0,1,331,0,'NOTEBOOK PORTATILE ASUS X540LA-XX002D CPU I3 4005 4GB 500GB SSD 240GB  LINUX',1,1,0,0,0,411.245902,0.00,0.000000,0.000000,0.000000,0.00,0.000000,'','','NOT06','',0.000000,1,0,'',0.000,0.000000,0.000,0,'',0,'0000-00-00 00:00:00',501.720000,411.245902,501.720000,411.245902,0.000000,0.000000,0.000000,384.344262,0.000000),(220,208,201,0,1,393,0,'FLAT CONNETTORE JACK CUFFIA AURICOLARE 3,5MM PER SAMSUNG GALAXY S5 I9600 G900F',1,1,0,0,0,2.631148,0.00,0.000000,0.000000,0.000000,0.00,0.000000,'','','7','',0.000000,1,0,'',0.000,0.000000,0.000,0,'',0,'0000-00-00 00:00:00',3.210000,2.631148,3.210000,2.631148,0.000000,0.000000,0.000000,2.459016,0.000000),(221,209,202,0,1,524,0,'FLAT FLEX MODULO VANO LETTORE SIM SCHEDA PER HTC ONE M9',1,1,0,0,0,8.770492,0.00,0.000000,0.000000,0.000000,0.00,0.000000,'','','','',0.000000,1,0,'',0.000,0.000000,0.000,0,'',0,'0000-00-00 00:00:00',10.700000,8.770492,10.700000,8.770492,0.000000,0.000000,5.440000,8.196721,5.440000),(222,210,203,0,1,374,0,'Lente Vetro Vetrino Camera Fotocamera Posteriore Samsung S6 Edge blu g925 blue',1,1,0,0,0,3.065574,0.00,0.000000,0.000000,0.000000,0.00,0.000000,'','','CR43','',0.000000,1,0,'',0.000,0.000000,0.000,0,'',0,'0000-00-00 00:00:00',3.740000,3.065574,3.740000,3.065574,0.000000,0.000000,0.000000,2.868852,0.000000),(223,211,204,0,1,292,0,'Adattatore 2.5 \"a 3,5 pollici STAFFA SSD HDD NOTEBOOK MONTAGGIO vassoio caddy Bay',1,1,0,0,0,1.639344,0.00,0.000000,0.000000,0.000000,0.00,0.000000,'','','','',0.000000,1,0,'',0.000,0.000000,0.000,0,'',0,'0000-00-00 00:00:00',2.000000,1.639344,2.000000,1.639344,0.000000,0.000000,0.000000,1.639344,0.000000),(224,212,205,0,1,376,0,'biadesivo adesivo fissaggio vetro posteriore back per Samsung Galaxy S6 g920F',1,1,0,0,0,1.754098,0.00,0.000000,0.000000,0.000000,0.00,0.000000,'','','CR45','',0.000000,1,0,'',0.000,0.000000,0.000,0,'',0,'0000-00-00 00:00:00',2.140000,1.754098,2.140000,1.754098,0.000000,0.000000,0.000000,1.639344,0.000000),(225,213,206,0,1,366,0,'Lente Vetro Vetrino Camera Fotocamera Posteriore Samsung Galaxy S5 SV G900',1,1,0,0,0,1.139344,0.00,0.000000,0.000000,0.000000,0.00,0.000000,'','','CR37','',0.000000,1,0,'',0.000,0.000000,0.000,0,'',0,'0000-00-00 00:00:00',1.390000,1.139344,1.390000,1.139344,0.000000,0.000000,0.000000,1.065574,0.000000),(226,214,207,0,1,388,0,'Tappo Porta caricatore Copri USB Flap Cover antipolvere per Samsung Galaxy S5 i9600 g900',1,1,0,0,0,1.319672,0.00,0.000000,0.000000,0.000000,0.00,0.000000,'','','','',0.000000,1,0,'',0.000,0.000000,0.000,0,'',0,'0000-00-00 00:00:00',1.610000,1.319672,1.610000,1.319672,0.000000,0.000000,0.000000,1.229508,0.000000),(227,215,208,0,1,347,0,'Lente Vetro Vetrino Camera Fotocamera Posteriore Samsung Galaxy S6 G920F Gold Oro',1,1,0,0,0,3.065574,0.00,0.000000,0.000000,0.000000,0.00,0.000000,'','','CR19','',0.000000,1,0,'',0.000,0.000000,0.000,0,'',0,'0000-00-00 00:00:00',3.740000,3.065574,3.740000,3.065574,0.000000,0.000000,0.000000,2.868852,0.000000),(228,216,209,0,1,366,0,'Lente Vetro Vetrino Camera Fotocamera Posteriore Samsung Galaxy S5 SV G900',1,1,0,0,0,1.139344,0.00,0.000000,0.000000,0.000000,0.00,0.000000,'','','CR37','',0.000000,1,0,'',0.000,0.000000,0.000,0,'',0,'0000-00-00 00:00:00',1.390000,1.139344,1.390000,1.139344,0.000000,0.000000,0.000000,1.065574,0.000000),(229,217,210,0,1,523,0,'BIADESIVO ADESIVO BATTERIA IPHONE 6S BIADESIVO SCOCCA FRAME STICKER',2,2,0,0,0,0.877049,0.00,0.000000,0.000000,0.000000,0.00,0.000000,'','','','',0.000000,1,0,'',0.000,0.000000,0.000,0,'',0,'0000-00-00 00:00:00',2.140000,1.754098,1.070000,0.877049,0.000000,0.000000,0.300000,0.819672,0.300000),(230,218,211,0,1,366,0,'Lente Vetro Vetrino Camera Fotocamera Posteriore Samsung Galaxy S5 SV G900',1,1,0,0,0,1.139344,0.00,0.000000,0.000000,0.000000,0.00,0.000000,'','','CR37','',0.000000,1,0,'',0.000,0.000000,0.000,0,'',0,'0000-00-00 00:00:00',1.390000,1.139344,1.390000,1.139344,0.000000,0.000000,0.000000,1.065574,0.000000),(231,219,212,0,1,547,0,'Flat Fotocamera anteriore frontale sensore prossimità Samsung Note 2 N7100',1,1,0,0,0,2.631148,0.00,0.000000,0.000000,0.000000,0.00,0.000000,'','','','',0.000000,1,0,'',0.000,0.000000,0.000,0,'',0,'0000-00-00 00:00:00',3.210000,2.631148,3.210000,2.631148,0.000000,0.000000,1.660000,2.459016,1.660000),(232,220,213,0,1,518,0,'COPRISELLA COPRI SELLA GEL BICI IMBOTTITA GEL BICICLETTA PROTEZIONE MORBIDA BLU',1,1,0,0,0,5.065574,0.00,0.000000,0.000000,0.000000,0.00,0.000000,'','','','',0.000000,1,0,'',0.000,0.000000,0.000,0,'',0,'0000-00-00 00:00:00',6.180000,5.065574,6.180000,5.065574,0.000000,0.000000,2.090000,4.918033,2.090000),(233,221,214,0,1,376,0,'biadesivo adesivo fissaggio vetro posteriore back per Samsung Galaxy S6 g920F',1,1,0,0,0,1.754098,0.00,0.000000,0.000000,0.000000,0.00,0.000000,'','','CR45','',0.000000,1,0,'',0.000,0.000000,0.000,0,'',0,'0000-00-00 00:00:00',2.140000,1.754098,2.140000,1.754098,0.000000,0.000000,0.000000,1.639344,0.000000),(234,222,215,0,1,335,0,'FLAT DOCK FLEX CONNETTORE CARICA DI RICARICA SAMSUNG GALAXY S6 G920F',2,2,0,0,0,6.139344,0.00,0.000000,0.000000,0.000000,0.00,0.000000,'','','CR07','',0.000000,1,0,'',0.000,0.000000,0.000,0,'',0,'0000-00-00 00:00:00',14.980000,12.278689,7.490000,6.139344,0.000000,0.000000,0.000000,5.737705,0.000000),(235,223,216,0,1,374,0,'Lente Vetro Vetrino Camera Fotocamera Posteriore Samsung S6 Edge blu g925 blue',1,1,0,0,0,3.065574,0.00,0.000000,0.000000,0.000000,0.00,0.000000,'','','CR43','',0.000000,1,0,'',0.000,0.000000,0.000,0,'',0,'0000-00-00 00:00:00',3.740000,3.065574,3.740000,3.065574,0.000000,0.000000,0.000000,2.868852,0.000000),(236,224,217,0,1,364,0,'SCHERMO VETRO TOUCH SCREEN SAMSUNG GALAXY GRAND NEO I9060 / I9168 NERO',1,1,0,0,0,7.803279,0.00,0.000000,0.000000,0.000000,0.00,0.000000,'','','CR36','',0.000000,1,0,'',0.000,0.000000,0.000,0,'',0,'0000-00-00 00:00:00',9.520000,7.803279,9.520000,7.803279,0.000000,0.000000,0.000000,7.295082,0.000000),(237,225,218,0,1,292,0,'Adattatore 2.5 \"a 3,5 pollici STAFFA SSD HDD NOTEBOOK MONTAGGIO vassoio caddy Bay',1,1,0,0,0,1.639344,0.00,0.000000,0.000000,0.000000,0.00,0.000000,'','','','',0.000000,1,0,'',0.000,0.000000,0.000,0,'',0,'0000-00-00 00:00:00',2.000000,1.639344,2.000000,1.639344,0.000000,0.000000,0.000000,1.639344,0.000000),(238,226,219,0,1,380,0,'Flat flex Altoparlante speaker LG G4 VS986',1,1,0,0,0,3.065574,0.00,0.000000,0.000000,0.000000,0.00,0.000000,'','','CR49','',0.000000,1,0,'',0.000,0.000000,0.000,0,'',0,'0000-00-00 00:00:00',3.740000,3.065574,3.740000,3.065574,0.000000,0.000000,0.000000,2.868852,0.000000),(239,227,220,0,1,447,0,'FLAT CONNETTORE dock carica ricarica per LG G2 vs980 micro USB microfono',1,1,0,0,0,11.401639,0.00,0.000000,0.000000,0.000000,0.00,0.000000,'','','','',0.000000,1,0,'',0.000,0.000000,0.000,0,'',0,'0000-00-00 00:00:00',13.910000,11.401639,13.910000,11.401639,0.000000,0.000000,0.000000,10.655738,0.000000),(240,228,221,0,1,539,0,'Speaker altoparlante suoneria vivavoce buzzer PER SAMSUNG GALAXY J1 SM-J100 J100',1,1,0,0,0,3.418033,0.00,0.000000,0.000000,0.000000,0.00,0.000000,'','','','',0.000000,1,0,'',0.000,0.000000,0.000,0,'',0,'0000-00-00 00:00:00',4.170000,3.418033,4.170000,3.418033,0.000000,0.000000,2.100000,3.196721,2.100000),(241,229,222,0,1,551,0,'FLAT FOTOCAMERA FRONTALE ORIGINALE sensore prossimità SAMSUNG GALAXY S2 I9100',1,1,0,0,0,2.983607,0.00,0.000000,0.000000,0.000000,0.00,0.000000,'','','','',0.000000,1,0,'',0.000,0.000000,0.000,0,'',0,'0000-00-00 00:00:00',3.640000,2.983607,3.640000,2.983607,0.000000,0.000000,1.400000,2.786885,1.400000),(242,230,0,0,1,560,0,'Vetro Posteriore Samsung S6 Edge G925 back glass cover Gold G925 ORIG.',1,1,0,0,0,13.934426,0.00,0.000000,0.000000,0.000000,0.00,0.000000,'','','CR33','',0.000000,1,0,'',0.000,0.000000,0.000,0,'',0,'0000-00-00 00:00:00',17.000000,13.930000,17.000000,13.934426,0.000000,0.000000,0.000000,13.934426,0.000000),(243,230,0,0,1,373,0,'Lente Vetro Vetrino Camera Fotocamera Posteriore Samsung S6 Edge oro g925 gold',1,1,0,0,0,2.868852,0.00,0.000000,0.000000,0.000000,0.00,0.000000,'','','CR42','',0.000000,1,0,'',0.000,0.000000,0.000,0,'',0,'0000-00-00 00:00:00',3.500000,2.870000,3.499999,2.868852,0.000000,0.000000,0.000000,2.868852,0.000000),(244,231,223,0,1,475,0,'LETTORE SIM CARD E MICRO SD PER SAMSUNG GALAXY NOTE 2 N7100 READER MEMORY',1,1,0,0,0,2.893443,0.00,0.000000,0.000000,0.000000,0.00,0.000000,'','','','',0.000000,1,0,'',0.000,0.000000,0.000,0,'',0,'0000-00-00 00:00:00',3.530000,2.893443,3.530000,2.893443,0.000000,0.000000,2.010000,2.704918,2.010000),(245,232,224,0,1,503,0,'Samsung GALAXY S5 G900F Ricambio Middle Frame Telaio Cornice silver',1,1,0,0,0,7.893443,0.00,0.000000,0.000000,0.000000,0.00,0.000000,'','','','',0.000000,1,0,'',0.000,0.000000,0.000,0,'',0,'0000-00-00 00:00:00',9.630000,7.893443,9.630000,7.893443,0.000000,0.000000,6.950000,7.377049,6.950000),(246,233,225,0,1,491,0,'RICAMBIO VANO SIM PORTA SIM TRAY PER IPHONE 6S CARRELLO SIM GOLD ORO',1,1,0,0,0,1.754098,0.00,0.000000,0.000000,0.000000,0.00,0.000000,'','','','',0.000000,1,0,'',0.000,0.000000,0.000,0,'',0,'0000-00-00 00:00:00',2.140000,1.754098,2.140000,1.754098,0.000000,0.000000,1.110000,1.639344,1.110000),(247,234,226,0,1,356,0,'FLAT DOCK FLEX CONNETTORE CARICA DI RICARICA HTC ONE M8',1,1,0,0,0,7.893443,0.00,0.000000,0.000000,0.000000,0.00,0.000000,'','','CR28','',0.000000,1,0,'',0.000,0.000000,0.000,0,'',0,'0000-00-00 00:00:00',9.630000,7.893443,9.630000,7.893443,0.000000,0.000000,0.000000,7.377049,0.000000),(248,235,227,0,1,364,0,'SCHERMO VETRO TOUCH SCREEN SAMSUNG GALAXY GRAND NEO I9060 / I9168 NERO',1,1,0,0,0,7.803279,0.00,0.000000,0.000000,0.000000,0.00,0.000000,'','','CR36','',0.000000,1,0,'',0.000,0.000000,0.000,0,'',0,'0000-00-00 00:00:00',9.520000,7.803279,9.520000,7.803279,0.000000,0.000000,0.000000,7.295082,0.000000),(249,236,228,0,1,528,0,'Suoneria Cassa Altoparlante Viavavoce Buzzer Samsung Galaxy Note 4 N910F',1,1,0,0,0,3.950820,0.00,0.000000,0.000000,0.000000,0.00,0.000000,'','','','',0.000000,1,0,'',0.000,0.000000,0.000,0,'',0,'0000-00-00 00:00:00',4.820000,3.950820,4.820000,3.950820,0.000000,0.000000,1.680000,3.688525,1.680000),(250,237,229,0,1,453,0,'FLAT CONNETTORE DI CARICA USB MICROFONO PER SAMSUNG GALAXY NOTE N7000 i9220',1,1,0,0,0,4.647541,0.00,0.000000,0.000000,0.000000,0.00,0.000000,'','','','',0.000000,1,0,'',0.000,0.000000,0.000,0,'',0,'0000-00-00 00:00:00',5.670000,4.647541,5.670000,4.647541,0.000000,0.000000,0.000000,4.344262,0.000000),(251,238,230,0,1,338,0,'FLAT DOCK FLEX CONNETTORE CARICA DI RICARICA SAMSUNG GALAXY S5 MINI SV G800F',1,1,0,0,0,4.385246,0.00,0.000000,0.000000,0.000000,0.00,0.000000,'','','CR10','',0.000000,1,0,'',0.000,0.000000,0.000,0,'',0,'0000-00-00 00:00:00',5.350000,4.385246,5.350000,4.385246,0.000000,0.000000,0.000000,4.098361,0.000000),(252,239,231,0,1,376,0,'biadesivo adesivo fissaggio vetro posteriore back per Samsung Galaxy S6 g920F',1,1,0,0,0,1.754098,0.00,0.000000,0.000000,0.000000,0.00,0.000000,'','','CR45','',0.000000,1,0,'',0.000,0.000000,0.000,0,'',0,'0000-00-00 00:00:00',2.140000,1.754098,2.140000,1.754098,0.000000,0.000000,0.000000,1.639344,0.000000),(253,240,232,0,1,483,0,'VETRINO LENTE FRAME BIANCO FOTOCAMERA N910F PER SAMSUNG NOTE 4',1,1,0,0,0,2.278689,0.00,0.000000,0.000000,0.000000,0.00,0.000000,'','','','',0.000000,1,0,'',0.000,0.000000,0.000,0,'',0,'0000-00-00 00:00:00',2.780000,2.278689,2.780000,2.278689,0.000000,0.000000,1.000000,2.131148,1.000000),(254,241,233,0,1,522,0,'Biadesivo Adesivo Samsung Galaxy S7 G930 Frontale Display LCD',2,2,0,0,0,2.893443,0.00,0.000000,0.000000,0.000000,0.00,0.000000,'','','','',0.000000,1,0,'',0.000,0.000000,0.000,0,'',0,'0000-00-00 00:00:00',7.060000,5.786885,3.530000,2.893443,0.000000,0.000000,0.440000,2.704918,0.440000),(255,242,234,0,1,338,0,'FLAT DOCK FLEX CONNETTORE CARICA DI RICARICA SAMSUNG GALAXY S5 MINI SV G800F',1,1,0,0,0,4.385246,0.00,0.000000,0.000000,0.000000,0.00,0.000000,'','','CR10','',0.000000,1,0,'',0.000,0.000000,0.000,0,'',0,'0000-00-00 00:00:00',5.350000,4.385246,5.350000,4.385246,0.000000,0.000000,0.000000,4.098361,0.000000),(256,243,235,0,1,400,0,'LENTE VETRO VETRINO FOTOCAMERA POSTERIORE SAMSUNG GALAXY S4 I9505 I9500',1,1,0,0,0,1.319672,0.00,0.000000,0.000000,0.000000,0.00,0.000000,'','','','',0.000000,1,0,'',0.000,0.000000,0.000,0,'',0,'0000-00-00 00:00:00',1.610000,1.319672,1.610000,1.319672,0.000000,0.000000,0.000000,1.229508,0.000000),(257,244,236,0,1,425,0,'VETRO VETRINO LENTE BACK CAMERA FOTOCAMERA SAMSUNG A5 A500 A500F BLACK NERA',1,1,0,0,0,2.631148,0.00,0.000000,0.000000,0.000000,0.00,0.000000,'','','','',0.000000,1,0,'',0.000,0.000000,0.000,0,'',0,'0000-00-00 00:00:00',3.210000,2.631148,3.210000,2.631148,0.000000,0.000000,0.000000,2.459016,0.000000),(258,245,237,0,1,557,0,'biadesivo adesivo fissaggio vetro posteriore back per Samsung Galaxy S7 g930F',1,1,0,0,0,3.065574,0.00,0.000000,0.000000,0.000000,0.00,0.000000,'','','','',0.000000,1,0,'',0.000,0.000000,0.000,0,'',0,'0000-00-00 00:00:00',3.740000,3.065574,3.740000,3.065574,0.000000,0.000000,0.440000,2.868852,0.440000),(259,246,238,0,1,522,0,'Biadesivo Adesivo Samsung Galaxy S7 G930 Frontale Display LCD',1,1,0,0,0,2.893443,0.00,0.000000,0.000000,0.000000,0.00,0.000000,'','','','',0.000000,1,0,'',0.000,0.000000,0.000,0,'',0,'0000-00-00 00:00:00',3.530000,2.893443,3.530000,2.893443,0.000000,0.000000,0.440000,2.704918,0.440000),(260,247,239,0,1,484,0,'LENTE FOTOCAMERA FRAME TASTO POWER E VOLUME LG G3 D855 NERO VETRINO CAMERA',1,1,0,0,0,6.311475,0.00,0.000000,0.000000,0.000000,0.00,0.000000,'','','','',0.000000,1,0,'',0.000,0.000000,0.000,0,'',0,'0000-00-00 00:00:00',7.700000,6.311475,7.700000,6.311475,0.000000,0.000000,2.600000,5.901639,2.600000),(261,248,240,0,1,416,0,'TOUCH SCREEN VETRO SAMSUNG GALAXY GRAND NEO i9060 BIANCO WHITE',1,1,0,0,0,7.803279,0.00,0.000000,0.000000,0.000000,0.00,0.000000,'','','','',0.000000,1,0,'',0.000,0.000000,0.000,0,'',0,'0000-00-00 00:00:00',9.520000,7.803279,9.520000,7.803279,0.000000,0.000000,0.000000,7.295082,0.000000),(262,249,241,0,1,475,0,'LETTORE SIM CARD E MICRO SD PER SAMSUNG GALAXY NOTE 2 N7100 READER MEMORY',1,1,0,0,0,2.893443,0.00,0.000000,0.000000,0.000000,0.00,0.000000,'','','','',0.000000,1,0,'',0.000,0.000000,0.000,0,'',0,'0000-00-00 00:00:00',3.530000,2.893443,3.530000,2.893443,0.000000,0.000000,2.010000,2.704918,2.010000),(263,250,242,0,1,418,0,'Vassoio alloggio Micro Sd VANO SIM porta nano Sim per Samsung Galaxy A3 A5 A7 NERO',1,1,0,0,0,4.557377,0.00,0.000000,0.000000,0.000000,0.00,0.000000,'','','','',0.000000,1,0,'',0.000,0.000000,0.000,0,'',0,'0000-00-00 00:00:00',5.560000,4.557377,5.560000,4.557377,0.000000,0.000000,0.000000,4.262295,0.000000),(264,251,243,0,1,410,0,'biadesivo adesivo fissaggio vetro posteriore back per Samsung Galaxy S6 Edge g925',1,1,0,0,0,1.754098,0.00,0.000000,0.000000,0.000000,0.00,0.000000,'','','','',0.000000,1,0,'',0.000,0.000000,0.000,0,'',0,'0000-00-00 00:00:00',2.140000,1.754098,2.140000,1.754098,0.000000,0.000000,0.000000,1.639344,0.000000),(265,252,244,0,1,531,0,'VETRINO LENTE FRAME NERO FOTOCAMERA N910F PER SAMSUNG NOTE 4',1,1,0,0,0,2.278689,0.00,0.000000,0.000000,0.000000,0.00,0.000000,'','','','',0.000000,1,0,'',0.000,0.000000,0.000,0,'',0,'0000-00-00 00:00:00',2.780000,2.278689,2.780000,2.278689,0.000000,0.000000,1.000000,2.131148,1.000000),(266,253,245,0,1,539,0,'Speaker altoparlante suoneria vivavoce buzzer PER SAMSUNG GALAXY J1 SM-J100 J100',1,1,0,0,0,3.418033,0.00,0.000000,0.000000,0.000000,0.00,0.000000,'','','','',0.000000,1,0,'',0.000,0.000000,0.000,0,'',0,'0000-00-00 00:00:00',4.170000,3.418033,4.170000,3.418033,0.000000,0.000000,2.100000,3.196721,2.100000),(267,254,246,0,1,523,0,'BIADESIVO ADESIVO BATTERIA IPHONE 6S BIADESIVO SCOCCA FRAME STICKER',1,1,0,0,0,0.877049,0.00,0.000000,0.000000,0.000000,0.00,0.000000,'','','','',0.000000,1,0,'',0.000,0.000000,0.000,0,'',0,'0000-00-00 00:00:00',1.070000,0.877049,1.070000,0.877049,0.000000,0.000000,0.300000,0.819672,0.300000),(268,255,247,0,1,421,0,'VETRO VETRINO LENTE BACK CAMERA FOTOCAMERA SAMSUNG A3 A300 A300F WHITE BIANCO',1,1,0,0,0,2.631148,0.00,0.000000,0.000000,0.000000,0.00,0.000000,'','','','',0.000000,1,0,'',0.000,0.000000,0.000,0,'',0,'0000-00-00 00:00:00',3.210000,2.631148,3.210000,2.631148,0.000000,0.000000,0.000000,2.459016,0.000000),(269,256,248,0,1,400,0,'LENTE VETRO VETRINO FOTOCAMERA POSTERIORE SAMSUNG GALAXY S4 I9505 I9500',1,1,0,0,0,1.319672,0.00,0.000000,0.000000,0.000000,0.00,0.000000,'','','','',0.000000,1,0,'',0.000,0.000000,0.000,0,'',0,'0000-00-00 00:00:00',1.610000,1.319672,1.610000,1.319672,0.000000,0.000000,0.000000,1.229508,0.000000),(270,257,249,0,1,405,0,'LENTE VETRO VETRINO FOTOCAMERA POSTERIORE SAMSUNG GALAXY SIII s3 i9300',1,1,0,0,0,1.049180,0.00,0.000000,0.000000,0.000000,0.00,0.000000,'','','','',0.000000,1,0,'',0.000,0.000000,0.000,0,'',0,'0000-00-00 00:00:00',1.280000,1.049180,1.280000,1.049180,0.000000,0.000000,0.000000,0.983607,0.000000),(271,258,250,0,1,481,0,'FLAT LETTORE SCHEDA SIM MICRO SD MEMORY CARD per SAMSUNG i9190 i9195 GALAXY S4 mini',1,1,0,0,0,2.016393,0.00,0.000000,0.000000,0.000000,0.00,0.000000,'','','','',0.000000,1,0,'',0.000,0.000000,0.000,0,'',0,'0000-00-00 00:00:00',2.460000,2.016393,2.460000,2.016393,0.000000,0.000000,1.100000,1.885246,1.100000),(272,259,251,0,1,400,0,'LENTE VETRO VETRINO FOTOCAMERA POSTERIORE SAMSUNG GALAXY S4 I9505 I9500',1,1,0,0,0,1.319672,0.00,0.000000,0.000000,0.000000,0.00,0.000000,'','','','',0.000000,1,0,'',0.000,0.000000,0.000,0,'',0,'0000-00-00 00:00:00',1.610000,1.319672,1.610000,1.319672,0.000000,0.000000,0.000000,1.229508,0.000000),(273,260,252,0,1,555,0,'LENTE FOTOCAMERA FRAME TASTO POWER E VOLUME LG G3 D855 BIANCO VETRINO CAMERA',1,1,0,0,0,6.311475,0.00,0.000000,0.000000,0.000000,0.00,0.000000,'','','','',0.000000,1,0,'',0.000,0.000000,0.000,0,'',0,'0000-00-00 00:00:00',7.700000,6.311475,7.700000,6.311475,0.000000,0.000000,2.600000,5.901639,2.600000),(274,261,253,0,1,497,0,'MOTORINO VIBRAZIONE VIBRATORE PER IPHONE 5S VIBRATION NUOVO',1,1,0,0,0,1.581967,0.00,0.000000,0.000000,0.000000,0.00,0.000000,'','','','',0.000000,1,0,'',0.000,0.000000,0.000,0,'',0,'0000-00-00 00:00:00',1.930000,1.581967,1.930000,1.581967,0.000000,0.000000,1.300000,1.475410,1.300000),(275,262,254,0,1,504,0,'FLAT FLEX CAVO SPEAKER ALTOPARLANTE SENSORE SAMSUNG GALAXY S6 G920F G920',1,1,0,0,0,3.508197,0.00,0.000000,0.000000,0.000000,0.00,0.000000,'','','','',0.000000,1,0,'',0.000,0.000000,0.000,0,'',0,'0000-00-00 00:00:00',4.280000,3.508197,4.280000,3.508197,0.000000,0.000000,2.240000,3.278689,2.240000),(276,263,255,0,1,415,0,'CORNICE CENTRALE per Samsung i9300 S3 middle FRAME POSTERIORE cover BIANCA',1,1,0,0,0,2.803279,0.00,0.000000,0.000000,0.000000,0.00,0.000000,'','','','',0.000000,1,0,'',0.000,0.000000,0.000,0,'',0,'0000-00-00 00:00:00',3.420000,2.803279,3.420000,2.803279,0.000000,0.000000,0.000000,2.622951,0.000000),(277,264,256,0,1,369,0,'CONNETTORE RICARICA MICRO USB PORTA DATI CARICA PER SAMSUNG GALAXY S3 I9300',3,3,0,0,0,1.713115,0.00,0.000000,0.000000,0.000000,0.00,0.000000,'','','CR40','',0.000000,1,0,'',0.000,0.000000,0.000,0,'',0,'0000-00-00 00:00:00',6.270000,5.139344,2.090000,1.713115,0.000000,0.000000,0.000000,1.598361,0.000000),(278,264,256,0,1,373,0,'Lente Vetro Vetrino Camera Fotocamera Posteriore Samsung S6 Edge oro g925 gold',1,1,0,0,0,3.065574,0.00,0.000000,0.000000,0.000000,0.00,0.000000,'','','CR42','',0.000000,1,0,'',0.000,0.000000,0.000,0,'',0,'0000-00-00 00:00:00',3.740000,3.065574,3.740000,3.065574,0.000000,0.000000,0.000000,2.868852,0.000000),(279,264,256,0,1,399,0,'FLAT CAMERA FRONTALE ANTERIORE FOTOCAMERA PER SAMSUNG GALAXY S4 I9500 SIV',1,1,0,0,0,2.459016,0.00,0.000000,0.000000,0.000000,0.00,0.000000,'','','','',0.000000,1,0,'',0.000,0.000000,0.000,0,'',0,'0000-00-00 00:00:00',3.000000,2.459016,3.000000,2.459016,0.000000,0.000000,0.000000,2.295082,0.000000),(280,265,257,0,1,483,0,'VETRINO LENTE FRAME BIANCO FOTOCAMERA N910F PER SAMSUNG NOTE 4',1,1,0,0,0,2.278689,0.00,0.000000,0.000000,0.000000,0.00,0.000000,'','','','',0.000000,1,0,'',0.000,0.000000,0.000,0,'',0,'0000-00-00 00:00:00',2.780000,2.278689,2.780000,2.278689,0.000000,0.000000,1.000000,2.131148,1.000000),(281,266,258,0,1,385,0,'MOTORINO VIBRAZIONE PER SAMSUNG S6 G920F G920',1,1,0,0,0,2.540984,0.00,0.000000,0.000000,0.000000,0.00,0.000000,'','','','',0.000000,1,0,'',0.000,0.000000,0.000,0,'',0,'0000-00-00 00:00:00',3.100000,2.540984,3.100000,2.540984,0.000000,0.000000,0.000000,2.377049,0.000000),(282,267,259,0,1,421,0,'VETRO VETRINO LENTE BACK CAMERA FOTOCAMERA SAMSUNG A3 A300 A300F WHITE BIANCO',2,2,0,0,0,2.631148,0.00,0.000000,0.000000,0.000000,0.00,0.000000,'','','','',0.000000,1,0,'',0.000,0.000000,0.000,0,'',0,'0000-00-00 00:00:00',6.420000,5.262295,3.210000,2.631148,0.000000,0.000000,0.000000,2.459016,0.000000),(283,268,260,0,1,535,0,'BUZZER ALTOPARLANTE SUONERIA CASSA PER SAMSUNG GALAXY NOTE 3 N3 N9000 N9005',1,1,0,0,0,4.122951,0.00,0.000000,0.000000,0.000000,0.00,0.000000,'','','','',0.000000,1,0,'',0.000,0.000000,0.000,0,'',0,'0000-00-00 00:00:00',5.030000,4.122951,5.030000,4.122951,0.000000,0.000000,2.760000,3.852459,2.760000),(284,269,261,0,1,483,0,'VETRINO LENTE FRAME BIANCO FOTOCAMERA N910F PER SAMSUNG NOTE 4',1,1,0,0,0,2.278689,0.00,0.000000,0.000000,0.000000,0.00,0.000000,'','','','',0.000000,1,0,'',0.000,0.000000,0.000,0,'',0,'0000-00-00 00:00:00',2.780000,2.278689,2.780000,2.278689,0.000000,0.000000,1.000000,2.131148,1.000000),(285,270,262,0,1,410,0,'biadesivo adesivo fissaggio vetro posteriore back per Samsung Galaxy S6 Edge g925',1,1,0,0,0,1.754098,0.00,0.000000,0.000000,0.000000,0.00,0.000000,'','','','',0.000000,1,0,'',0.000,0.000000,0.000,0,'',0,'0000-00-00 00:00:00',2.140000,1.754098,2.140000,1.754098,0.000000,0.000000,0.000000,1.639344,0.000000),(286,271,263,0,1,430,0,'Vassoio alloggio VANO SD MICRO SD per Samsung A3 A5 A7 NERO',1,1,0,0,0,3.508197,0.00,0.000000,0.000000,0.000000,0.00,0.000000,'','','','',0.000000,1,0,'',0.000,0.000000,0.000,0,'',0,'0000-00-00 00:00:00',4.280000,3.508197,4.280000,3.508197,0.000000,0.000000,0.000000,3.278689,0.000000),(287,272,264,0,1,410,0,'biadesivo adesivo fissaggio vetro posteriore back per Samsung Galaxy S6 Edge g925',1,1,0,0,0,1.754098,0.00,0.000000,0.000000,0.000000,0.00,0.000000,'','','','',0.000000,1,0,'',0.000,0.000000,0.000,0,'',0,'0000-00-00 00:00:00',2.140000,1.754098,2.140000,1.754098,0.000000,0.000000,0.000000,1.639344,0.000000),(288,273,265,0,1,348,0,'Lente Vetro Vetrino Camera Fotocamera Posteriore Samsung Galaxy S6 G920F Blue',1,1,0,0,0,3.065574,0.00,0.000000,0.000000,0.000000,0.00,0.000000,'','','CR20','',0.000000,1,0,'',0.000,0.000000,0.000,0,'',0,'0000-00-00 00:00:00',3.740000,3.065574,3.740000,3.065574,0.000000,0.000000,0.000000,2.868852,0.000000),(289,274,266,0,1,400,0,'LENTE VETRO VETRINO FOTOCAMERA POSTERIORE SAMSUNG GALAXY S4 I9505 I9500',1,1,0,0,0,1.319672,0.00,0.000000,0.000000,0.000000,0.00,0.000000,'','','','',0.000000,1,0,'',0.000,0.000000,0.000,0,'',0,'0000-00-00 00:00:00',1.610000,1.319672,1.610000,1.319672,0.000000,0.000000,0.000000,1.229508,0.000000),(290,275,267,0,1,537,0,'ANTENNA CAVO  WIFI SAMSUNG GALAXY S6 EDGE G925 G925F SEGNALE WIRELESS',1,1,0,0,0,2.196721,0.00,0.000000,0.000000,0.000000,0.00,0.000000,'','','','',0.000000,1,0,'',0.000,0.000000,0.000,0,'',0,'0000-00-00 00:00:00',2.680000,2.196721,2.680000,2.196721,0.000000,0.000000,1.360000,2.049180,1.360000),(291,276,268,0,1,388,0,'Tappo Porta caricatore Copri USB Flap Cover antipolvere per Samsung Galaxy S5 i9600 g900',1,1,0,0,0,1.319672,0.00,0.000000,0.000000,0.000000,0.00,0.000000,'','','','',0.000000,1,0,'',0.000,0.000000,0.000,0,'',0,'0000-00-00 00:00:00',1.610000,1.319672,1.610000,1.319672,0.000000,0.000000,0.000000,1.229508,0.000000),(292,277,269,0,1,383,0,'Carrello porta SIM per Samsung G920 Galaxy S6 GREY GRIGIO carrellino vano nano lettore',1,1,0,0,0,2.196721,0.00,0.000000,0.000000,0.000000,0.00,0.000000,'','','','',0.000000,1,0,'',0.000,0.000000,0.000,0,'',0,'0000-00-00 00:00:00',2.680000,2.196721,2.680000,2.196721,0.000000,0.000000,0.000000,2.049180,0.000000),(293,278,270,0,1,483,0,'VETRINO LENTE FRAME BIANCO FOTOCAMERA N910F PER SAMSUNG NOTE 4',1,1,0,0,0,2.278689,0.00,0.000000,0.000000,0.000000,0.00,0.000000,'','','','',0.000000,1,0,'',0.000,0.000000,0.000,0,'',0,'0000-00-00 00:00:00',2.780000,2.278689,2.780000,2.278689,0.000000,0.000000,1.000000,2.131148,1.000000),(294,278,270,0,1,531,0,'VETRINO LENTE FRAME NERO FOTOCAMERA N910F PER SAMSUNG NOTE 4',1,1,0,0,0,2.278689,0.00,0.000000,0.000000,0.000000,0.00,0.000000,'','','','',0.000000,1,0,'',0.000,0.000000,0.000,0,'',0,'0000-00-00 00:00:00',2.780000,2.278689,2.780000,2.278689,0.000000,0.000000,1.000000,2.131148,1.000000),(295,279,271,0,1,425,0,'VETRO VETRINO LENTE BACK CAMERA FOTOCAMERA SAMSUNG A5 A500 A500F BLACK NERA',1,1,0,0,0,2.631148,0.00,0.000000,0.000000,0.000000,0.00,0.000000,'','','','',0.000000,1,0,'',0.000,0.000000,0.000,0,'',0,'0000-00-00 00:00:00',3.210000,2.631148,3.210000,2.631148,0.000000,0.000000,0.000000,2.459016,0.000000),(296,280,272,0,1,483,0,'VETRINO LENTE FRAME BIANCO FOTOCAMERA N910F PER SAMSUNG NOTE 4',1,1,0,0,0,2.278689,0.00,0.000000,0.000000,0.000000,0.00,0.000000,'','','','',0.000000,1,0,'',0.000,0.000000,0.000,0,'',0,'0000-00-00 00:00:00',2.780000,2.278689,2.780000,2.278689,0.000000,0.000000,1.000000,2.131148,1.000000),(297,281,273,0,1,426,0,'VETRO VETRINO LENTE BACK CAMERA FOTOCAMERA SAMSUNG A7 A700 A700F WHITE BIANCO',1,1,0,0,0,2.631148,0.00,0.000000,0.000000,0.000000,0.00,0.000000,'','','','',0.000000,1,0,'',0.000,0.000000,0.000,0,'',0,'0000-00-00 00:00:00',3.210000,2.631148,3.210000,2.631148,0.000000,0.000000,0.000000,2.459016,0.000000),(298,282,274,0,1,349,0,'Lente Vetro Vetrino Camera Fotocamera Posteriore Samsung Galaxy S6 G920F Bianco',1,1,0,0,0,3.065574,0.00,0.000000,0.000000,0.000000,0.00,0.000000,'','','CR21','',0.000000,1,0,'',0.000,0.000000,0.000,0,'',0,'0000-00-00 00:00:00',3.740000,3.065574,3.740000,3.065574,0.000000,0.000000,0.000000,2.868852,0.000000),(299,283,275,0,1,477,0,'FLAT CONNETTORE DI CARICA USB MICROFONO PER SAMSUNG GALAXY S2 I9100 SII',1,1,0,0,0,4.032787,0.00,0.000000,0.000000,0.000000,0.00,0.000000,'','','','',0.000000,1,0,'',0.000,0.000000,0.000,0,'',0,'0000-00-00 00:00:00',4.920000,4.032787,4.920000,4.032787,0.000000,0.000000,3.120000,3.770492,3.120000),(300,283,275,0,1,552,0,'SPEAKER FLAT ALTOPARLANTE VIBRAZIONE MICROFONO PER SAMSUNG GALAXY S2 I9100',1,1,0,0,0,2.147541,0.00,0.000000,0.000000,0.000000,0.00,0.000000,'','','','',0.000000,1,0,'',0.000,0.000000,0.000,0,'',0,'0000-00-00 00:00:00',2.620000,2.147541,2.620000,2.147541,0.000000,0.000000,0.950000,2.008197,0.950000),(301,284,276,0,1,420,0,'VETRO VETRINO LENTE BACK CAMERA FOTOCAMERA SAMSUNG A3 A300 A300F BLACK NERO',1,1,0,0,0,2.631148,0.00,0.000000,0.000000,0.000000,0.00,0.000000,'','','','',0.000000,1,0,'',0.000,0.000000,0.000,0,'',0,'0000-00-00 00:00:00',3.210000,2.631148,3.210000,2.631148,0.000000,0.000000,0.000000,2.459016,0.000000),(302,285,277,0,1,292,0,'Adattatore 2.5 \"a 3,5 pollici STAFFA SSD HDD NOTEBOOK MONTAGGIO vassoio caddy Bay',1,1,0,0,0,1.639344,0.00,0.000000,0.000000,0.000000,0.00,0.000000,'','','','',0.000000,1,0,'',0.000,0.000000,0.000,0,'',0,'0000-00-00 00:00:00',2.000000,1.639344,2.000000,1.639344,0.000000,0.000000,0.000000,1.639344,0.000000),(303,286,278,0,1,366,0,'Lente Vetro Vetrino Camera Fotocamera Posteriore Samsung Galaxy S5 SV G900',1,1,0,0,0,1.139344,0.00,0.000000,0.000000,0.000000,0.00,0.000000,'','','CR37','',0.000000,1,0,'',0.000,0.000000,0.000,0,'',0,'0000-00-00 00:00:00',1.390000,1.139344,1.390000,1.139344,0.000000,0.000000,0.000000,1.065574,0.000000),(304,287,279,0,1,484,0,'LENTE FOTOCAMERA FRAME TASTO POWER E VOLUME LG G3 D855 NERO VETRINO CAMERA',1,1,0,0,0,6.311475,0.00,0.000000,0.000000,0.000000,0.00,0.000000,'','','','',0.000000,1,0,'',0.000,0.000000,0.000,0,'',0,'0000-00-00 00:00:00',7.700000,6.311475,7.700000,6.311475,0.000000,0.000000,2.600000,5.901639,2.600000),(305,288,280,0,1,345,0,'FLAT DOCK FLEX JACK AUDIO CARICA DI RICARICA MICROFONO IPHONE 5 NERO NERA',1,1,0,0,0,3.680328,0.00,0.000000,0.000000,0.000000,0.00,0.000000,'','','CR17','',0.000000,1,0,'',0.000,0.000000,0.000,0,'',0,'0000-00-00 00:00:00',4.490000,3.680328,4.490000,3.680328,0.000000,0.000000,0.000000,3.442623,0.000000),(306,289,281,0,1,411,0,'Cavo Flat Flex Connettore Antenna Segnale 3G SAMSUNG GALAXY S3 I9300',1,1,0,0,0,1.049180,0.00,0.000000,0.000000,0.000000,0.00,0.000000,'','','','',0.000000,1,0,'',0.000,0.000000,0.000,0,'',0,'0000-00-00 00:00:00',1.280000,1.049180,1.280000,1.049180,0.000000,0.000000,0.000000,0.983607,0.000000),(307,290,282,0,1,522,0,'Biadesivo Adesivo Samsung Galaxy S7 G930 Frontale Display LCD',3,3,0,0,0,2.893443,0.00,0.000000,0.000000,0.000000,0.00,0.000000,'','','','',0.000000,1,0,'',0.000,0.000000,0.000,0,'',0,'0000-00-00 00:00:00',10.590000,8.680328,3.530000,2.893443,0.000000,0.000000,0.440000,2.704918,0.440000),(308,291,283,0,1,524,0,'FLAT FLEX MODULO VANO LETTORE SIM SCHEDA PER HTC ONE M9',1,1,0,0,0,8.770492,0.00,0.000000,0.000000,0.000000,0.00,0.000000,'','','','',0.000000,1,0,'',0.000,0.000000,0.000,0,'',0,'0000-00-00 00:00:00',10.700000,8.770492,10.700000,8.770492,0.000000,0.000000,5.440000,8.196721,5.440000),(309,292,284,0,1,425,0,'VETRO VETRINO LENTE BACK CAMERA FOTOCAMERA SAMSUNG A5 A500 A500F BLACK NERA',1,1,0,0,0,2.631148,0.00,0.000000,0.000000,0.000000,0.00,0.000000,'','','','',0.000000,1,0,'',0.000,0.000000,0.000,0,'',0,'0000-00-00 00:00:00',3.210000,2.631148,3.210000,2.631148,0.000000,0.000000,0.000000,2.459016,0.000000),(310,293,285,0,1,496,0,'SET KIT 21 IN 1 STAFFE PLACCHE METALLICHE PER IPHONE 5S SCHEDA MADRE DISPLAY',1,1,0,0,0,8.680328,0.00,0.000000,0.000000,0.000000,0.00,0.000000,'','','','',0.000000,1,0,'',0.000,0.000000,0.000,0,'',0,'0000-00-00 00:00:00',10.590000,8.680328,10.590000,8.680328,0.000000,0.000000,2.410000,8.114754,2.410000),(311,294,286,0,1,425,0,'VETRO VETRINO LENTE BACK CAMERA FOTOCAMERA SAMSUNG A5 A500 A500F BLACK NERA',1,1,0,0,0,2.631148,0.00,0.000000,0.000000,0.000000,0.00,0.000000,'','','','',0.000000,1,0,'',0.000,0.000000,0.000,0,'',0,'0000-00-00 00:00:00',3.210000,2.631148,3.210000,2.631148,0.000000,0.000000,0.000000,2.459016,0.000000),(312,295,287,0,1,558,0,'biadesivo adesivo fissaggio vetro posteriore back Samsung Galaxy S7 edge g935F',1,1,0,0,0,3.065574,0.00,0.000000,0.000000,0.000000,0.00,0.000000,'','','','',0.000000,1,0,'',0.000,0.000000,0.000,0,'',0,'0000-00-00 00:00:00',3.740000,3.065574,3.740000,3.065574,0.000000,0.000000,0.390000,2.868852,0.390000),(313,296,288,0,1,301,0,'STAFFA CADDY PER HD HARD DISK PER PLAYSTATION PS3 PLAY STATION 3',1,1,0,0,0,4.385246,0.00,0.000000,0.000000,0.000000,0.00,0.000000,'','','CA02','',0.000000,1,0,'',0.000,0.000000,0.000,0,'',0,'0000-00-00 00:00:00',5.350000,4.385246,5.350000,4.385246,0.000000,0.000000,0.000000,4.098361,0.000000),(314,297,289,0,1,376,0,'biadesivo adesivo fissaggio vetro posteriore back per Samsung Galaxy S6 g920F',1,1,0,0,0,1.754098,0.00,0.000000,0.000000,0.000000,0.00,0.000000,'','','CR45','',0.000000,1,0,'',0.000,0.000000,0.000,0,'',0,'0000-00-00 00:00:00',2.140000,1.754098,2.140000,1.754098,0.000000,0.000000,0.000000,1.639344,0.000000),(315,298,290,0,1,558,0,'biadesivo adesivo fissaggio vetro posteriore back Samsung Galaxy S7 edge g935F',1,1,0,0,0,3.065574,0.00,0.000000,0.000000,0.000000,0.00,0.000000,'','','','',0.000000,1,0,'',0.000,0.000000,0.000,0,'',0,'0000-00-00 00:00:00',3.740000,3.065574,3.740000,3.065574,0.000000,0.000000,0.390000,2.868852,0.390000),(316,299,291,0,1,477,0,'FLAT CONNETTORE DI CARICA USB MICROFONO PER SAMSUNG GALAXY S2 I9100 SII',1,1,0,0,0,4.032787,0.00,0.000000,0.000000,0.000000,0.00,0.000000,'','','','',0.000000,1,0,'',0.000,0.000000,0.000,0,'',0,'0000-00-00 00:00:00',4.920000,4.032787,4.920000,4.032787,0.000000,0.000000,3.120000,3.770492,3.120000),(317,300,292,0,1,432,0,'LETTORE SIM CARD PER SAMSUNG S I9000 I9008 N7000 I9220 S5570 I8700 ACE C3750 S3650',1,1,0,0,0,1.754098,0.00,0.000000,0.000000,0.000000,0.00,0.000000,'','','','',0.000000,1,0,'',0.000,0.000000,0.000,0,'',0,'0000-00-00 00:00:00',2.140000,1.754098,2.140000,1.754098,0.000000,0.000000,0.000000,1.639344,0.000000),(318,301,293,0,1,507,0,'Connettore di carica ricarica Nokia N603 N610 N710 N800 N9 500',1,1,0,0,0,1.180328,0.00,0.000000,0.000000,0.000000,0.00,0.000000,'','','','',0.000000,1,0,'',0.000,0.000000,0.000,0,'',0,'0000-00-00 00:00:00',1.440000,1.180328,1.440000,1.180328,0.000000,0.000000,1.050000,1.106557,1.050000),(319,302,294,0,1,536,0,'FLAT CAVO ANTENNA SEGNALE PER SAMSUNG GALAXY NOTE 3 N9000 N9005',1,1,0,0,0,1.229508,0.00,0.000000,0.000000,0.000000,0.00,0.000000,'','','','',0.000000,1,0,'',0.000,0.000000,0.000,0,'',0,'0000-00-00 00:00:00',1.500000,1.229508,1.500000,1.229508,0.000000,0.000000,0.880000,1.147541,0.880000),(320,303,295,0,1,433,0,'Flat FLEX per Iphone 4S ricambio Antenna linea Wi-Fi e segnale 3G con Connettore',1,1,0,0,0,1.581967,0.00,0.000000,0.000000,0.000000,0.00,0.000000,'','','','',0.000000,1,0,'',0.000,0.000000,0.000,0,'',0,'0000-00-00 00:00:00',1.930000,1.581967,1.930000,1.581967,0.000000,0.000000,0.000000,1.475410,0.000000),(321,304,296,0,1,405,0,'LENTE VETRO VETRINO FOTOCAMERA POSTERIORE SAMSUNG GALAXY SIII s3 i9300',2,2,0,0,0,1.049180,0.00,0.000000,0.000000,0.000000,0.00,0.000000,'','','','',0.000000,1,0,'',0.000,0.000000,0.000,0,'',0,'0000-00-00 00:00:00',2.560000,2.098361,1.280000,1.049180,0.000000,0.000000,0.000000,0.983607,0.000000),(322,305,297,0,1,394,0,'FLAT FLEX TASTO REGOLAZIONE TASTI VOLUME PER SAMSUNG GALAXY S5 G900F G900',1,1,0,0,0,2.278689,0.00,0.000000,0.000000,0.000000,0.00,0.000000,'','','','',0.000000,1,0,'',0.000,0.000000,0.000,0,'',0,'0000-00-00 00:00:00',2.780000,2.278689,2.780000,2.278689,0.000000,0.000000,0.000000,2.131148,0.000000),(323,306,298,0,1,405,0,'LENTE VETRO VETRINO FOTOCAMERA POSTERIORE SAMSUNG GALAXY SIII s3 i9300',1,1,0,0,0,1.049180,0.00,0.000000,0.000000,0.000000,0.00,0.000000,'','','','',0.000000,1,0,'',0.000,0.000000,0.000,0,'',0,'0000-00-00 00:00:00',1.280000,1.049180,1.280000,1.049180,0.000000,0.000000,0.000000,0.983607,0.000000),(324,307,299,0,1,541,0,'flat camera anteriore Samsung G930F G935 Galaxy S7 fotocamera frontale s7 edge',1,1,0,0,0,4.213115,0.00,0.000000,0.000000,0.000000,0.00,0.000000,'','','','',0.000000,1,0,'',0.000,0.000000,0.000,0,'',0,'0000-00-00 00:00:00',5.140000,4.213115,5.140000,4.213115,0.000000,0.000000,2.750000,3.934426,2.750000),(325,308,300,0,1,388,0,'Tappo Porta caricatore Copri USB Flap Cover antipolvere per Samsung Galaxy S5 i9600 g900',1,1,0,0,0,1.319672,0.00,0.000000,0.000000,0.000000,0.00,0.000000,'','','','',0.000000,1,0,'',0.000,0.000000,0.000,0,'',0,'0000-00-00 00:00:00',1.610000,1.319672,1.610000,1.319672,0.000000,0.000000,0.000000,1.229508,0.000000),(326,309,301,0,1,388,0,'Tappo Porta caricatore Copri USB Flap Cover antipolvere per Samsung Galaxy S5 i9600 g900',1,1,0,0,0,1.319672,0.00,0.000000,0.000000,0.000000,0.00,0.000000,'','','','',0.000000,1,0,'',0.000,0.000000,0.000,0,'',0,'0000-00-00 00:00:00',1.610000,1.319672,1.610000,1.319672,0.000000,0.000000,0.000000,1.229508,0.000000),(327,310,302,0,1,420,0,'VETRO VETRINO LENTE BACK CAMERA FOTOCAMERA SAMSUNG A3 A300 A300F BLACK NERO',1,1,0,0,0,2.631148,0.00,0.000000,0.000000,0.000000,0.00,0.000000,'','','','',0.000000,1,0,'',0.000,0.000000,0.000,0,'',0,'0000-00-00 00:00:00',3.210000,2.631148,3.210000,2.631148,0.000000,0.000000,0.000000,2.459016,0.000000),(328,311,303,0,1,417,0,'FLAT CONNETTORE DI CARICA USB MICROFONO PER SAMSUNG 2016 A3 A310F A310 F',1,1,0,0,0,8.336066,0.00,0.000000,0.000000,0.000000,0.00,0.000000,'','','','',0.000000,1,0,'',0.000,0.000000,0.000,0,'',0,'0000-00-00 00:00:00',10.170000,8.336066,10.170000,8.336066,0.000000,0.000000,0.000000,7.786885,0.000000),(329,312,304,0,1,450,0,'flat camera posteriore per LG D800 D801 D802 G2 fotocamera principale retro',1,1,0,0,0,7.893443,0.00,0.000000,0.000000,0.000000,0.00,0.000000,'','','','',0.000000,1,0,'',0.000,0.000000,0.000,0,'',0,'0000-00-00 00:00:00',9.630000,7.893443,9.630000,7.893443,0.000000,0.000000,0.000000,7.377049,0.000000),(330,313,305,0,1,320,0,'CAVO ALIMENTAZIONE Adattatore da MOLEX (IDE-PARALLEL-PATA) a 2 x SATA (SERIAL ATA)',1,1,0,0,0,1.311475,0.00,0.000000,0.000000,0.000000,0.00,0.000000,'','','AV06','',0.000000,1,0,'',0.000,0.000000,0.000,0,'',0,'0000-00-00 00:00:00',1.600000,1.311475,1.600000,1.311475,0.000000,0.000000,0.000000,0.819672,0.000000),(331,314,306,0,1,388,0,'Tappo Porta caricatore Copri USB Flap Cover antipolvere per Samsung Galaxy S5 i9600 g900',1,1,0,0,0,1.319672,0.00,0.000000,0.000000,0.000000,0.00,0.000000,'','','','',0.000000,1,0,'',0.000,0.000000,0.000,0,'',0,'0000-00-00 00:00:00',1.610000,1.319672,1.610000,1.319672,0.000000,0.000000,0.000000,1.229508,0.000000),(332,315,307,0,1,523,0,'BIADESIVO ADESIVO BATTERIA IPHONE 6S BIADESIVO SCOCCA FRAME STICKER',1,1,0,0,0,0.877049,0.00,0.000000,0.000000,0.000000,0.00,0.000000,'','','','',0.000000,1,0,'',0.000,0.000000,0.000,0,'',0,'0000-00-00 00:00:00',1.070000,0.877049,1.070000,0.877049,0.000000,0.000000,0.300000,0.819672,0.300000),(333,316,308,0,1,407,0,'LETTORE SIM CARD E MICRO SD PER SAMSUNG GALAXY S3 I9300',1,1,0,0,0,2.459016,0.00,0.000000,0.000000,0.000000,0.00,0.000000,'','','','',0.000000,1,0,'',0.000,0.000000,0.000,0,'',0,'0000-00-00 00:00:00',3.000000,2.459016,3.000000,2.459016,0.000000,0.000000,0.000000,2.295082,0.000000),(334,317,309,0,1,417,0,'FLAT CONNETTORE DI CARICA USB MICROFONO PER SAMSUNG 2016 A3 A310F A310 F',1,1,0,0,0,11.475410,0.00,0.000000,0.000000,0.000000,0.00,0.000000,'','','','',0.000000,1,0,'',0.000,0.000000,0.000,0,'',0,'0000-00-00 00:00:00',14.000000,11.475410,14.000000,11.475410,0.000000,0.000000,0.000000,7.786885,0.000000),(335,318,310,0,1,388,0,'Tappo Porta caricatore Copri USB Flap Cover antipolvere per Samsung Galaxy S5 i9600 g900',1,1,0,0,0,1.319672,0.00,0.000000,0.000000,0.000000,0.00,0.000000,'','','','',0.000000,1,0,'',0.000,0.000000,0.000,0,'',0,'0000-00-00 00:00:00',1.610000,1.319672,1.610000,1.319672,0.000000,0.000000,0.000000,1.229508,0.000000),(336,319,311,0,1,523,0,'BIADESIVO ADESIVO BATTERIA IPHONE 6S BIADESIVO SCOCCA FRAME STICKER',1,1,0,0,0,0.877049,0.00,0.000000,0.000000,0.000000,0.00,0.000000,'','','','',0.000000,1,0,'',0.000,0.000000,0.000,0,'',0,'0000-00-00 00:00:00',1.070000,0.877049,1.070000,0.877049,0.000000,0.000000,0.300000,0.819672,0.300000),(337,320,312,0,1,431,0,'Vassoio alloggio VANO SIM porta nano Sim per Samsung A3 A5 A7 NERO',1,1,0,0,0,4.385246,0.00,0.000000,0.000000,0.000000,0.00,0.000000,'','','','',0.000000,1,0,'',0.000,0.000000,0.000,0,'',0,'0000-00-00 00:00:00',5.350000,4.385246,5.350000,4.385246,0.000000,0.000000,0.000000,4.098361,0.000000),(338,321,313,0,1,554,0,'CASSA AUDIO PER SAMSUNG GALAXY S2 i9100 RICAMBIO SUONERIA VIVAVOCE BUZZER',1,1,0,0,0,2.540984,0.00,0.000000,0.000000,0.000000,0.00,0.000000,'','','','',0.000000,1,0,'',0.000,0.000000,0.000,0,'',0,'0000-00-00 00:00:00',3.100000,2.540984,3.100000,2.540984,0.000000,0.000000,1.420000,2.377049,1.420000),(339,322,314,0,1,348,0,'Lente Vetro Vetrino Camera Fotocamera Posteriore Samsung Galaxy S6 G920F Blue',1,1,0,0,0,3.065574,0.00,0.000000,0.000000,0.000000,0.00,0.000000,'','','CR20','',0.000000,1,0,'',0.000,0.000000,0.000,0,'',0,'0000-00-00 00:00:00',3.740000,3.065574,3.740000,3.065574,0.000000,0.000000,0.000000,2.868852,0.000000),(340,323,315,0,1,366,0,'Lente Vetro Vetrino Camera Fotocamera Posteriore Samsung Galaxy S5 SV G900',1,1,0,0,0,1.139344,0.00,0.000000,0.000000,0.000000,0.00,0.000000,'','','CR37','',0.000000,1,0,'',0.000,0.000000,0.000,0,'',0,'0000-00-00 00:00:00',1.390000,1.139344,1.390000,1.139344,0.000000,0.000000,0.000000,1.065574,0.000000),(341,324,316,0,1,484,0,'LENTE FOTOCAMERA FRAME TASTO POWER E VOLUME LG G3 D855 NERO VETRINO CAMERA',1,1,0,0,0,6.311475,0.00,0.000000,0.000000,0.000000,0.00,0.000000,'','','','',0.000000,1,0,'',0.000,0.000000,0.000,0,'',0,'0000-00-00 00:00:00',7.700000,6.311475,7.700000,6.311475,0.000000,0.000000,2.600000,5.901639,2.600000),(342,325,317,0,1,486,0,'SPEAKER BUZZER CASSA ALTOPARLANTE VIVAVOCE SUONERIA IPHONE 6',1,1,0,0,0,2.983607,0.00,0.000000,0.000000,0.000000,0.00,0.000000,'','','','',0.000000,1,0,'',0.000,0.000000,0.000,0,'',0,'0000-00-00 00:00:00',3.640000,2.983607,3.640000,2.983607,0.000000,0.000000,2.730000,2.786885,2.730000),(343,326,318,0,1,558,0,'biadesivo adesivo fissaggio vetro posteriore back Samsung Galaxy S7 edge g935F',1,1,0,0,0,3.065574,0.00,0.000000,0.000000,0.000000,0.00,0.000000,'','','','',0.000000,1,0,'',0.000,0.000000,0.000,0,'',0,'0000-00-00 00:00:00',3.740000,3.065574,3.740000,3.065574,0.000000,0.000000,0.390000,2.868852,0.390000),(344,327,319,0,1,410,0,'biadesivo adesivo fissaggio vetro posteriore back per Samsung Galaxy S6 Edge g925',1,1,0,0,0,1.754098,0.00,0.000000,0.000000,0.000000,0.00,0.000000,'','','','',0.000000,1,0,'',0.000,0.000000,0.000,0,'',0,'0000-00-00 00:00:00',2.140000,1.754098,2.140000,1.754098,0.000000,0.000000,0.000000,1.639344,0.000000),(345,328,320,0,1,376,0,'biadesivo adesivo fissaggio vetro posteriore back per Samsung Galaxy S6 g920F',1,1,0,0,0,1.754098,0.00,0.000000,0.000000,0.000000,0.00,0.000000,'','','CR45','',0.000000,1,0,'',0.000,0.000000,0.000,0,'',0,'0000-00-00 00:00:00',2.140000,1.754098,2.140000,1.754098,0.000000,0.000000,0.000000,1.639344,0.000000),(346,329,321,0,1,351,0,'SAMSUNG GALAXY NOTE 10.1 N8000 FLAT FLEX LETTORE SIM CARD SCHEDA',1,1,0,0,0,4.827869,0.00,0.000000,0.000000,0.000000,0.00,0.000000,'','','','',0.000000,1,0,'',0.000,0.000000,0.000,0,'',0,'0000-00-00 00:00:00',5.890000,4.827869,5.890000,4.827869,0.000000,0.000000,0.000000,4.508197,0.000000),(347,330,322,0,1,440,0,'Vassoio alloggio VANO SIM BLUE porta nano Sim per Iphone 5C',1,1,0,0,0,1.319672,0.00,0.000000,0.000000,0.000000,0.00,0.000000,'','','','',0.000000,1,0,'',0.000,0.000000,0.000,0,'',0,'0000-00-00 00:00:00',1.610000,1.319672,1.610000,1.319672,0.000000,0.000000,0.000000,1.229508,0.000000),(348,331,323,0,1,358,0,'FLAT HTC ONE M9 MICRO SD MEMORY CARD READER  TASTO POWER VOLUME BUTTON FLEX',1,1,0,0,0,14.032787,0.00,0.000000,0.000000,0.000000,0.00,0.000000,'','','','',0.000000,1,0,'',0.000,0.000000,0.000,0,'',0,'0000-00-00 00:00:00',17.120000,14.032787,17.120000,14.032787,0.000000,0.000000,0.000000,13.114754,0.000000),(349,332,324,0,1,484,0,'LENTE FOTOCAMERA FRAME TASTO POWER E VOLUME LG G3 D855 NERO VETRINO CAMERA',1,1,0,0,0,6.311475,0.00,0.000000,0.000000,0.000000,0.00,0.000000,'','','','',0.000000,1,0,'',0.000,0.000000,0.000,0,'',0,'0000-00-00 00:00:00',7.700000,6.311475,7.700000,6.311475,0.000000,0.000000,2.600000,5.901639,2.600000);

--
-- Table structure for table `ps_order_detail_tax`
--

CREATE TABLE `ps_order_detail_tax` (
  `id_order_detail` int(11) NOT NULL,
  `id_tax` int(11) NOT NULL,
  `unit_amount` decimal(16,6) NOT NULL DEFAULT '0.000000',
  `total_amount` decimal(16,6) NOT NULL DEFAULT '0.000000',
  KEY `id_order_detail` (`id_order_detail`),
  KEY `id_tax` (`id_tax`)
) ENGINE=InnoDB DEFAULT CHARSET=utf8;

--
-- Dumping data for table `ps_order_detail_tax`
--

INSERT INTO `ps_order_detail_tax` VALUES (16,1,16.950820,16.950000),(17,1,0.901639,0.900000),(18,1,1.442623,2.885246),(19,1,0.288525,0.865574),(21,1,0.685246,0.685246),(20,1,0.685246,0.685246),(22,1,2.344262,2.344262),(23,1,0.901639,0.901639),(24,1,1.262295,1.262295),(25,1,0.901639,0.901639),(26,1,3.065574,3.065574),(27,1,3.065574,3.065574),(28,1,3.065574,3.065574),(29,1,0.674426,0.674426),(30,1,0.180328,0.180328),(31,1,2.344262,2.344262),(32,1,0.342623,0.342623),(33,1,0.212787,0.212787),(34,1,1.716721,1.716721),(35,1,0.212787,0.212787),(36,1,1.448033,1.448033),(37,1,0.674426,0.674426),(38,1,1.736557,1.736557),(39,1,0.360656,0.360656),(40,1,0.360656,0.721311),(41,1,1.581475,1.581475),(42,1,0.901639,0.901639),(43,1,0.216393,1.081967),(44,1,0.540984,0.540984),(45,1,0.674426,0.674426),(46,1,1.172131,1.172131),(47,1,1.157705,1.157705),(48,1,1.172131,1.172131),(49,1,0.216393,0.216393),(50,1,1.736557,1.736557),(51,1,0.385902,0.771803),(52,1,0.360656,0.360656),(53,1,0.385902,0.385902),(54,1,0.385902,0.385902),(55,1,0.216393,0.432787),(56,1,0.674426,0.674426),(57,1,0.385902,0.385902),(58,1,0.385902,0.385902),(59,1,1.350656,1.350656),(60,1,3.065574,3.065574),(61,1,2.885246,2.885246),(62,1,0.385902,0.385902),(63,1,0.385902,0.385902),(64,1,0.216393,0.865574),(65,1,3.065574,3.065574),(66,1,1.062131,1.062131),(67,1,2.344262,2.344262),(68,1,0.360656,0.360656),(69,1,2.163934,2.163934),(70,1,0.721311,0.721311),(71,1,0.385902,0.771803),(72,1,0.674426,0.674426),(73,1,0.901639,0.901639),(74,1,2.163934,2.163934),(75,1,2.885246,2.890000),(76,1,0.360656,0.721311),(77,1,1.736557,1.736557),(78,1,0.290328,0.290328),(79,1,0.230820,0.230820),(80,1,2.315410,2.315410),(81,1,0.694262,0.694262),(82,1,1.716721,1.716721),(83,1,0.578852,0.578852),(84,1,2.315410,2.315410),(85,1,0.578852,0.578852),(86,1,1.157705,1.157705),(87,1,0.578852,0.578852),(88,1,3.714754,3.714754),(89,1,0.288525,0.288525),(90,1,0.964754,0.964754),(91,1,0.501311,0.501311),(92,1,0.578852,0.578852),(93,1,0.578852,0.578852),(94,1,1.350656,1.350656),(95,1,0.483279,0.483279),(96,1,1.929508,1.929508),(97,1,0.483279,0.483279),(98,1,1.448033,1.448033),(99,1,0.423770,0.423770),(100,1,0.578852,0.578852),(101,1,0.360656,0.360656),(102,1,0.290328,0.290328),(103,1,0.901639,0.901639),(104,1,3.087213,3.087213),(105,1,1.736557,1.736557),(106,1,0.250656,0.250656),(107,1,1.442623,1.442623),(108,1,0.578852,0.578852),(109,1,0.250656,0.250656),(110,1,1.157705,1.157705),(111,1,1.350656,1.350656),(112,1,1.002623,1.002623),(113,1,0.483279,0.483279),(114,1,0.250656,0.250656),(115,1,0.829508,0.829508),(116,1,0.250656,0.250656),(117,1,1.350656,1.350656),(118,1,0.366066,0.366066),(119,1,0.288525,0.288525),(120,1,0.230820,0.230820),(121,1,0.483279,0.483279),(122,1,1.022459,1.022459),(123,1,0.366066,0.366066),(124,1,3.408197,3.408197),(125,1,1.736557,1.736557),(126,1,1.262295,1.262295),(127,1,0.348033,0.348033),(128,1,1.215410,1.215410),(129,1,1.215410,1.215410),(130,1,2.122459,2.122459),(131,1,1.833934,1.833934),(132,1,0.964754,0.964754),(133,1,0.964754,0.964754),(134,1,0.578852,0.578852),(135,1,1.736557,1.736557),(136,1,0.443607,0.443607),(137,1,0.230820,0.230820),(138,1,0.540984,0.540000),(139,1,3.426230,3.426230),(140,1,3.087213,3.087213),(141,1,2.975410,2.975410),(142,1,0.809672,0.809672),(143,1,0.385902,0.385902),(144,1,0.674426,0.674426),(145,1,2.508361,2.508361),(146,1,0.290328,0.290328),(147,1,0.991803,0.990000),(148,1,0.385902,0.385902),(149,1,3.087213,3.087213),(150,1,0.290328,0.290328),(151,1,0.674426,0.674426),(152,1,1.157705,1.157705),(153,1,0.578852,0.578852),(154,1,1.388525,1.388525),(155,1,1.448033,1.448033),(156,1,0.771803,0.771803),(157,1,0.656393,0.656393),(158,1,2.991639,2.991639),(159,1,0.290328,0.290328),(160,1,0.250656,0.250656),(161,1,0.501311,0.501311),(162,1,0.964754,0.964754),(163,1,1.388525,1.388525),(164,1,0.616721,0.616721),(165,1,0.385902,0.385902),(166,1,0.578852,0.578852),(167,1,0.371475,0.742951),(168,1,0.371475,1.114426),(169,1,0.385902,0.385902),(170,1,0.578852,0.578852),(171,1,0.501311,0.501311),(172,1,0.443607,0.443607),(173,1,0.501311,0.501311),(174,1,0.907049,0.907049),(175,1,0.714098,0.714098),(176,1,1.929508,1.929508),(177,1,0.869180,0.869180),(178,1,0.501311,0.501311),(179,1,0.578852,0.578852),(180,1,0.290328,0.290328),(181,1,3.087213,3.087213),(182,1,0.290328,0.290328),(183,1,0.501311,0.501311),(184,1,0.483279,0.483279),(185,1,0.578852,0.578852),(187,1,0.829508,0.829508),(186,1,0.250656,0.250656),(188,1,0.483279,0.483279),(189,1,1.330820,1.330820),(190,1,0.192951,0.192951),(191,1,0.385902,0.385902),(192,1,1.388525,1.388525),(193,1,0.907049,0.907049),(194,1,0.483279,0.483279),(195,1,0.578852,0.578852),(196,1,0.290328,0.290328),(197,1,0.714098,0.714098),(198,1,1.330820,1.330820),(199,1,0.250656,0.250656),(200,1,0.290328,0.290328),(201,1,0.483279,0.483279),(202,1,1.448033,1.448033),(203,1,0.578852,0.578852),(204,1,0.674426,0.674426),(205,1,0.869180,0.869180),(206,1,0.385902,0.385902),(207,1,0.674426,0.674426),(208,1,0.385902,0.385902),(209,1,1.601311,1.601311),(210,1,0.250656,0.250656),(211,1,0.674426,0.674426),(212,1,0.636557,0.636557),(213,1,0.656393,0.656393),(214,1,1.543607,1.543607),(215,1,0.578852,0.578852),(216,1,0.674426,0.674426),(217,1,3.087213,3.087213),(218,1,0.290328,0.290328),(219,1,90.474098,90.474098),(220,1,0.578852,0.578852),(221,1,1.929508,1.929508),(222,1,0.674426,0.674426),(223,1,0.360656,0.360656),(224,1,0.385902,0.385902),(225,1,0.250656,0.250656),(226,1,0.290328,0.290328),(227,1,0.674426,0.674426),(228,1,0.250656,0.250656),(229,1,0.192951,0.385902),(230,1,0.250656,0.250656),(231,1,0.578852,0.578852),(232,1,1.114426,1.114426),(233,1,0.385902,0.385902),(234,1,1.350656,2.701311),(235,1,0.674426,0.674426),(236,1,1.716721,1.716721),(237,1,0.360656,0.360656),(238,1,0.674426,0.674426),(239,1,2.508361,2.508361),(240,1,0.751967,0.751967),(241,1,0.656393,0.656393),(242,1,3.065574,3.070000),(243,1,0.631147,0.630000),(244,1,0.636557,0.636557),(245,1,1.736557,1.736557),(246,1,0.385902,0.385902),(247,1,1.736557,1.736557),(248,1,1.716721,1.716721),(249,1,0.869180,0.869180),(250,1,1.022459,1.022459),(251,1,0.964754,0.964754),(252,1,0.385902,0.385902),(253,1,0.501311,0.501311),(254,1,0.636557,1.273115),(255,1,0.964754,0.964754),(256,1,0.290328,0.290328),(257,1,0.578852,0.578852),(258,1,0.674426,0.674426),(259,1,0.636557,0.636557),(260,1,1.388525,1.388525),(261,1,1.716721,1.716721),(262,1,0.636557,0.636557),(263,1,1.002623,1.002623),(264,1,0.385902,0.385902),(265,1,0.501311,0.501311),(266,1,0.751967,0.751967),(267,1,0.192951,0.192951),(268,1,0.578852,0.578852),(269,1,0.290328,0.290328),(270,1,0.230820,0.230820),(271,1,0.443607,0.443607),(272,1,0.290328,0.290328),(273,1,1.388525,1.388525),(274,1,0.348033,0.348033),(275,1,0.771803,0.771803),(276,1,0.616721,0.616721),(277,1,0.376885,1.130656),(278,1,0.674426,0.674426),(279,1,0.540984,0.540984),(280,1,0.501311,0.501311),(281,1,0.559016,0.559016),(282,1,0.578852,1.157705),(283,1,0.907049,0.907049),(284,1,0.501311,0.501311),(285,1,0.385902,0.385902),(286,1,0.771803,0.771803),(287,1,0.385902,0.385902),(288,1,0.674426,0.674426),(289,1,0.290328,0.290328),(290,1,0.483279,0.483279),(291,1,0.290328,0.290328),(292,1,0.483279,0.483279),(293,1,0.501311,0.501311),(294,1,0.501311,0.501311),(295,1,0.578852,0.578852),(296,1,0.501311,0.501311),(297,1,0.578852,0.578852),(298,1,0.674426,0.674426),(299,1,0.887213,0.887213),(300,1,0.472459,0.472459),(301,1,0.578852,0.578852),(302,1,0.360656,0.360656),(303,1,0.250656,0.250656),(304,1,1.388525,1.388525),(305,1,0.809672,0.809672),(306,1,0.230820,0.230820),(307,1,0.636557,1.909672),(308,1,1.929508,1.929508),(309,1,0.578852,0.578852),(310,1,1.909672,1.909672),(311,1,0.578852,0.578852),(312,1,0.674426,0.674426),(313,1,0.964754,0.964754),(314,1,0.385902,0.385902),(315,1,0.674426,0.674426),(316,1,0.887213,0.887213),(317,1,0.385902,0.385902),(318,1,0.259672,0.259672),(319,1,0.270492,0.270492),(320,1,0.348033,0.348033),(321,1,0.230820,0.461639),(322,1,0.501311,0.501311),(323,1,0.230820,0.230820),(324,1,0.926885,0.926885),(325,1,0.290328,0.290328),(326,1,0.290328,0.290328),(327,1,0.578852,0.578852),(328,1,1.833934,1.833934),(329,1,1.736557,1.736557),(330,1,0.288525,0.288525),(331,1,0.290328,0.290328),(332,1,0.192951,0.192951),(333,1,0.540984,0.540984),(334,1,2.524590,2.524590),(335,1,0.290328,0.290328),(336,1,0.192951,0.192951),(337,1,0.964754,0.964754),(338,1,0.559016,0.559016),(339,1,0.674426,0.674426),(340,1,0.250656,0.250656),(341,1,1.388525,1.388525),(342,1,0.656393,0.656393),(343,1,0.674426,0.674426),(344,1,0.385902,0.385902),(345,1,0.385902,0.385902),(346,1,1.062131,1.062131),(347,1,0.290328,0.290328),(348,1,3.087213,3.087213),(349,1,1.388525,1.388525);

--
-- Table structure for table `ps_order_history`
--

CREATE TABLE `ps_order_history` (
  `id_order_history` int(10) unsigned NOT NULL AUTO_INCREMENT,
  `id_employee` int(10) unsigned NOT NULL,
  `id_order` int(10) unsigned NOT NULL,
  `id_order_state` int(10) unsigned NOT NULL,
  `date_add` datetime NOT NULL,
  PRIMARY KEY (`id_order_history`),
  KEY `order_history_order` (`id_order`),
  KEY `id_employee` (`id_employee`),
  KEY `id_order_state` (`id_order_state`)
) ENGINE=InnoDB AUTO_INCREMENT=337 DEFAULT CHARSET=utf8;

--
-- Dumping data for table `ps_order_history`
--

INSERT INTO `ps_order_history` VALUES (1,0,1,1,'2016-02-15 10:48:14'),(2,0,2,1,'2016-02-15 10:48:14'),(3,0,3,1,'2016-02-15 10:48:14'),(4,0,4,1,'2016-02-15 10:48:14'),(5,0,5,10,'2016-02-15 10:48:14'),(6,1,1,6,'2016-02-15 10:48:14'),(7,1,3,8,'2016-02-15 10:48:14'),(8,0,6,1,'2016-03-08 16:09:59'),(9,0,7,10,'2016-03-12 15:41:51'),(10,2,7,6,'2016-04-04 22:25:37'),(11,2,6,6,'2016-04-04 22:25:38'),(12,0,8,2,'2016-04-05 19:34:59'),(13,0,9,2,'2016-04-06 12:59:43'),(14,0,11,2,'2016-04-08 02:02:02'),(15,0,10,2,'2016-04-08 02:02:02'),(16,0,12,2,'2016-04-11 14:29:12'),(17,0,13,2,'2016-04-11 19:15:07'),(18,2,14,2,'2016-04-11 21:51:33'),(19,0,15,2,'2016-04-12 11:51:51'),(20,0,16,2,'2016-04-12 11:52:01'),(21,0,17,2,'2016-04-12 18:08:39'),(22,0,18,2,'2016-04-13 11:00:28'),(23,0,19,2,'2016-04-15 09:11:40'),(24,0,20,2,'2016-04-16 15:52:24'),(25,0,21,2,'2016-04-16 17:43:01'),(26,0,22,2,'2016-04-16 19:06:29'),(27,0,23,2,'2016-04-17 10:38:41'),(28,0,24,2,'2016-04-17 19:59:38'),(29,0,25,2,'2016-04-17 22:04:59'),(30,0,26,2,'2016-04-17 23:10:13'),(31,0,27,2,'2016-04-18 15:50:27'),(32,0,28,2,'2016-04-18 18:18:31'),(33,0,29,2,'2016-04-18 20:23:56'),(34,0,30,2,'2016-04-18 23:59:16'),(35,0,31,2,'2016-04-19 09:03:13'),(36,0,32,2,'2016-04-19 11:32:33'),(37,0,33,2,'2016-04-19 20:43:42'),(38,0,34,2,'2016-04-19 20:43:44'),(39,0,35,2,'2016-04-19 22:34:15'),(40,0,36,2,'2016-04-20 11:13:38'),(41,0,37,2,'2016-04-20 18:53:21'),(42,0,38,2,'2016-04-21 11:43:32'),(43,0,39,2,'2016-04-21 12:24:09'),(44,0,40,2,'2016-04-21 17:07:14'),(45,0,41,2,'2016-04-22 23:00:08'),(46,0,42,2,'2016-04-24 12:17:49'),(47,0,43,2,'2016-04-24 20:10:37'),(48,0,44,2,'2016-04-26 02:12:42'),(49,0,45,2,'2016-04-26 17:09:00'),(50,0,46,2,'2016-04-27 00:39:31'),(51,0,47,2,'2016-04-27 19:58:46'),(52,0,48,2,'2016-04-28 09:40:06'),(53,0,49,2,'2016-04-28 19:46:46'),(54,0,50,2,'2016-04-29 14:24:36'),(55,0,51,2,'2016-04-29 17:07:22'),(56,0,52,2,'2016-04-29 19:15:49'),(57,0,53,2,'2016-04-29 20:05:21'),(58,0,54,2,'2016-04-30 10:32:32'),(59,0,55,2,'2016-04-30 13:33:55'),(60,0,56,2,'2016-05-01 09:57:34'),(61,0,57,2,'2016-05-01 18:47:10'),(62,0,58,2,'2016-05-01 23:44:22'),(63,0,59,2,'2016-05-02 13:07:03'),(64,0,60,2,'2016-05-02 13:07:05'),(65,0,61,2,'2016-05-02 16:31:07'),(66,0,62,2,'2016-05-02 21:35:22'),(67,0,63,2,'2016-05-02 22:53:23'),(68,0,64,2,'2016-05-03 10:12:29'),(69,0,65,2,'2016-05-03 10:25:21'),(70,0,66,2,'2016-05-04 15:06:34'),(71,0,67,2,'2016-05-04 22:09:16'),(72,0,68,2,'2016-05-08 11:47:07'),(73,0,69,2,'2016-05-08 22:40:23'),(74,0,70,2,'2016-05-09 11:28:08'),(75,0,71,2,'2016-05-09 22:57:16'),(76,0,72,2,'2016-05-10 19:38:50'),(77,0,73,2,'2016-05-12 09:44:05'),(78,0,74,2,'2016-05-12 11:27:15'),(79,0,75,2,'2016-05-14 19:24:58'),(80,0,76,2,'2016-05-15 11:28:58'),(81,0,77,2,'2016-05-15 12:27:49'),(82,0,78,2,'2016-05-15 12:27:51'),(83,0,79,2,'2016-05-15 18:10:24'),(84,0,80,2,'2016-05-17 09:33:54'),(85,0,81,2,'2016-05-17 18:05:28'),(86,0,82,2,'2016-05-18 10:17:43'),(87,0,83,2,'2016-05-18 11:08:31'),(88,0,84,2,'2016-05-18 13:46:29'),(89,0,85,2,'2016-05-18 18:16:24'),(90,0,86,2,'2016-05-19 09:44:40'),(91,0,87,2,'2016-05-19 09:44:42'),(92,0,88,2,'2016-05-19 22:56:14'),(93,0,89,2,'2016-05-20 10:48:16'),(94,0,90,2,'2016-05-21 16:19:12'),(95,0,91,2,'2016-05-22 10:52:43'),(96,0,92,2,'2016-05-23 23:48:43'),(97,0,93,2,'2016-05-24 01:20:31'),(98,0,94,2,'2016-05-24 14:38:55'),(99,0,95,2,'2016-05-24 20:18:35'),(100,0,96,2,'2016-05-25 13:19:09'),(101,0,97,2,'2016-05-25 15:10:39'),(102,0,98,2,'2016-05-25 17:29:29'),(103,0,99,2,'2016-05-26 12:47:32'),(104,0,100,2,'2016-05-26 13:45:18'),(105,0,101,2,'2016-05-27 11:52:06'),(106,0,102,2,'2016-05-28 09:50:44'),(107,0,103,2,'2016-05-28 15:06:02'),(108,0,104,2,'2016-05-29 10:59:59'),(109,0,105,2,'2016-05-30 09:25:49'),(110,0,106,2,'2016-05-31 19:45:19'),(111,0,107,2,'2016-06-03 09:22:38'),(112,0,108,2,'2016-06-03 09:22:42'),(113,0,109,2,'2016-06-03 09:22:44'),(114,0,110,2,'2016-06-03 10:26:45'),(115,0,111,2,'2016-06-03 15:50:37'),(116,0,112,2,'2016-06-03 18:05:47'),(117,0,113,2,'2016-06-07 15:01:56'),(118,0,114,2,'2016-06-07 19:58:39'),(119,0,115,2,'2016-06-08 21:40:30'),(120,0,116,2,'2016-06-11 09:11:44'),(121,0,117,2,'2016-06-14 15:00:17'),(122,0,118,2,'2016-06-14 20:00:39'),(123,0,119,2,'2016-06-15 20:29:14'),(124,0,120,2,'2016-06-16 18:35:15'),(125,0,121,2,'2016-06-17 17:08:18'),(126,0,122,2,'2016-06-19 22:04:36'),(127,0,123,2,'2016-06-20 10:04:03'),(128,0,124,2,'2016-06-20 10:04:12'),(129,0,125,2,'2016-06-21 17:35:33'),(130,0,126,2,'2016-06-22 19:46:21'),(131,0,127,2,'2016-06-24 18:38:49'),(132,0,128,2,'2016-06-25 07:24:51'),(133,0,129,2,'2016-06-26 17:31:35'),(134,0,130,2,'2016-06-27 10:22:45'),(135,0,131,2,'2016-07-02 08:43:33'),(136,0,132,2,'2016-07-05 12:42:27'),(137,0,133,2,'2016-07-06 17:15:18'),(138,0,134,2,'2016-07-07 12:17:20'),(139,0,135,2,'2016-07-07 13:47:58'),(140,0,136,2,'2016-07-08 18:41:15'),(141,0,137,2,'2016-07-09 00:03:25'),(142,0,138,2,'2016-07-11 17:58:13'),(143,0,139,2,'2016-07-13 00:11:42'),(144,0,140,2,'2016-07-13 00:11:44'),(145,0,141,2,'2016-07-13 22:07:16'),(146,0,142,2,'2016-07-14 18:35:03'),(147,0,143,2,'2016-07-15 01:01:15'),(148,0,144,2,'2016-07-15 02:22:40'),(149,0,145,2,'2016-07-15 13:47:42'),(150,0,146,2,'2016-07-15 14:21:13'),(151,0,147,2,'2016-07-15 16:10:09'),(152,0,148,2,'2016-07-16 14:30:50'),(153,0,149,2,'2016-07-18 20:50:07'),(154,0,150,2,'2016-07-19 06:26:37'),(155,0,151,2,'2016-07-19 10:43:02'),(156,0,152,2,'2016-07-19 17:23:04'),(157,0,153,2,'2016-07-20 12:13:34'),(158,0,154,2,'2016-07-20 23:12:14'),(159,0,155,2,'2016-07-21 03:15:10'),(160,0,156,2,'2016-07-21 10:33:50'),(161,0,157,2,'2016-07-21 13:35:07'),(162,0,158,2,'2016-07-21 15:57:41'),(163,0,159,2,'2016-07-21 20:45:38'),(164,0,160,2,'2016-07-22 11:41:49'),(165,0,161,2,'2016-07-22 14:48:15'),(166,0,162,2,'2016-07-22 15:57:26'),(167,0,163,2,'2016-07-22 21:03:21'),(168,0,164,2,'2016-07-22 21:03:30'),(169,0,165,2,'2016-07-22 21:03:39'),(170,2,166,2,'2016-07-22 22:16:12'),(171,2,167,2,'2016-07-22 22:46:58'),(172,0,168,2,'2016-07-22 23:19:59'),(173,0,169,2,'2016-07-23 03:14:26'),(174,0,170,2,'2016-07-23 14:30:31'),(175,0,171,2,'2016-07-23 18:40:08'),(176,0,172,2,'2016-07-23 19:29:36'),(177,0,173,2,'2016-07-24 02:45:10'),(178,0,174,2,'2016-07-25 01:45:48'),(179,0,175,2,'2016-07-25 14:34:20'),(180,0,176,2,'2016-07-25 15:42:45'),(181,0,177,2,'2016-07-26 13:08:45'),(182,0,178,2,'2016-07-27 00:56:45'),(183,0,179,2,'2016-07-27 01:36:57'),(184,0,180,2,'2016-07-27 07:53:29'),(185,0,181,2,'2016-07-28 00:13:15'),(186,0,182,2,'2016-07-28 09:45:28'),(187,0,183,2,'2016-07-28 11:44:46'),(188,0,184,2,'2016-07-28 15:14:28'),(189,0,185,2,'2016-07-29 11:31:28'),(190,0,186,2,'2016-07-29 19:34:41'),(191,0,187,2,'2016-07-30 00:29:39'),(192,0,188,2,'2016-07-30 13:11:00'),(193,0,189,2,'2016-07-30 15:50:43'),(194,0,190,2,'2016-07-31 10:13:58'),(195,0,191,2,'2016-07-31 17:34:11'),(196,0,192,2,'2016-08-01 12:52:39'),(197,0,193,2,'2016-08-01 16:42:48'),(198,0,194,2,'2016-08-01 18:37:32'),(199,0,195,2,'2016-08-01 22:22:42'),(200,0,196,2,'2016-08-02 11:56:13'),(201,0,197,2,'2016-08-02 17:56:43'),(202,0,198,2,'2016-08-02 18:28:20'),(203,0,199,2,'2016-08-02 18:28:21'),(204,0,200,2,'2016-08-02 21:06:00'),(205,0,201,2,'2016-08-03 15:04:50'),(206,0,202,2,'2016-08-03 19:50:36'),(207,0,203,2,'2016-08-04 10:08:37'),(208,0,204,2,'2016-08-05 08:09:36'),(209,0,205,2,'2016-08-05 15:05:51'),(210,0,206,2,'2016-08-05 15:05:52'),(211,0,207,2,'2016-08-06 14:24:18'),(212,0,208,2,'2016-08-06 18:25:25'),(213,0,209,2,'2016-08-06 23:17:03'),(214,0,210,2,'2016-08-07 18:14:08'),(215,0,211,2,'2016-08-07 21:04:03'),(216,0,212,2,'2016-08-08 10:38:14'),(217,0,213,2,'2016-08-08 11:10:23'),(218,0,214,2,'2016-08-08 14:53:58'),(219,0,215,2,'2016-08-08 21:07:06'),(220,0,216,2,'2016-08-08 23:29:03'),(221,0,217,2,'2016-08-09 17:03:37'),(222,0,218,2,'2016-08-09 18:30:07'),(223,0,219,2,'2016-08-10 10:38:00'),(224,0,220,2,'2016-08-10 12:50:53'),(225,0,221,2,'2016-08-11 12:30:52'),(226,0,222,2,'2016-08-11 19:40:26'),(227,0,223,2,'2016-08-11 20:49:50'),(228,0,224,2,'2016-08-12 00:16:42'),(229,0,225,2,'2016-08-12 07:18:24'),(230,0,226,2,'2016-08-12 11:18:57'),(231,0,227,2,'2016-08-12 11:18:59'),(232,0,228,2,'2016-08-12 11:19:01'),(233,0,229,2,'2016-08-12 15:09:20'),(234,0,230,10,'2016-08-12 18:47:55'),(235,0,231,2,'2016-08-13 18:07:17'),(236,0,232,2,'2016-08-15 15:13:41'),(237,0,233,2,'2016-08-16 19:46:34'),(238,0,234,2,'2016-08-16 22:07:54'),(239,0,235,2,'2016-08-17 17:22:28'),(240,0,236,2,'2016-08-17 17:22:30'),(241,0,237,2,'2016-08-17 22:28:59'),(242,0,238,2,'2016-08-18 15:12:42'),(243,0,239,2,'2016-08-18 17:42:52'),(244,0,240,2,'2016-08-18 17:42:53'),(245,0,241,2,'2016-08-18 19:39:34'),(246,0,242,2,'2016-08-18 19:39:36'),(247,0,243,2,'2016-08-18 23:38:21'),(248,0,244,2,'2016-08-19 11:15:18'),(249,0,245,2,'2016-08-19 11:15:39'),(250,0,246,2,'2016-08-19 11:50:42'),(251,0,247,2,'2016-08-19 19:25:35'),(252,0,248,2,'2016-08-19 21:52:54'),(253,0,249,2,'2016-08-20 11:10:47'),(254,0,250,2,'2016-08-20 12:24:41'),(255,0,251,2,'2016-08-20 15:39:52'),(256,0,252,2,'2016-08-20 18:29:58'),(257,0,253,2,'2016-08-21 11:51:05'),(258,0,254,2,'2016-08-21 16:54:34'),(259,0,255,2,'2016-08-21 16:54:36'),(260,0,256,2,'2016-08-21 17:25:17'),(261,0,257,2,'2016-08-21 22:45:12'),(262,0,258,2,'2016-08-22 11:00:14'),(263,0,259,2,'2016-08-22 12:02:09'),(264,0,260,2,'2016-08-23 14:11:33'),(265,0,261,2,'2016-08-23 14:11:35'),(266,0,262,2,'2016-08-23 18:18:10'),(267,0,263,2,'2016-08-23 22:32:48'),(268,0,264,2,'2016-08-24 13:01:03'),(269,0,265,2,'2016-08-24 14:53:34'),(270,0,266,2,'2016-08-24 15:32:31'),(271,0,267,2,'2016-08-24 16:05:01'),(272,0,268,2,'2016-08-24 18:43:49'),(273,0,269,2,'2016-08-24 18:43:50'),(274,0,270,2,'2016-08-25 10:54:01'),(275,0,271,2,'2016-08-25 12:21:31'),(276,0,272,2,'2016-08-25 13:01:19'),(277,0,273,2,'2016-08-25 19:55:14'),(278,0,274,2,'2016-08-25 21:59:42'),(279,0,275,2,'2016-08-25 23:57:17'),(280,0,276,2,'2016-08-26 21:51:02'),(281,0,277,2,'2016-08-28 19:41:21'),(282,0,278,2,'2016-08-29 12:16:14'),(283,0,279,2,'2016-08-29 12:16:16'),(284,0,280,2,'2016-08-29 15:16:49'),(285,0,281,2,'2016-08-30 11:13:33'),(286,0,282,2,'2016-08-30 16:35:30'),(287,0,283,2,'2016-08-30 18:00:00'),(288,0,284,2,'2016-08-30 21:10:57'),(289,0,285,2,'2016-08-30 23:55:20'),(290,0,286,2,'2016-08-31 14:41:34'),(291,0,287,2,'2016-09-01 10:18:55'),(292,0,288,2,'2016-09-01 12:35:03'),(293,0,289,2,'2016-09-01 19:05:44'),(294,0,290,2,'2016-09-01 21:11:37'),(295,0,291,2,'2016-09-02 16:50:18'),(296,0,292,2,'2016-09-02 16:50:20'),(297,0,293,2,'2016-09-02 18:08:49'),(298,0,294,2,'2016-09-03 20:27:58'),(299,0,295,2,'2016-09-03 23:09:26'),(300,0,296,2,'2016-09-04 11:21:06'),(301,0,297,2,'2016-09-04 15:40:59'),(302,0,298,2,'2016-09-05 04:14:45'),(303,0,299,2,'2016-10-27 12:01:52'),(304,0,300,2,'2016-10-27 12:01:58'),(305,0,301,2,'2016-10-27 12:02:01'),(306,0,302,2,'2016-10-27 12:02:04'),(307,0,303,2,'2016-10-27 12:02:07'),(308,0,304,2,'2016-10-27 12:02:12'),(309,0,305,2,'2016-10-27 12:02:15'),(310,0,306,2,'2016-10-27 12:02:18'),(311,0,307,2,'2016-10-27 12:02:22'),(312,0,308,2,'2016-10-27 12:02:25'),(313,0,309,2,'2016-10-27 12:02:28'),(314,0,310,2,'2016-10-27 12:02:31'),(315,0,311,2,'2016-10-27 12:02:34'),(316,0,312,2,'2016-10-27 12:02:37'),(317,0,313,2,'2016-10-27 12:02:40'),(318,0,314,2,'2016-10-27 12:02:43'),(319,0,315,2,'2016-10-27 12:02:46'),(320,0,316,2,'2016-10-27 12:02:49'),(321,0,317,2,'2016-10-27 12:02:54'),(322,0,318,2,'2016-10-27 12:02:57'),(323,0,319,2,'2016-10-27 12:03:00'),(324,0,320,2,'2016-10-27 12:03:04'),(325,0,321,2,'2016-11-05 10:17:19'),(326,0,322,2,'2016-11-05 10:17:23'),(327,0,323,2,'2016-11-05 10:17:53'),(328,0,324,2,'2016-11-05 10:18:02'),(329,0,325,2,'2016-11-05 10:18:08'),(330,0,326,2,'2016-11-05 10:18:22'),(331,0,327,2,'2016-11-05 10:18:26'),(332,0,328,2,'2016-11-05 10:18:29'),(333,0,329,2,'2016-11-05 10:18:34'),(334,0,330,2,'2016-11-05 10:18:44'),(335,0,331,2,'2016-11-05 10:18:49'),(336,0,332,2,'2016-11-05 10:18:53');

--
-- Table structure for table `ps_order_invoice`
--

CREATE TABLE `ps_order_invoice` (
  `id_order_invoice` int(11) unsigned NOT NULL AUTO_INCREMENT,
  `id_order` int(11) NOT NULL,
  `number` int(11) NOT NULL,
  `delivery_number` int(11) NOT NULL,
  `delivery_date` datetime DEFAULT NULL,
  `total_discount_tax_excl` decimal(20,6) NOT NULL DEFAULT '0.000000',
  `total_discount_tax_incl` decimal(20,6) NOT NULL DEFAULT '0.000000',
  `total_paid_tax_excl` decimal(20,6) NOT NULL DEFAULT '0.000000',
  `total_paid_tax_incl` decimal(20,6) NOT NULL DEFAULT '0.000000',
  `total_products` decimal(20,6) NOT NULL DEFAULT '0.000000',
  `total_products_wt` decimal(20,6) NOT NULL DEFAULT '0.000000',
  `total_shipping_tax_excl` decimal(20,6) NOT NULL DEFAULT '0.000000',
  `total_shipping_tax_incl` decimal(20,6) NOT NULL DEFAULT '0.000000',
  `shipping_tax_computation_method` int(10) unsigned NOT NULL,
  `total_wrapping_tax_excl` decimal(20,6) NOT NULL DEFAULT '0.000000',
  `total_wrapping_tax_incl` decimal(20,6) NOT NULL DEFAULT '0.000000',
  `shop_address` text,
  `invoice_address` text,
  `delivery_address` text,
  `note` text,
  `date_add` datetime NOT NULL,
  PRIMARY KEY (`id_order_invoice`),
  KEY `id_order` (`id_order`)
) ENGINE=InnoDB AUTO_INCREMENT=325 DEFAULT CHARSET=utf8;

--
-- Dumping data for table `ps_order_invoice`
--

INSERT INTO `ps_order_invoice` VALUES (1,8,1,0,'0000-00-00 00:00:00',0.000000,0.000000,16.114754,19.000000,13.114754,16.000000,3.000000,3.000000,0,0.000000,0.000000,'Desktop Store','Valeria Agostinelli c/o Jonart Italia Sr<br />Via Nuova, 137<br />55010 Camigliano Santa Gemma<br />Italia','Valeria Agostinelli c/o Jonart Italia Sr<br />Via Nuova, 137<br />55010 Camigliano Santa Gemma<br />Italia','','2016-04-05 19:34:59'),(2,9,2,0,'0000-00-00 00:00:00',0.000000,0.000000,7.934426,8.800000,3.934426,4.800000,4.000000,4.000000,0,0.000000,0.000000,'Desktop Store','Fabio Maver<br />Via Crema 52<br />24055 Cologno al Serio<br />Italia','Fabio Maver<br />Via Crema 52<br />24055 Cologno al Serio<br />Italia','','2016-04-06 12:59:43'),(3,10,4,0,'0000-00-00 00:00:00',0.000000,0.000000,5.114754,5.800000,3.114754,3.800000,2.000000,2.000000,0,0.000000,0.000000,'Desktop Store','Josephine Barone<br />via Sant\'Anna 113<br />90010 altavilla milicia<br />Italia','Josephine Barone<br />via Sant\'Anna 113<br />90010 altavilla milicia<br />Italia','','2016-04-08 02:02:02'),(4,11,3,0,'0000-00-00 00:00:00',0.000000,0.000000,5.114754,5.800000,3.114754,3.800000,2.000000,2.000000,0,0.000000,0.000000,'Desktop Store','Josephine Barone<br />via Sant\'Anna 113<br />90010 altavilla milicia<br />Italia','Josephine Barone<br />via Sant\'Anna 113<br />90010 altavilla milicia<br />Italia','','2016-04-08 02:02:02'),(5,12,5,0,'0000-00-00 00:00:00',0.000000,0.000000,12.655738,15.000000,10.655738,13.000000,2.000000,2.000000,0,0.000000,0.000000,'Desktop Store','Danilo Bertolina<br />via uzza 1<br />23030 Valfurva<br />Italia','Danilo Bertolina<br />via uzza 1<br />23030 Valfurva<br />Italia','','2016-04-11 14:29:12'),(6,13,6,0,'0000-00-00 00:00:00',0.000000,0.000000,6.098361,7.000000,4.098361,5.000000,2.000000,2.000000,0,0.000000,0.000000,'Desktop Store','maria tricarico<br />via mozzi 53<br />62100 macerata<br />Italia','maria tricarico<br />via mozzi 53<br />62100 macerata<br />Italia','','2016-04-11 19:15:07'),(7,14,7,0,'0000-00-00 00:00:00',0.000000,0.000000,7.737705,9.000000,5.737705,7.000000,2.000000,2.000000,0,0.000000,0.000000,'Desktop Store','Aquilino De Luca<br />Via Nobile 34<br />41053 Maranello<br />Italia','Aquilino De Luca<br />Via Nobile 34<br />41053 Maranello<br />Italia','','2016-04-11 21:51:33'),(8,15,8,0,'0000-00-00 00:00:00',0.000000,0.000000,6.098361,7.000000,4.098361,5.000000,2.000000,2.000000,0,0.000000,0.000000,'Desktop Store','Fabrizio Maio<br />Via Piedicavallo, 25<br />10145 Torino<br />Italia','Fabrizio Maio<br />Via Piedicavallo, 25<br />10145 Torino<br />Italia','','2016-04-12 11:51:51'),(9,16,9,0,'0000-00-00 00:00:00',0.000000,0.000000,20.934426,24.000000,13.934426,17.000000,7.000000,7.000000,0,0.000000,0.000000,'Desktop Store','Salvatore Martino<br />Ficarella n°18<br />89064 Saline Joniche<br />Italia','Salvatore Martino<br />Ficarella n°18<br />89064 Saline Joniche<br />Italia','','2016-04-12 11:52:01'),(10,17,10,0,'0000-00-00 00:00:00',0.000000,0.000000,15.934426,19.000000,13.934426,17.000000,2.000000,2.000000,0,0.000000,0.000000,'Desktop Store','mauro pierro<br />corso europa, 72<br />80127 napoli<br />Italia','mauro pierro<br />corso europa, 72<br />80127 napoli<br />Italia','','2016-04-12 18:08:39'),(11,18,11,0,'0000-00-00 00:00:00',0.000000,0.000000,20.934426,24.000000,13.934426,17.000000,7.000000,7.000000,0,0.000000,0.000000,'Desktop Store','mauro pierro<br />corso europa, 72<br />80127 napoli<br />Italia','mauro pierro<br />corso europa, 72<br />80127 napoli<br />Italia','','2016-04-13 11:00:28'),(12,19,12,0,'0000-00-00 00:00:00',0.000000,0.000000,5.065574,5.740000,3.065574,3.740000,2.000000,2.000000,0,0.000000,0.000000,'Desktop Store','flavio roveri<br />via bosco monastico n 58<br />41033 fossa di concordia s/S<br />Italia','flavio roveri<br />via bosco monastico n 58<br />41033 fossa di concordia s/S<br />Italia','','2016-04-15 09:11:40'),(13,20,13,0,'0000-00-00 00:00:00',0.000000,0.000000,1.819672,2.000000,0.819672,1.000000,1.000000,1.000000,0,0.000000,0.000000,'Desktop Store','Ivan De Angelis<br />Via Bettisi, 9<br />48018 Faenza<br />Italia','Ivan De Angelis<br />Via Bettisi, 9<br />48018 Faenza<br />Italia','','2016-04-16 15:52:24'),(14,21,14,0,'0000-00-00 00:00:00',0.000000,0.000000,17.655738,20.000000,10.655738,13.000000,7.000000,7.000000,0,0.000000,0.000000,'Desktop Store','Grazio Contangelo<br />viale Kennedy, N°46<br />75024 Montescaglioso<br />Italia','Grazio Contangelo<br />viale Kennedy, N°46<br />75024 Montescaglioso<br />Italia','','2016-04-16 17:43:01'),(15,22,15,0,'0000-00-00 00:00:00',0.000000,0.000000,1.557377,1.900000,1.557377,1.900000,0.000000,0.000000,0,0.000000,0.000000,'Desktop Store','Uliano Francesco<br />via Lorenzo Allievi 61<br />00148 roma<br />Italia','Uliano Francesco<br />via Lorenzo Allievi 61<br />00148 roma<br />Italia','','2016-04-16 19:06:29'),(16,23,16,0,'0000-00-00 00:00:00',0.000000,0.000000,1.967213,2.180000,0.967213,1.180000,1.000000,1.000000,0,0.000000,0.000000,'Desktop Store','oreste marchetti<br />via San Pietro n. 14<br />35010 villa del conte<br />Italia','oreste marchetti<br />via San Pietro n. 14<br />35010 villa del conte<br />Italia','','2016-04-17 10:38:41'),(17,24,17,0,'0000-00-00 00:00:00',0.000000,0.000000,10.803279,12.520000,7.803279,9.520000,3.000000,3.000000,0,0.000000,0.000000,'Desktop Store','GIANLUCA GIANOLA<br />via italia 61 n°9<br />37014 castelnuovo del garda<br />Italia','GIANLUCA GIANOLA<br />via italia 61 n°9<br />37014 castelnuovo del garda<br />Italia','','2016-04-17 19:59:38'),(18,25,18,0,'0000-00-00 00:00:00',0.000000,0.000000,1.967213,2.180000,0.967213,1.180000,1.000000,1.000000,0,0.000000,0.000000,'Desktop Store','Antonio Bacella<br />Via Leonardo da Vinci,2<br />13048 Santhia<br />Italia','Antonio Bacella<br />Via Leonardo da Vinci,2<br />13048 Santhia<br />Italia','','2016-04-17 22:04:58'),(19,26,19,0,'0000-00-00 00:00:00',0.000000,0.000000,7.781967,9.230000,6.581967,8.030000,1.200000,1.200000,0,0.000000,0.000000,'Desktop Store','BILLECI Gaia<br />piazza IV Novembre 9<br />Presso Estetica<br />24040 Boltiere<br />Italia','BILLECI Gaia<br />piazza IV Novembre 9<br />Presso Estetica<br />24040 Boltiere<br />Italia','','2016-04-17 23:10:13'),(20,27,20,0,'0000-00-00 00:00:00',0.000000,0.000000,9.565574,10.240000,3.065574,3.740000,6.500000,6.500000,0,0.000000,0.000000,'Desktop Store','Antonio Pontoriero /<br />C/da Bagneria<br />89866 Santa Domenica di Ricadi<br />Italia','Antonio Pontoriero /<br />C/da Bagneria<br />89866 Santa Domenica di Ricadi<br />Italia','','2016-04-18 15:50:27'),(21,28,21,0,'0000-00-00 00:00:00',0.000000,0.000000,10.893443,12.630000,7.893443,9.630000,3.000000,3.000000,0,0.000000,0.000000,'Desktop Store','Dottor Cell<br />Via Flaminia Conca 3/a<br />47923 Rimini<br />Italia','Dottor Cell<br />Via Flaminia Conca 3/a<br />47923 Rimini<br />Italia','','2016-04-18 18:18:31'),(22,29,22,0,'0000-00-00 00:00:00',0.000000,0.000000,3.639344,4.000000,1.639344,2.000000,2.000000,2.000000,0,0.000000,0.000000,'Desktop Store','Mariacristina Lerro<br />Via Passo Della Portella, 43<br />65124 Pescara<br />Italia','Mariacristina Lerro<br />Via Passo Della Portella, 43<br />65124 Pescara<br />Italia','','2016-04-18 20:23:56'),(23,30,23,0,'0000-00-00 00:00:00',0.000000,0.000000,6.278689,7.000000,3.278689,4.000000,3.000000,3.000000,0,0.000000,0.000000,'Desktop Store','matteo durosini<br />via quintino sella 147<br />21052 busto arsizio<br />Italia','matteo durosini<br />via quintino sella 147<br />21052 busto arsizio<br />Italia','','2016-04-18 23:59:16'),(24,31,24,0,'0000-00-00 00:00:00',0.000000,0.000000,10.188525,11.770000,7.188525,8.770000,3.000000,3.000000,0,0.000000,0.000000,'Desktop Store','Paul aramini<br />Via Ponte La Piana 1/a<br />03020 Strangolagalli<br />Italia','Paul aramini<br />Via Ponte La Piana 1/a<br />03020 Strangolagalli<br />Italia','','2016-04-19 09:03:13'),(25,32,25,0,'0000-00-00 00:00:00',0.000000,0.000000,6.098361,7.000000,4.098361,5.000000,2.000000,2.000000,0,0.000000,0.000000,'Desktop Store','Antonio Di Renzo<br />Via Sant\' Uguzzone 5<br />20126 Milano<br />Italia','Antonio Di Renzo<br />Via Sant\' Uguzzone 5<br />20126 Milano<br />Italia','','2016-04-19 11:32:32'),(26,33,26,0,'0000-00-00 00:00:00',0.000000,0.000000,9.918033,11.000000,4.918033,6.000000,5.000000,5.000000,0,0.000000,0.000000,'Desktop Store','Michele Azzone<br />via Alessandro Volta 41<br />41124 Modena<br />Italia','Michele Azzone<br />via Alessandro Volta 41<br />41124 Modena<br />Italia','','2016-04-19 20:43:42'),(27,34,27,0,'0000-00-00 00:00:00',0.000000,0.000000,4.459016,5.000000,2.459016,3.000000,2.000000,2.000000,0,0.000000,0.000000,'Desktop Store','stefano galletti<br />via di morena 27<br />00043 ciampino<br />Italia','stefano galletti<br />via di morena 27<br />00043 ciampino<br />Italia','','2016-04-19 20:43:44'),(28,35,28,0,'0000-00-00 00:00:00',0.000000,0.000000,4.065574,4.740000,3.065574,3.740000,1.000000,1.000000,0,0.000000,0.000000,'Desktop Store','Mariastella Magotti<br />Via del Forte boccea 13<br />Interno 3<br />00167 Roma<br />Italia','Mariastella Magotti<br />Via del Forte boccea 13<br />Interno 3<br />00167 Roma<br />Italia','','2016-04-19 22:34:15'),(29,36,29,0,'0000-00-00 00:00:00',0.000000,0.000000,8.327869,9.500000,5.327869,6.500000,3.000000,3.000000,0,0.000000,0.000000,'Desktop Store','Vittorio Pucillo<br />via dei Bonzagna 48<br />00133 Roma<br />Italia','Vittorio Pucillo<br />via dei Bonzagna 48<br />00133 Roma<br />Italia','','2016-04-20 11:13:38'),(30,37,30,0,'0000-00-00 00:00:00',0.000000,0.000000,6.462295,7.620000,5.262295,6.420000,1.200000,1.200000,0,0.000000,0.000000,'Desktop Store','Salvatore cingolani<br />P.zza Giuseppe Mazzini 10<br />95121 Catania<br />Italia','Salvatore cingolani<br />P.zza Giuseppe Mazzini 10<br />95121 Catania<br />Italia','','2016-04-20 18:53:21'),(31,38,31,0,'0000-00-00 00:00:00',0.000000,0.000000,8.327869,9.500000,5.327869,6.500000,3.000000,3.000000,0,0.000000,0.000000,'Desktop Store','PEPE COSIMO<br />via fulvia 138<br />72100 BRINDISI<br />Italia','PEPE COSIMO<br />via fulvia 138<br />72100 BRINDISI<br />Italia','','2016-04-21 11:43:32'),(32,39,32,0,'0000-00-00 00:00:00',0.000000,0.000000,1.983607,2.200000,0.983607,1.200000,1.000000,1.000000,0,0.000000,0.000000,'Desktop Store','HOTEL LIBERTY<br />VIA DANIELE MANIN 18<br />55049 VIAREGGIO<br />Italia','HOTEL LIBERTY<br />VIA DANIELE MANIN 18<br />55049 VIAREGGIO<br />Italia','','2016-04-21 12:24:09'),(33,40,33,0,'0000-00-00 00:00:00',0.000000,0.000000,14.393443,16.130000,7.893443,9.630000,6.500000,6.500000,0,0.000000,0.000000,'Desktop Store','sergio d\\\'ambrosio<br />via A.volta 2/4<br />50059 vinci<br />Italia','sergio d\\\'ambrosio<br />via A.volta 2/4<br />50059 vinci<br />Italia','','2016-04-21 17:07:14'),(34,41,34,0,'0000-00-00 00:00:00',0.000000,0.000000,5.508197,6.280000,3.508197,4.280000,2.000000,2.000000,0,0.000000,0.000000,'Desktop Store','Sergio Basso<br />Via Strada di Collalto n.52<br />31058 Susegana<br />Italia','Sergio Basso<br />Via Strada di Collalto n.52<br />31058 Susegana<br />Italia','','2016-04-22 23:00:07'),(35,42,35,0,'0000-00-00 00:00:00',0.000000,0.000000,3.639344,4.000000,1.639344,2.000000,2.000000,2.000000,0,0.000000,0.000000,'Desktop Store','cortesi michela<br />via gazzinella n8<br />44041 casumaro<br />Italia','cortesi michela<br />via gazzinella n8<br />44041 casumaro<br />Italia','','2016-04-24 12:17:49'),(36,43,36,0,'0000-00-00 00:00:00',0.000000,0.000000,2.754098,3.140000,1.754098,2.140000,1.000000,1.000000,0,0.000000,0.000000,'Desktop Store','Salvatore Naccari<br />Via residence campus sperone int 2 pal 1<br />98158 MESSINA<br />Italia','Salvatore Naccari<br />Via residence campus sperone int 2 pal 1<br />98158 MESSINA<br />Italia','','2016-04-24 20:10:37'),(37,44,37,0,'0000-00-00 00:00:00',0.000000,0.000000,2.754098,3.140000,1.754098,2.140000,1.000000,1.000000,0,0.000000,0.000000,'Desktop Store','Giancarlo Venuti<br />piazza Don Minzoni n.14<br />50063 Figline V.no<br />Italia','Giancarlo Venuti<br />piazza Don Minzoni n.14<br />50063 Figline V.no<br />Italia','','2016-04-26 02:12:42'),(38,45,38,0,'0000-00-00 00:00:00',0.000000,0.000000,5.067213,5.500000,1.967213,2.400000,3.100000,3.100000,0,0.000000,0.000000,'Desktop Store','perbellini ediltop<br />via ca\'magre 13/b<br />37063 isola della scala<br />Italia','perbellini ediltop<br />via ca\'magre 13/b<br />37063 isola della scala<br />Italia','','2016-04-26 17:09:00'),(39,46,39,0,'0000-00-00 00:00:00',0.000000,0.000000,4.065574,4.740000,3.065574,3.740000,1.000000,1.000000,0,0.000000,0.000000,'Desktop Store','CRISTIANO FINOTTI<br />VIA GUARINI 42<br />10078 VENARIA REALE<br />Italia','CRISTIANO FINOTTI<br />VIA GUARINI 42<br />10078 VENARIA REALE<br />Italia','','2016-04-27 00:39:30'),(40,47,40,0,'0000-00-00 00:00:00',0.000000,0.000000,4.754098,5.140000,1.754098,2.140000,3.000000,3.000000,0,0.000000,0.000000,'Desktop Store','Maria pia Cericola<br />Via alcide de Gasperi<br />1<br />71027 Orsara di puglia<br />Italia','Maria pia Cericola<br />Via alcide de Gasperi<br />1<br />71027 Orsara di puglia<br />Italia','','2016-04-27 19:58:46'),(41,48,41,0,'0000-00-00 00:00:00',0.000000,0.000000,2.754098,3.140000,1.754098,2.140000,1.000000,1.000000,0,0.000000,0.000000,'Desktop Store','Elisa Comparato<br />Via Campoleone 90<br />Via Lungomare Celeste<br />00048 Nettuno<br />Italia','Elisa Comparato<br />Via Campoleone 90<br />Via Lungomare Celeste<br />00048 Nettuno<br />Italia','','2016-04-28 09:40:06'),(42,49,42,0,'0000-00-00 00:00:00',0.000000,0.000000,8.539344,9.890000,6.139344,7.490000,2.400000,2.400000,0,0.000000,0.000000,'Desktop Store','Enrico Pavan<br />Viale Maria 277<br />00054 Maccarese (RM)<br />Italia','Enrico Pavan<br />Viale Maria 277<br />00054 Maccarese (RM)<br />Italia','','2016-04-28 19:46:46'),(43,50,43,0,'0000-00-00 00:00:00',0.000000,0.000000,20.934426,24.000000,13.934426,17.000000,7.000000,7.000000,0,0.000000,0.000000,'Desktop Store','MARGHERITA PICCIRILLO<br />VIA G. GARIBALDI , 59<br />81056 SPARANISE<br />Italia','MARGHERITA PICCIRILLO<br />VIA G. GARIBALDI , 59<br />81056 SPARANISE<br />Italia','','2016-04-29 14:24:36'),(44,51,44,0,'0000-00-00 00:00:00',0.000000,0.000000,20.114754,23.000000,13.114754,16.000000,7.000000,7.000000,0,0.000000,0.000000,'Desktop Store','Francescantonio Sestito<br />Pannilani 58<br />CM colorimoda<br />22100 Como<br />Italia','Francescantonio Sestito<br />Pannilani 58<br />CM colorimoda<br />22100 Como<br />Italia','','2016-04-29 17:07:22'),(45,52,45,0,'0000-00-00 00:00:00',0.000000,0.000000,4.154098,4.540000,1.754098,2.140000,2.400000,2.400000,0,0.000000,0.000000,'Desktop Store','francisco acosta<br />via Giuseppe Garibaldi 130<br />25015 desenzano del garda<br />Italia','francisco acosta<br />via Giuseppe Garibaldi 130<br />25015 desenzano del garda<br />Italia','','2016-04-29 19:15:49'),(46,53,46,0,'0000-00-00 00:00:00',0.000000,0.000000,4.154098,4.540000,1.754098,2.140000,2.400000,2.400000,0,0.000000,0.000000,'Desktop Store','francisco acosta<br />via Giuseppe Garibaldi 130<br />25015 desenzano del garda<br />Italia','francisco acosta<br />via Giuseppe Garibaldi 130<br />25015 desenzano del garda<br />Italia','','2016-04-29 20:05:21'),(47,54,47,0,'0000-00-00 00:00:00',0.000000,0.000000,9.334426,10.200000,3.934426,4.800000,5.400000,5.400000,0,0.000000,0.000000,'Desktop Store','M.I.P DI ABBONDINI FABRIZIO<br />via artigiani 46<br />25014 castenedolo<br />Italia','M.I.P DI ABBONDINI FABRIZIO<br />via artigiani 46<br />25014 castenedolo<br />Italia','','2016-04-30 10:32:32'),(48,55,48,0,'0000-00-00 00:00:00',0.000000,0.000000,20.934426,24.000000,13.934426,17.000000,7.000000,7.000000,0,0.000000,0.000000,'Desktop Store','Gennaro Rosanova<br />Via Roma, 473<br />80057 Sant\'Antonio Abate<br />Italia','Gennaro Rosanova<br />Via Roma, 473<br />80057 Sant\'Antonio Abate<br />Italia','','2016-04-30 13:33:55'),(49,56,49,0,'0000-00-00 00:00:00',0.000000,0.000000,7.227869,8.290000,4.827869,5.890000,2.400000,2.400000,0,0.000000,0.000000,'Desktop Store','Alessandro Di Benedetto<br />Via Di Vittorio, 21<br />presso I.G.V.<br />20060 Vignate<br />Italia','Alessandro Di Benedetto<br />Via Di Vittorio, 21<br />presso I.G.V.<br />20060 Vignate<br />Italia','','2016-05-01 09:57:33'),(50,57,50,0,'0000-00-00 00:00:00',0.000000,0.000000,17.655738,20.000000,10.655738,13.000000,7.000000,7.000000,0,0.000000,0.000000,'Desktop Store','maria urso<br />luigi pirandello , 44/b<br />72012 carovigno<br />Italia','maria urso<br />luigi pirandello , 44/b<br />72012 carovigno<br />Italia','','2016-05-01 18:47:10'),(51,58,51,0,'0000-00-00 00:00:00',0.000000,0.000000,4.039344,4.400000,1.639344,2.000000,2.400000,2.400000,0,0.000000,0.000000,'Desktop Store','Daniele Ingenito<br />Via Monte Tirone N.3 (trav. di Via Dorso)<br />83020 Forino<br />Italia','Daniele Ingenito<br />Via Monte Tirone N.3 (trav. di Via Dorso)<br />83020 Forino<br />Italia','','2016-05-01 23:44:22'),(52,59,52,0,'0000-00-00 00:00:00',0.000000,0.000000,12.236066,14.400000,9.836066,12.000000,2.400000,2.400000,0,0.000000,0.000000,'Desktop Store','lyonet G SNC<br />Via Aurelia 343 - Rosignano Solvay<br />57016 Rosignano Marittimo<br />Italia','lyonet G SNC<br />Via Aurelia 343 - Rosignano Solvay<br />57016 Rosignano Marittimo<br />Italia','','2016-05-02 13:07:03'),(53,60,53,0,'0000-00-00 00:00:00',0.000000,0.000000,5.678689,6.400000,3.278689,4.000000,2.400000,2.400000,0,0.000000,0.000000,'Desktop Store','Julian Thoman<br />Kortsch Egartweg 1<br />39028 Schlanders<br />Italia','Julian Thoman<br />Kortsch Egartweg 1<br />39028 Schlanders<br />Italia','','2016-05-02 13:07:05'),(54,61,54,0,'0000-00-00 00:00:00',0.000000,0.000000,6.908197,7.680000,3.508197,4.280000,3.400000,3.400000,0,0.000000,0.000000,'Desktop Store','Aldo Vecchione<br />Via La Siepe n°15<br />71121 Foggia<br />Italia','Aldo Vecchione<br />Via La Siepe n°15<br />71121 Foggia<br />Italia','','2016-05-02 16:31:07'),(55,62,55,0,'0000-00-00 00:00:00',0.000000,0.000000,5.465574,6.140000,3.065574,3.740000,2.400000,2.400000,0,0.000000,0.000000,'Desktop Store','Pierluigi Iozzia<br />Via demostene 46<br />97100 Ragusa<br />Italia','Pierluigi Iozzia<br />Via demostene 46<br />97100 Ragusa<br />Italia','','2016-05-02 21:35:21'),(56,63,56,0,'0000-00-00 00:00:00',0.000000,0.000000,6.498361,7.400000,4.098361,5.000000,2.400000,2.400000,0,0.000000,0.000000,'Desktop Store','andrea lombardini<br />via monte rosa 28<br />01030 vitorchiano<br />Italia','andrea lombardini<br />via monte rosa 28<br />01030 vitorchiano<br />Italia','','2016-05-02 22:53:23'),(57,64,57,0,'0000-00-00 00:00:00',0.000000,0.000000,12.236066,14.400000,9.836066,12.000000,2.400000,2.400000,0,0.000000,0.000000,'Desktop Store','TES Techno Emergency Services srl<br />Via Badoglio, 35/37<br />72018 San Michele Salentino<br />Italia','TES Techno Emergency Services srl<br />Via Badoglio, 35/37<br />72018 San Michele Salentino<br />Italia','','2016-05-03 10:12:29'),(58,65,58,0,'0000-00-00 00:00:00',0.000000,0.000000,19.610000,22.500000,13.110000,16.000000,6.500000,6.500000,0,0.000000,0.000000,'Desktop Store','Fabio serpetti<br />exesolution<br />via galla placidia 11<br />00159 roma<br />Roma<br />Italia','Fabio serpetti<br />exesolution<br />via galla placidia 11<br />00159 roma<br />Roma<br />Italia','','2016-05-03 10:25:21'),(59,66,59,0,'0000-00-00 00:00:00',0.000000,0.000000,6.678689,7.400000,3.278689,4.000000,3.400000,3.400000,0,0.000000,0.000000,'Desktop Store','mirco alerici<br />largo nicolo machiavelli n4<br />15048 valenza<br />Italia','mirco alerici<br />largo nicolo machiavelli n4<br />15048 valenza<br />Italia','','2016-05-04 15:06:34'),(60,67,60,0,'0000-00-00 00:00:00',0.000000,0.000000,10.293443,12.030000,7.893443,9.630000,2.400000,2.400000,0,0.000000,0.000000,'Desktop Store','Lidia Damian<br />Nicotera via pozzo(vv)<br />89844 Nicotera<br />Italia','Lidia Damian<br />Nicotera via pozzo(vv)<br />89844 Nicotera<br />Italia','','2016-05-04 22:09:16'),(61,68,61,0,'0000-00-00 00:00:00',0.000000,0.000000,3.719672,4.010000,1.319672,1.610000,2.400000,2.400000,0,0.000000,0.000000,'Desktop Store','Simone Denetto<br />Via aeroporto Francesco baracca, 6<br />39100 Bolzano<br />Italia','Simone Denetto<br />Via aeroporto Francesco baracca, 6<br />39100 Bolzano<br />Italia','','2016-05-08 11:47:07'),(62,69,62,0,'0000-00-00 00:00:00',0.000000,0.000000,3.449180,3.680000,1.049180,1.280000,2.400000,2.400000,0,0.000000,0.000000,'Desktop Store','Gorna Mauro<br />via delle ortaglie n 14<br />26029 Soncino<br />Italia','Gorna Mauro<br />via delle ortaglie n 14<br />26029 Soncino<br />Italia','','2016-05-08 22:40:23'),(63,70,63,0,'0000-00-00 00:00:00',0.000000,0.000000,12.924590,15.240000,10.524590,12.840000,2.400000,2.400000,0,0.000000,0.000000,'Desktop Store','mirko clo\\\'<br />via salvaro 30<br />40030 pioppe di salvaro<br />Italia','mirko clo\\\'<br />via salvaro 30<br />40030 pioppe di salvaro<br />Italia','','2016-05-09 11:28:08'),(64,71,64,0,'0000-00-00 00:00:00',0.000000,0.000000,5.555738,6.250000,3.155738,3.850000,2.400000,2.400000,0,0.000000,0.000000,'Desktop Store','Gaetano Gigliuto c/o Ata Sistemi<br />via salento,35<br />74121 taranto<br />Italia','Gaetano Gigliuto c/o Ata Sistemi<br />via salento,35<br />74121 taranto<br />Italia','','2016-05-09 22:57:16'),(65,72,65,0,'0000-00-00 00:00:00',0.000000,0.000000,10.203279,11.920000,7.803279,9.520000,2.400000,2.400000,0,0.000000,0.000000,'Desktop Store','muhammad rafiq<br />VIA SAN MICHELE 49<br />09122 CAGLIARI<br />Italia','muhammad rafiq<br />VIA SAN MICHELE 49<br />09122 CAGLIARI<br />Italia','','2016-05-10 19:38:50'),(66,73,66,0,'0000-00-00 00:00:00',0.000000,0.000000,5.031148,5.610000,2.631148,3.210000,2.400000,2.400000,0,0.000000,0.000000,'Desktop Store','Elena Meggiorin<br />Via Smereglo, 2<br />36100 Vicenza<br />Italia','Elena Meggiorin<br />Via Smereglo, 2<br />36100 Vicenza<br />Italia','','2016-05-12 09:44:05'),(67,74,67,0,'0000-00-00 00:00:00',0.000000,0.000000,12.924590,15.240000,10.524590,12.840000,2.400000,2.400000,0,0.000000,0.000000,'Desktop Store','Reset di Beninato Stefano<br />c.so Nunzio costa 12<br />96018 pachino<br />Italia','Reset di Beninato Stefano<br />c.so Nunzio costa 12<br />96018 pachino<br />Italia','','2016-05-12 11:27:14'),(68,75,68,0,'0000-00-00 00:00:00',0.000000,0.000000,5.031148,5.610000,2.631148,3.210000,2.400000,2.400000,0,0.000000,0.000000,'Desktop Store','Alberto SETTE<br />Cascina dei Prati, 23/F<br />20157 Milano<br />Italia','Alberto SETTE<br />Cascina dei Prati, 23/F<br />20157 Milano<br />Italia','','2016-05-14 19:24:58'),(69,76,69,0,'0000-00-00 00:00:00',0.000000,0.000000,7.662295,8.820000,5.262295,6.420000,2.400000,2.400000,0,0.000000,0.000000,'Desktop Store','Domenico Lombardi<br />via piano  la Bella n.2<br />83030 savignano irpino<br />Italia','Domenico Lombardi<br />via piano  la Bella n.2<br />83030 savignano irpino<br />Italia','','2016-05-15 11:28:58'),(70,77,70,0,'0000-00-00 00:00:00',0.000000,0.000000,5.031148,5.610000,2.631148,3.210000,2.400000,2.400000,0,0.000000,0.000000,'Desktop Store','franco sileno<br />via nazionale loc.mazzotta, pal.gardenia<br />89812 pizzo calabro<br />Italia','franco sileno<br />via nazionale loc.mazzotta, pal.gardenia<br />89812 pizzo calabro<br />Italia','','2016-05-15 12:27:49'),(71,78,71,0,'0000-00-00 00:00:00',0.000000,0.000000,19.285246,23.000000,16.885246,20.600000,2.400000,2.400000,0,0.000000,0.000000,'Desktop Store','antonio novello deasti<br />via enrico toti 14/d<br />10092 beinasco<br />Italia','antonio novello deasti<br />via enrico toti 14/d<br />10092 beinasco<br />Italia','','2016-05-15 12:27:51'),(72,79,72,0,'0000-00-00 00:00:00',0.000000,0.000000,2.311475,2.600000,1.311475,1.600000,1.000000,1.000000,0,0.000000,0.000000,'Desktop Store','lauriano pompili<br />via metastasio n°47<br />00071 pomezia<br />Italia','lauriano pompili<br />via metastasio n°47<br />00071 pomezia<br />Italia','','2016-05-15 18:10:24'),(73,80,73,0,'0000-00-00 00:00:00',0.000000,0.000000,6.785246,7.750000,4.385246,5.350000,2.400000,2.400000,0,0.000000,0.000000,'Desktop Store','Saverio Abbondandolo<br />Via San Martino N8<br />83040 Frigento (Avellino)<br />Italia','Saverio Abbondandolo<br />Via San Martino N8<br />83040 Frigento (Avellino)<br />Italia','','2016-05-17 09:33:53'),(74,81,74,0,'0000-00-00 00:00:00',0.000000,0.000000,4.678689,5.180000,2.278689,2.780000,2.400000,2.400000,0,0.000000,0.000000,'Desktop Store','Andrea Cazzaro c/o iRiparo<br />Roma 16<br />35010 Vigonza<br />Italia','Andrea Cazzaro c/o iRiparo<br />Roma 16<br />35010 Vigonza<br />Italia','','2016-05-17 18:05:28'),(75,82,75,0,'0000-00-00 00:00:00',0.000000,0.000000,5.031148,5.610000,2.631148,3.210000,2.400000,2.400000,0,0.000000,0.000000,'Desktop Store','Antonio Bernardo Porta<br />Via Oristano 24<br />09090 MASULLAS<br />Italia','Antonio Bernardo Porta<br />Via Oristano 24<br />09090 MASULLAS<br />Italia','','2016-05-18 10:17:42'),(76,83,76,0,'0000-00-00 00:00:00',0.000000,0.000000,5.031148,5.610000,2.631148,3.210000,2.400000,2.400000,0,0.000000,0.000000,'Desktop Store','Capati Cabbirio<br />Dolomiti 16<br />01030 Vitorchiano<br />Italia','Capati Cabbirio<br />Dolomiti 16<br />01030 Vitorchiano<br />Italia','','2016-05-18 11:08:31'),(77,84,77,0,'0000-00-00 00:00:00',0.000000,0.000000,8.539344,9.890000,6.139344,7.490000,2.400000,2.400000,0,0.000000,0.000000,'Desktop Store','BANCA RICICLO A.P.S.<br />Via Cornigliano 340R<br />16152 GENOVA<br />Italia','BANCA RICICLO A.P.S.<br />Via Cornigliano 340R<br />16152 GENOVA<br />Italia','','2016-05-18 13:46:28'),(78,85,78,0,'0000-00-00 00:00:00',0.000000,0.000000,4.596721,5.080000,2.196721,2.680000,2.400000,2.400000,0,0.000000,0.000000,'Desktop Store','daniele gavioli<br />via torino 80<br />10034 chivasso<br />Italia','daniele gavioli<br />via torino 80<br />10034 chivasso<br />Italia','','2016-05-18 18:16:24'),(79,86,79,0,'0000-00-00 00:00:00',0.000000,0.000000,11.170492,13.100000,8.770492,10.700000,2.400000,2.400000,0,0.000000,0.000000,'Desktop Store','Paris Di Bartolomei presso Bar<br />Viale Guglielmo Oberdan, 24<br />00049 Velletri<br />Italia','Paris Di Bartolomei presso Bar<br />Viale Guglielmo Oberdan, 24<br />00049 Velletri<br />Italia','','2016-05-19 09:44:40'),(80,87,80,0,'0000-00-00 00:00:00',0.000000,0.000000,4.596721,5.080000,2.196721,2.680000,2.400000,2.400000,0,0.000000,0.000000,'Desktop Store','Francesco Agnello<br />CORSO SEI APRILE, 375<br />91011 ALCAMO<br />Italia','Francesco Agnello<br />CORSO SEI APRILE, 375<br />91011 ALCAMO<br />Italia','','2016-05-19 09:44:42'),(81,88,81,0,'0000-00-00 00:00:00',0.000000,0.000000,8.981967,10.430000,6.581967,8.030000,2.400000,2.400000,0,0.000000,0.000000,'Desktop Store','Fabio Ciuffetta De Gasperis Vincenza<br />Via Campovarigno 1<br />03039 Sora<br />Italia','Fabio Ciuffetta De Gasperis Vincenza<br />Via Campovarigno 1<br />03039 Sora<br />Italia','','2016-05-19 22:56:14'),(82,89,82,0,'0000-00-00 00:00:00',0.000000,0.000000,4.326230,4.750000,1.926230,2.350000,2.400000,2.400000,0,0.000000,0.000000,'Desktop Store','Enzo Caimi<br />via Gran Paradiso 239<br />21050 Gorla Maggiore<br />Italia','Enzo Caimi<br />via Gran Paradiso 239<br />21050 Gorla Maggiore<br />Italia','','2016-05-20 10:48:15'),(83,90,83,0,'0000-00-00 00:00:00',0.000000,0.000000,8.662295,9.820000,5.262295,6.420000,3.400000,3.400000,0,0.000000,0.000000,'Desktop Store','yingchun hu<br />via pianell 47<br />20125 milano<br />Italia','yingchun hu<br />via pianell 47<br />20125 milano<br />Italia','','2016-05-21 16:19:12'),(84,91,84,0,'0000-00-00 00:00:00',0.000000,0.000000,4.039344,4.400000,1.639344,2.000000,2.400000,2.400000,0,0.000000,0.000000,'Desktop Store','Maurilio Coluccino<br />Via Al Boden 5<br />28877 Ornavasso<br />Italia','Maurilio Coluccino<br />Via Al Boden 5<br />28877 Ornavasso<br />Italia','','2016-05-22 10:52:43'),(85,92,85,0,'0000-00-00 00:00:00',0.000000,0.000000,2.619672,2.910000,1.319672,1.610000,1.300000,1.300000,0,0.000000,0.000000,'Desktop Store','biandrati biandrati<br />via san romolo 41/18<br />16157 genova<br />Italia','biandrati biandrati<br />via san romolo 41/18<br />16157 genova<br />Italia','','2016-05-23 23:48:43'),(86,93,86,0,'0000-00-00 00:00:00',0.000000,0.000000,9.398361,10.300000,4.098361,5.000000,5.300000,5.300000,0,0.000000,0.000000,'Desktop Store','Mauro Borea<br />San Francesco D\' Assisi 174 / B<br />(Cascina Patuana)<br />10094 Giaveno<br />Italia','Mauro Borea<br />San Francesco D\' Assisi 174 / B<br />(Cascina Patuana)<br />10094 Giaveno<br />Italia','','2016-05-24 01:20:31'),(87,94,87,0,'0000-00-00 00:00:00',0.000000,0.000000,15.332787,18.420000,14.032787,17.120000,1.300000,1.300000,0,0.000000,0.000000,'Desktop Store','Daniele Candito<br />via nazionale n°4 (Presso Officina Candito)<br />89030 condofuri<br />Italia','Daniele Candito<br />via nazionale n°4 (Presso Officina Candito)<br />89030 condofuri<br />Italia','','2016-05-24 14:38:55'),(88,95,88,0,'0000-00-00 00:00:00',0.000000,0.000000,14.893443,16.630000,7.893443,9.630000,7.000000,7.000000,0,0.000000,0.000000,'Desktop Store','trovato santo<br />via della zecca 12<br />messina<br />98122 messina<br />Italia','trovato santo<br />via della zecca 12<br />messina<br />98122 messina<br />Italia','','2016-05-24 20:18:35'),(89,96,89,0,'0000-00-00 00:00:00',0.000000,0.000000,2.439344,2.690000,1.139344,1.390000,1.300000,1.300000,0,0.000000,0.000000,'Desktop Store','Grazia Gioielleria<br />Corso Umberto I 59/61<br />83020 Sperone<br />Italia','Grazia Gioielleria<br />Corso Umberto I 59/61<br />83020 Sperone<br />Italia','','2016-05-25 13:19:09'),(90,97,90,0,'0000-00-00 00:00:00',0.000000,0.000000,8.957377,10.400000,6.557377,8.000000,2.400000,2.400000,0,0.000000,0.000000,'Desktop Store','aglaia paliiparadisi<br />via acquafondata 6, int. 5 citofonare Paradisi<br />00172 roma<br />Italia','aglaia paliiparadisi<br />via acquafondata 6, int. 5 citofonare Paradisi<br />00172 roma<br />Italia','','2016-05-25 15:10:39'),(91,98,91,0,'0000-00-00 00:00:00',0.000000,0.000000,5.131148,5.710000,2.631148,3.210000,2.500000,2.500000,0,0.000000,0.000000,'Desktop Store','cosimo valentini<br />Via Festa Delle Palme, 5<br />72100 brindisi<br />Italia','cosimo valentini<br />Via Festa Delle Palme, 5<br />72100 brindisi<br />Italia','','2016-05-25 17:29:29'),(92,99,92,0,'0000-00-00 00:00:00',0.000000,0.000000,2.439344,2.690000,1.139344,1.390000,1.300000,1.300000,0,0.000000,0.000000,'Desktop Store','Giuseppe carpentieri<br />via chiappori 8<br />18039 ventimiglia<br />Italia','Giuseppe carpentieri<br />via chiappori 8<br />18039 ventimiglia<br />Italia','','2016-05-26 12:47:32'),(93,100,93,0,'0000-00-00 00:00:00',0.000000,0.000000,6.562295,7.720000,5.262295,6.420000,1.300000,1.300000,0,0.000000,0.000000,'Desktop Store','GlobalTek di Recchioni Simona<br />Via Vittorio Veneto 31<br />64011 ALBA ADRIATICA<br />Italia','GlobalTek di Recchioni Simona<br />Via Vittorio Veneto 31<br />64011 ALBA ADRIATICA<br />Italia','','2016-05-26 13:45:18'),(94,101,94,0,'0000-00-00 00:00:00',0.000000,0.000000,7.439344,8.790000,6.139344,7.490000,1.300000,1.300000,0,0.000000,0.000000,'Desktop Store','Cannatella Claudio<br />via colombo 61<br />90047 partinico<br />Italia','Cannatella Claudio<br />via colombo 61<br />90047 partinico<br />Italia','','2016-05-27 11:52:06'),(95,102,95,0,'0000-00-00 00:00:00',0.000000,0.000000,5.857377,6.860000,4.557377,5.560000,1.300000,1.300000,0,0.000000,0.000000,'Desktop Store','Hosu Alexandru Nicolae<br />Vialle Italia 36<br />54028 Villfranca In Lunigiana<br />Italia','Hosu Alexandru Nicolae<br />Vialle Italia 36<br />54028 Villfranca In Lunigiana<br />Italia','','2016-05-28 09:50:44'),(96,103,96,0,'0000-00-00 00:00:00',0.000000,0.000000,3.496721,3.980000,2.196721,2.680000,1.300000,1.300000,0,0.000000,0.000000,'Desktop Store','mariaselenia scatena<br />via giberghe<br />67053 capistrello<br />Italia','mariaselenia scatena<br />via giberghe<br />67053 capistrello<br />Italia','','2016-05-28 15:06:02'),(97,104,97,0,'0000-00-00 00:00:00',0.000000,0.000000,3.639344,3.890000,1.139344,1.390000,2.500000,2.500000,0,0.000000,0.000000,'Desktop Store','claudia daniela russo<br />via castel morrone 4<br />20129 milano<br />Italia','claudia daniela russo<br />via castel morrone 4<br />20129 milano<br />Italia','','2016-05-29 10:59:59'),(98,105,98,0,'0000-00-00 00:00:00',0.000000,0.000000,6.170492,7.000000,3.770492,4.600000,2.400000,2.400000,0,0.000000,0.000000,'Desktop Store','Clemente Franci<br />Via Armando Diaz n 12<br />01010 LATERA<br />Italia','Clemente Franci<br />Via Armando Diaz n 12<br />01010 LATERA<br />Italia','','2016-05-30 09:25:49'),(99,106,99,0,'0000-00-00 00:00:00',0.000000,0.000000,3.639344,3.890000,1.139344,1.390000,2.500000,2.500000,0,0.000000,0.000000,'Desktop Store','Multiphone sas<br />Via Nazario Sauro 8<br />67035 Pratola Peligna<br />Italia','Multiphone sas<br />Via Nazario Sauro 8<br />67035 Pratola Peligna<br />Italia','','2016-05-31 19:45:19'),(100,107,100,0,'0000-00-00 00:00:00',0.000000,0.000000,7.439344,8.790000,6.139344,7.490000,1.300000,1.300000,0,0.000000,0.000000,'Desktop Store','fabio ballarin<br />via salvator rosa N°10<br />30174 cipressina-zelarino<br />Italia','fabio ballarin<br />via salvator rosa N°10<br />30174 cipressina-zelarino<br />Italia','','2016-06-03 09:22:38'),(101,108,101,0,'0000-00-00 00:00:00',0.000000,0.000000,2.963934,3.330000,1.663934,2.030000,1.300000,1.300000,0,0.000000,0.000000,'Desktop Store','Giuseppe Sansone<br />C/da Strasatti 26 D<br />91025 Marsala<br />Italia','Giuseppe Sansone<br />C/da Strasatti 26 D<br />91025 Marsala<br />Italia','','2016-06-03 09:22:42'),(102,109,102,0,'0000-00-00 00:00:00',0.000000,0.000000,3.811475,4.100000,1.311475,1.600000,2.500000,2.500000,0,0.000000,0.000000,'Desktop Store','Andrea Cantoni<br />via Benussi 8/5<br />34148 Trieste<br />Italia','Andrea Cantoni<br />via Benussi 8/5<br />34148 Trieste<br />Italia','','2016-06-03 09:22:44'),(103,110,103,0,'0000-00-00 00:00:00',0.000000,0.000000,2.349180,2.580000,1.049180,1.280000,1.300000,1.300000,0,0.000000,0.000000,'Desktop Store','Federico Pugliese<br />località cascina redenta (presso discarica)<br />20065 Inzago<br />Italia','Federico Pugliese<br />località cascina redenta (presso discarica)<br />20065 Inzago<br />Italia','','2016-06-03 10:26:45'),(104,111,104,0,'0000-00-00 00:00:00',0.000000,0.000000,3.496721,3.980000,2.196721,2.680000,1.300000,1.300000,0,0.000000,0.000000,'Desktop Store','Matteo D\\\'Intino<br />Via Nazareno Fonticoli 13<br />65017 Penne<br />Italia','Matteo D\\\'Intino<br />Via Nazareno Fonticoli 13<br />65017 Penne<br />Italia','','2016-06-03 15:50:37'),(105,112,105,0,'0000-00-00 00:00:00',0.000000,0.000000,7.047541,8.070000,4.647541,5.670000,2.400000,2.400000,0,0.000000,0.000000,'Desktop Store','Christian De Luca<br />via gelsi rossi, 69<br />84125 salerno<br />Italia','Christian De Luca<br />via gelsi rossi, 69<br />84125 salerno<br />Italia','','2016-06-03 18:05:47'),(106,113,106,0,'0000-00-00 00:00:00',0.000000,0.000000,2.963934,3.330000,1.663934,2.030000,1.300000,1.300000,0,0.000000,0.000000,'Desktop Store','Ivan Pitoni<br />via Roma 70<br />40030 Grizzana Morandi<br />Italia','Ivan Pitoni<br />via Roma 70<br />40030 Grizzana Morandi<br />Italia','','2016-06-07 15:01:56'),(107,114,107,0,'0000-00-00 00:00:00',0.000000,0.000000,22.491803,25.900000,15.491803,18.900000,7.000000,7.000000,0,0.000000,0.000000,'Desktop Store','renato marini<br />via guercino 37<br />23100 varese<br />Italia','renato marini<br />via guercino 37<br />23100 varese<br />Italia','','2016-06-07 19:58:39'),(108,115,108,0,'0000-00-00 00:00:00',0.000000,0.000000,14.893443,16.630000,7.893443,9.630000,7.000000,7.000000,0,0.000000,0.000000,'Desktop Store','trovato santo<br />via della zecca 12<br />messina<br />98122 messina<br />Italia','trovato santo<br />via della zecca 12<br />messina<br />98122 messina<br />Italia','','2016-06-08 21:40:30'),(109,116,109,0,'0000-00-00 00:00:00',0.000000,0.000000,11.037705,12.300000,5.737705,7.000000,5.300000,5.300000,0,0.000000,0.000000,'Desktop Store','fabrizio castiglio\\\'<br />via rossi, 4<br />47838 riccione<br />Italia','fabrizio castiglio\\\'<br />via rossi, 4<br />47838 riccione<br />Italia','','2016-06-11 09:11:44'),(110,117,110,0,'0000-00-00 00:00:00',0.000000,0.000000,4.081967,4.430000,1.581967,1.930000,2.500000,2.500000,0,0.000000,0.000000,'Desktop Store','Laura Ferrazzano<br />Via marconi 81<br />71010 Poggio Imperiale<br />Italia','Laura Ferrazzano<br />Via marconi 81<br />71010 Poggio Imperiale<br />Italia','','2016-06-14 15:00:17'),(111,118,111,0,'0000-00-00 00:00:00',0.000000,0.000000,6.824590,8.040000,5.524590,6.740000,1.300000,1.300000,0,0.000000,0.000000,'Desktop Store','Riccardo Spaziani<br />via vejo 23<br />01014 montalto di castro<br />Italia','Riccardo Spaziani<br />via vejo 23<br />01014 montalto di castro<br />Italia','','2016-06-14 20:00:39'),(112,119,112,0,'0000-00-00 00:00:00',0.000000,0.000000,8.024590,9.240000,5.524590,6.740000,2.500000,2.500000,0,0.000000,0.000000,'Desktop Store','Vito Antonio D\\\' Alessandro<br />Via Bari<br />90/e<br />70014 Conversano<br />Italia','Vito Antonio D\\\' Alessandro<br />Via Bari<br />90/e<br />70014 Conversano<br />Italia','','2016-06-15 20:29:14'),(113,120,113,0,'0000-00-00 00:00:00',0.000000,0.000000,10.947541,13.070000,9.647541,11.770000,1.300000,1.300000,0,0.000000,0.000000,'Desktop Store','domenica milillo<br />via volta 49<br />26041 casalmaggiore<br />Italia','domenica milillo<br />via volta 49<br />26041 casalmaggiore<br />Italia','','2016-06-16 18:35:15'),(114,121,114,0,'0000-00-00 00:00:00',0.000000,0.000000,10.736066,12.570000,8.336066,10.170000,2.400000,2.400000,0,0.000000,0.000000,'Desktop Store','Alessandro Saitta<br />viale Principe Umberto, numero 17, scala a, terzo piano<br />98122 Messina<br />Italia','Alessandro Saitta<br />viale Principe Umberto, numero 17, scala a, terzo piano<br />98122 Messina<br />Italia','','2016-06-17 17:08:18'),(115,122,115,0,'0000-00-00 00:00:00',0.000000,0.000000,6.885246,7.850000,4.385246,5.350000,2.500000,2.500000,0,0.000000,0.000000,'Desktop Store','Eleonora giovannini Presso Activa Spa<br />Via Fersina 6<br />38123 Trento<br />Italia','Eleonora giovannini Presso Activa Spa<br />Via Fersina 6<br />38123 Trento<br />Italia','','2016-06-19 22:04:36'),(116,123,116,0,'0000-00-00 00:00:00',0.000000,0.000000,6.785246,7.750000,4.385246,5.350000,2.400000,2.400000,0,0.000000,0.000000,'Desktop Store','Franco Francesco C/O emme Srl<br />Viale Liguria, 40<br />74121 Taranto<br />Italia','Franco Francesco C/O emme Srl<br />Viale Liguria, 40<br />74121 Taranto<br />Italia','','2016-06-20 10:04:02'),(117,124,117,0,'0000-00-00 00:00:00',0.000000,0.000000,3.931148,4.510000,2.631148,3.210000,1.300000,1.300000,0,0.000000,0.000000,'Desktop Store','A&amp;FIGLI SAS<br />VIA CAVOUR N26<br />25034 ORZINUOVI<br />Italia','A&amp;FIGLI SAS<br />VIA CAVOUR N26<br />25034 ORZINUOVI<br />Italia','','2016-06-20 10:04:12'),(118,125,118,0,'0000-00-00 00:00:00',0.000000,0.000000,10.393443,12.130000,7.893443,9.630000,2.500000,2.500000,0,0.000000,0.000000,'Desktop Store','nicolae vilcu vvs<br />via crevacuore<br />12<br />10146 TORINO<br />Italia','nicolae vilcu vvs<br />via crevacuore<br />12<br />10146 TORINO<br />Italia','','2016-06-21 17:35:33'),(119,126,119,0,'0000-00-00 00:00:00',0.000000,0.000000,3.316393,3.760000,2.016393,2.460000,1.300000,1.300000,0,0.000000,0.000000,'Desktop Store','sabrina trabuio-omar renzo<br />via calipari 1<br />calipari 1<br />35028 piove di sacco<br />Italia','sabrina trabuio-omar renzo<br />via calipari 1<br />calipari 1<br />35028 piove di sacco<br />Italia','','2016-06-22 19:46:21'),(120,127,120,0,'0000-00-00 00:00:00',0.000000,0.000000,2.349180,2.580000,1.049180,1.280000,1.300000,1.300000,0,0.000000,0.000000,'Desktop Store','Luigi Guarro<br />Via Arpaia n.68<br />80045 Pompei<br />Italia','Luigi Guarro<br />Via Arpaia n.68<br />80045 Pompei<br />Italia','','2016-06-24 18:38:49'),(121,128,121,0,'0000-00-00 00:00:00',0.000000,0.000000,4.860000,5.400000,2.460000,3.000000,2.400000,2.400000,0,0.000000,0.000000,'Desktop Store','Fabio Baroni<br />Via Pirenei 36<br />25010 Pozzolengo<br />Brescia<br />Italia','Fabio Baroni<br />Via Pirenei 36<br />25010 Pozzolengo<br />Brescia<br />Italia','','2016-06-25 07:24:51'),(122,129,122,0,'0000-00-00 00:00:00',0.000000,0.000000,17.573770,21.000000,15.573770,19.000000,2.000000,2.000000,0,0.000000,0.000000,'Desktop Store','Gerardo Rontini<br />Via M. SBRILLI , 8<br />50141 Firenze<br />Italia','Gerardo Rontini<br />Via M. SBRILLI , 8<br />50141 Firenze<br />Italia','','2016-06-26 17:31:35'),(123,130,123,0,'0000-00-00 00:00:00',0.000000,0.000000,21.032787,24.120000,14.032787,17.120000,7.000000,7.000000,0,0.000000,0.000000,'Desktop Store','Rita Todrous<br />Via Paiella 42 ex 24/c<br />00042 Anzio<br />Italia','Rita Todrous<br />Via Paiella 42 ex 24/c<br />00042 Anzio<br />Italia','','2016-06-27 10:22:45'),(124,131,124,0,'0000-00-00 00:00:00',0.000000,0.000000,20.524590,23.500000,13.524590,16.500000,7.000000,7.000000,0,0.000000,0.000000,'Desktop Store','Federico Piano<br />Via Mannu F.I. 5<br />09041 Dolianova<br />Italia','Federico Piano<br />Via Mannu F.I. 5<br />09041 Dolianova<br />Italia','','2016-07-02 08:43:33'),(125,132,125,0,'0000-00-00 00:00:00',0.000000,0.000000,4.980328,5.790000,3.680328,4.490000,1.300000,1.300000,0,0.000000,0.000000,'Desktop Store','Beccaria Angelo<br />Via Badaracco 13/8<br />16036 Recco<br />Italia','Beccaria Angelo<br />Via Badaracco 13/8<br />16036 Recco<br />Italia','','2016-07-05 12:42:27'),(126,133,126,0,'0000-00-00 00:00:00',0.000000,0.000000,3.054098,3.440000,1.754098,2.140000,1.300000,1.300000,0,0.000000,0.000000,'Desktop Store','lorenzo fuscaldo<br />don raffele cristiani<br />88811 ciro\' marina<br />Italia','lorenzo fuscaldo<br />don raffele cristiani<br />88811 ciro\' marina<br />Italia','','2016-07-06 17:15:18'),(127,134,127,0,'0000-00-00 00:00:00',0.000000,0.000000,4.365574,5.040000,3.065574,3.740000,1.300000,1.300000,0,0.000000,0.000000,'Desktop Store','SD IT SOLUTIONS DI SMECCA M.<br />VIA MADONNA DEL ROSARIO, 8<br />93012 GELA<br />Italia','SD IT SOLUTIONS DI SMECCA M.<br />VIA MADONNA DEL ROSARIO, 8<br />93012 GELA<br />Italia','','2016-07-07 12:17:20'),(128,135,128,0,'0000-00-00 00:00:00',0.000000,0.000000,13.801639,16.310000,11.401639,13.910000,2.400000,2.400000,0,0.000000,0.000000,'Desktop Store','vittorio michelini<br />via accademia albertina 3<br />10123 torino<br />Italia','vittorio michelini<br />via accademia albertina 3<br />10123 torino<br />Italia','','2016-07-07 13:47:58'),(129,136,129,0,'0000-00-00 00:00:00',0.000000,0.000000,3.819672,4.110000,1.319672,1.610000,2.500000,2.500000,0,0.000000,0.000000,'Desktop Store','Marcello Bruscoli<br />via Antonio Tadini 150<br />00148 Roma<br />Italia','Marcello Bruscoli<br />via Antonio Tadini 150<br />00148 Roma<br />Italia','','2016-07-08 18:41:15'),(130,137,130,0,'0000-00-00 00:00:00',0.000000,0.000000,6.910000,7.900000,4.510000,5.500000,2.400000,2.400000,0,0.000000,0.000000,'Desktop Store','Daniele Tarchi<br />Via Villa Cedri 1<br />50012 Bagno a Ripoli<br />Firenze<br />Italia','Daniele Tarchi<br />Via Villa Cedri 1<br />50012 Bagno a Ripoli<br />Firenze<br />Italia','','2016-07-09 00:03:25'),(131,138,131,0,'0000-00-00 00:00:00',0.000000,0.000000,3.054098,3.440000,1.754098,2.140000,1.300000,1.300000,0,0.000000,0.000000,'Desktop Store','Maurizio Beneforti<br />Piazza Leonardo da Vinci 2<br />58023 Gavorrano<br />Italia','Maurizio Beneforti<br />Piazza Leonardo da Vinci 2<br />58023 Gavorrano<br />Italia','','2016-07-11 17:58:13'),(132,139,132,0,'0000-00-00 00:00:00',0.000000,0.000000,15.332787,18.420000,14.032787,17.120000,1.300000,1.300000,0,0.000000,0.000000,'Desktop Store','Jonny Bruno<br />Via N.Sauro, 89<br />73040 Melissano<br />Italia','Jonny Bruno<br />Via N.Sauro, 89<br />73040 Melissano<br />Italia','','2016-07-13 00:11:42'),(133,140,133,0,'0000-00-00 00:00:00',0.000000,0.000000,2.619672,2.910000,1.319672,1.610000,1.300000,1.300000,0,0.000000,0.000000,'Desktop Store','gabriele briguglio<br />via umberto I n 139<br />98026 Nizza di sicilia<br />Italia','gabriele briguglio<br />via umberto I n 139<br />98026 Nizza di sicilia<br />Italia','','2016-07-13 00:11:44'),(134,141,134,0,'0000-00-00 00:00:00',0.000000,0.000000,4.365574,5.040000,3.065574,3.740000,1.300000,1.300000,0,0.000000,0.000000,'Desktop Store','onofrio de giglio<br />via abate gimma 209<br />70122 bari<br />Italia','onofrio de giglio<br />via abate gimma 209<br />70122 bari<br />Italia','','2016-07-13 22:07:16'),(135,142,135,0,'0000-00-00 00:00:00',0.000000,0.000000,6.562295,7.720000,5.262295,6.420000,1.300000,1.300000,0,0.000000,0.000000,'Desktop Store','Xhuljan Lamaj<br />Piazza Libertà n.3<br />24040 Canonica D\'Adda<br />Italia','Xhuljan Lamaj<br />Piazza Libertà n.3<br />24040 Canonica D\'Adda<br />Italia','','2016-07-14 18:35:03'),(136,143,136,0,'0000-00-00 00:00:00',0.000000,0.000000,3.931148,4.510000,2.631148,3.210000,1.300000,1.300000,0,0.000000,0.000000,'Desktop Store','Raffaele Rizzo<br />Via Mazzini, 15<br />98066 Patti<br />Italia','Raffaele Rizzo<br />Via Mazzini, 15<br />98066 Patti<br />Italia','','2016-07-15 01:01:14'),(137,144,137,0,'0000-00-00 00:00:00',0.000000,0.000000,7.611475,9.000000,6.311475,7.700000,1.300000,1.300000,0,0.000000,0.000000,'Desktop Store','Costa Carmela<br />Viale della Costituzione 41/A<br />95125 Catania<br />Italia','Costa Carmela<br />Viale della Costituzione 41/A<br />95125 Catania<br />Italia','','2016-07-15 02:22:40'),(138,145,138,0,'0000-00-00 00:00:00',0.000000,0.000000,8.981967,10.430000,6.581967,8.030000,2.400000,2.400000,0,0.000000,0.000000,'Desktop Store','Rudi Cerasa<br />Via Roma<br />146<br />31020 Vidor<br />Italia','Rudi Cerasa<br />Via Roma<br />146<br />31020 Vidor<br />Italia','','2016-07-15 13:47:42'),(139,146,139,0,'0000-00-00 00:00:00',0.000000,0.000000,4.808197,5.580000,3.508197,4.280000,1.300000,1.300000,0,0.000000,0.000000,'Desktop Store','m s internet shop point<br />Via Zara Trav (Domenico Zappone)<br />n°9<br />89015 Palmi<br />Italia','m s internet shop point<br />Via Zara Trav (Domenico Zappone)<br />n°9<br />89015 Palmi<br />Italia','','2016-07-15 14:21:13'),(140,147,140,0,'0000-00-00 00:00:00',0.000000,0.000000,4.283607,4.940000,2.983607,3.640000,1.300000,1.300000,0,0.000000,0.000000,'Desktop Store','Piemonte Annamaria<br />Regione Tetti pereno 4<br />10040 Rivalta<br />Italia','Piemonte Annamaria<br />Regione Tetti pereno 4<br />10040 Rivalta<br />Italia','','2016-07-15 16:10:09'),(141,148,141,0,'0000-00-00 00:00:00',0.000000,0.000000,20.598361,23.590000,13.598361,16.590000,7.000000,7.000000,0,0.000000,0.000000,'Desktop Store','Gerardo Ritacco<br />Cda Santa Croce<br />87064 Corigliano Calabro<br />Italia','Gerardo Ritacco<br />Cda Santa Croce<br />87064 Corigliano Calabro<br />Italia','','2016-07-16 14:30:49'),(142,149,142,0,'0000-00-00 00:00:00',0.000000,0.000000,2.619672,2.910000,1.319672,1.610000,1.300000,1.300000,0,0.000000,0.000000,'Desktop Store','Simone Spolaor<br />Via Pietro Verri 16<br />22036 Erba<br />Italia','Simone Spolaor<br />Via Pietro Verri 16<br />22036 Erba<br />Italia','','2016-07-18 20:50:07'),(143,150,143,0,'0000-00-00 00:00:00',0.000000,0.000000,2.439344,2.690000,1.139344,1.390000,1.300000,1.300000,0,0.000000,0.000000,'Desktop Store','Gianni Piroscia<br />Via Di Summa 179<br />72021 Francavilla Fontana<br />Italia','Gianni Piroscia<br />Via Di Summa 179<br />72021 Francavilla Fontana<br />Italia','','2016-07-19 06:26:37'),(144,151,144,0,'0000-00-00 00:00:00',0.000000,0.000000,4.778689,5.280000,2.278689,2.780000,2.500000,2.500000,0,0.000000,0.000000,'Desktop Store','TS Tech<br />via varesina 165/A<br />22100 Como<br />Italia','TS Tech<br />via varesina 165/A<br />22100 Como<br />Italia','','2016-07-19 10:43:02'),(145,152,145,0,'0000-00-00 00:00:00',0.000000,0.000000,6.785246,7.750000,4.385246,5.350000,2.400000,2.400000,0,0.000000,0.000000,'Desktop Store','Cusani Mauro<br />Via Provinciale 5/b<br />22020 Muronico Frazione Dizzasco<br />Italia','Cusani Mauro<br />Via Provinciale 5/b<br />22020 Muronico Frazione Dizzasco<br />Italia','','2016-07-19 17:23:04'),(146,153,146,0,'0000-00-00 00:00:00',0.000000,0.000000,7.611475,9.000000,6.311475,7.700000,1.300000,1.300000,0,0.000000,0.000000,'Desktop Store','Nicola Lazzarin<br />Via Breo 24 int. M1<br />35028 Piove di Sacco<br />Italia','Nicola Lazzarin<br />Via Breo 24 int. M1<br />35028 Piove di Sacco<br />Italia','','2016-07-20 12:13:34'),(147,154,147,0,'0000-00-00 00:00:00',0.000000,0.000000,4.103279,4.720000,2.803279,3.420000,1.300000,1.300000,0,0.000000,0.000000,'Desktop Store','Mihaila Ilie<br />Via Fossano Nr32<br />12030 marene<br />Italia','Mihaila Ilie<br />Via Fossano Nr32<br />12030 marene<br />Italia','','2016-07-20 23:12:14'),(148,155,148,0,'0000-00-00 00:00:00',0.000000,0.000000,3.054098,3.440000,1.754098,2.140000,1.300000,1.300000,0,0.000000,0.000000,'Desktop Store','Papais Eric<br />Via Pasolini, 28<br />33072 Casarsa della Delizia<br />Italia','Papais Eric<br />Via Pasolini, 28<br />33072 Casarsa della Delizia<br />Italia','','2016-07-21 03:15:10'),(149,156,149,0,'0000-00-00 00:00:00',0.000000,0.000000,3.931148,4.510000,2.631148,3.210000,1.300000,1.300000,0,0.000000,0.000000,'Desktop Store','valentina ferruggia<br />via costante girardengo 14 scala G<br />90100 palermo<br />Italia','valentina ferruggia<br />via costante girardengo 14 scala G<br />90100 palermo<br />Italia','','2016-07-21 10:33:50'),(150,157,150,0,'0000-00-00 00:00:00',0.000000,0.000000,6.777049,7.520000,3.377049,4.120000,3.400000,3.400000,0,0.000000,0.000000,'Desktop Store','Paolo Bossi<br />Traversa Diciottesima n.12/1 , Villaggio Sereno<br />25125 Brescia<br />Italia','Paolo Bossi<br />Traversa Diciottesima n.12/1 , Villaggio Sereno<br />25125 Brescia<br />Italia','','2016-07-21 13:35:07'),(151,158,151,0,'0000-00-00 00:00:00',0.000000,0.000000,14.065574,15.180000,5.065574,6.180000,9.000000,9.000000,0,0.000000,0.000000,'Desktop Store','Daniel Pollich<br />Via Pantelleria 22<br />73100 Lecce<br />Italia','Daniel Pollich<br />Via Pantelleria 22<br />73100 Lecce<br />Italia','','2016-07-21 15:57:41'),(152,159,152,0,'0000-00-00 00:00:00',0.000000,0.000000,3.054098,3.440000,1.754098,2.140000,1.300000,1.300000,0,0.000000,0.000000,'Desktop Store','salvatore mingoia<br />via colonnello castrogiovanni 66<br />93014 mussomeli<br />Italia','salvatore mingoia<br />via colonnello castrogiovanni 66<br />93014 mussomeli<br />Italia','','2016-07-21 20:45:38'),(153,160,153,0,'0000-00-00 00:00:00',0.000000,0.000000,5.131148,5.710000,2.631148,3.210000,2.500000,2.500000,0,0.000000,0.000000,'Desktop Store','Andrea Gobbo<br />vicolo trilussa 8<br />31038 Paese<br />Italia','Andrea Gobbo<br />vicolo trilussa 8<br />31038 Paese<br />Italia','','2016-07-22 11:41:49'),(154,161,154,0,'0000-00-00 00:00:00',0.000000,0.000000,3.578689,4.080000,2.278689,2.780000,1.300000,1.300000,0,0.000000,0.000000,'Desktop Store','Danilo Castellani<br />via perugia<br />traversa via dei bucaneve<br />06023 Gualdo tadino<br />Italia','Danilo Castellani<br />via perugia<br />traversa via dei bucaneve<br />06023 Gualdo tadino<br />Italia','','2016-07-22 14:48:15'),(155,162,155,0,'0000-00-00 00:00:00',0.000000,0.000000,3.316393,3.760000,2.016393,2.460000,1.300000,1.300000,0,0.000000,0.000000,'Desktop Store','Rosanna Attanasi<br />via Dante Alighieri 15/A<br />51039 Quarrata<br />Italia','Rosanna Attanasi<br />via Dante Alighieri 15/A<br />51039 Quarrata<br />Italia','','2016-07-22 15:57:26'),(156,163,156,0,'0000-00-00 00:00:00',0.000000,0.000000,3.578689,4.080000,2.278689,2.780000,1.300000,1.300000,0,0.000000,0.000000,'Desktop Store','DAVIDE DI TERMINE<br />CORSO DELLE PROVINCE, 178<br />95127 CATANIA<br />Italia','DAVIDE DI TERMINE<br />CORSO DELLE PROVINCE, 178<br />95127 CATANIA<br />Italia','','2016-07-22 21:03:21'),(157,164,157,0,'0000-00-00 00:00:00',0.000000,0.000000,5.422951,6.330000,4.122951,5.030000,1.300000,1.300000,0,0.000000,0.000000,'Desktop Store','Alexandru Mihaes<br />Via dei gonzaga<br />37 A , int.4<br />00163 Roma<br />Italia','Alexandru Mihaes<br />Via dei gonzaga<br />37 A , int.4<br />00163 Roma<br />Italia','','2016-07-22 21:03:30'),(158,165,158,0,'0000-00-00 00:00:00',0.000000,0.000000,10.245902,10.960000,3.245902,3.960000,7.000000,7.000000,0,0.000000,0.000000,'Desktop Store','Alexandru Mihaes<br />Via dei gonzaga<br />37 A , int.4<br />00163 Roma<br />Italia','Alexandru Mihaes<br />Via dei gonzaga<br />37 A , int.4<br />00163 Roma<br />Italia','','2016-07-22 21:03:39'),(159,166,159,0,'0000-00-00 00:00:00',0.000000,0.000000,11.270492,13.200000,8.770492,10.700000,2.500000,2.500000,0,0.000000,0.000000,'Desktop Store','porime cristian<br />via lanza 2<br />38023 cles<br />Italia','porime cristian<br />via lanza 2<br />38023 cles<br />Italia','','2016-07-22 22:16:12'),(160,167,160,0,'0000-00-00 00:00:00',0.000000,0.000000,5.250820,6.120000,3.950820,4.820000,1.300000,1.300000,0,0.000000,0.000000,'Desktop Store','Judaschewske Judaschewske<br />Costantinopoli<br />81054 san Prisco<br />Italia','Judaschewske Judaschewske<br />Costantinopoli<br />81054 san Prisco<br />Italia','','2016-07-22 22:46:58'),(161,168,161,0,'0000-00-00 00:00:00',0.000000,0.000000,3.578689,4.080000,2.278689,2.780000,1.300000,1.300000,0,0.000000,0.000000,'Desktop Store','MY PHONE Todino Eugenio<br />Via D. Alighieri 44<br />Negozio<br />87028 Praja a Mare<br />Italia','MY PHONE Todino Eugenio<br />Via D. Alighieri 44<br />Negozio<br />87028 Praja a Mare<br />Italia','','2016-07-22 23:19:59'),(162,169,162,0,'0000-00-00 00:00:00',0.000000,0.000000,3.931148,4.510000,2.631148,3.210000,1.300000,1.300000,0,0.000000,0.000000,'Desktop Store','Giorgio selvaggio<br />F. Ascenzio, 36<br />97016 pozzallo<br />Italia','Giorgio selvaggio<br />F. Ascenzio, 36<br />97016 pozzallo<br />Italia','','2016-07-23 03:14:25'),(163,170,163,0,'0000-00-00 00:00:00',0.000000,0.000000,2.619672,2.910000,1.319672,1.610000,1.300000,1.300000,0,0.000000,0.000000,'Desktop Store','giuseppe linari<br />via giovanni falcone 8<br />04012 cisterna di latina<br />Italia','giuseppe linari<br />via giovanni falcone 8<br />04012 cisterna di latina<br />Italia','','2016-07-23 14:30:31'),(164,171,164,0,'0000-00-00 00:00:00',0.000000,0.000000,21.032787,24.120000,14.032787,17.120000,7.000000,7.000000,0,0.000000,0.000000,'Desktop Store','MARIO IUORIO<br />via magellano , 5<br />07020 golfo aranci<br />Italia','MARIO IUORIO<br />via magellano , 5<br />07020 golfo aranci<br />Italia','','2016-07-23 18:40:08'),(165,172,165,0,'0000-00-00 00:00:00',0.000000,0.000000,2.619672,2.910000,1.319672,1.610000,1.300000,1.300000,0,0.000000,0.000000,'Desktop Store','Firpo Barbara<br />Via Aurelia, 244<br />17025 Loano<br />Italia','Firpo Barbara<br />Via Aurelia, 244<br />17025 Loano<br />Italia','','2016-07-23 19:29:36'),(166,173,166,0,'0000-00-00 00:00:00',0.000000,0.000000,3.578689,4.080000,2.278689,2.780000,1.300000,1.300000,0,0.000000,0.000000,'Desktop Store','Domenico Maggiore<br />VIA BEATO EGIDIO 7<br />70010 Capurso<br />Italia','Domenico Maggiore<br />VIA BEATO EGIDIO 7<br />70010 Capurso<br />Italia','','2016-07-24 02:45:10'),(167,174,167,0,'0000-00-00 00:00:00',0.000000,0.000000,3.496721,3.980000,2.196721,2.680000,1.300000,1.300000,0,0.000000,0.000000,'Desktop Store','Davide Tionville<br />piazza bologna 3/6 (tionville - console)<br />17100 SAVONA<br />Italia','Davide Tionville<br />piazza bologna 3/6 (tionville - console)<br />17100 SAVONA<br />Italia','','2016-07-25 01:45:48'),(168,175,168,0,'0000-00-00 00:00:00',0.000000,0.000000,3.931148,4.510000,2.631148,3.210000,1.300000,1.300000,0,0.000000,0.000000,'Desktop Store','Cristian Favini presso S.E.A. srl<br />Via Parma, 66<br />46041 ASOLA<br />Italia','Cristian Favini presso S.E.A. srl<br />Via Parma, 66<br />46041 ASOLA<br />Italia','','2016-07-25 14:34:20'),(169,176,169,0,'0000-00-00 00:00:00',0.000000,0.000000,7.509836,8.590000,4.909836,5.990000,2.600000,2.600000,0,0.000000,0.000000,'Desktop Store','DANIELE TAGLIONE<br />S.S. 156 Dir. Monti Lepini KM 3,500 presso \"C.M.T. di TAGLIONE\"<br />03023 CECCANO<br />Italia','DANIELE TAGLIONE<br />S.S. 156 Dir. Monti Lepini KM 3,500 presso \"C.M.T. di TAGLIONE\"<br />03023 CECCANO<br />Italia','','2016-07-25 15:42:45'),(170,177,170,0,'0000-00-00 00:00:00',0.000000,0.000000,3.496721,3.980000,2.196721,2.680000,1.300000,1.300000,0,0.000000,0.000000,'Desktop Store','PUCCIO LOREDANA<br />GOFFREDO MALATERRA N.11<br />90135 PALERMO<br />Italia','PUCCIO LOREDANA<br />GOFFREDO MALATERRA N.11<br />90135 PALERMO<br />Italia','','2016-07-26 13:08:45'),(171,178,171,0,'0000-00-00 00:00:00',0.000000,0.000000,7.349180,8.680000,6.049180,7.380000,1.300000,1.300000,0,0.000000,0.000000,'Desktop Store','Federica Vellante<br />Via Rimessa 12/A<br />62020 Caldarola<br />Italia','Federica Vellante<br />Via Rimessa 12/A<br />62020 Caldarola<br />Italia','','2016-07-27 00:56:45'),(172,179,172,0,'0000-00-00 00:00:00',0.000000,0.000000,1.877049,2.070000,0.877049,1.070000,1.000000,1.000000,0,0.000000,0.000000,'Desktop Store','Marco Turci<br />Via Cusano Milanino n.20<br />00135 Roma<br />Italia','Marco Turci<br />Via Cusano Milanino n.20<br />00135 Roma<br />Italia','','2016-07-27 01:36:57'),(173,180,173,0,'0000-00-00 00:00:00',0.000000,0.000000,3.054098,3.440000,1.754098,2.140000,1.300000,1.300000,0,0.000000,0.000000,'Desktop Store','SALVATORE BARTOLOMEO c/o TUTTOTELEFONIA<br />VIA BIDONE 48-50<br />27058 VOGHERA<br />Italia','SALVATORE BARTOLOMEO c/o TUTTOTELEFONIA<br />VIA BIDONE 48-50<br />27058 VOGHERA<br />Italia','','2016-07-27 07:53:29'),(174,181,174,0,'0000-00-00 00:00:00',0.000000,0.000000,8.811475,10.200000,6.311475,7.700000,2.500000,2.500000,0,0.000000,0.000000,'Desktop Store','Paul Leonardo Claude<br />Via Bossolasco 3<br />10141 Torino<br />Italia','Paul Leonardo Claude<br />Via Bossolasco 3<br />10141 Torino<br />Italia','','2016-07-28 00:13:15'),(175,182,175,0,'0000-00-00 00:00:00',0.000000,0.000000,5.422951,6.330000,4.122951,5.030000,1.300000,1.300000,0,0.000000,0.000000,'Desktop Store','Valerio Crisci<br />Via Termini, 28<br />Presso Punta e Clicca<br />96016 Lentini<br />Italia','Valerio Crisci<br />Via Termini, 28<br />Presso Punta e Clicca<br />96016 Lentini<br />Italia','','2016-07-28 09:45:27'),(176,183,176,0,'0000-00-00 00:00:00',0.000000,0.000000,3.496721,3.980000,2.196721,2.680000,1.300000,1.300000,0,0.000000,0.000000,'Desktop Store','Felice Nappi<br />via roma 68<br />80030 comiziano<br />Italia','Felice Nappi<br />via roma 68<br />80030 comiziano<br />Italia','','2016-07-28 11:44:46'),(177,184,177,0,'0000-00-00 00:00:00',0.000000,0.000000,3.931148,4.510000,2.631148,3.210000,1.300000,1.300000,0,0.000000,0.000000,'Desktop Store','francesco strano<br />Via Etnea 582<br />95128 Catania<br />Italia','francesco strano<br />Via Etnea 582<br />95128 Catania<br />Italia','','2016-07-28 15:14:28'),(178,185,178,0,'0000-00-00 00:00:00',0.000000,0.000000,2.619672,2.910000,1.319672,1.610000,1.300000,1.300000,0,0.000000,0.000000,'Desktop Store','Carmine Antonacci<br />Corso Garibaldi, 47<br />03048 Sant\'Apollinare<br />Italia','Carmine Antonacci<br />Corso Garibaldi, 47<br />03048 Sant\'Apollinare<br />Italia','','2016-07-29 11:31:28'),(179,186,179,0,'0000-00-00 00:00:00',0.000000,0.000000,4.545902,5.260000,3.245902,3.960000,1.300000,1.300000,0,0.000000,0.000000,'Desktop Store','santa bellamacina<br />s.s.114 km 3.500 pal Iles contesse<br />98125 messina<br />Italia','santa bellamacina<br />s.s.114 km 3.500 pal Iles contesse<br />98125 messina<br />Italia','','2016-07-29 19:34:41'),(180,187,180,0,'0000-00-00 00:00:00',0.000000,0.000000,13.049180,14.380000,6.049180,7.380000,7.000000,7.000000,0,0.000000,0.000000,'Desktop Store','DOCTOR IPH DI VERCELLONE LORIS<br />viale piave 8<br />20129 milano<br />Italia','DOCTOR IPH DI VERCELLONE LORIS<br />viale piave 8<br />20129 milano<br />Italia','','2016-07-30 00:29:39'),(181,188,181,0,'0000-00-00 00:00:00',0.000000,0.000000,2.439344,2.690000,1.139344,1.390000,1.300000,1.300000,0,0.000000,0.000000,'Desktop Store','Loredana De Vito<br />Via Breccelle 2<br />83010 Capriglia Irpina<br />Italia','Loredana De Vito<br />Via Breccelle 2<br />83010 Capriglia Irpina<br />Italia','','2016-07-30 13:11:00'),(182,189,182,0,'0000-00-00 00:00:00',0.000000,0.000000,2.619672,2.910000,1.319672,1.610000,1.300000,1.300000,0,0.000000,0.000000,'Desktop Store','De Luca Fabio<br />Via Varli Pisacane 60<br />Via Due Agosto 49<br />73049 Ruffano<br />Italia','De Luca Fabio<br />Via Varli Pisacane 60<br />Via Due Agosto 49<br />73049 Ruffano<br />Italia','','2016-07-30 15:50:43'),(183,190,183,0,'0000-00-00 00:00:00',0.000000,0.000000,4.696721,5.180000,2.196721,2.680000,2.500000,2.500000,0,0.000000,0.000000,'Desktop Store','Marco Cuzzola<br />Via dei Tulipani, 22<br />89133 Reggio Calabria<br />Italia','Marco Cuzzola<br />Via dei Tulipani, 22<br />89133 Reggio Calabria<br />Italia','','2016-07-31 10:13:58'),(184,191,184,0,'0000-00-00 00:00:00',0.000000,0.000000,9.081967,10.530000,6.581967,8.030000,2.500000,2.500000,0,0.000000,0.000000,'Desktop Store','emmanuel perticone<br />piazza cavallotti 18<br />95040 ramacca<br />Italia','emmanuel perticone<br />piazza cavallotti 18<br />95040 ramacca<br />Italia','','2016-07-31 17:34:11'),(185,192,185,0,'0000-00-00 00:00:00',0.000000,0.000000,3.931148,4.510000,2.631148,3.210000,1.300000,1.300000,0,0.000000,0.000000,'Desktop Store','Fabio Franza<br />Via Catania 162,Compl.Villa Dante scala D<br />98124 Messina<br />Italia','Fabio Franza<br />Via Catania 162,Compl.Villa Dante scala D<br />98124 Messina<br />Italia','','2016-08-01 12:52:39'),(186,193,186,0,'0000-00-00 00:00:00',0.000000,0.000000,4.365574,5.040000,3.065574,3.740000,1.300000,1.300000,0,0.000000,0.000000,'Desktop Store','dragos stefan cazacu<br />Viale Trento 65/A<br />33077 Sacile<br />Italia','dragos stefan cazacu<br />Viale Trento 65/A<br />33077 Sacile<br />Italia','','2016-08-01 16:42:48'),(187,194,187,0,'0000-00-00 00:00:00',0.000000,0.000000,6.450820,7.320000,3.950820,4.820000,2.500000,2.500000,0,0.000000,0.000000,'Desktop Store','Luca Arbizzani<br />c/o Ma.Anche.Si<br />via Edera De Giovanni 37/E<br />40129 BOLOGNA<br />Italia','Luca Arbizzani<br />c/o Ma.Anche.Si<br />via Edera De Giovanni 37/E<br />40129 BOLOGNA<br />Italia','','2016-08-01 18:37:32'),(188,195,188,0,'0000-00-00 00:00:00',0.000000,0.000000,3.054098,3.440000,1.754098,2.140000,1.300000,1.300000,0,0.000000,0.000000,'Desktop Store','fabio zocchi<br />via di monte d\'oro 30<br />34015 muggia<br />Italia','fabio zocchi<br />via di monte d\'oro 30<br />34015 muggia<br />Italia','','2016-08-01 22:22:42'),(189,196,189,0,'0000-00-00 00:00:00',0.000000,0.000000,7.119672,8.180000,4.819672,5.880000,2.300000,2.300000,0,0.000000,0.000000,'Desktop Store','Rosario Santarpia<br />via traversa lattaro n14<br />80053 castellammare di stabia<br />Italia','Rosario Santarpia<br />via traversa lattaro n14<br />80053 castellammare di stabia<br />Italia','','2016-08-02 11:56:12'),(190,197,190,0,'0000-00-00 00:00:00',0.000000,0.000000,8.578689,10.180000,7.278689,8.880000,1.300000,1.300000,0,0.000000,0.000000,'Desktop Store','gabriele rubinaccio<br />via roma 36/D<br />14015 san damiano d\'asti<br />Italia','gabriele rubinaccio<br />via roma 36/D<br />14015 san damiano d\'asti<br />Italia','','2016-08-02 17:56:43'),(191,198,191,0,'0000-00-00 00:00:00',0.000000,0.000000,2.439344,2.690000,1.139344,1.390000,1.300000,1.300000,0,0.000000,0.000000,'Desktop Store','Giovanni Abbruzzese<br />Via torino 23<br />70016 Noicattaro<br />Italia','Giovanni Abbruzzese<br />Via torino 23<br />70016 Noicattaro<br />Italia','','2016-08-02 18:28:20'),(192,199,192,0,'0000-00-00 00:00:00',0.000000,0.000000,4.365574,5.040000,3.065574,3.740000,1.300000,1.300000,0,0.000000,0.000000,'Desktop Store','Volodymyr Husach<br />Viale Aldo Moro,1a Traversa Nicolo 6<br />89129 Reggio Calabria<br />Italia','Volodymyr Husach<br />Viale Aldo Moro,1a Traversa Nicolo 6<br />89129 Reggio Calabria<br />Italia','','2016-08-02 18:28:21'),(193,200,193,0,'0000-00-00 00:00:00',0.000000,0.000000,5.393443,6.030000,2.893443,3.530000,2.500000,2.500000,0,0.000000,0.000000,'Desktop Store','RIPAROEXPRESS TRIESTE<br />Via Pascoli 22 A<br />34129 Trieste<br />Italia','RIPAROEXPRESS TRIESTE<br />Via Pascoli 22 A<br />34129 Trieste<br />Italia','','2016-08-02 21:06:00'),(194,201,194,0,'0000-00-00 00:00:00',0.000000,0.000000,4.283607,4.940000,2.983607,3.640000,1.300000,1.300000,0,0.000000,0.000000,'Desktop Store','Francesco Taormina<br />Via Roma 368<br />90040 San Cipirello<br />Italia','Francesco Taormina<br />Via Roma 368<br />90040 San Cipirello<br />Italia','','2016-08-03 15:04:50'),(195,202,195,0,'0000-00-00 00:00:00',0.000000,0.000000,9.416393,10.960000,7.016393,8.560000,2.400000,2.400000,0,0.000000,0.000000,'Desktop Store','loreta tasin<br />via del cesuròn,7<br />38123 baselga del bondone<br />Italia','loreta tasin<br />via del cesuròn,7<br />38123 baselga del bondone<br />Italia','','2016-08-03 19:50:36'),(196,203,196,0,'0000-00-00 00:00:00',0.000000,0.000000,3.931148,4.510000,2.631148,3.210000,1.300000,1.300000,0,0.000000,0.000000,'Desktop Store','Luca Zanolini<br />Via Salamna, 50<br />38019 Tuenno<br />Italia','Luca Zanolini<br />Via Salamna, 50<br />38019 Tuenno<br />Italia','','2016-08-04 10:08:37'),(197,204,197,0,'0000-00-00 00:00:00',0.000000,0.000000,10.065574,10.740000,3.065574,3.740000,7.000000,7.000000,0,0.000000,0.000000,'Desktop Store','giovanni maiolino<br />via dei dossi 22<br />27020 dorno<br />Italia','giovanni maiolino<br />via dei dossi 22<br />27020 dorno<br />Italia','','2016-08-05 08:09:36'),(198,205,198,0,'0000-00-00 00:00:00',0.000000,0.000000,15.332787,18.420000,14.032787,17.120000,1.300000,1.300000,0,0.000000,0.000000,'Desktop Store','lorenzo posa<br />via moscova 16 - Scala G<br />20025 legnano<br />Italia','lorenzo posa<br />via moscova 16 - Scala G<br />20025 legnano<br />Italia','','2016-08-05 15:05:51'),(199,206,199,0,'0000-00-00 00:00:00',0.000000,0.000000,2.619672,2.910000,1.319672,1.610000,1.300000,1.300000,0,0.000000,0.000000,'Desktop Store','Alfonso Trisi c/o Tesa<br />traversa via etiopia 1/3<br />65015 Montesilvano<br />Italia','Alfonso Trisi c/o Tesa<br />traversa via etiopia 1/3<br />65015 Montesilvano<br />Italia','','2016-08-05 15:05:52'),(200,207,200,0,'0000-00-00 00:00:00',0.000000,0.000000,418.245902,508.720000,411.245902,501.720000,7.000000,7.000000,0,0.000000,0.000000,'Desktop Store','Riccardo Pezzi<br />via Sant\'Erasmo 5<br />int  4<br />18018 taggia<br />Italia','Riccardo Pezzi<br />via Sant\'Erasmo 5<br />int  4<br />18018 taggia<br />Italia','','2016-08-06 14:24:18'),(201,208,201,0,'0000-00-00 00:00:00',0.000000,0.000000,3.931148,4.510000,2.631148,3.210000,1.300000,1.300000,0,0.000000,0.000000,'Desktop Store','Luca Sciarra<br />Via Domodossola 75<br />10145 Torino<br />Italia','Luca Sciarra<br />Via Domodossola 75<br />10145 Torino<br />Italia','','2016-08-06 18:25:25'),(202,209,202,0,'0000-00-00 00:00:00',0.000000,0.000000,11.170492,13.100000,8.770492,10.700000,2.400000,2.400000,0,0.000000,0.000000,'Desktop Store','MARIO IUORIO<br />via magellano , 5<br />07020 golfo aranci<br />Italia','MARIO IUORIO<br />via magellano , 5<br />07020 golfo aranci<br />Italia','','2016-08-06 23:17:03'),(203,210,203,0,'0000-00-00 00:00:00',0.000000,0.000000,4.365574,5.040000,3.065574,3.740000,1.300000,1.300000,0,0.000000,0.000000,'Desktop Store','Computel Computel<br />Fienilone, 02<br />48015 Cervia<br />Italia','Computel Computel<br />Fienilone, 02<br />48015 Cervia<br />Italia','','2016-08-07 18:14:08'),(204,211,204,0,'0000-00-00 00:00:00',0.000000,0.000000,4.039344,4.400000,1.639344,2.000000,2.400000,2.400000,0,0.000000,0.000000,'Desktop Store','emiliano malerba<br />via san giovanni lupatoto 18<br />37134 verona<br />Italia','emiliano malerba<br />via san giovanni lupatoto 18<br />37134 verona<br />Italia','','2016-08-07 21:04:03'),(205,212,205,0,'0000-00-00 00:00:00',0.000000,0.000000,3.054098,3.440000,1.754098,2.140000,1.300000,1.300000,0,0.000000,0.000000,'Desktop Store','VANNINI SIMONE presso VANNINI S.R.L.<br />via molin bianco 14/d<br />52100 arezzo<br />Italia','VANNINI SIMONE presso VANNINI S.R.L.<br />via molin bianco 14/d<br />52100 arezzo<br />Italia','','2016-08-08 10:38:14'),(206,213,206,0,'0000-00-00 00:00:00',0.000000,0.000000,2.439344,2.690000,1.139344,1.390000,1.300000,1.300000,0,0.000000,0.000000,'Desktop Store','russo francesco<br />via l.einaudi  5<br />15067 novi ligure<br />Italia','russo francesco<br />via l.einaudi  5<br />15067 novi ligure<br />Italia','','2016-08-08 11:10:23'),(207,214,207,0,'0000-00-00 00:00:00',0.000000,0.000000,2.619672,2.910000,1.319672,1.610000,1.300000,1.300000,0,0.000000,0.000000,'Desktop Store','Sonja Quadu<br />VIA UMBERTO CAGNI 3<br />31100 TREVISO<br />Italia','Sonja Quadu<br />VIA UMBERTO CAGNI 3<br />31100 TREVISO<br />Italia','','2016-08-08 14:53:58'),(208,215,208,0,'0000-00-00 00:00:00',0.000000,0.000000,4.365574,5.040000,3.065574,3.740000,1.300000,1.300000,0,0.000000,0.000000,'Desktop Store','antonio seminara<br />corso Nunzio Costa  131<br />96018 pachino<br />Italia','antonio seminara<br />corso Nunzio Costa  131<br />96018 pachino<br />Italia','','2016-08-08 21:07:06'),(209,216,209,0,'0000-00-00 00:00:00',0.000000,0.000000,8.139344,8.390000,1.139344,1.390000,7.000000,7.000000,0,0.000000,0.000000,'Desktop Store','Alessandro lavagetto presso Saldomeccanica<br />degli artigiani 94-96<br />16162 genova<br />Italia','Alessandro lavagetto presso Saldomeccanica<br />degli artigiani 94-96<br />16162 genova<br />Italia','','2016-08-08 23:29:03'),(210,217,210,0,'0000-00-00 00:00:00',0.000000,0.000000,3.754098,4.140000,1.754098,2.140000,2.000000,2.000000,0,0.000000,0.000000,'Desktop Store','Cavallaro Nicola<br />C/O ROS Scuola Allievi Carabinieri, Via Pio XI, N. 341<br />89133 Reggio Calabria<br />Italia','Cavallaro Nicola<br />C/O ROS Scuola Allievi Carabinieri, Via Pio XI, N. 341<br />89133 Reggio Calabria<br />Italia','','2016-08-09 17:03:37'),(211,218,211,0,'0000-00-00 00:00:00',0.000000,0.000000,2.439344,2.690000,1.139344,1.390000,1.300000,1.300000,0,0.000000,0.000000,'Desktop Store','Tony samtoro<br />zona rucola VIII^ strada 3 Merine<br />73023 Lizzanello<br />Italia','Tony samtoro<br />zona rucola VIII^ strada 3 Merine<br />73023 Lizzanello<br />Italia','','2016-08-09 18:30:07'),(212,219,212,0,'0000-00-00 00:00:00',0.000000,0.000000,5.131148,5.710000,2.631148,3.210000,2.500000,2.500000,0,0.000000,0.000000,'Desktop Store','Simone Marcianò<br />Via Boschicello<br />18/G<br />89133 Reggio Calabria<br />Italia','Simone Marcianò<br />Via Boschicello<br />18/G<br />89133 Reggio Calabria<br />Italia','','2016-08-10 10:38:00'),(213,220,213,0,'0000-00-00 00:00:00',0.000000,0.000000,7.465574,8.580000,5.065574,6.180000,2.400000,2.400000,0,0.000000,0.000000,'Desktop Store','MASSIMO SILVI<br />PIAZZA SIGNINA 8<br />04010 CORI<br />Italia','MASSIMO SILVI<br />PIAZZA SIGNINA 8<br />04010 CORI<br />Italia','','2016-08-10 12:50:53'),(214,221,214,0,'0000-00-00 00:00:00',0.000000,0.000000,3.054098,3.440000,1.754098,2.140000,1.300000,1.300000,0,0.000000,0.000000,'Desktop Store','Samir El Benna<br />Piazza Avis, 10<br />10064 Pinerolo<br />Italia','Samir El Benna<br />Piazza Avis, 10<br />10064 Pinerolo<br />Italia','','2016-08-11 12:30:52'),(215,222,215,0,'0000-00-00 00:00:00',0.000000,0.000000,14.578689,17.280000,12.278689,14.980000,2.300000,2.300000,0,0.000000,0.000000,'Desktop Store','iRiparo Arzachena c/o iNkolor Store<br />Viale Costa Smeralda, 14<br />07021 Arzachena<br />Italia','iRiparo Arzachena c/o iNkolor Store<br />Viale Costa Smeralda, 14<br />07021 Arzachena<br />Italia','','2016-08-11 19:40:26'),(216,223,216,0,'0000-00-00 00:00:00',0.000000,0.000000,4.365574,5.040000,3.065574,3.740000,1.300000,1.300000,0,0.000000,0.000000,'Desktop Store','Iskandar Beddhiaf<br />Via Giovanni xxIII<br />00047 Marino<br />Italia','Iskandar Beddhiaf<br />Via Giovanni xxIII<br />00047 Marino<br />Italia','','2016-08-11 20:49:50'),(217,224,217,0,'0000-00-00 00:00:00',0.000000,0.000000,13.103279,14.820000,7.803279,9.520000,5.300000,5.300000,0,0.000000,0.000000,'Desktop Store','Tornetta Lina<br />Via G. D\'Annunzio n°78<br />94015 Piazza Armerina<br />Italia','Tornetta Lina<br />Via G. D\'Annunzio n°78<br />94015 Piazza Armerina<br />Italia','','2016-08-12 00:16:42'),(218,225,218,0,'0000-00-00 00:00:00',0.000000,0.000000,4.039344,4.400000,1.639344,2.000000,2.400000,2.400000,0,0.000000,0.000000,'Desktop Store','Petrozziello Mauro<br />Via della Luva 59<br />22014 Dongo<br />Italia','Petrozziello Mauro<br />Via della Luva 59<br />22014 Dongo<br />Italia','','2016-08-12 07:18:24'),(219,226,219,0,'0000-00-00 00:00:00',0.000000,0.000000,4.365574,5.040000,3.065574,3.740000,1.300000,1.300000,0,0.000000,0.000000,'Desktop Store','GIOELE BERNARDI<br />via monte vettore<br />39<br />60131 ancona<br />Italia','GIOELE BERNARDI<br />via monte vettore<br />39<br />60131 ancona<br />Italia','','2016-08-12 11:18:57'),(220,227,220,0,'0000-00-00 00:00:00',0.000000,0.000000,12.701639,15.210000,11.401639,13.910000,1.300000,1.300000,0,0.000000,0.000000,'Desktop Store','Filippo Marcodini<br />Strada Cavalli 4<br />28831 Baveno<br />Italia','Filippo Marcodini<br />Strada Cavalli 4<br />28831 Baveno<br />Italia','','2016-08-12 11:18:59'),(221,228,221,0,'0000-00-00 00:00:00',0.000000,0.000000,4.718033,5.470000,3.418033,4.170000,1.300000,1.300000,0,0.000000,0.000000,'Desktop Store','Gandolfo Nicolò<br />Contrada Ponte Fiumarella n.154/155<br />91025 Marsala<br />Italia','Gandolfo Nicolò<br />Contrada Ponte Fiumarella n.154/155<br />91025 Marsala<br />Italia','','2016-08-12 11:19:00'),(222,229,222,0,'0000-00-00 00:00:00',0.000000,0.000000,4.283607,4.940000,2.983607,3.640000,1.300000,1.300000,0,0.000000,0.000000,'Desktop Store','ubaldo d\\\'angelo<br />VIA G . VOLTATTORNI 47<br />63074 san benedetto del tronto<br />Italia','ubaldo d\\\'angelo<br />VIA G . VOLTATTORNI 47<br />63074 san benedetto del tronto<br />Italia','','2016-08-12 15:09:20'),(223,231,223,0,'0000-00-00 00:00:00',0.000000,0.000000,5.393443,6.030000,2.893443,3.530000,2.500000,2.500000,0,0.000000,0.000000,'Desktop Store','Salvatore Martino<br />Ficarella n°18<br />89064 Saline Joniche<br />Italia','Salvatore Martino<br />Ficarella n°18<br />89064 Saline Joniche<br />Italia','','2016-08-13 18:07:17'),(224,232,224,0,'0000-00-00 00:00:00',0.000000,0.000000,10.293443,12.030000,7.893443,9.630000,2.400000,2.400000,0,0.000000,0.000000,'Desktop Store','akbar mini<br />via cavour n° 18 sotto portici<br />24049 verdello<br />Italia','akbar mini<br />via cavour n° 18 sotto portici<br />24049 verdello<br />Italia','','2016-08-15 15:13:40'),(225,233,225,0,'0000-00-00 00:00:00',0.000000,0.000000,3.054098,3.440000,1.754098,2.140000,1.300000,1.300000,0,0.000000,0.000000,'Desktop Store','haihai li<br />via gambalunga 58<br />47921 rimini<br />Italia','haihai li<br />via gambalunga 58<br />47921 rimini<br />Italia','','2016-08-16 19:46:34'),(226,234,226,0,'0000-00-00 00:00:00',0.000000,0.000000,9.193443,10.930000,7.893443,9.630000,1.300000,1.300000,0,0.000000,0.000000,'Desktop Store','alessandro altiero<br />via quartiere nuovo 32,P.co S. Vincenzo Pal. B<br />81022 casagiove<br />Italia','alessandro altiero<br />via quartiere nuovo 32,P.co S. Vincenzo Pal. B<br />81022 casagiove<br />Italia','','2016-08-16 22:07:54'),(227,235,227,0,'0000-00-00 00:00:00',0.000000,0.000000,10.203279,11.920000,7.803279,9.520000,2.400000,2.400000,0,0.000000,0.000000,'Desktop Store','Tamburri Nicolino<br />Via Santuario, 12<br />86090 Castelpetroso<br />Italia','Tamburri Nicolino<br />Via Santuario, 12<br />86090 Castelpetroso<br />Italia','','2016-08-17 17:22:28'),(228,236,228,0,'0000-00-00 00:00:00',0.000000,0.000000,5.250820,6.120000,3.950820,4.820000,1.300000,1.300000,0,0.000000,0.000000,'Desktop Store','Sergio Leo<br />Via ca bianca 84<br />35025 Cartura<br />Italia','Sergio Leo<br />Via ca bianca 84<br />35025 Cartura<br />Italia','','2016-08-17 17:22:30'),(229,237,229,0,'0000-00-00 00:00:00',0.000000,0.000000,5.947541,6.970000,4.647541,5.670000,1.300000,1.300000,0,0.000000,0.000000,'Desktop Store','FRANCESCO MUSMANNO<br />VIA DELL\'INDUSTRIA NR.7<br />87012 CASTROVILLARI<br />Italia','FRANCESCO MUSMANNO<br />VIA DELL\'INDUSTRIA NR.7<br />87012 CASTROVILLARI<br />Italia','','2016-08-17 22:28:59'),(230,238,230,0,'0000-00-00 00:00:00',0.000000,0.000000,5.685246,6.650000,4.385246,5.350000,1.300000,1.300000,0,0.000000,0.000000,'Desktop Store','Giuseppe Tonlazzerini<br />Via Bozzone 42<br />54100 Marina di Massa<br />Italia','Giuseppe Tonlazzerini<br />Via Bozzone 42<br />54100 Marina di Massa<br />Italia','','2016-08-18 15:12:42'),(231,239,231,0,'0000-00-00 00:00:00',0.000000,0.000000,4.154098,4.540000,1.754098,2.140000,2.400000,2.400000,0,0.000000,0.000000,'Desktop Store','Francesco Natuzzi<br />Via Pietro Nenni, 18<br />75012 Bernalda<br />Italia','Francesco Natuzzi<br />Via Pietro Nenni, 18<br />75012 Bernalda<br />Italia','','2016-08-18 17:42:51'),(232,240,232,0,'0000-00-00 00:00:00',0.000000,0.000000,3.578689,4.080000,2.278689,2.780000,1.300000,1.300000,0,0.000000,0.000000,'Desktop Store','SD IT SOLUTIONS DI SMECCA M.<br />VIA MADONNA DEL ROSARIO, 8<br />93012 GELA<br />Italia','SD IT SOLUTIONS DI SMECCA M.<br />VIA MADONNA DEL ROSARIO, 8<br />93012 GELA<br />Italia','','2016-08-18 17:42:53'),(233,241,233,0,'0000-00-00 00:00:00',0.000000,0.000000,8.086885,9.360000,5.786885,7.060000,2.300000,2.300000,0,0.000000,0.000000,'Desktop Store','salvatore rossitto<br />via edoardo senatore di giovanni 28<br />96100 siracusa<br />Italia','salvatore rossitto<br />via edoardo senatore di giovanni 28<br />96100 siracusa<br />Italia','','2016-08-18 19:39:34'),(234,242,234,0,'0000-00-00 00:00:00',0.000000,0.000000,5.685246,6.650000,4.385246,5.350000,1.300000,1.300000,0,0.000000,0.000000,'Desktop Store','Jonathan Lee Asan Murrieta<br />via san damiano 1/A<br />17025 loano<br />Italia','Jonathan Lee Asan Murrieta<br />via san damiano 1/A<br />17025 loano<br />Italia','','2016-08-18 19:39:36'),(235,243,235,0,'0000-00-00 00:00:00',0.000000,0.000000,2.619672,2.910000,1.319672,1.610000,1.300000,1.300000,0,0.000000,0.000000,'Desktop Store','giuseppe vergari<br />via nazionale n.244<br />54011 aulla<br />Italia','giuseppe vergari<br />via nazionale n.244<br />54011 aulla<br />Italia','','2016-08-18 23:38:21'),(236,244,236,0,'0000-00-00 00:00:00',0.000000,0.000000,3.931148,4.510000,2.631148,3.210000,1.300000,1.300000,0,0.000000,0.000000,'Desktop Store','MondoRiparo s.n.c. - Federico Belvisi<br />Via Trento n. 196<br />53048 Sinalunga<br />Italia','MondoRiparo s.n.c. - Federico Belvisi<br />Via Trento n. 196<br />53048 Sinalunga<br />Italia','','2016-08-19 11:15:18'),(237,245,237,0,'0000-00-00 00:00:00',0.000000,0.000000,5.465574,6.140000,3.065574,3.740000,2.400000,2.400000,0,0.000000,0.000000,'Desktop Store','Nicola Leone<br />Duca della Vittoria 68 G/H<br />70037 Ruvo di Puglia<br />Italia','Nicola Leone<br />Duca della Vittoria 68 G/H<br />70037 Ruvo di Puglia<br />Italia','','2016-08-19 11:15:38'),(238,246,238,0,'0000-00-00 00:00:00',0.000000,0.000000,4.193443,4.830000,2.893443,3.530000,1.300000,1.300000,0,0.000000,0.000000,'Desktop Store','Nicola Leone<br />Duca della Vittoria 68 G/H<br />70037 Ruvo di Puglia<br />Italia','Nicola Leone<br />Duca della Vittoria 68 G/H<br />70037 Ruvo di Puglia<br />Italia','','2016-08-19 11:50:42'),(239,247,239,0,'0000-00-00 00:00:00',0.000000,0.000000,7.611475,9.000000,6.311475,7.700000,1.300000,1.300000,0,0.000000,0.000000,'Desktop Store','Vincenzo Maletesta<br />73019<br />Via kennedy 35<br />73019 Trepuzzi<br />Italia','Vincenzo Maletesta<br />73019<br />Via kennedy 35<br />73019 Trepuzzi<br />Italia','','2016-08-19 19:25:35'),(240,248,240,0,'0000-00-00 00:00:00',0.000000,0.000000,13.103279,14.820000,7.803279,9.520000,5.300000,5.300000,0,0.000000,0.000000,'Desktop Store','Probiotical David Nunez<br />Via Mattei Enrico 03<br />03<br />28100 novara<br />Italia','Probiotical David Nunez<br />Via Mattei Enrico 03<br />03<br />28100 novara<br />Italia','','2016-08-19 21:52:54'),(241,249,241,0,'0000-00-00 00:00:00',0.000000,0.000000,5.393443,6.030000,2.893443,3.530000,2.500000,2.500000,0,0.000000,0.000000,'Desktop Store','cornacchia luca<br />via sant\'antonio 12<br />65020 rosciano<br />Italia','cornacchia luca<br />via sant\'antonio 12<br />65020 rosciano<br />Italia','','2016-08-20 11:10:47'),(242,250,242,0,'0000-00-00 00:00:00',0.000000,0.000000,5.857377,6.860000,4.557377,5.560000,1.300000,1.300000,0,0.000000,0.000000,'Desktop Store','Zhong Huang<br />Via Davila 36<br />35028 Piove Di Sacco<br />Italia','Zhong Huang<br />Via Davila 36<br />35028 Piove Di Sacco<br />Italia','','2016-08-20 12:24:41'),(243,251,243,0,'0000-00-00 00:00:00',0.000000,0.000000,3.054098,3.440000,1.754098,2.140000,1.300000,1.300000,0,0.000000,0.000000,'Desktop Store','Antonio Campagna<br />via Di Goletta 42/E<br />56121 Pisa<br />Italia','Antonio Campagna<br />via Di Goletta 42/E<br />56121 Pisa<br />Italia','','2016-08-20 15:39:52'),(244,252,244,0,'0000-00-00 00:00:00',0.000000,0.000000,3.578689,4.080000,2.278689,2.780000,1.300000,1.300000,0,0.000000,0.000000,'Desktop Store','Gianluca Sandri<br />Strada soave, 44<br />46047 Porto mantovano<br />Italia','Gianluca Sandri<br />Strada soave, 44<br />46047 Porto mantovano<br />Italia','','2016-08-20 18:29:58'),(245,253,245,0,'0000-00-00 00:00:00',0.000000,0.000000,4.718033,5.470000,3.418033,4.170000,1.300000,1.300000,0,0.000000,0.000000,'Desktop Store','Mattia Mantovani<br />via Luigi Savoia,36<br />45014 Porto Viro<br />Italia','Mattia Mantovani<br />via Luigi Savoia,36<br />45014 Porto Viro<br />Italia','','2016-08-21 11:51:05'),(246,254,246,0,'0000-00-00 00:00:00',0.000000,0.000000,1.877049,2.070000,0.877049,1.070000,1.000000,1.000000,0,0.000000,0.000000,'Desktop Store','Christian proietto<br />Via Roma 62<br />20091 Bresso<br />Italia','Christian proietto<br />Via Roma 62<br />20091 Bresso<br />Italia','','2016-08-21 16:54:34'),(247,255,247,0,'0000-00-00 00:00:00',0.000000,0.000000,5.031148,5.610000,2.631148,3.210000,2.400000,2.400000,0,0.000000,0.000000,'Desktop Store','Angelo laracca<br />Via pilato, 51a<br />04023 formia<br />Italia','Angelo laracca<br />Via pilato, 51a<br />04023 formia<br />Italia','','2016-08-21 16:54:36'),(248,256,248,0,'0000-00-00 00:00:00',0.000000,0.000000,2.619672,2.910000,1.319672,1.610000,1.300000,1.300000,0,0.000000,0.000000,'Desktop Store','sabina de prisco<br />via Martelli 33<br />42030 Vezzano Sul Crostolo<br />Italia','sabina de prisco<br />via Martelli 33<br />42030 Vezzano Sul Crostolo<br />Italia','','2016-08-21 17:25:17'),(249,257,249,0,'0000-00-00 00:00:00',0.000000,0.000000,2.349180,2.580000,1.049180,1.280000,1.300000,1.300000,0,0.000000,0.000000,'Desktop Store','Mario Pellicardi<br />Via F. Bianco 39<br />18020 Aurigo<br />Italia','Mario Pellicardi<br />Via F. Bianco 39<br />18020 Aurigo<br />Italia','','2016-08-21 22:45:12'),(250,258,250,0,'0000-00-00 00:00:00',0.000000,0.000000,3.316393,3.760000,2.016393,2.460000,1.300000,1.300000,0,0.000000,0.000000,'Desktop Store','GIACOMO GALDIOLO SNC<br />Via della pieve 88<br />35010 Borgoricco<br />Italia','GIACOMO GALDIOLO SNC<br />Via della pieve 88<br />35010 Borgoricco<br />Italia','','2016-08-22 11:00:14'),(251,259,251,0,'0000-00-00 00:00:00',0.000000,0.000000,2.619672,2.910000,1.319672,1.610000,1.300000,1.300000,0,0.000000,0.000000,'Desktop Store','Elia Taccone<br />Via Poggiale 3<br />47867 Talamello<br />Italia','Elia Taccone<br />Via Poggiale 3<br />47867 Talamello<br />Italia','','2016-08-22 12:02:09'),(252,260,252,0,'0000-00-00 00:00:00',0.000000,0.000000,7.611475,9.000000,6.311475,7.700000,1.300000,1.300000,0,0.000000,0.000000,'Desktop Store','bar multistore peccati di gola<br />p.zza galimberti n 11<br />10134 torino<br />Italia','bar multistore peccati di gola<br />p.zza galimberti n 11<br />10134 torino<br />Italia','','2016-08-23 14:11:33'),(253,261,253,0,'0000-00-00 00:00:00',0.000000,0.000000,2.881967,3.230000,1.581967,1.930000,1.300000,1.300000,0,0.000000,0.000000,'Desktop Store','Marras Andrea<br />arborea<br />52<br />08038 Sorgono<br />Italia','Marras Andrea<br />arborea<br />52<br />08038 Sorgono<br />Italia','','2016-08-23 14:11:35'),(254,262,254,0,'0000-00-00 00:00:00',0.000000,0.000000,4.808197,5.580000,3.508197,4.280000,1.300000,1.300000,0,0.000000,0.000000,'Desktop Store','Claudia Onnis C/O Mattei<br />Via Garibaldi 54<br />56012 Calcinaia<br />Italia','Claudia Onnis C/O Mattei<br />Via Garibaldi 54<br />56012 Calcinaia<br />Italia','','2016-08-23 18:18:10'),(255,263,255,0,'0000-00-00 00:00:00',0.000000,0.000000,4.103279,4.720000,2.803279,3.420000,1.300000,1.300000,0,0.000000,0.000000,'Desktop Store','Bruno Nola<br />via Paolo vocca astronomo N°4<br />84126 Salerno<br />Italia','Bruno Nola<br />via Paolo vocca astronomo N°4<br />84126 Salerno<br />Italia','','2016-08-23 22:32:48'),(256,264,256,0,'0000-00-00 00:00:00',0.000000,0.000000,19.663934,22.010000,10.663934,13.010000,9.000000,9.000000,0,0.000000,0.000000,'Desktop Store','rosaria mannina<br />via lugano, 20<br />91016 erice casa santa<br />Italia','rosaria mannina<br />via lugano, 20<br />91016 erice casa santa<br />Italia','','2016-08-24 13:01:03'),(257,265,257,0,'0000-00-00 00:00:00',0.000000,0.000000,3.578689,4.080000,2.278689,2.780000,1.300000,1.300000,0,0.000000,0.000000,'Desktop Store','Donatella Spiri<br />via Regina Elena 11<br />73057 Taviano<br />Italia','Donatella Spiri<br />via Regina Elena 11<br />73057 Taviano<br />Italia','','2016-08-24 14:53:34'),(258,266,258,0,'0000-00-00 00:00:00',0.000000,0.000000,3.840984,4.400000,2.540984,3.100000,1.300000,1.300000,0,0.000000,0.000000,'Desktop Store','giuseppe provenzano<br />via sirio n26 agrigento villaggio Mosè<br />92100 agrigento<br />Italia','giuseppe provenzano<br />via sirio n26 agrigento villaggio Mosè<br />92100 agrigento<br />Italia','','2016-08-24 15:32:31'),(259,267,259,0,'0000-00-00 00:00:00',0.000000,0.000000,8.662295,9.820000,5.262295,6.420000,3.400000,3.400000,0,0.000000,0.000000,'Desktop Store','MARGHERITA PICCIRILLO<br />VIA G. GARIBALDI , 59<br />81056 SPARANISE<br />Italia','MARGHERITA PICCIRILLO<br />VIA G. GARIBALDI , 59<br />81056 SPARANISE<br />Italia','','2016-08-24 16:05:01'),(260,268,260,0,'0000-00-00 00:00:00',0.000000,0.000000,5.422951,6.330000,4.122951,5.030000,1.300000,1.300000,0,0.000000,0.000000,'Desktop Store','carlo gava<br />via bassi 41a<br />16030 tribogna<br />Italia','carlo gava<br />via bassi 41a<br />16030 tribogna<br />Italia','','2016-08-24 18:43:49'),(261,269,261,0,'0000-00-00 00:00:00',0.000000,0.000000,3.578689,4.080000,2.278689,2.780000,1.300000,1.300000,0,0.000000,0.000000,'Desktop Store','vincenzo pillirone<br />marzabotto 7<br />96011 augusta<br />Italia','vincenzo pillirone<br />marzabotto 7<br />96011 augusta<br />Italia','','2016-08-24 18:43:50'),(262,270,262,0,'0000-00-00 00:00:00',0.000000,0.000000,3.054098,3.440000,1.754098,2.140000,1.300000,1.300000,0,0.000000,0.000000,'Desktop Store','salvatore mingoia<br />via colonnello castrogiovanni 66<br />93014 mussomeli<br />Italia','salvatore mingoia<br />via colonnello castrogiovanni 66<br />93014 mussomeli<br />Italia','','2016-08-25 10:54:01'),(263,271,263,0,'0000-00-00 00:00:00',0.000000,0.000000,4.808197,5.580000,3.508197,4.280000,1.300000,1.300000,0,0.000000,0.000000,'Desktop Store','CATELLO DI CAPUA<br />Via Staffetti 2<br />54100 Massa<br />Italia','CATELLO DI CAPUA<br />Via Staffetti 2<br />54100 Massa<br />Italia','','2016-08-25 12:21:31'),(264,272,264,0,'0000-00-00 00:00:00',0.000000,0.000000,3.054098,3.440000,1.754098,2.140000,1.300000,1.300000,0,0.000000,0.000000,'Desktop Store','filice graziano<br />via bivio donnici donnici inferiore 4D<br />87100 cosenza<br />Italia','filice graziano<br />via bivio donnici donnici inferiore 4D<br />87100 cosenza<br />Italia','','2016-08-25 13:01:19'),(265,273,265,0,'0000-00-00 00:00:00',0.000000,0.000000,5.565574,6.240000,3.065574,3.740000,2.500000,2.500000,0,0.000000,0.000000,'Desktop Store','Vittorio Rinaldi<br />Cda Conca D \'oro Compl.Sea Breeze Pal A s/n<br />98168 Messina<br />Italia','Vittorio Rinaldi<br />Cda Conca D \'oro Compl.Sea Breeze Pal A s/n<br />98168 Messina<br />Italia','','2016-08-25 19:55:14'),(266,274,266,0,'0000-00-00 00:00:00',0.000000,0.000000,3.819672,4.110000,1.319672,1.610000,2.500000,2.500000,0,0.000000,0.000000,'Desktop Store','Giovanni Troia c/o ROYAL TRADE<br />STRADA DEI CENSITI 1<br />47891 FALCIANO - REP DI SAN MARINO<br />Italia','Giovanni Troia c/o ROYAL TRADE<br />STRADA DEI CENSITI 1<br />47891 FALCIANO - REP DI SAN MARINO<br />Italia','','2016-08-25 21:59:42'),(267,275,267,0,'0000-00-00 00:00:00',0.000000,0.000000,3.496721,3.980000,2.196721,2.680000,1.300000,1.300000,0,0.000000,0.000000,'Desktop Store','giuseppe napoli<br />via turi scordo n4<br />95045 misterbianco<br />Italia','giuseppe napoli<br />via turi scordo n4<br />95045 misterbianco<br />Italia','','2016-08-25 23:57:17'),(268,276,268,0,'0000-00-00 00:00:00',0.000000,0.000000,2.619672,2.910000,1.319672,1.610000,1.300000,1.300000,0,0.000000,0.000000,'Desktop Store','fabio Di pietro<br />via monte bianco n11<br />06039 trevi<br />Italia','fabio Di pietro<br />via monte bianco n11<br />06039 trevi<br />Italia','','2016-08-26 21:51:02'),(269,277,269,0,'0000-00-00 00:00:00',0.000000,0.000000,3.496721,3.980000,2.196721,2.680000,1.300000,1.300000,0,0.000000,0.000000,'Desktop Store','federico franceschini<br />via cecchi 4<br />16129 genova<br />Italia','federico franceschini<br />via cecchi 4<br />16129 genova<br />Italia','','2016-08-28 19:41:21'),(270,278,270,0,'0000-00-00 00:00:00',0.000000,0.000000,7.157377,8.160000,4.557377,5.560000,2.600000,2.600000,0,0.000000,0.000000,'Desktop Store','PhoneUp di Guzzetta Gabriele<br />via emanuele bellia 125<br />95047 Paterno\'<br />Italia','PhoneUp di Guzzetta Gabriele<br />via emanuele bellia 125<br />95047 Paterno\'<br />Italia','','2016-08-29 12:16:14'),(271,279,271,0,'0000-00-00 00:00:00',0.000000,0.000000,5.031148,5.610000,2.631148,3.210000,2.400000,2.400000,0,0.000000,0.000000,'Desktop Store','GBG informatica<br />via Lamia 22<br />90047 Partinico<br />Italia','GBG informatica<br />via Lamia 22<br />90047 Partinico<br />Italia','','2016-08-29 12:16:16'),(272,280,272,0,'0000-00-00 00:00:00',0.000000,0.000000,3.578689,4.080000,2.278689,2.780000,1.300000,1.300000,0,0.000000,0.000000,'Desktop Store','Yang Zhishu<br />via San Bernardino<br />4<br />38062 arco<br />Italia','Yang Zhishu<br />via San Bernardino<br />4<br />38062 arco<br />Italia','','2016-08-29 15:16:49'),(273,281,273,0,'0000-00-00 00:00:00',0.000000,0.000000,5.131148,5.710000,2.631148,3.210000,2.500000,2.500000,0,0.000000,0.000000,'Desktop Store','TS Tech<br />via varesina 165/A<br />22100 Como<br />Italia','TS Tech<br />via varesina 165/A<br />22100 Como<br />Italia','','2016-08-30 11:13:33'),(274,282,274,0,'0000-00-00 00:00:00',0.000000,0.000000,4.365574,5.040000,3.065574,3.740000,1.300000,1.300000,0,0.000000,0.000000,'Desktop Store','Roberto Cavalieri<br />Viale Mare Adriatico, 17<br />44020 Lido di Pomposa<br />Italia','Roberto Cavalieri<br />Viale Mare Adriatico, 17<br />44020 Lido di Pomposa<br />Italia','','2016-08-30 16:35:30'),(275,283,275,0,'0000-00-00 00:00:00',0.000000,0.000000,8.780328,10.140000,6.180328,7.540000,2.600000,2.600000,0,0.000000,0.000000,'Desktop Store','Fabrizio Campioni<br />Via Agostino Magliani 116 pal F scala C<br />00148 Roma<br />Italia','Fabrizio Campioni<br />Via Agostino Magliani 116 pal F scala C<br />00148 Roma<br />Italia','','2016-08-30 18:00:00'),(276,284,276,0,'0000-00-00 00:00:00',0.000000,0.000000,5.031148,5.610000,2.631148,3.210000,2.400000,2.400000,0,0.000000,0.000000,'Desktop Store','Lucia D\\\'ippolito A.Fogg<br />via torre ovo 43<br />74020 Maruggio<br />Italia','Lucia D\\\'ippolito A.Fogg<br />via torre ovo 43<br />74020 Maruggio<br />Italia','','2016-08-30 21:10:57'),(277,285,277,0,'0000-00-00 00:00:00',0.000000,0.000000,4.039344,4.400000,1.639344,2.000000,2.400000,2.400000,0,0.000000,0.000000,'Desktop Store','Riccardo Ceron<br />V.Cividale 19 Ca\'Savio (Negozio)<br />30013 cavallino-treporti<br />Italia','Riccardo Ceron<br />V.Cividale 19 Ca\'Savio (Negozio)<br />30013 cavallino-treporti<br />Italia','','2016-08-30 23:55:20'),(278,286,278,0,'0000-00-00 00:00:00',0.000000,0.000000,2.439344,2.690000,1.139344,1.390000,1.300000,1.300000,0,0.000000,0.000000,'Desktop Store','Daniele Santonastaso<br />via salvo d acquisto t.p. n6<br />81020 Casapulla<br />Italia','Daniele Santonastaso<br />via salvo d acquisto t.p. n6<br />81020 Casapulla<br />Italia','','2016-08-31 14:41:34'),(279,287,279,0,'0000-00-00 00:00:00',0.000000,0.000000,8.811475,10.200000,6.311475,7.700000,2.500000,2.500000,0,0.000000,0.000000,'Desktop Store','ITALYHITECH di Cinà Alessandro<br />via Aosta 16<br />galleria Centro Commerciale FAMILA<br />10099 San Mauro Torinese<br />Italia','ITALYHITECH di Cinà Alessandro<br />via Aosta 16<br />galleria Centro Commerciale FAMILA<br />10099 San Mauro Torinese<br />Italia','','2016-09-01 10:18:55'),(280,288,280,0,'0000-00-00 00:00:00',0.000000,0.000000,4.980328,5.790000,3.680328,4.490000,1.300000,1.300000,0,0.000000,0.000000,'Desktop Store','miriam maurino<br />via del sagliano 21<br />06131 perugia<br />Italia','miriam maurino<br />via del sagliano 21<br />06131 perugia<br />Italia','','2016-09-01 12:35:03'),(281,289,281,0,'0000-00-00 00:00:00',0.000000,0.000000,2.349180,2.580000,1.049180,1.280000,1.300000,1.300000,0,0.000000,0.000000,'Desktop Store','ivana zolin<br />via Matteotti 3b<br />21012 cassano magnago<br />Italia','ivana zolin<br />via Matteotti 3b<br />21012 cassano magnago<br />Italia','','2016-09-01 19:05:43'),(282,290,282,0,'0000-00-00 00:00:00',0.000000,0.000000,11.980328,13.890000,8.680328,10.590000,3.300000,3.300000,0,0.000000,0.000000,'Desktop Store','emanuele moncelsi<br />viale italia68<br />51100 pistoia<br />Italia','emanuele moncelsi<br />viale italia68<br />51100 pistoia<br />Italia','','2016-09-01 21:11:37'),(283,291,283,0,'0000-00-00 00:00:00',0.000000,0.000000,11.170492,13.100000,8.770492,10.700000,2.400000,2.400000,0,0.000000,0.000000,'Desktop Store','Christian De Luca<br />via gelsi rossi, 69<br />84125 salerno<br />Italia','Christian De Luca<br />via gelsi rossi, 69<br />84125 salerno<br />Italia','','2016-09-02 16:50:18'),(284,292,284,0,'0000-00-00 00:00:00',0.000000,0.000000,5.031148,5.610000,2.631148,3.210000,2.400000,2.400000,0,0.000000,0.000000,'Desktop Store','Media Store di Davide Giardina<br />Prof. Emanuele Carnevale n°21<br />98055 Lipari<br />Italia','Media Store di Davide Giardina<br />Prof. Emanuele Carnevale n°21<br />98055 Lipari<br />Italia','','2016-09-02 16:50:20'),(285,293,285,0,'0000-00-00 00:00:00',0.000000,0.000000,9.980328,11.890000,8.680328,10.590000,1.300000,1.300000,0,0.000000,0.000000,'Desktop Store','Giovanni LEONE<br />Via Campania n°100<br />63074 San Benedetto del Tronto<br />Italia','Giovanni LEONE<br />Via Campania n°100<br />63074 San Benedetto del Tronto<br />Italia','','2016-09-02 18:08:49'),(286,294,286,0,'0000-00-00 00:00:00',0.000000,0.000000,5.031148,5.610000,2.631148,3.210000,2.400000,2.400000,0,0.000000,0.000000,'Desktop Store','QUIDSTORE SNC DI CATTANEO R.<br />VIA CARLO CATTANEO 75<br />23900 LECCO<br />Italia','QUIDSTORE SNC DI CATTANEO R.<br />VIA CARLO CATTANEO 75<br />23900 LECCO<br />Italia','','2016-09-03 20:27:58'),(287,295,287,0,'0000-00-00 00:00:00',0.000000,0.000000,5.465574,6.140000,3.065574,3.740000,2.400000,2.400000,0,0.000000,0.000000,'Desktop Store','matteo enoch<br />piazza garibaldi 19<br />20845 sovico<br />Italia','matteo enoch<br />piazza garibaldi 19<br />20845 sovico<br />Italia','','2016-09-03 23:09:26'),(288,296,288,0,'0000-00-00 00:00:00',0.000000,0.000000,6.785246,7.750000,4.385246,5.350000,2.400000,2.400000,0,0.000000,0.000000,'Desktop Store','AGMSTORE srl<br />Via di tressanti 26<br />71121 Foggia<br />Italia','AGMSTORE srl<br />Via di tressanti 26<br />71121 Foggia<br />Italia','','2016-09-04 11:21:06'),(289,297,289,0,'0000-00-00 00:00:00',0.000000,0.000000,4.154098,4.540000,1.754098,2.140000,2.400000,2.400000,0,0.000000,0.000000,'Desktop Store','Michelangelo De Santis<br />Via V. Bachelet 21<br />70020 Bitritto<br />Italia','Michelangelo De Santis<br />Via V. Bachelet 21<br />70020 Bitritto<br />Italia','','2016-09-04 15:40:59'),(290,298,290,0,'0000-00-00 00:00:00',0.000000,0.000000,10.065574,10.740000,3.065574,3.740000,7.000000,7.000000,0,0.000000,0.000000,'Desktop Store','D\'Aprile Anna Maria<br />Via Scott SV2F<br />74011 Castellaneta Marina<br />Italia','D\'Aprile Anna Maria<br />Via Scott SV2F<br />74011 Castellaneta Marina<br />Italia','','2016-09-05 04:14:45'),(291,299,291,0,'0000-00-00 00:00:00',0.000000,0.000000,5.332787,6.220000,4.032787,4.920000,1.300000,1.300000,0,0.000000,0.000000,'Desktop Store','Stefano patrizi<br />Località il leccio, 10<br />58033 Castel del piano<br />Italia','Stefano patrizi<br />Località il leccio, 10<br />58033 Castel del piano<br />Italia','','2016-10-27 12:01:52'),(292,300,292,0,'0000-00-00 00:00:00',0.000000,0.000000,3.054098,3.440000,1.754098,2.140000,1.300000,1.300000,0,0.000000,0.000000,'Desktop Store','NUNZIO SAMBATARO<br />VIA VITTORIO EMANUELE , 476<br />95032 BELPASSO<br />Italia','NUNZIO SAMBATARO<br />VIA VITTORIO EMANUELE , 476<br />95032 BELPASSO<br />Italia','','2016-10-27 12:01:58'),(293,301,293,0,'0000-00-00 00:00:00',0.000000,0.000000,2.480328,2.740000,1.180328,1.440000,1.300000,1.300000,0,0.000000,0.000000,'Desktop Store','alessia scano<br />piazza santa maria maddalena<br />4<br />09099 URAS<br />Italia','alessia scano<br />piazza santa maria maddalena<br />4<br />09099 URAS<br />Italia','','2016-10-27 12:02:01'),(294,302,294,0,'0000-00-00 00:00:00',0.000000,0.000000,2.529508,2.800000,1.229508,1.500000,1.300000,1.300000,0,0.000000,0.000000,'Desktop Store','Vincenzo Sentina<br />via la lumia n° 22<br />via la lumia n° 22<br />93015 Niscemi<br />Italia','Vincenzo Sentina<br />via la lumia n° 22<br />via la lumia n° 22<br />93015 Niscemi<br />Italia','','2016-10-27 12:02:04'),(295,303,295,0,'0000-00-00 00:00:00',0.000000,0.000000,2.881967,3.230000,1.581967,1.930000,1.300000,1.300000,0,0.000000,0.000000,'Desktop Store','Tommaso Marziliano<br />Via montegrappa    N 5<br />70028 Sannicandro di Bari<br />Italia','Tommaso Marziliano<br />Via montegrappa    N 5<br />70028 Sannicandro di Bari<br />Italia','','2016-10-27 12:02:07'),(296,304,296,0,'0000-00-00 00:00:00',0.000000,0.000000,4.398361,4.860000,2.098361,2.560000,2.300000,2.300000,0,0.000000,0.000000,'Desktop Store','Gianfranco Grande<br />Via Agostino Stellato C.I.S. \"SE.GE.STA.\"<br />81054 San Prisco<br />Italia','Gianfranco Grande<br />Via Agostino Stellato C.I.S. \"SE.GE.STA.\"<br />81054 San Prisco<br />Italia','','2016-10-27 12:02:11'),(297,305,297,0,'0000-00-00 00:00:00',0.000000,0.000000,4.778689,5.280000,2.278689,2.780000,2.500000,2.500000,0,0.000000,0.000000,'Desktop Store','Mattia Niccolai<br />Via Aurelia Sud 205 B<br />San Benedetto<br />19020 Ricco\' del Golfo di Spezia, San Benedetto<br />Italia','Mattia Niccolai<br />Via Aurelia Sud 205 B<br />San Benedetto<br />19020 Ricco\' del Golfo di Spezia, San Benedetto<br />Italia','','2016-10-27 12:02:15'),(298,306,298,0,'0000-00-00 00:00:00',0.000000,0.000000,2.349180,2.580000,1.049180,1.280000,1.300000,1.300000,0,0.000000,0.000000,'Desktop Store','Gaetano Costa<br />VIA MISURATA 26 C/O POSTA EXPRESS<br />92014 porto empedocle<br />Italia','Gaetano Costa<br />VIA MISURATA 26 C/O POSTA EXPRESS<br />92014 porto empedocle<br />Italia','','2016-10-27 12:02:18'),(299,307,299,0,'0000-00-00 00:00:00',0.000000,0.000000,6.713115,7.640000,4.213115,5.140000,2.500000,2.500000,0,0.000000,0.000000,'Desktop Store','Michele Badillo P.iva<br />Via Recca 70<br />80016 Marano Di Napoli<br />Italia','Michele Badillo P.iva<br />Via Recca 70<br />80016 Marano Di Napoli<br />Italia','','2016-10-27 12:02:21'),(300,308,300,0,'0000-00-00 00:00:00',0.000000,0.000000,2.619672,2.910000,1.319672,1.610000,1.300000,1.300000,0,0.000000,0.000000,'Desktop Store','SPEED GLASS MARCO INNOCENTI<br />VIA FABIO SEVERO 22/C<br />34100 TRIESTE<br />Italia','SPEED GLASS MARCO INNOCENTI<br />VIA FABIO SEVERO 22/C<br />34100 TRIESTE<br />Italia','','2016-10-27 12:02:24'),(301,309,301,0,'0000-00-00 00:00:00',0.000000,0.000000,2.619672,2.910000,1.319672,1.610000,1.300000,1.300000,0,0.000000,0.000000,'Desktop Store','vincenzo marangoni cod. fis. CMRNCHF<br />Vittorio carpaccio 27 presso fam. tola tronci<br />FAM TOLA TRONCI<br />09121 CAGLIARI<br />Italia','vincenzo marangoni cod. fis. CMRNCHF<br />Vittorio carpaccio 27 presso fam. tola tronci<br />FAM TOLA TRONCI<br />09121 CAGLIARI<br />Italia','','2016-10-27 12:02:27'),(302,310,302,0,'0000-00-00 00:00:00',0.000000,0.000000,3.931148,4.510000,2.631148,3.210000,1.300000,1.300000,0,0.000000,0.000000,'Desktop Store','Infantino Marco c/o il mercante in fiera<br />via d\'acquisto S. SN<br />93100 CALTANISSETTA<br />Italia','Infantino Marco c/o il mercante in fiera<br />via d\'acquisto S. SN<br />93100 CALTANISSETTA<br />Italia','','2016-10-27 12:02:31'),(303,311,303,0,'0000-00-00 00:00:00',0.000000,0.000000,9.636066,11.470000,8.336066,10.170000,1.300000,1.300000,0,0.000000,0.000000,'Desktop Store','di risio giovanni<br />via g. marconi, 5<br />66031 casalanguida<br />Italia','di risio giovanni<br />via g. marconi, 5<br />66031 casalanguida<br />Italia','','2016-10-27 12:02:34'),(304,312,304,0,'0000-00-00 00:00:00',0.000000,0.000000,9.193443,10.930000,7.893443,9.630000,1.300000,1.300000,0,0.000000,0.000000,'Desktop Store','GIUSEPPE VERDE<br />VIA COL. DE CRISITOFORIS, 14<br />71014 SAN MARCO IN LAMIS<br />Italia','GIUSEPPE VERDE<br />VIA COL. DE CRISITOFORIS, 14<br />71014 SAN MARCO IN LAMIS<br />Italia','','2016-10-27 12:02:37'),(305,313,305,0,'0000-00-00 00:00:00',0.000000,0.000000,2.611475,2.900000,1.311475,1.600000,1.300000,1.300000,0,0.000000,0.000000,'Desktop Store','Gesualdo Riso<br />Adda,2<br />20815 Cogliate<br />Italia','Gesualdo Riso<br />Adda,2<br />20815 Cogliate<br />Italia','','2016-10-27 12:02:40'),(306,314,306,0,'0000-00-00 00:00:00',0.000000,0.000000,2.619672,2.910000,1.319672,1.610000,1.300000,1.300000,0,0.000000,0.000000,'Desktop Store','Davide Corradino<br />Via piola interna 13<br />28013 Gattico<br />Italia','Davide Corradino<br />Via piola interna 13<br />28013 Gattico<br />Italia','','2016-10-27 12:02:43'),(307,315,307,0,'0000-00-00 00:00:00',0.000000,0.000000,1.877049,2.070000,0.877049,1.070000,1.000000,1.000000,0,0.000000,0.000000,'Desktop Store','maurizio arleo<br />corso aldo moro 79<br />87020 tortora<br />Italia','maurizio arleo<br />corso aldo moro 79<br />87020 tortora<br />Italia','','2016-10-27 12:02:46'),(308,316,308,0,'0000-00-00 00:00:00',0.000000,0.000000,4.959016,5.500000,2.459016,3.000000,2.500000,2.500000,0,0.000000,0.000000,'Desktop Store','Isel s.n.c.<br />via trieste 25<br />20096 pioltello<br />Italia','Isel s.n.c.<br />via trieste 25<br />20096 pioltello<br />Italia','','2016-10-27 12:02:49'),(309,317,309,0,'0000-00-00 00:00:00',0.000000,0.000000,12.775410,15.300000,11.475410,14.000000,1.300000,1.300000,0,0.000000,0.000000,'Desktop Store','daniele minonni<br />corso umberto primo 237<br />73056 taurisano<br />Italia','daniele minonni<br />corso umberto primo 237<br />73056 taurisano<br />Italia','','2016-10-27 12:02:53'),(310,318,310,0,'0000-00-00 00:00:00',0.000000,0.000000,2.619672,2.910000,1.319672,1.610000,1.300000,1.300000,0,0.000000,0.000000,'Desktop Store','Massimiliano Stanco<br />Via Boccaccio,3<br />42018 San Martino In Rio<br />Italia','Massimiliano Stanco<br />Via Boccaccio,3<br />42018 San Martino In Rio<br />Italia','','2016-10-27 12:02:56'),(311,319,311,0,'0000-00-00 00:00:00',0.000000,0.000000,3.377049,3.570000,0.877049,1.070000,2.500000,2.500000,0,0.000000,0.000000,'Desktop Store','Davide Fantinato  RiparoExpress<br />Piazzale Cadorna 4<br />36061 Bassano del Grappa<br />Italia','Davide Fantinato  RiparoExpress<br />Piazzale Cadorna 4<br />36061 Bassano del Grappa<br />Italia','','2016-10-27 12:02:59'),(312,320,312,0,'0000-00-00 00:00:00',0.000000,0.000000,6.985246,13.510000,4.385246,10.910000,2.600000,2.600000,0,0.000000,0.000000,'Desktop Store','antonio chichi<br />via valdemone n30<br />90010 finale pollina<br />Italia','antonio chichi<br />via valdemone n30<br />90010 finale pollina<br />Italia','','2016-10-27 12:03:04'),(313,321,313,0,'0000-00-00 00:00:00',0.000000,0.000000,5.040984,5.600000,2.540984,3.100000,2.500000,2.500000,0,0.000000,0.000000,'Desktop Store','GIAN PIERO REGINALI<br />VIA MONTEXI 36<br />09010 VILLAMASSARGIA<br />Italia','GIAN PIERO REGINALI<br />VIA MONTEXI 36<br />09010 VILLAMASSARGIA<br />Italia','','2016-11-05 10:17:18'),(314,322,314,0,'0000-00-00 00:00:00',0.000000,0.000000,5.565574,6.240000,3.065574,3.740000,2.500000,2.500000,0,0.000000,0.000000,'Desktop Store','Wolftecnostore Piccirillo Antonio<br />Via principe umberto 10<br />Carinola<br />81030 Carinola<br />Italia','Wolftecnostore Piccirillo Antonio<br />Via principe umberto 10<br />Carinola<br />81030 Carinola<br />Italia','','2016-11-05 10:17:22'),(315,323,315,0,'0000-00-00 00:00:00',0.000000,0.000000,2.439344,2.690000,1.139344,1.390000,1.300000,1.300000,0,0.000000,0.000000,'Desktop Store','centro riparazione telefonia e computer<br />torino 107r<br />17100 savona<br />Italia','centro riparazione telefonia e computer<br />torino 107r<br />17100 savona<br />Italia','','2016-11-05 10:17:52'),(316,324,316,0,'0000-00-00 00:00:00',0.000000,0.000000,13.311475,14.700000,6.311475,7.700000,7.000000,7.000000,0,0.000000,0.000000,'Desktop Store','Roberta Sala<br />Via Umberto I, 68<br />26025 Pandino<br />Italia','Roberta Sala<br />Via Umberto I, 68<br />26025 Pandino<br />Italia','','2016-11-05 10:18:01'),(317,325,317,0,'0000-00-00 00:00:00',0.000000,0.000000,4.283607,4.940000,2.983607,3.640000,1.300000,1.300000,0,0.000000,0.000000,'Desktop Store','Martin Kostadinov<br />Strada baldissero 29<br />10023 Chieri<br />Italia','Martin Kostadinov<br />Strada baldissero 29<br />10023 Chieri<br />Italia','','2016-11-05 10:18:08'),(318,326,318,0,'0000-00-00 00:00:00',0.000000,0.000000,4.365574,5.040000,3.065574,3.740000,1.300000,1.300000,0,0.000000,0.000000,'Desktop Store','Yahia Abdalla<br />Via Pacinotti 28<br />10144 Torino<br />Italia','Yahia Abdalla<br />Via Pacinotti 28<br />10144 Torino<br />Italia','','2016-11-05 10:18:22'),(319,327,319,0,'0000-00-00 00:00:00',0.000000,0.000000,3.054098,3.440000,1.754098,2.140000,1.300000,1.300000,0,0.000000,0.000000,'Desktop Store','carmelo mocenigo<br />via stradone<br />04020 ss cosma e damiano<br />Italia','carmelo mocenigo<br />via stradone<br />04020 ss cosma e damiano<br />Italia','','2016-11-05 10:18:25'),(320,328,320,0,'0000-00-00 00:00:00',0.000000,0.000000,3.054098,3.440000,1.754098,2.140000,1.300000,1.300000,0,0.000000,0.000000,'Desktop Store','Gaetano D\\\'Aquila C/O GiPStech Srl<br />Incub. Technest - Università della Calabria -Piazza Vermicelli 1<br />87036 Arcavacata di Rende<br />Italia','Gaetano D\\\'Aquila C/O GiPStech Srl<br />Incub. Technest - Università della Calabria -Piazza Vermicelli 1<br />87036 Arcavacata di Rende<br />Italia','','2016-11-05 10:18:29'),(321,329,321,0,'0000-00-00 00:00:00',0.000000,0.000000,6.127869,7.190000,4.827869,5.890000,1.300000,1.300000,0,0.000000,0.000000,'Desktop Store','Danovaro Franco<br />Via Lucio Sestio, 27 scala D int. 9<br />00174 Roma<br />Italia','Danovaro Franco<br />Via Lucio Sestio, 27 scala D int. 9<br />00174 Roma<br />Italia','','2016-11-05 10:18:34'),(322,330,322,0,'0000-00-00 00:00:00',0.000000,0.000000,2.619672,2.910000,1.319672,1.610000,1.300000,1.300000,0,0.000000,0.000000,'Desktop Store','Greta Magoni<br />via cavamento<br />40017 san Giovanni in persiceto<br />Italia','Greta Magoni<br />via cavamento<br />40017 san Giovanni in persiceto<br />Italia','','2016-11-05 10:18:43'),(323,331,323,0,'0000-00-00 00:00:00',0.000000,0.000000,16.432787,19.520000,14.032787,17.120000,2.400000,2.400000,0,0.000000,0.000000,'Desktop Store','Francesco Fusco<br />via feroni n°10<br />81037 Carano di Sessa Aurunca<br />Italia','Francesco Fusco<br />via feroni n°10<br />81037 Carano di Sessa Aurunca<br />Italia','','2016-11-05 10:18:48'),(324,332,324,0,'0000-00-00 00:00:00',0.000000,0.000000,7.611475,9.000000,6.311475,7.700000,1.300000,1.300000,0,0.000000,0.000000,'Desktop Store','giuseppe leone<br />via cb 21 numero 6<br />91021 campobello di mazara<br />Italia','giuseppe leone<br />via cb 21 numero 6<br />91021 campobello di mazara<br />Italia','','2016-11-05 10:18:52');

--
