(26165,223,95,'LA PICCOLA MATITA',8,8,1.50,1.50,0,4,'50',6.00),(26166,223,96,'LA PREGHIERA  - MEDICINA DELLANIMA',2,2,1.50,1.50,0,4,'50',1.50),(26167,223,99,'AVE MARIA PREGHIERE MARIANE',1,1,2.00,2.00,0,4,'50',1.00),(26168,223,111,'I NONNI SONO UN TESORO',5,5,1.50,1.50,0,4,'50',3.75),(26169,223,123,'DIO E IN DIECI PAROLE - COMANDAMENTI',6,6,3.00,3.00,0,4,'50',9.00),(26170,223,114,'Le preghiere dei ragazzi',3,3,1.50,1.50,0,4,'50',2.25),(26171,223,115,'SAN FRANCESCO DASSISI RACCONTATO AI RAGAZZI N.E.',3,3,4.00,4.00,0,4,'50',6.00),(26172,223,116,'DIZIONARIO DEI SIMBOLI DEL PICCOLO CRISTIANO NE',3,3,2.50,2.50,0,4,'50',3.75),(26173,223,117,'La prehiera delle cinque dita n.e.',5,5,1.50,1.50,0,4,'50',3.75),(26174,223,118,'Il Credo spiegato ai ragazzi n.e.',14,14,2.50,2.50,0,4,'50',17.50),(26175,223,119,'Rosario spiegato ai bambini N.E.',5,5,2.50,2.50,0,4,'50',6.25),(26176,225,58,'SCATOLA FIGURINE AMICO GESÙ - 60 BUSTINE',1,-1,30.00,30.00,0,4,'15',25.50),(26177,136,34,'LE MIE PREGHIERINE',28,-28,1.50,1.50,0,4,'0',42.00),(26178,220,58,'SCATOLA FIGURINE AMICO GESÙ - 60 BUSTINE',5,-5,30.00,30.00,0,4,'20',120.00),(26179,228,67,'CON GESU\' SULLA VIA DELLA CROCE - VIA CRUCIS ',3000,3000,0.22,0.21,4,3,'0',676.00),(26180,227,118,'Il Credo spiegato ai ragazzi n.e.',100,-100,2.50,2.50,0,4,'15',212.50),(26181,232,2,'I miracoli da colorare. La nascita di Gesù',1,0,2.50,2.50,0,4,'50',1.25),(26182,232,4,'I miracoli da colorare. Le nozze di Cana',1,0,2.00,2.00,0,4,'50',1.00),(26183,232,6,'I miracoli da colorare. Il figlio della vedova',1,0,2.00,2.00,0,4,'50',1.00),(26184,232,7,'I miracoli da colorare. La pesca miracolosa',1,0,1.50,1.50,0,4,'50',0.75),(26185,232,10,'I miracoli da colorare. Gesù cammina sulle acque',1,0,2.00,2.00,0,4,'50',1.00),(26186,232,11,'COME PREPARARSI ALLA CONFESSIONE',7,0,1.50,1.50,0,4,'50',5.25),(26187,232,13,'BUSSATE E VI SARÀ APERTO',3,0,1.50,1.50,0,4,'50',2.25),(26188,232,17,'LA FEDE NELLO ZAINETTO',75,0,5.00,5.00,0,4,'50',187.50),(26189,232,19,'CHIERICHETTI IERI OGGI DOMANI',32,0,2.50,2.50,0,4,'50',40.00),(26190,232,20,'GIOVEDÌ SANTO',1,0,1.50,1.50,0,4,'50',0.75),(26191,232,23,'FATE QUESTO IN MEMORIA DI ME',65,0,2.50,2.50,0,4,'50',81.25),(26192,232,25,'PICCOLO DIZIONARIO DEL CRISTIANO',1,0,3.00,3.00,0,4,'50',1.50),(26193,232,121,'DIZIONARIO DEI SIMBOLI DEL CRISTIANO',9,0,2.50,2.50,0,4,'50',11.25),(26194,232,122,'LIBRO AGENDA CATTOLICO 2020',4,0,16.00,16.00,0,4,'50',32.00),(26195,232,30,'LA BIBBIA: ANTICO TESTAMENTO',1,0,9.00,9.00,0,4,'50',4.50),(26196,232,31,'LA BIBBIA:ED.REGALO ANTICO TESTAMENTO',1,0,12.00,12.00,0,4,'50',6.00),(26197,232,33,'100 GIORNI CON LO SPIRITO',24,0,7.00,7.00,0,4,'50',84.00),(26198,232,34,'LE MIE PREGHIERINE',21,0,1.50,1.50,0,4,'50',15.75),(26199,232,35,'ANGELI - I NOSTRI MIGLIORI AMICI',17,0,2.50,2.50,0,4,'50',21.25),(26200,232,40,'A TAVOLA CON GESU\'',3,0,2.50,2.50,0,4,'50',3.75),(26201,232,44,'GUARDALIBRI: DVD IL CREDO',1,0,9.90,9.90,0,4,'50',4.95),(26202,232,46,'LE LETTERE DI SAN PAOLO',1,0,3.50,3.50,0,4,'50',1.75),(26203,232,47,'IL ROSARIO SPIEGATO AI BAMBINI N.E.',36,0,2.50,2.50,0,4,'50',45.00),(26204,232,48,'I SANTI E GLI ANIMALI',7,0,3.00,3.00,0,4,'50',10.50),(26205,232,50,'PERDONAMI SIGNORE',14,0,2.00,2.00,0,4,'50',14.00),(26206,232,52,'Il Padre Nostro spiegato ai bambini',44,0,2.00,2.00,0,4,'50',44.00),(26207,232,54,'BENEDETTO XVI ° ..... UNA PAGINA DI STORIA',1,0,2.50,2.50,0,4,'50',1.25),(26208,232,55,'AVE MARIA ,SPIEGATA AI BAMBINI',9,0,1.50,1.50,0,4,'50',6.75),(26209,232,57,'ALBUM + BUSTINA  AMICO GESÙ',2,0,2.00,2.00,0,4,'50',2.00),(26210,232,62,'GIOVANNI XXIII° SANTO  .....IL PAPA BUONO',1,0,2.50,2.50,0,4,'50',1.25),(26211,232,66,'BEATI GLI INVITATI ALLA CENA DEL SIGNORE',2,0,6.50,6.50,0,4,'50',6.50),(26212,232,67,'CON GESU\' SULLA VIA DELLA CROCE - VIA CRUCIS ',359,0,2.00,2.00,0,4,'50',359.00),(26213,232,74,'DIO È , IN DIECI PAROLE',12,0,4.50,4.50,0,4,'50',27.00),(26214,232,75,'IL SEGNO DELLA CROCE',80,0,1.50,1.50,0,4,'50',60.00),(26215,232,92,'LA PREGHIERA DEL ROSARIO',5,0,2.50,2.50,0,4,'50',6.25),(26216,232,95,'LA PICCOLA MATITA',7,0,1.50,1.50,0,4,'50',5.25),(26217,232,98,'ANGELO DI DIO PREGHIERE',1,0,1.50,1.50,0,4,'50',0.75),(26218,232,99,'AVE MARIA PREGHIERE MARIANE',3,0,2.00,2.00,0,4,'50',3.00),(26219,232,101,'GESU\' BENEDICI LA NOSTRA FAMIGLIA',3,0,1.50,1.50,0,4,'50',2.25),(26220,232,103,'Lo Spirito Santo raccontato ai ragazzi N.E.',1,0,2.00,2.00,0,4,'50',1.00),(26221,232,105,'COSA CHIEDIAMO ALLA PARROCCHIA ..N.EDIZ.',1,0,1.50,1.50,0,4,'50',0.75),(26222,232,110,'SE MI AMI NON PIANGERE',19,0,1.50,1.50,0,4,'50',14.25),(26223,232,123,'DIO E\' IN DIECI PAROLE - COMANDAMENTI',2,0,3.00,3.00,0,4,'50',3.00),(26224,232,124,'PREGHIERE DEI RAGAZZI N. E. ',17,0,1.50,1.50,0,4,'50',12.75),(26225,232,115,'SAN FRANCESCO D\'ASSISI RACCONTATO AI RAGAZZI N.E.',7,0,4.00,4.00,0,4,'50',14.00),(26226,232,116,'DIZIONARIO DEI SIMBOLI DEL PICCOLO CRISTIANO NE',15,0,2.50,2.50,0,4,'50',18.75),(26227,232,117,'La prehiera delle cinque dita n.e.',18,0,1.50,1.50,0,4,'50',13.50),(26228,232,118,'Il Credo spiegato ai ragazzi n.e.',19,0,2.50,2.50,0,4,'50',23.75),(26244,233,17,'LA FEDE NELLO ZAINETTO',6,6,5.00,5.00,0,4,'50',15.00),(26245,233,19,'CHIERICHETTI IERI OGGI DOMANI',7,7,2.50,2.50,0,4,'50',8.75),(26246,233,25,'PICCOLO DIZIONARIO DEL CRISTIANO',4,4,3.00,3.00,0,4,'50',6.00),(26247,233,121,'DIZIONARIO DEI SIMBOLI DEL CRISTIANO',4,4,2.50,2.50,0,4,'50',5.00),(26248,233,122,'LIBRO AGENDA CATTOLICO 2020',34,34,16.00,16.00,0,4,'50',272.00),(26249,233,27,'TU SEI PIETRO',1,1,2.50,2.50,0,4,'50',1.25),(26250,233,35,'ANGELI - I NOSTRI MIGLIORI AMICI',3,3,2.50,2.50,0,4,'50',3.75),(26251,233,44,'GUARDALIBRI: DVD IL CREDO',1,1,9.90,9.90,0,4,'50',4.95),(26252,233,47,'IL ROSARIO SPIEGATO AI BAMBINI N.E.',5,5,2.50,2.50,0,4,'50',6.25),(26253,233,59,'CATECHISTI DI QUALITÀ',14,14,2.50,2.50,0,4,'50',17.50),(26254,233,60,'IL NATALE SPIEGATO AI BAMBINI',14,14,2.00,2.00,0,4,'50',14.00),(26255,233,63,'STORIA D.SALVEZZA  1°ADAMO ED EVA',1,1,2.00,2.00,0,4,'50',1.00),(26256,233,73,'FRANCESCO AI GIOVANI',1,1,2.50,2.50,0,4,'50',1.25),(26257,233,84,'LAVVENTO',2,2,2.00,2.00,0,4,'50',2.00),(26258,233,89,'COMUNIONE SPIEGATA AI RAGAZZI',5,5,1.50,1.50,0,4,'50',3.75),(26259,233,92,'LA PREGHIERA DEL ROSARIO',1,1,2.50,2.50,0,4,'50',1.25),(26260,233,103,'Lo Spirito Santo raccontato ai ragazzi N.E.',1,1,2.00,2.00,0,4,'50',1.00),(26261,233,107,'SANTIFICAZIONE PASTORELLI  DI FATIMA',8,8,1.50,1.50,0,4,'50',6.00),(26262,233,110,'SE MI AMI NON PIANGERE',2,2,1.50,1.50,0,4,'50',1.50),(26263,233,111,'I NONNI SONO UN TESORO',22,22,1.50,1.50,0,4,'50',16.50),(26264,233,112,'SEMPRE CON TE -VANGELO TASCABILE',1,1,2.50,2.50,0,4,'50',1.25),(26265,233,123,'DIO E IN DIECI PAROLE - COMANDAMENTI',11,11,3.00,3.00,0,4,'50',16.50),(26266,233,115,'SAN FRANCESCO DASSISI RACCONTATO AI RAGAZZI N.E.',1,1,4.00,4.00,0,4,'50',2.00),(26267,233,116,'DIZIONARIO DEI SIMBOLI DEL PICCOLO CRISTIANO NE',8,8,2.50,2.50,0,4,'50',10.00),(26268,233,117,'La prehiera delle cinque dita n.e.',15,15,1.50,1.50,0,4,'50',11.25),(26269,233,118,'Il Credo spiegato ai ragazzi n.e.',2,2,2.50,2.50,0,4,'50',2.50),(26270,238,6,'I miracoli da colorare. Il figlio della vedova',1,1,2.00,2.00,0,4,'50',1.00),(26271,238,17,'LA FEDE NELLO ZAINETTO',2,2,5.00,5.00,0,4,'50',5.00),(26272,238,19,'CHIERICHETTI IERI OGGI DOMANI',16,16,2.50,2.50,0,4,'50',20.00),(26273,238,33,'100 GIORNI CON LO SPIRITO',1,1,7.00,7.00,0,4,'50',3.50),(26274,238,38,'MADRE TERESA, UNA MISSIONARIA',2,2,2.60,2.60,0,4,'50',2.60),(26275,238,52,'Il Padre Nostro spiegato ai bambini',27,27,2.00,2.00,0,4,'50',27.00),(26276,238,57,'ALBUM + BUSTINA  AMICO GESÙ',1,1,2.00,2.00,0,4,'50',1.00),(26277,238,59,'CATECHISTI DI QUALITÀ',6,6,2.50,2.50,0,4,'50',7.50),(26278,238,60,'IL NATALE SPIEGATO AI BAMBINI',3,3,2.00,2.00,0,4,'50',3.00),(26279,238,65,'LA FAMIGLIA, CHIESA DOMESTICA',2,2,6.00,6.00,0,4,'50',6.00),(26280,238,75,'IL SEGNO DELLA CROCE',2,2,1.50,1.50,0,4,'50',1.50),(26281,238,84,'L\'AVVENTO',5,5,2.00,2.00,0,4,'50',5.00),(26282,238,89,'COMUNIONE SPIEGATA AI RAGAZZI',23,23,1.50,1.50,0,4,'50',17.25),(26283,238,94,'IL BATTESIMO',38,38,1.50,1.50,0,4,'50',28.50),(26284,238,103,'Lo Spirito Santo raccontato ai ragazzi N.E.',1,1,2.00,2.00,0,4,'50',1.00),(26285,238,111,'I NONNI SONO UN TESORO',1,1,1.50,1.50,0,4,'50',0.75),(26286,238,123,'DIO E\' IN DIECI PAROLE - COMANDAMENTI',5,5,3.00,3.00,0,4,'50',7.50),(26287,238,116,'DIZIONARIO DEI SIMBOLI DEL PICCOLO CRISTIANO NE',1,1,2.50,2.50,0,4,'50',1.25),(26288,238,118,'Il Credo spiegato ai ragazzi n.e.',19,19,2.50,2.50,0,4,'50',23.75),(26301,238,6,'I miracoli da colorare. Il figlio della vedova',1,1,2.00,2.00,0,4,'50',1.00),(26302,238,17,'LA FEDE NELLO ZAINETTO',2,2,5.00,5.00,0,4,'50',5.00),(26303,238,19,'CHIERICHETTI IERI OGGI DOMANI',16,16,2.50,2.50,0,4,'50',20.00),(26304,238,33,'100 GIORNI CON LO SPIRITO',1,1,7.00,7.00,0,4,'50',3.50),(26305,238,38,'MADRE TERESA, UNA MISSIONARIA',2,2,2.60,2.60,0,4,'50',2.60),(26306,238,52,'Il Padre Nostro spiegato ai bambini',27,27,2.00,2.00,0,4,'50',27.00),(26307,238,57,'ALBUM + BUSTINA  AMICO GESÙ',1,1,2.00,2.00,0,4,'50',1.00),(26308,238,59,'CATECHISTI DI QUALITÀ',6,6,2.50,2.50,0,4,'50',7.50),(26309,238,60,'IL NATALE SPIEGATO AI BAMBINI',3,3,2.00,2.00,0,4,'50',3.00),(26310,238,65,'LA FAMIGLIA, CHIESA DOMESTICA',2,2,6.00,6.00,0,4,'50',6.00),(26311,238,75,'IL SEGNO DELLA CROCE',2,2,1.50,1.50,0,4,'50',1.50),(26312,238,84,'L\'AVVENTO',5,5,2.00,2.00,0,4,'50',5.00),(26313,238,89,'COMUNIONE SPIEGATA AI RAGAZZI',23,23,1.50,1.50,0,4,'50',17.25),(26314,238,94,'IL BATTESIMO',38,38,1.50,1.50,0,4,'50',28.50),(26315,238,103,'Lo Spirito Santo raccontato ai ragazzi N.E.',1,1,2.00,2.00,0,4,'50',1.00),(26316,238,111,'I NONNI SONO UN TESORO',1,1,1.50,1.50,0,4,'50',0.75),(26317,238,123,'DIO E\' IN DIECI PAROLE - COMANDAMENTI',5,5,3.00,3.00,0,4,'50',7.50),(26318,238,116,'DIZIONARIO DEI SIMBOLI DEL PICCOLO CRISTIANO NE',1,1,2.50,2.50,0,4,'50',1.25),(26319,238,118,'Il Credo spiegato ai ragazzi n.e.',19,19,2.50,2.50,0,4,'50',23.75),(26320,238,122,'LIBRO AGENDA CATTOLICO 2020',10,10,16.00,16.00,0,4,'50',80.00),(26332,238,6,'I miracoli da colorare. Il figlio della vedova',1,1,2.00,2.00,0,4,'50',1.00),(26333,238,17,'LA FEDE NELLO ZAINETTO',2,2,5.00,5.00,0,4,'50',5.00),(26334,238,19,'CHIERICHETTI IERI OGGI DOMANI',16,16,2.50,2.50,0,4,'50',20.00),(26335,238,33,'100 GIORNI CON LO SPIRITO',1,1,7.00,7.00,0,4,'50',3.50),(26336,238,38,'MADRE TERESA, UNA MISSIONARIA',2,2,2.60,2.60,0,4,'50',2.60),(26337,238,52,'Il Padre Nostro spiegato ai bambini',27,27,2.00,2.00,0,4,'50',27.00),(26338,238,57,'ALBUM + BUSTINA  AMICO GESÙ',1,1,2.00,2.00,0,4,'50',1.00),(26339,238,59,'CATECHISTI DI QUALITÀ',6,6,2.50,2.50,0,4,'50',7.50),(26340,238,60,'IL NATALE SPIEGATO AI BAMBINI',3,3,2.00,2.00,0,4,'50',3.00),(26341,238,65,'LA FAMIGLIA, CHIESA DOMESTICA',2,2,6.00,6.00,0,4,'50',6.00),(26342,238,75,'IL SEGNO DELLA CROCE',2,2,1.50,1.50,0,4,'50',1.50),(26343,238,84,'L\'AVVENTO',5,5,2.00,2.00,0,4,'50',5.00),(26344,238,89,'COMUNIONE SPIEGATA AI RAGAZZI',23,23,1.50,1.50,0,4,'50',17.25),(26345,238,94,'IL BATTESIMO',38,38,1.50,1.50,0,4,'50',28.50),(26346,238,103,'Lo Spirito Santo raccontato ai ragazzi N.E.',1,1,2.00,2.00,0,4,'50',1.00),(26347,238,111,'I NONNI SONO UN TESORO',1,1,1.50,1.50,0,4,'50',0.75),(26348,238,123,'DIO E\' IN DIECI PAROLE - COMANDAMENTI',5,5,3.00,3.00,0,4,'50',7.50),(26349,238,116,'DIZIONARIO DEI SIMBOLI DEL PICCOLO CRISTIANO NE',1,1,2.50,2.50,0,4,'50',1.25),(26350,238,118,'Il Credo spiegato ai ragazzi n.e.',19,19,2.50,2.50,0,4,'50',23.75),(26351,238,122,'LIBRO AGENDA CATTOLICO 2020',10,10,16.00,16.00,0,4,'50',80.00),(26363,237,6,'I miracoli da colorare. Il figlio della vedova',1,0,2.00,2.00,0,4,'50',1.00),(26364,237,11,'COME PREPARARSI ALLA CONFESSIONE',3,0,1.50,1.50,0,4,'50',2.25),(26365,237,13,'BUSSATE E VI SARÀ APERTO',3,0,1.50,1.50,0,4,'50',2.25),(26366,237,25,'PICCOLO DIZIONARIO DEL CRISTIANO',10,0,3.00,3.00,0,4,'50',15.00),(26367,237,121,'DIZIONARIO DEI SIMBOLI DEL CRISTIANO',10,0,2.50,2.50,0,4,'50',12.50),(26368,237,122,'LIBRO AGENDA CATTOLICO 2020',7,0,16.00,16.00,0,4,'50',56.00),(26369,237,32,'IL CANTICO DELLE CREATURE',3,0,2.20,2.20,0,4,'50',3.30),(26370,237,46,'LE LETTERE DI SAN PAOLO',1,0,3.50,3.50,0,4,'50',1.75),(26371,237,47,'IL ROSARIO SPIEGATO AI BAMBINI N.E.',7,0,2.50,2.50,0,4,'50',8.75),(26372,237,50,'PERDONAMI SIGNORE',3,0,2.00,2.00,0,4,'50',3.00),(26373,237,52,'Il Padre Nostro spiegato ai bambini',10,0,2.00,2.00,0,4,'50',10.00),(26374,237,55,'AVE MARIA ,SPIEGATA AI BAMBINI',8,0,1.50,1.50,0,4,'50',6.00),(26375,237,56,'MARIA  LA MAMMA DI GESU\'',2,0,2.50,2.50,0,4,'50',2.50),(26376,237,57,'ALBUM + BUSTINA  AMICO GESÙ',1,0,2.00,2.00,0,4,'50',1.00),(26377,237,74,'DIO È , IN DIECI PAROLE',2,0,4.50,4.50,0,4,'50',4.50),(26378,237,75,'IL SEGNO DELLA CROCE',3,0,1.50,1.50,0,4,'50',2.25),(26379,237,92,'LA PREGHIERA DEL ROSARIO',3,0,2.50,2.50,0,4,'50',3.75),(26380,237,94,'IL BATTESIMO',1,0,1.50,1.50,0,4,'50',0.75),(26381,237,99,'AVE MARIA PREGHIERE MARIANE',3,0,2.00,2.00,0,4,'50',3.00),(26382,237,103,'Lo Spirito Santo raccontato ai ragazzi N.E.',2,0,2.00,2.00,0,4,'50',2.00),(26383,237,110,'SE MI AMI NON PIANGERE',3,0,1.50,1.50,0,4,'50',2.25),(26384,237,114,'Le preghiere dei ragazzi',17,0,1.50,1.50,0,4,'50',12.75),(26385,237,115,'SAN FRANCESCO D\'ASSISI RACCONTATO AI RAGAZZI N.E.',5,0,4.00,4.00,0,4,'50',10.00),(26386,237,117,'La prehiera delle cinque dita n.e.',5,0,1.50,1.50,0,4,'50',3.75),(26387,237,33,'100 GIORNI CON LO SPIRITO',2,0,7.00,7.00,0,4,'50',7.00),(26388,242,23,'FATE QUESTO IN MEMORIA DI ME',13,0,2.50,2.50,0,4,'50',16.25),(26389,242,122,'LIBRO AGENDA CATTOLICO 2020',11,0,16.00,16.00,0,4,'50',88.00),(26390,242,34,'LE MIE PREGHIERINE',24,0,1.50,1.50,0,4,'50',18.00),(26391,242,57,'ALBUM + BUSTINA  AMICO GESÙ',1,0,2.00,2.00,0,4,'50',1.00),(26392,242,67,'CON GESU SULLA VIA DELLA CROCE - VIA CRUCIS ',10,0,2.00,2.00,0,4,'50',10.00),(26393,242,84,'LAVVENTO',1,0,2.00,2.00,0,4,'50',1.00),(26394,242,118,'Il Credo spiegato ai ragazzi n.e.',1,0,2.50,2.50,0,4,'50',1.25),(26395,243,55,'AVE MARIA ,SPIEGATA AI BAMBINI',50,-50,1.50,1.50,0,4,'0',75.00),(26396,243,13,'BUSSATE E VI SARÀ APERTO',40,-40,1.50,1.50,0,4,'0',60.00),(26397,246,11,'COME PREPARARSI ALLA CONFESSIONE',3,3,1.50,1.50,0,4,'50',2.25),(26398,246,13,'BUSSATE E VI SARÀ APERTO',10,10,1.50,1.50,0,4,'50',7.50),(26399,246,17,'LA FEDE NELLO ZAINETTO',1,1,5.00,5.00,0,4,'50',2.50),(26400,246,19,'CHIERICHETTI IERI OGGI DOMANI',31,31,2.50,2.50,0,4,'50',38.75),(26401,246,23,'FATE QUESTO IN MEMORIA DI ME',14,14,2.50,2.50,0,4,'50',17.50),(26402,246,25,'PICCOLO DIZIONARIO DEL CRISTIANO',5,5,3.00,3.00,0,4,'50',7.50),(26403,246,121,'DIZIONARIO DEI SIMBOLI DEL CRISTIANO',4,4,2.50,2.50,0,4,'50',5.00),(26404,246,122,'LIBRO AGENDA CATTOLICO 2020',3,3,16.00,16.00,0,4,'50',24.00),(26405,246,26,'TU SOLO HAI PAROLE DI VITA ETERNA',6,6,1.50,1.50,0,4,'50',4.50),(26406,246,35,'ANGELI - I NOSTRI MIGLIORI AMICI',1,1,2.50,2.50,0,4,'50',1.25),(26407,246,50,'PERDONAMI SIGNORE',8,8,2.00,2.00,0,4,'50',8.00),(26408,246,52,'Il Padre Nostro spiegato ai bambini',3,3,2.00,2.00,0,4,'50',3.00),(26409,246,55,'AVE MARIA ,SPIEGATA AI BAMBINI',11,11,1.50,1.50,0,4,'50',8.25),(26410,246,67,'CON GESU\' SULLA VIA DELLA CROCE - VIA CRUCIS ',55,55,2.00,2.00,0,4,'50',55.00),(26411,246,80,'MISERICORDIA',1,1,2.50,2.50,0,4,'50',1.25),(26412,246,86,'Il figliol prodigo',2,2,1.50,1.50,0,4,'50',1.50),(26413,246,89,'COMUNIONE SPIEGATA AI RAGAZZI',6,6,1.50,1.50,0,4,'50',4.50),(26414,246,91,'I 10 COMANDAMENTI',13,13,2.00,2.00,0,4,'50',13.00),(26415,246,93,'Fatima - Con l\'angelo verso il centenario',4,4,1.50,1.50,0,4,'50',3.00),(26416,246,94,'IL BATTESIMO',1,1,1.50,1.50,0,4,'50',0.75),(26417,246,96,'LA PREGHIERA  - MEDICINA DELL\'ANIMA',17,17,1.50,1.50,0,4,'50',12.75),(26418,246,101,'GESU\' BENEDICI LA NOSTRA FAMIGLIA',2,2,1.50,1.50,0,4,'50',1.50),(26419,246,103,'Lo Spirito Santo raccontato ai ragazzi N.E.',2,2,2.00,2.00,0,4,'50',2.00),(26420,246,110,'SE MI AMI NON PIANGERE',1,1,1.50,1.50,0,4,'50',0.75),(26421,246,123,'DIO E\' IN DIECI PAROLE - COMANDAMENTI',1,1,3.00,3.00,0,4,'50',1.50),(26422,246,114,'Le preghiere dei ragazzi',13,13,1.50,1.50,0,4,'50',9.75),(26423,246,115,'SAN FRANCESCO D\'ASSISI RACCONTATO AI RAGAZZI N.E.',1,1,4.00,4.00,0,4,'50',2.00),(26424,246,118,'Il Credo spiegato ai ragazzi n.e.',3,3,2.50,2.50,0,4,'50',3.75),(26428,248,11,'COME PREPARARSI ALLA CONFESSIONE',4,0,1.50,1.50,0,4,'50',3.00),(26429,248,13,'BUSSATE E VI SARÀ APERTO',3,0,1.50,1.50,0,4,'50',2.25),(26430,248,17,'LA FEDE NELLO ZAINETTO',19,0,5.00,5.00,0,4,'50',47.50),(26431,248,19,'CHIERICHETTI IERI OGGI DOMANI',40,0,2.50,2.50,0,4,'50',50.00),(26432,248,25,'PICCOLO DIZIONARIO DEL CRISTIANO',12,0,3.00,3.00,0,4,'50',18.00),(26433,248,121,'DIZIONARIO DEI SIMBOLI DEL CRISTIANO',53,0,2.50,2.50,0,4,'50',66.25),(26434,248,122,'LIBRO AGENDA CATTOLICO 2020',5,0,16.00,16.00,0,4,'50',40.00),(26435,248,28,'DON CARLO GNOCCHI',1,0,2.00,2.00,0,4,'50',1.00),(26436,248,32,'IL CANTICO DELLE CREATURE',2,0,2.20,2.20,0,4,'50',2.20),(26437,248,33,'100 GIORNI CON LO SPIRITO',2,0,7.00,7.00,0,4,'50',7.00),(26438,248,34,'LE MIE PREGHIERINE',7,0,1.50,1.50,0,4,'50',5.25),(26439,248,35,'ANGELI - I NOSTRI MIGLIORI AMICI',4,0,2.50,2.50,0,4,'50',5.00),(26440,248,47,'IL ROSARIO SPIEGATO AI BAMBINI N.E.',11,0,2.50,2.50,0,4,'50',13.75),(26441,248,52,'Il Padre Nostro spiegato ai bambini',9,0,2.00,2.00,0,4,'50',9.00),(26442,248,55,'AVE MARIA ,SPIEGATA AI BAMBINI',6,0,1.50,1.50,0,4,'50',4.50),(26443,248,57,'ALBUM + BUSTINA  AMICO GESÙ',5,0,2.00,2.00,0,4,'50',5.00),(26444,248,58,'SCATOLA FIGURINE AMICO GESÙ - 60 BUSTINE',1,0,30.00,30.00,0,4,'50',15.00),(26445,248,60,'IL NATALE SPIEGATO AI BAMBINI',1,0,2.00,2.00,0,4,'50',1.00),(26446,248,64,'MARIA APPARIZIONI E MESSAGGI',1,0,2.50,2.50,0,4,'50',1.25),(26447,248,67,'CON GESU\' SULLA VIA DELLA CROCE - VIA CRUCIS ',11,0,2.00,2.00,0,4,'50',11.00),(26448,248,75,'IL SEGNO DELLA CROCE',5,0,1.50,1.50,0,4,'50',3.75),(26449,248,92,'LA PREGHIERA DEL ROSARIO',7,0,2.50,2.50,0,4,'50',8.75),(26450,248,96,'LA PREGHIERA  - MEDICINA DELL\'ANIMA',11,0,1.50,1.50,0,4,'50',8.25),(26451,248,99,'AVE MARIA PREGHIERE MARIANE',4,0,2.00,2.00,0,4,'50',4.00),(26452,248,101,'GESU\' BENEDICI LA NOSTRA FAMIGLIA',3,0,1.50,1.50,0,4,'50',2.25),(26453,248,110,'SE MI AMI NON PIANGERE',16,0,1.50,1.50,0,4,'50',12.00),(26454,248,123,'DIO E\' IN DIECI PAROLE - COMANDAMENTI',45,0,3.00,3.00,0,4,'50',67.50),(26455,248,114,'Le preghiere dei ragazzi',11,0,1.50,1.50,0,4,'50',8.25),(26456,248,115,'SAN FRANCESCO D\'ASSISI RACCONTATO AI RAGAZZI N.E.',25,0,4.00,4.00,0,4,'50',50.00),(26457,248,117,'La prehiera delle cinque dita n.e.',21,0,1.50,1.50,0,4,'50',15.75),(26458,248,118,'Il Credo spiegato ai ragazzi n.e.',21,0,2.50,2.50,0,4,'50',26.25),(26459,245,11,'COME PREPARARSI ALLA CONFESSIONE',4,0,1.50,1.50,0,4,'50',3.00),(26460,245,13,'BUSSATE E VI SARÀ APERTO',3,0,1.50,1.50,0,4,'50',2.25),(26461,245,17,'LA FEDE NELLO ZAINETTO',19,0,5.00,5.00,0,4,'50',47.50),(26462,245,19,'CHIERICHETTI IERI OGGI DOMANI',40,0,2.50,2.50,0,4,'50',50.00),(26463,245,25,'PICCOLO DIZIONARIO DEL CRISTIANO',12,0,3.00,3.00,0,4,'50',18.00),(26464,245,121,'DIZIONARIO DEI SIMBOLI DEL CRISTIANO',53,0,2.50,2.50,0,4,'50',66.25),(26465,245,122,'LIBRO AGENDA CATTOLICO 2020',5,0,16.00,16.00,0,4,'50',40.00),(26466,245,28,'DON CARLO GNOCCHI',1,0,2.00,2.00,0,4,'50',1.00),(26467,245,32,'IL CANTICO DELLE CREATURE',2,0,2.20,2.20,0,4,'50',2.20),(26468,245,33,'100 GIORNI CON LO SPIRITO',2,0,7.00,7.00,0,4,'50',7.00),(26469,245,34,'LE MIE PREGHIERINE',7,0,1.50,1.50,0,4,'50',5.25),(26470,245,35,'ANGELI - I NOSTRI MIGLIORI AMICI',4,0,2.50,2.50,0,4,'50',5.00),(26471,245,47,'IL ROSARIO SPIEGATO AI BAMBINI N.E.',11,0,2.50,2.50,0,4,'50',13.75),(26472,245,52,'Il Padre Nostro spiegato ai bambini',9,0,2.00,2.00,0,4,'50',9.00),(26473,245,55,'AVE MARIA ,SPIEGATA AI BAMBINI',6,0,1.50,1.50,0,4,'50',4.50),(26474,245,57,'ALBUM + BUSTINA  AMICO GESÙ',5,0,2.00,2.00,0,4,'50',5.00),(26475,245,58,'SCATOLA FIGURINE AMICO GESÙ - 60 BUSTINE',1,0,30.00,30.00,0,4,'50',15.00),(26476,245,60,'IL NATALE SPIEGATO AI BAMBINI',1,0,2.00,2.00,0,4,'50',1.00),(26477,245,64,'MARIA APPARIZIONI E MESSAGGI',1,0,2.50,2.50,0,4,'50',1.25),(26478,245,67,'CON GESU\' SULLA VIA DELLA CROCE - VIA CRUCIS ',11,0,2.00,2.00,0,4,'50',11.00),(26479,245,75,'IL SEGNO DELLA CROCE',5,0,1.50,1.50,0,4,'50',3.75),(26480,245,92,'LA PREGHIERA DEL ROSARIO',7,0,2.50,2.50,0,4,'50',8.75),(26481,245,96,'LA PREGHIERA  - MEDICINA DELL\'ANIMA',11,0,1.50,1.50,0,4,'50',8.25),(26482,245,99,'AVE MARIA PREGHIERE MARIANE',4,0,2.00,2.00,0,4,'50',4.00),(26483,245,101,'GESU\' BENEDICI LA NOSTRA FAMIGLIA',3,0,1.50,1.50,0,4,'50',2.25),(26484,245,110,'SE MI AMI NON PIANGERE',16,0,1.50,1.50,0,4,'50',12.00),(26485,245,123,'DIO E\' IN DIECI PAROLE - COMANDAMENTI',45,0,3.00,3.00,0,4,'50',67.50),(26486,245,114,'Le preghiere dei ragazzi',11,0,1.50,1.50,0,4,'50',8.25),(26487,245,115,'SAN FRANCESCO D\'ASSISI RACCONTATO AI RAGAZZI N.E.',25,0,4.00,4.00,0,4,'50',50.00),(26488,245,117,'La prehiera delle cinque dita n.e.',21,0,1.50,1.50,0,4,'50',15.75),(26489,245,118,'Il Credo spiegato ai ragazzi n.e.',21,0,2.50,2.50,0,4,'50',26.25),(26490,245,11,'COME PREPARARSI ALLA CONFESSIONE',4,0,1.50,1.50,0,4,'50',3.00),(26491,245,13,'BUSSATE E VI SARÀ APERTO',3,0,1.50,1.50,0,4,'50',2.25),(26492,245,17,'LA FEDE NELLO ZAINETTO',19,0,5.00,5.00,0,4,'50',47.50),(26493,245,19,'CHIERICHETTI IERI OGGI DOMANI',40,0,2.50,2.50,0,4,'50',50.00),(26494,245,25,'PICCOLO DIZIONARIO DEL CRISTIANO',12,0,3.00,3.00,0,4,'50',18.00),(26495,245,121,'DIZIONARIO DEI SIMBOLI DEL CRISTIANO',53,0,2.50,2.50,0,4,'50',66.25),(26496,245,122,'LIBRO AGENDA CATTOLICO 2020',5,0,16.00,16.00,0,4,'50',40.00),(26497,245,28,'DON CARLO GNOCCHI',1,0,2.00,2.00,0,4,'50',1.00),(26498,245,32,'IL CANTICO DELLE CREATURE',2,0,2.20,2.20,0,4,'50',2.20),(26499,245,33,'100 GIORNI CON LO SPIRITO',2,0,7.00,7.00,0,4,'50',7.00),(26500,245,34,'LE MIE PREGHIERINE',7,0,1.50,1.50,0,4,'50',5.25),(26501,245,35,'ANGELI - I NOSTRI MIGLIORI AMICI',4,0,2.50,2.50,0,4,'50',5.00),(26502,245,47,'IL ROSARIO SPIEGATO AI BAMBINI N.E.',11,0,2.50,2.50,0,4,'50',13.75),(26503,245,52,'Il Padre Nostro spiegato ai bambini',9,0,2.00,2.00,0,4,'50',9.00),(26504,245,55,'AVE MARIA ,SPIEGATA AI BAMBINI',6,0,1.50,1.50,0,4,'50',4.50),(26505,245,57,'ALBUM + BUSTINA  AMICO GESÙ',5,0,2.00,2.00,0,4,'50',5.00),(26506,245,58,'SCATOLA FIGURINE AMICO GESÙ - 60 BUSTINE',1,0,30.00,30.00,0,4,'50',15.00),(26507,245,60,'IL NATALE SPIEGATO AI BAMBINI',1,0,2.00,2.00,0,4,'50',1.00),(26508,245,64,'MARIA APPARIZIONI E MESSAGGI',1,0,2.50,2.50,0,4,'50',1.25),(26509,245,67,'CON GESU\' SULLA VIA DELLA CROCE - VIA CRUCIS ',11,0,2.00,2.00,0,4,'50',11.00),(26510,245,75,'IL SEGNO DELLA CROCE',5,0,1.50,1.50,0,4,'50',3.75),(26511,245,92,'LA PREGHIERA DEL ROSARIO',7,0,2.50,2.50,0,4,'50',8.75),(26512,245,96,'LA PREGHIERA  - MEDICINA DELL\'ANIMA',11,0,1.50,1.50,0,4,'50',8.25),(26513,245,99,'AVE MARIA PREGHIERE MARIANE',4,0,2.00,2.00,0,4,'50',4.00),(26514,245,101,'GESU\' BENEDICI LA NOSTRA FAMIGLIA',3,0,1.50,1.50,0,4,'50',2.25),(26515,245,110,'SE MI AMI NON PIANGERE',16,0,1.50,1.50,0,4,'50',12.00),(26516,245,123,'DIO E\' IN DIECI PAROLE - COMANDAMENTI',45,0,3.00,3.00,0,4,'50',67.50),(26517,245,114,'Le preghiere dei ragazzi',11,0,1.50,1.50,0,4,'50',8.25),(26518,245,115,'SAN FRANCESCO D\'ASSISI RACCONTATO AI RAGAZZI N.E.',25,0,4.00,4.00,0,4,'50',50.00),(26519,245,117,'La prehiera delle cinque dita n.e.',21,0,1.50,1.50,0,4,'50',15.75),(26520,245,118,'Il Credo spiegato ai ragazzi n.e.',21,0,2.50,2.50,0,4,'50',26.25),(26521,242,23,'FATE QUESTO IN MEMORIA DI ME',13,0,2.50,2.50,0,4,'50',16.25),(26522,242,122,'LIBRO AGENDA CATTOLICO 2020',11,0,16.00,16.00,0,4,'50',88.00),(26523,242,34,'LE MIE PREGHIERINE',24,0,1.50,1.50,0,4,'50',18.00),(26524,242,57,'ALBUM + BUSTINA  AMICO GESÙ',1,0,2.00,2.00,0,4,'50',1.00),(26525,242,67,'CON GESU SULLA VIA DELLA CROCE - VIA CRUCIS ',10,0,2.00,2.00,0,4,'50',10.00),(26526,242,84,'LAVVENTO',1,0,2.00,2.00,0,4,'50',1.00),(26527,242,118,'Il Credo spiegato ai ragazzi n.e.',1,0,2.50,2.50,0,4,'50',1.25),(26528,242,23,'FATE QUESTO IN MEMORIA DI ME',13,0,2.50,2.50,0,4,'50',16.25),(26529,242,122,'LIBRO AGENDA CATTOLICO 2020',11,0,16.00,16.00,0,4,'50',88.00),(26530,242,34,'LE MIE PREGHIERINE',24,0,1.50,1.50,0,4,'50',18.00),(26531,242,57,'ALBUM + BUSTINA  AMICO GESÙ',1,0,2.00,2.00,0,4,'50',1.00),(26532,242,67,'CON GESU SULLA VIA DELLA CROCE - VIA CRUCIS ',10,0,2.00,2.00,0,4,'50',10.00),(26533,242,84,'LAVVENTO',1,0,2.00,2.00,0,4,'50',1.00),(26534,242,118,'Il Credo spiegato ai ragazzi n.e.',1,0,2.50,2.50,0,4,'50',1.25),(26535,245,11,'COME PREPARARSI ALLA CONFESSIONE',4,0,1.50,1.50,0,4,'50',3.00),(26536,245,13,'BUSSATE E VI SARÀ APERTO',3,0,1.50,1.50,0,4,'50',2.25),(26537,245,17,'LA FEDE NELLO ZAINETTO',19,0,5.00,5.00,0,4,'50',47.50),(26538,245,19,'CHIERICHETTI IERI OGGI DOMANI',40,0,2.50,2.50,0,4,'50',50.00),(26539,245,25,'PICCOLO DIZIONARIO DEL CRISTIANO',12,0,3.00,3.00,0,4,'50',18.00),(26540,245,121,'DIZIONARIO DEI SIMBOLI DEL CRISTIANO',53,0,2.50,2.50,0,4,'50',66.25),(26541,245,122,'LIBRO AGENDA CATTOLICO 2020',5,0,16.00,16.00,0,4,'50',40.00),(26542,245,28,'DON CARLO GNOCCHI',1,0,2.00,2.00,0,4,'50',1.00),(26543,245,32,'IL CANTICO DELLE CREATURE',2,0,2.20,2.20,0,4,'50',2.20),(26544,245,33,'100 GIORNI CON LO SPIRITO',2,0,7.00,7.00,0,4,'50',7.00),(26545,245,34,'LE MIE PREGHIERINE',7,0,1.50,1.50,0,4,'50',5.25),(26546,245,35,'ANGELI - I NOSTRI MIGLIORI AMICI',4,0,2.50,2.50,0,4,'50',5.00),(26547,245,47,'IL ROSARIO SPIEGATO AI BAMBINI N.E.',11,0,2.50,2.50,0,4,'50',13.75),(26548,245,52,'Il Padre Nostro spiegato ai bambini',9,0,2.00,2.00,0,4,'50',9.00),(26549,245,55,'AVE MARIA ,SPIEGATA AI BAMBINI',6,0,1.50,1.50,0,4,'50',4.50),(26550,245,57,'ALBUM + BUSTINA  AMICO GESÙ',5,0,2.00,2.00,0,4,'50',5.00),(26551,245,58,'SCATOLA FIGURINE AMICO GESÙ - 60 BUSTINE',1,0,30.00,30.00,0,4,'50',15.00),(26552,245,60,'IL NATALE SPIEGATO AI BAMBINI',1,0,2.00,2.00,0,4,'50',1.00),(26553,245,64,'MARIA APPARIZIONI E MESSAGGI',1,0,2.50,2.50,0,4,'50',1.25),(26554,245,67,'CON GESU\' SULLA VIA DELLA CROCE - VIA CRUCIS ',11,0,2.00,2.00,0,4,'50',11.00),(26555,245,75,'IL SEGNO DELLA CROCE',5,0,1.50,1.50,0,4,'50',3.75),(26556,245,92,'LA PREGHIERA DEL ROSARIO',7,0,2.50,2.50,0,4,'50',8.75),(26557,245,96,'LA PREGHIERA  - MEDICINA DELL\'ANIMA',11,0,1.50,1.50,0,4,'50',8.25),(26558,245,99,'AVE MARIA PREGHIERE MARIANE',4,0,2.00,2.00,0,4,'50',4.00),(26559,245,101,'GESU\' BENEDICI LA NOSTRA FAMIGLIA',3,0,1.50,1.50,0,4,'50',2.25),(26560,245,110,'SE MI AMI NON PIANGERE',16,0,1.50,1.50,0,4,'50',12.00),(26561,245,123,'DIO E\' IN DIECI PAROLE - COMANDAMENTI',45,0,3.00,3.00,0,4,'50',67.50),(26562,245,114,'Le preghiere dei ragazzi',11,0,1.50,1.50,0,4,'50',8.25),(26563,245,115,'SAN FRANCESCO D\'ASSISI RACCONTATO AI RAGAZZI N.E.',25,0,4.00,4.00,0,4,'50',50.00),(26564,245,117,'La prehiera delle cinque dita n.e.',21,0,1.50,1.50,0,4,'50',15.75),(26565,245,118,'Il Credo spiegato ai ragazzi n.e.',21,0,2.50,2.50,0,4,'50',26.25),(26566,249,23,'FATE QUESTO IN MEMORIA DI ME',13,13,2.50,2.50,0,4,'50',16.25),(26567,249,122,'LIBRO AGENDA CATTOLICO 2020',11,11,16.00,16.00,0,4,'50',88.00),(26568,249,34,'LE MIE PREGHIERINE',24,24,1.50,1.50,0,4,'50',18.00),(26569,249,57,'ALBUM + BUSTINA  AMICO GESÙ',1,1,2.00,2.00,0,4,'50',1.00),(26570,249,67,'CON GESU SULLA VIA DELLA CROCE - VIA CRUCIS ',10,10,2.00,2.00,0,4,'50',10.00),(26571,249,84,'LAVVENTO',1,1,2.00,2.00,0,4,'50',1.00),(26572,249,118,'Il Credo spiegato ai ragazzi n.e.',1,1,2.50,2.50,0,4,'50',1.25),(26573,250,23,'FATE QUESTO IN MEMORIA DI ME',13,0,2.50,2.50,0,4,'50',16.25),(26574,250,122,'LIBRO AGENDA CATTOLICO 2020',11,0,16.00,16.00,0,4,'50',88.00),(26575,250,34,'LE MIE PREGHIERINE',24,0,1.50,1.50,0,4,'50',18.00),(26576,250,57,'ALBUM + BUSTINA  AMICO GESÙ',1,0,2.00,2.00,0,4,'50',1.00),(26577,250,67,'CON GESU SULLA VIA DELLA CROCE - VIA CRUCIS ',10,0,2.00,2.00,0,4,'50',10.00),(26578,250,84,'LAVVENTO',1,0,2.00,2.00,0,4,'50',1.00),(26579,250,118,'Il Credo spiegato ai ragazzi n.e.',1,0,2.50,2.50,0,4,'50',1.25),(26580,251,127,'SPIRITO SANTO SPIEGATO AI RAGAZZI - N.E.',2000,2000,0.38,0.37,4,3,'0',790.40),(26581,253,17,'LA FEDE NELLO ZAINETTO',6,0,5.00,5.00,0,4,'50',15.00),(26582,253,19,'CHIERICHETTI IERI OGGI DOMANI',16,0,2.50,2.50,0,4,'50',20.00),(26583,253,23,'FATE QUESTO IN MEMORIA DI ME',30,0,2.50,2.50,0,4,'50',37.50),(26584,253,121,'DIZIONARIO DEI SIMBOLI DEL CRISTIANO',21,0,2.50,2.50,0,4,'50',26.25),(26585,253,122,'LIBRO AGENDA CATTOLICO 2020',4,0,16.00,16.00,0,4,'50',32.00),(26586,253,32,'IL CANTICO DELLE CREATURE',4,0,2.20,2.20,0,4,'50',4.40),(26587,253,33,'100 GIORNI CON LO SPIRITO',10,0,7.00,7.00,0,4,'50',35.00),(26588,253,35,'ANGELI - I NOSTRI MIGLIORI AMICI',1,0,2.50,2.50,0,4,'50',1.25),(26589,253,42,'ALLA SCOPERTA  DELLA  CASA DI GESU',1,0,3.00,3.00,0,4,'50',1.50),(26590,253,46,'LE LETTERE DI SAN PAOLO',1,0,3.50,3.50,0,4,'50',1.75),(26591,253,50,'PERDONAMI SIGNORE',55,0,2.00,2.00,0,4,'50',55.00),(26592,253,57,'ALBUM + BUSTINA  AMICO GESÙ',4,0,2.00,2.00,0,4,'50',4.00),(26593,253,58,'SCATOLA FIGURINE AMICO GESÙ - 60 BUSTINE',1,0,30.00,30.00,0,4,'50',15.00),(26594,253,59,'CATECHISTI DI QUALITÀ',1,0,2.50,2.50,0,4,'50',1.25),(26595,253,60,'IL NATALE SPIEGATO AI BAMBINI',1,0,2.00,2.00,0,4,'50',1.00),(26596,253,62,'GIOVANNI XXIII° SANTO  .....IL PAPA BUONO',1,0,2.50,2.50,0,4,'50',1.25),(26597,253,67,'CON GESU SULLA VIA DELLA CROCE - VIA CRUCIS ',9,0,2.00,2.00,0,4,'50',9.00),(26598,253,75,'IL SEGNO DELLA CROCE',1,0,1.50,1.50,0,4,'50',0.75),(26599,253,77,'LA SACRA SINDONE SPIEGATA  AI RAGAZZI',1,0,1.00,1.00,0,4,'50',0.50),(26600,253,92,'LA PREGHIERA DEL ROSARIO',1,0,2.50,2.50,0,4,'50',1.25),(26601,253,99,'AVE MARIA PREGHIERE MARIANE',1,0,2.00,2.00,0,4,'50',1.00),(26602,253,110,'SE MI AMI NON PIANGERE',2,0,1.50,1.50,0,4,'50',1.50),(26603,253,123,'DIO E IN DIECI PAROLE - COMANDAMENTI',2,0,3.00,3.00,0,4,'50',3.00),(26604,253,115,'SAN FRANCESCO DASSISI RACCONTATO AI RAGAZZI N.E.',51,0,4.00,4.00,0,4,'50',102.00),(26605,253,117,'La prehiera delle cinque dita n.e.',10,0,1.50,1.50,0,4,'50',7.50),(26606,253,118,'Il Credo spiegato ai ragazzi n.e.',1,0,2.50,2.50,0,4,'50',1.25),(26607,253,126,'SACRAMENTO DEL PERDONO',314,0,2.00,2.00,0,4,'50',314.00),(26612,252,17,'LA FEDE NELLO ZAINETTO',7,7,5.00,5.00,0,4,'50',17.50),(26613,252,18,'IL NOSTRO VIAGGIO IN TERRASANTA + 80 FIG.',3,3,9.50,9.50,0,4,'50',14.25),(26614,252,19,'CHIERICHETTI IERI OGGI DOMANI',4,4,2.50,2.50,0,4,'50',5.00),(26615,252,23,'FATE QUESTO IN MEMORIA DI ME',2,2,2.50,2.50,0,4,'50',2.50),(26616,252,25,'PICCOLO DIZIONARIO DEL CRISTIANO',2,2,3.00,3.00,0,4,'50',3.00),(26617,252,121,'DIZIONARIO DEI SIMBOLI DEL CRISTIANO',4,4,2.50,2.50,0,4,'50',5.00),(26618,252,122,'LIBRO AGENDA CATTOLICO 2020',3,3,16.00,16.00,0,4,'50',24.00),(26619,252,33,'100 GIORNI CON LO SPIRITO',2,2,7.00,7.00,0,4,'50',7.00),(26620,252,58,'SCATOLA FIGURINE AMICO GESÙ - 60 BUSTINE',1,1,30.00,30.00,0,4,'50',15.00),(26621,252,60,'IL NATALE SPIEGATO AI BAMBINI',1,1,2.00,2.00,0,4,'50',1.00),(26622,252,67,'CON GESU SULLA VIA DELLA CROCE - VIA CRUCIS ',58,58,2.00,2.00,0,4,'50',58.00),(26623,252,115,'SAN FRANCESCO DASSISI RACCONTATO AI RAGAZZI N.E.',1,1,4.00,4.00,0,4,'50',2.00),(26624,252,117,'La prehiera delle cinque dita n.e.',1,1,1.50,1.50,0,4,'50',0.75),(26625,252,118,'Il Credo spiegato ai ragazzi n.e.',4,4,2.50,2.50,0,4,'50',5.00),(26626,262,128,'LIBRO AGENDA CATTOLICO 2021',50,-50,16.00,16.00,0,4,'35',520.00),(26627,262,47,'IL ROSARIO SPIEGATO AI BAMBINI N.E.',160,-160,2.50,2.50,0,4,'35',260.00),(26628,254,128,'LIBRO AGENDA CATTOLICO 2021',432,-432,16.00,16.00,0,4,'0',6912.00),(26629,254,55,'AVE MARIA ,SPIEGATA AI BAMBINI',30,-30,1.50,1.50,0,4,'0',45.00),(26630,254,127,'SPIRITO SANTO SPIEGATO AI RAGAZZI - N.E.',270,-270,2.50,2.50,0,4,'0',675.00),(26631,271,128,'LIBRO AGENDA CATTOLICO 2021',5,-5,16.00,16.00,0,4,'5',76.00),(26632,273,10,'I miracoli da colorare. Gesù cammina sulle acque',1,0,2.00,2.00,0,4,'50',1.00),(26633,273,23,'FATE QUESTO IN MEMORIA DI ME',28,0,2.50,2.50,0,4,'50',35.00),(26634,273,121,'DIZIONARIO DEI SIMBOLI DEL CRISTIANO',5,0,2.50,2.50,0,4,'50',6.25),(26635,273,32,'IL CANTICO DELLE CREATURE',7,0,2.20,2.20,0,4,'50',7.70),(26636,273,33,'100 GIORNI CON LO SPIRITO',11,0,7.00,7.00,0,4,'50',38.50),(26637,273,44,'GUARDALIBRI: DVD IL CREDO',1,0,9.90,9.90,0,4,'50',4.95),(26638,273,57,'ALBUM + BUSTINA  AMICO GESÙ',1,0,2.00,2.00,0,4,'50',1.00),(26639,273,64,'MARIA APPARIZIONI E MESSAGGI',1,0,2.50,2.50,0,4,'50',1.25),(26640,273,67,'CON GESU SULLA VIA DELLA CROCE - VIA CRUCIS ',5,0,2.00,2.00,0,4,'50',5.00),(26641,273,89,'COMUNIONE SPIEGATA AI RAGAZZI',130,0,1.50,1.50,0,4,'50',97.50),(26642,273,92,'LA PREGHIERA DEL ROSARIO',1,0,2.50,2.50,0,4,'50',1.25),(26643,273,96,'LA PREGHIERA  - MEDICINA DELLANIMA',20,0,1.50,1.50,0,4,'50',15.00),(26644,273,97,'\"IL NATALE  \"\"CHE MERAVIGLIA\"\"\"',1,0,1.50,1.50,0,4,'50',0.75),(26645,273,110,'SE MI AMI NON PIANGERE',1,0,1.50,1.50,0,4,'50',0.75),(26646,273,123,'DIO E IN DIECI PAROLE - COMANDAMENTI',7,0,3.00,3.00,0,4,'50',10.50),(26647,273,115,'SAN FRANCESCO DASSISI RACCONTATO AI RAGAZZI N.E.',49,0,4.00,4.00,0,4,'50',98.00),(26648,273,118,'Il Credo spiegato ai ragazzi n.e.',2,0,2.50,2.50,0,4,'50',2.50),(26663,274,6,'I miracoli da colorare. Il figlio della vedova',2,2,2.00,2.00,0,4,'50',2.00),(26664,274,10,'I miracoli da colorare. Gesù cammina sulle acque',2,2,2.00,2.00,0,4,'50',2.00),(26665,274,121,'DIZIONARIO DEI SIMBOLI DEL CRISTIANO',2,2,2.50,2.50,0,4,'50',2.50),(26666,274,122,'LIBRO AGENDA CATTOLICO 2020',5,5,16.00,16.00,0,4,'50',40.00),(26667,274,30,'LA BIBBIA: ANTICO TESTAMENTO',1,1,9.00,9.00,0,4,'50',4.50),(26668,274,35,'ANGELI - I NOSTRI MIGLIORI AMICI',3,3,2.50,2.50,0,4,'50',3.75),(26669,274,47,'IL ROSARIO SPIEGATO AI BAMBINI N.E.',1,1,2.50,2.50,0,4,'50',1.25),(26670,274,50,'PERDONAMI SIGNORE',5,5,2.00,2.00,0,4,'50',5.00),(26671,274,52,'Il Padre Nostro spiegato ai bambini',1,1,2.00,2.00,0,4,'50',1.00),(26672,274,57,'ALBUM + BUSTINA  AMICO GESÙ',7,7,2.00,2.00,0,4,'50',7.00),(26673,274,59,'CATECHISTI DI QUALITÀ',4,4,2.50,2.50,0,4,'50',5.00),(26674,274,67,'CON GESU SULLA VIA DELLA CROCE - VIA CRUCIS ',100,100,2.00,2.00,0,4,'50',100.00),(26675,274,77,'LA SACRA SINDONE SPIEGATA  AI RAGAZZI',1,1,1.00,1.00,0,4,'50',0.50),(26676,274,82,'LAUDATO SI',1,1,2.00,2.00,0,4,'50',1.00),(26677,274,111,'I NONNI SONO UN TESORO',3,3,1.50,1.50,0,4,'50',2.25),(26678,274,123,'DIO E IN DIECI PAROLE - COMANDAMENTI',3,3,3.00,3.00,0,4,'50',4.50),(26679,274,114,'Le preghiere dei ragazzi',15,15,1.50,1.50,0,4,'50',11.25),(26680,274,115,'SAN FRANCESCO DASSISI RACCONTATO AI RAGAZZI N.E.',2,2,4.00,4.00,0,4,'50',4.00),(26681,274,116,'DIZIONARIO DEI SIMBOLI DEL PICCOLO CRISTIANO NE',6,6,2.50,2.50,0,4,'50',7.50),(26682,274,117,'La prehiera delle cinque dita n.e.',7,7,1.50,1.50,0,4,'50',5.25),(26683,274,118,'Il Credo spiegato ai ragazzi n.e.',2,2,2.50,2.50,0,4,'50',2.50),(26684,274,6,'I miracoli da colorare. Il figlio della vedova',2,2,2.00,2.00,0,4,'50',2.00),(26685,274,10,'I miracoli da colorare. Gesù cammina sulle acque',2,2,2.00,2.00,0,4,'50',2.00),(26686,274,121,'DIZIONARIO DEI SIMBOLI DEL CRISTIANO',2,2,2.50,2.50,0,4,'50',2.50),(26687,274,122,'LIBRO AGENDA CATTOLICO 2020',5,5,16.00,16.00,0,4,'50',40.00),(26688,274,30,'LA BIBBIA: ANTICO TESTAMENTO',1,1,9.00,9.00,0,4,'50',4.50),(26689,274,35,'ANGELI - I NOSTRI MIGLIORI AMICI',3,3,2.50,2.50,0,4,'50',3.75),(26690,274,47,'IL ROSARIO SPIEGATO AI BAMBINI N.E.',1,1,2.50,2.50,0,4,'50',1.25),(26691,274,50,'PERDONAMI SIGNORE',5,5,2.00,2.00,0,4,'50',5.00),(26692,274,52,'Il Padre Nostro spiegato ai bambini',1,1,2.00,2.00,0,4,'50',1.00),(26693,274,57,'ALBUM + BUSTINA  AMICO GESÙ',7,7,2.00,2.00,0,4,'50',7.00),(26694,274,59,'CATECHISTI DI QUALITÀ',4,4,2.50,2.50,0,4,'50',5.00),(26695,274,67,'CON GESU SULLA VIA DELLA CROCE - VIA CRUCIS ',100,100,2.00,2.00,0,4,'50',100.00),(26696,274,77,'LA SACRA SINDONE SPIEGATA  AI RAGAZZI',1,1,1.00,1.00,0,4,'50',0.50),(26697,274,82,'LAUDATO SI',1,1,2.00,2.00,0,4,'50',1.00),(26698,274,111,'I NONNI SONO UN TESORO',3,3,1.50,1.50,0,4,'50',2.25),(26699,274,123,'DIO E IN DIECI PAROLE - COMANDAMENTI',3,3,3.00,3.00,0,4,'50',4.50),(26700,274,114,'Le preghiere dei ragazzi',15,15,1.50,1.50,0,4,'50',11.25),(26701,274,115,'SAN FRANCESCO DASSISI RACCONTATO AI RAGAZZI N.E.',2,2,4.00,4.00,0,4,'50',4.00),(26702,274,116,'DIZIONARIO DEI SIMBOLI DEL PICCOLO CRISTIANO NE',6,6,2.50,2.50,0,4,'50',7.50),(26703,274,117,'La prehiera delle cinque dita n.e.',7,7,1.50,1.50,0,4,'50',5.25),(26704,274,118,'Il Credo spiegato ai ragazzi n.e.',2,2,2.50,2.50,0,4,'50',2.50),(26705,279,122,'LIBRO AGENDA CATTOLICO 2020',1,-1,16.00,16.00,0,4,'5',15.20),(26706,278,23,'FATE QUESTO IN MEMORIA DI ME',130,-130,2.50,2.50,0,4,'0',325.00),(26707,286,128,'LIBRO AGENDA CATTOLICO 2021',5,-5,16.00,16.00,0,4,'25',60.00),(26708,292,128,'LIBRO AGENDA CATTOLICO 2021',1,-1,16.00,16.00,0,4,'5',15.20),(26709,299,128,'LIBRO AGENDA CATTOLICO 2021',1,-1,16.00,16.00,0,4,'5',15.20),(26710,294,75,'IL SEGNO DELLA CROCE',20,-20,1.50,1.50,0,4,'35',19.50),(26711,294,23,'FATE QUESTO IN MEMORIA DI ME',30,-30,2.50,2.50,0,4,'35',48.75),(26712,313,128,'LIBRO AGENDA CATTOLICO 2021',3,-3,16.00,16.00,0,4,'5',45.60),(26713,323,13,'BUSSATE E VI SARÀ APERTO',5,0,1.50,1.50,0,4,'50',3.75),(26714,323,17,'LA FEDE NELLO ZAINETTO',25,0,5.00,5.00,0,4,'50',62.50),(26715,323,18,'IL NOSTRO VIAGGIO IN TERRASANTA + 80 FIG.',7,0,9.50,9.50,0,4,'50',33.25),(26716,323,19,'CHIERICHETTI IERI OGGI DOMANI',100,0,2.50,2.50,0,4,'50',125.00),(26717,323,23,'FATE QUESTO IN MEMORIA DI ME',41,0,2.50,2.50,0,4,'50',51.25),(26718,323,121,'DIZIONARIO DEI SIMBOLI DEL CRISTIANO',8,0,2.50,2.50,0,4,'50',10.00),(26719,323,30,'LA BIBBIA: ANTICO TESTAMENTO',3,0,9.00,9.00,0,4,'50',13.50),(26720,323,31,'LA BIBBIA:ED.REGALO ANTICO TESTAMENTO',2,0,12.00,12.00,0,4,'50',12.00),(26721,323,32,'IL CANTICO DELLE CREATURE',7,0,2.20,2.20,0,4,'50',7.70),(26722,323,33,'100 GIORNI CON LO SPIRITO',5,0,7.00,7.00,0,4,'50',17.50),(26723,323,44,'GUARDALIBRI: DVD IL CREDO',2,0,9.90,9.90,0,4,'50',9.90),(26724,323,46,'LE LETTERE DI SAN PAOLO',11,0,3.50,3.50,0,4,'50',19.25),(26725,323,50,'PERDONAMI SIGNORE',15,0,2.00,2.00,0,4,'50',15.00),(26726,323,60,'IL NATALE SPIEGATO AI BAMBINI',1,0,2.00,2.00,0,4,'50',1.00),(26727,323,66,'BEATI GLI INVITATI ALLA CENA DEL SIGNORE',3,0,6.50,6.50,0,4,'50',9.75),(26728,323,67,'CON GESU\' SULLA VIA DELLA CROCE - VIA CRUCIS ',12,0,2.00,2.00,0,4,'50',12.00),(26729,323,123,'DIO E\' IN DIECI PAROLE - COMANDAMENTI',3,0,3.00,3.00,0,4,'50',4.50),(26730,323,75,'IL SEGNO DELLA CROCE',40,0,1.50,1.50,0,4,'50',30.00),(26731,323,86,'Il figliol prodigo',2,0,1.50,1.50,0,4,'50',1.50),(26732,323,87,'Il seminatore',1,0,1.50,1.50,0,4,'50',0.75),(26733,323,96,'LA PREGHIERA  - MEDICINA DELL\'ANIMA',5,0,1.50,1.50,0,4,'50',3.75),(26734,323,98,'ANGELO DI DIO PREGHIERE',2,0,1.50,1.50,0,4,'50',1.50),(26735,323,101,'GESU\' BENEDICI LA NOSTRA FAMIGLIA',5,0,1.50,1.50,0,4,'50',3.75),(26736,323,103,'Lo Spirito Santo raccontato ai ragazzi N.E.',1,0,2.00,2.00,0,4,'50',1.00),(26737,323,127,'SPIRITO SANTO SPIEGATO AI RAGAZZI - N.E.',154,0,2.50,2.50,0,4,'50',192.50),(26738,323,110,'SE MI AMI NON PIANGERE',7,0,1.50,1.50,0,4,'50',5.25),(26739,323,123,'DIO E\' IN DIECI PAROLE - COMANDAMENTI',17,0,3.00,3.00,0,4,'50',25.50),(26740,323,115,'SAN FRANCESCO D\'ASSISI RACCONTATO AI RAGAZZI N.E.',6,0,4.00,4.00,0,4,'50',12.00),(26741,323,121,'DIZIONARIO DEI SIMBOLI DEL CRISTIANO',22,0,2.50,2.50,0,4,'50',27.50),(26742,323,117,'La prehiera delle cinque dita n.e.',22,0,1.50,1.50,0,4,'50',16.50),(26743,323,118,'Il Credo spiegato ai ragazzi n.e.',10,0,2.50,2.50,0,4,'50',12.50),(26744,323,128,'LIBRO AGENDA CATTOLICO 2021',324,0,16.00,16.00,0,4,'50',2592.00),(26745,323,126,'SACRAMENTO DEL PERDONO',33,0,2.00,2.00,0,4,'50',33.00),(26776,324,17,'LA FEDE NELLO ZAINETTO',3,3,5.00,5.00,0,4,'50',7.50),(26777,324,19,'CHIERICHETTI IERI OGGI DOMANI',1,1,2.50,2.50,0,4,'50',1.25),(26778,324,23,'FATE QUESTO IN MEMORIA DI ME',29,29,2.50,2.50,0,4,'50',36.25),(26779,324,25,'PICCOLO DIZIONARIO DEL CRISTIANO',4,4,3.00,3.00,0,4,'50',6.00),(26780,324,121,'DIZIONARIO DEI SIMBOLI DEL CRISTIANO',8,8,2.50,2.50,0,4,'50',10.00),(26781,324,30,'LA BIBBIA: ANTICO TESTAMENTO',1,1,9.00,9.00,0,4,'50',4.50),(26782,324,33,'100 GIORNI CON LO SPIRITO',1,1,7.00,7.00,0,4,'50',3.50),(26783,324,52,'Il Padre Nostro spiegato ai bambini',3,3,2.00,2.00,0,4,'50',3.00),(26784,324,55,'AVE MARIA ,SPIEGATA AI BAMBINI',3,3,1.50,1.50,0,4,'50',2.25),(26785,324,60,'IL NATALE SPIEGATO AI BAMBINI',8,8,2.00,2.00,0,4,'50',8.00),(26786,324,65,'LA FAMIGLIA, CHIESA DOMESTICA',1,1,6.00,6.00,0,4,'50',3.00),(26787,324,66,'BEATI GLI INVITATI ALLA CENA DEL SIGNORE',7,7,6.50,6.50,0,4,'50',22.75),(26788,324,67,'CON GESU\' SULLA VIA DELLA CROCE - VIA CRUCIS ',23,23,2.00,2.00,0,4,'50',23.00),(26789,324,74,'DIO È , IN DIECI PAROLE',1,1,4.50,4.50,0,4,'50',2.25),(26790,324,80,'MISERICORDIA',8,8,2.50,2.50,0,4,'50',10.00),(26791,324,88,'GESÙ È RISORTO',9,9,2.00,2.00,0,4,'50',9.00),(26792,324,89,'COMUNIONE SPIEGATA AI RAGAZZI',20,20,1.50,1.50,0,4,'50',15.00),(26793,324,90,'ATTO DI AFFIDAMENTO A MARIA',3,3,1.50,1.50,0,4,'50',2.25),(26794,324,96,'LA PREGHIERA  - MEDICINA DELL\'ANIMA',32,32,1.50,1.50,0,4,'50',24.00),(26795,324,103,'Lo Spirito Santo raccontato ai ragazzi N.E.',1,1,2.00,2.00,0,4,'50',1.00),(26796,324,110,'SE MI AMI NON PIANGERE',3,3,1.50,1.50,0,4,'50',2.25),(26797,324,114,'Le preghiere dei ragazzi',19,19,1.50,1.50,0,4,'50',14.25),(26798,324,116,'DIZIONARIO DEI SIMBOLI DEL PICCOLO CRISTIANO NE',4,4,2.50,2.50,0,4,'50',5.00),(26799,324,118,'Il Credo spiegato ai ragazzi n.e.',2,2,2.50,2.50,0,4,'50',2.50),(26800,342,128,'LIBRO AGENDA CATTOLICO 2021',1,-1,16.00,16.00,0,4,'5',15.20),(26801,348,122,'LIBRO AGENDA CATTOLICO 2020',355,-355,16.00,16.00,0,4,'0',5680.00),(26802,348,122,'LIBRO AGENDA CATTOLICO 2020',355,-355,0.00,0.00,0,4,'0',0.00),(26803,348,122,'LIBRO AGENDA CATTOLICO 2020',355,-355,0.00,0.00,0,4,'0',0.00),(26804,348,122,'LIBRO AGENDA CATTOLICO 2020',355,-355,0.00,0.00,0,4,'0',0.00),(26805,360,126,'SACRAMENTO DEL PERDONO',600,-600,2.00,2.00,0,4,'0',1200.00),(26806,363,17,'LA FEDE NELLO ZAINETTO',20,-20,5.00,5.00,0,4,'5',95.00),(26807,363,128,'LIBRO AGENDA CATTOLICO 2021',1,-1,16.00,16.00,0,4,'5',15.20),(26808,368,118,'Il Credo spiegato ai ragazzi n.e.',20,-20,2.50,2.50,0,4,'5',47.50),(26809,369,128,'LIBRO AGENDA CATTOLICO 2021',1,-1,16.00,16.00,0,4,'5',15.20),(26810,370,57,'ALBUM + BUSTINA  AMICO GESÙ',3,-3,2.00,2.00,0,4,'5',5.70),(26811,370,58,'SCATOLA FIGURINE AMICO GESÙ - 60 BUSTINE',2,-2,30.00,30.00,0,4,'5',57.00),(26812,372,128,'LIBRO AGENDA CATTOLICO 2021',1,-1,16.00,16.00,0,4,'5',15.20),(26813,373,58,'SCATOLA FIGURINE AMICO GESÙ - 60 BUSTINE',1,-1,30.00,30.00,0,4,'5',28.50),(26814,376,128,'LIBRO AGENDA CATTOLICO 2021',15,-15,16.00,16.00,0,4,'10',216.00),(26815,379,128,'LIBRO AGENDA CATTOLICO 2021',10,-10,16.00,16.00,0,4,'10',144.00),(26816,391,17,'LA FEDE NELLO ZAINETTO',10,-10,5.00,5.00,0,4,'5',47.50),(26817,393,58,'SCATOLA FIGURINE AMICO GESÙ - 60 BUSTINE',5,-5,30.00,30.00,0,4,'5',142.50),(26818,232,2,'I miracoli da colorare. La nascita di Gesù',1,0,2.50,2.50,0,4,'50',1.25),(26819,232,4,'I miracoli da colorare. Le nozze di Cana',1,0,2.00,2.00,0,4,'50',1.00),(26820,232,6,'I miracoli da colorare. Il figlio della vedova',1,0,2.00,2.00,0,4,'50',1.00),(26821,232,7,'I miracoli da colorare. La pesca miracolosa',1,0,1.50,1.50,0,4,'50',0.75),(26822,232,10,'I miracoli da colorare. Gesù cammina sulle acque',1,0,2.00,2.00,0,4,'50',1.00),(26823,232,11,'COME PREPARARSI ALLA CONFESSIONE',7,0,1.50,1.50,0,4,'50',5.25),(26824,232,13,'BUSSATE E VI SARÀ APERTO',3,0,1.50,1.50,0,4,'50',2.25),(26825,232,17,'LA FEDE NELLO ZAINETTO',75,0,5.00,5.00,0,4,'50',187.50),(26826,232,19,'CHIERICHETTI IERI OGGI DOMANI',32,0,2.50,2.50,0,4,'50',40.00),(26827,232,20,'GIOVEDÌ SANTO',1,0,1.50,1.50,0,4,'50',0.75),(26828,232,23,'FATE QUESTO IN MEMORIA DI ME',65,0,2.50,2.50,0,4,'50',81.25),(26829,232,25,'PICCOLO DIZIONARIO DEL CRISTIANO',1,0,3.00,3.00,0,4,'50',1.50),(26830,232,121,'DIZIONARIO DEI SIMBOLI DEL CRISTIANO',9,0,2.50,2.50,0,4,'50',11.25),(26831,232,122,'LIBRO AGENDA CATTOLICO 2020',4,0,16.00,16.00,0,4,'50',32.00),(26832,232,30,'LA BIBBIA: ANTICO TESTAMENTO',1,0,9.00,9.00,0,4,'50',4.50),(26833,232,31,'LA BIBBIA:ED.REGALO ANTICO TESTAMENTO',1,0,12.00,12.00,0,4,'50',6.00),(26834,232,33,'100 GIORNI CON LO SPIRITO',24,0,7.00,7.00,0,4,'50',84.00),(26835,232,34,'LE MIE PREGHIERINE',21,0,1.50,1.50,0,4,'50',15.75),(26836,232,35,'ANGELI - I NOSTRI MIGLIORI AMICI',17,0,2.50,2.50,0,4,'50',21.25),(26837,232,40,'A TAVOLA CON GESU\'',3,0,2.50,2.50,0,4,'50',3.75),(26838,232,44,'GUARDALIBRI: DVD IL CREDO',1,0,9.90,9.90,0,4,'50',4.95),(26839,232,46,'LE LETTERE DI SAN PAOLO',1,0,3.50,3.50,0,4,'50',1.75),(26840,232,47,'IL ROSARIO SPIEGATO AI BAMBINI N.E.',36,0,2.50,2.50,0,4,'50',45.00),(26841,232,48,'I SANTI E GLI ANIMALI',7,0,3.00,3.00,0,4,'50',10.50),(26842,232,50,'PERDONAMI SIGNORE',14,0,2.00,2.00,0,4,'50',14.00),(26843,232,52,'Il Padre Nostro spiegato ai bambini',44,0,2.00,2.00,0,4,'50',44.00),(26844,232,54,'BENEDETTO XVI ° ..... UNA PAGINA DI STORIA',1,0,2.50,2.50,0,4,'50',1.25),(26845,232,55,'AVE MARIA ,SPIEGATA AI BAMBINI',9,0,1.50,1.50,0,4,'50',6.75),(26846,232,57,'ALBUM + BUSTINA  AMICO GESÙ',2,0,2.00,2.00,0,4,'50',2.00),(26847,232,62,'GIOVANNI XXIII° SANTO  .....IL PAPA BUONO',1,0,2.50,2.50,0,4,'50',1.25),(26848,232,66,'BEATI GLI INVITATI ALLA CENA DEL SIGNORE',2,0,6.50,6.50,0,4,'50',6.50),(26849,232,67,'CON GESU\' SULLA VIA DELLA CROCE - VIA CRUCIS ',359,0,2.00,2.00,0,4,'50',359.00),(26850,232,74,'DIO È , IN DIECI PAROLE',12,0,4.50,4.50,0,4,'50',27.00),(26851,232,75,'IL SEGNO DELLA CROCE',80,0,1.50,1.50,0,4,'50',60.00),(26852,232,92,'LA PREGHIERA DEL ROSARIO',5,0,2.50,2.50,0,4,'50',6.25),(26853,232,95,'LA PICCOLA MATITA',7,0,1.50,1.50,0,4,'50',5.25),(26854,232,98,'ANGELO DI DIO PREGHIERE',1,0,1.50,1.50,0,4,'50',0.75),(26855,232,99,'AVE MARIA PREGHIERE MARIANE',3,0,2.00,2.00,0,4,'50',3.00),(26856,232,101,'GESU\' BENEDICI LA NOSTRA FAMIGLIA',3,0,1.50,1.50,0,4,'50',2.25),(26857,232,103,'Lo Spirito Santo raccontato ai ragazzi N.E.',1,0,2.00,2.00,0,4,'50',1.00),(26858,232,105,'COSA CHIEDIAMO ALLA PARROCCHIA ..N.EDIZ.',1,0,1.50,1.50,0,4,'50',0.75),(26859,232,110,'SE MI AMI NON PIANGERE',19,0,1.50,1.50,0,4,'50',14.25),(26860,232,123,'DIO E\' IN DIECI PAROLE - COMANDAMENTI',2,0,3.00,3.00,0,4,'50',3.00),(26861,232,124,'PREGHIERE DEI RAGAZZI N. E. ',17,0,1.50,1.50,0,4,'50',12.75),(26862,232,115,'SAN FRANCESCO D\'ASSISI RACCONTATO AI RAGAZZI N.E.',7,0,4.00,4.00,0,4,'50',14.00),(26863,232,116,'DIZIONARIO DEI SIMBOLI DEL PICCOLO CRISTIANO NE',15,0,2.50,2.50,0,4,'50',18.75),(26864,232,117,'La prehiera delle cinque dita n.e.',18,0,1.50,1.50,0,4,'50',13.50),(26865,232,118,'Il Credo spiegato ai ragazzi n.e.',19,0,2.50,2.50,0,4,'50',23.75),(26866,398,17,'LA FEDE NELLO ZAINETTO',5,0,5.00,5.00,0,4,'50',12.50),(26867,398,19,'CHIERICHETTI IERI OGGI DOMANI',15,0,2.50,2.50,0,4,'50',18.75),(26868,398,20,'GIOVEDÌ SANTO',111,0,1.50,1.50,0,4,'50',83.25),(26869,398,23,'FATE QUESTO IN MEMORIA DI ME',12,0,2.50,2.50,0,4,'50',15.00),(26870,398,25,'PICCOLO DIZIONARIO DEL CRISTIANO',3,0,3.00,3.00,0,4,'50',4.50),(26871,398,121,'DIZIONARIO DEI SIMBOLI DEL CRISTIANO',8,0,2.50,2.50,0,4,'50',10.00),(26872,398,32,'IL CANTICO DELLE CREATURE',1,0,2.20,2.20,0,4,'50',1.10),(26873,398,33,'100 GIORNI CON LO SPIRITO',4,0,7.00,7.00,0,4,'50',14.00),(26874,398,35,'ANGELI - I NOSTRI MIGLIORI AMICI',2,0,2.50,2.50,0,4,'50',2.50),(26875,398,36,'IL CANTICO DEI CANTICI',1,0,2.50,2.50,0,4,'50',1.25),(26876,398,42,'ALLA SCOPERTA  DELLA  CASA DI GESU',4,0,3.00,3.00,0,4,'50',6.00),(26877,398,44,'GUARDALIBRI: DVD IL CREDO',1,0,9.90,9.90,0,4,'50',4.95),(26878,398,48,'I SANTI E GLI ANIMALI',10,0,3.00,3.00,0,4,'50',15.00),(26879,398,52,'Il Padre Nostro spiegato ai bambini',45,0,2.00,2.00,0,4,'50',45.00),(26880,398,55,'AVE MARIA ,SPIEGATA AI BAMBINI',25,0,1.50,1.50,0,4,'50',18.75),(26881,398,57,'ALBUM + BUSTINA  AMICO GESÙ',1,0,2.00,2.00,0,4,'50',1.00),(26882,398,58,'SCATOLA FIGURINE AMICO GESÙ - 60 BUSTINE',1,0,30.00,30.00,0,4,'50',15.00),(26883,398,67,'CON GESU SULLA VIA DELLA CROCE - VIA CRUCIS ',136,0,2.00,2.00,0,4,'50',136.00),(26884,398,82,'LAUDATO SI',1,0,2.00,2.00,0,4,'50',1.00),(26885,398,85,'Il Buon Samaritano',1,0,1.50,1.50,0,4,'50',0.75),(26886,398,92,'LA PREGHIERA DEL ROSARIO',1,0,2.50,2.50,0,4,'50',1.25),(26887,398,98,'ANGELO DI DIO PREGHIERE',1,0,1.50,1.50,0,4,'50',0.75),(26888,398,104,'TEMPO DI QUARESIMA',20,0,1.00,1.00,0,4,'50',10.00),(26889,398,127,'SPIRITO SANTO SPIEGATO AI RAGAZZI - N.E.',33,0,2.50,2.50,0,4,'50',41.25),(26890,398,110,'SE MI AMI NON PIANGERE',2,0,1.50,1.50,0,4,'50',1.50),(26891,398,123,'DIO E IN DIECI PAROLE - COMANDAMENTI',1,0,3.00,3.00,0,4,'50',1.50),(26892,398,114,'Le preghiere dei ragazzi',9,0,1.50,1.50,0,4,'50',6.75),(26893,398,115,'SAN FRANCESCO DASSISI RACCONTATO AI RAGAZZI N.E.',8,0,4.00,4.00,0,4,'50',16.00),(26894,398,117,'La prehiera delle cinque dita n.e.',5,0,1.50,1.50,0,4,'50',3.75),(26895,398,118,'Il Credo spiegato ai ragazzi n.e.',29,0,2.50,2.50,0,4,'50',36.25),(26896,398,129,'NATALE SPIEGATO AI BAMBINI',10,0,3.00,3.00,0,4,'50',15.00),(26897,398,128,'LIBRO AGENDA CATTOLICO 2021',18,0,16.00,16.00,0,4,'50',144.00),(26898,398,126,'SACRAMENTO DEL PERDONO',72,0,2.00,2.00,0,4,'50',72.00),(26929,397,13,'BUSSATE E VI SARÀ APERTO',8,8,1.50,1.50,0,4,'50',6.00),(26930,397,17,'LA FEDE NELLO ZAINETTO',4,4,5.00,5.00,0,4,'50',10.00),(26931,397,19,'CHIERICHETTI IERI OGGI DOMANI',36,36,2.50,2.50,0,4,'50',45.00),(26932,397,25,'PICCOLO DIZIONARIO DEL CRISTIANO',5,5,3.00,3.00,0,4,'50',7.50),(26933,397,121,'DIZIONARIO DEI SIMBOLI DEL CRISTIANO',7,7,2.50,2.50,0,4,'50',8.75),(26934,397,33,'100 GIORNI CON LO SPIRITO',1,1,7.00,7.00,0,4,'50',3.50),(26935,397,34,'LE MIE PREGHIERINE',5,5,1.50,1.50,0,4,'50',3.75),(26936,397,42,'ALLA SCOPERTA  DELLA  CASA DI GESU',1,1,3.00,3.00,0,4,'50',1.50),(26937,397,52,'Il Padre Nostro spiegato ai bambini',7,7,2.00,2.00,0,4,'50',7.00),(26938,397,55,'AVE MARIA ,SPIEGATA AI BAMBINI',1,1,1.50,1.50,0,4,'50',0.75),(26939,397,56,'MARIA  LA MAMMA DI GESU',1,1,2.50,2.50,0,4,'50',1.25),(26940,397,66,'BEATI GLI INVITATI ALLA CENA DEL SIGNORE',3,3,6.50,6.50,0,4,'50',9.75),(26941,397,67,'CON GESU SULLA VIA DELLA CROCE - VIA CRUCIS ',1,1,2.00,2.00,0,4,'50',1.00),(26942,397,70,'La storia della salvezza raccontata ai bambini. 2 Caino e Abele',2,2,2.00,2.00,0,4,'50',2.00),(26943,397,74,'DIO È , IN DIECI PAROLE',1,1,4.50,4.50,0,4,'50',2.25),(26944,397,88,'GESÙ È RISORTO',4,4,2.00,2.00,0,4,'50',4.00),(26945,397,90,'ATTO DI AFFIDAMENTO A MARIA',11,11,1.50,1.50,0,4,'50',8.25),(26946,397,98,'ANGELO DI DIO PREGHIERE',1,1,1.50,1.50,0,4,'50',0.75),(26947,397,103,'Lo Spirito Santo raccontato ai ragazzi N.E.',13,13,2.00,2.00,0,4,'50',13.00),(26948,397,127,'SPIRITO SANTO SPIEGATO AI RAGAZZI - N.E.',8,8,2.50,2.50,0,4,'50',10.00),(26949,397,110,'SE MI AMI NON PIANGERE',10,10,1.50,1.50,0,4,'50',7.50),(26950,397,123,'DIO E IN DIECI PAROLE - COMANDAMENTI',11,11,3.00,3.00,0,4,'50',16.50),(26951,397,114,'Le preghiere dei ragazzi',18,18,1.50,1.50,0,4,'50',13.50),(26952,397,115,'SAN FRANCESCO DASSISI RACCONTATO AI RAGAZZI N.E.',2,2,4.00,4.00,0,4,'50',4.00),(26953,397,116,'DIZIONARIO DEI SIMBOLI DEL PICCOLO CRISTIANO NE',3,3,2.50,2.50,0,4,'50',3.75),(26954,397,117,'La prehiera delle cinque dita n.e.',3,3,1.50,1.50,0,4,'50',2.25),(26955,397,118,'Il Credo spiegato ai ragazzi n.e.',15,15,2.50,2.50,0,4,'50',18.75),(26956,397,119,'Rosario spiegato ai bambini N.E.',4,4,2.50,2.50,0,4,'50',5.00),(26957,397,129,'NATALE SPIEGATO AI BAMBINI',48,48,3.00,3.00,0,4,'50',72.00),(26958,397,128,'LIBRO AGENDA CATTOLICO 2021',2,2,16.00,16.00,0,4,'50',16.00),(26959,397,126,'SACRAMENTO DEL PERDONO',3,3,2.00,2.00,0,4,'50',3.00),(26960,398,17,'LA FEDE NELLO ZAINETTO',5,0,5.00,5.00,0,4,'50',12.50),(26961,398,19,'CHIERICHETTI IERI OGGI DOMANI',15,0,2.50,2.50,0,4,'50',18.75),(26962,398,20,'GIOVEDÌ SANTO',111,0,1.50,1.50,0,4,'50',83.25),(26963,398,23,'FATE QUESTO IN MEMORIA DI ME',12,0,2.50,2.50,0,4,'50',15.00),(26964,398,25,'PICCOLO DIZIONARIO DEL CRISTIANO',3,0,3.00,3.00,0,4,'50',4.50),(26965,398,121,'DIZIONARIO DEI SIMBOLI DEL CRISTIANO',8,0,2.50,2.50,0,4,'50',10.00),(26966,398,32,'IL CANTICO DELLE CREATURE',1,0,2.20,2.20,0,4,'50',1.10),(26967,398,33,'100 GIORNI CON LO SPIRITO',4,0,7.00,7.00,0,4,'50',14.00),(26968,398,35,'ANGELI - I NOSTRI MIGLIORI AMICI',2,0,2.50,2.50,0,4,'50',2.50),(26969,398,36,'IL CANTICO DEI CANTICI',1,0,2.50,2.50,0,4,'50',1.25),(26970,398,42,'ALLA SCOPERTA  DELLA  CASA DI GESU',4,0,3.00,3.00,0,4,'50',6.00),(26971,398,44,'GUARDALIBRI: DVD IL CREDO',1,0,9.90,9.90,0,4,'50',4.95),(26972,398,48,'I SANTI E GLI ANIMALI',10,0,3.00,3.00,0,4,'50',15.00),(26973,398,52,'Il Padre Nostro spiegato ai bambini',45,0,2.00,2.00,0,4,'50',45.00),(26974,398,55,'AVE MARIA ,SPIEGATA AI BAMBINI',25,0,1.50,1.50,0,4,'50',18.75),(26975,398,57,'ALBUM + BUSTINA  AMICO GESÙ',1,0,2.00,2.00,0,4,'50',1.00),(26976,398,58,'SCATOLA FIGURINE AMICO GESÙ - 60 BUSTINE',1,0,30.00,30.00,0,4,'50',15.00),(26977,398,67,'CON GESU SULLA VIA DELLA CROCE - VIA CRUCIS ',136,0,2.00,2.00,0,4,'50',136.00),(26978,398,82,'LAUDATO SI',1,0,2.00,2.00,0,4,'50',1.00),(26979,398,85,'Il Buon Samaritano',1,0,1.50,1.50,0,4,'50',0.75),(26980,398,92,'LA PREGHIERA DEL ROSARIO',1,0,2.50,2.50,0,4,'50',1.25),(26981,398,98,'ANGELO DI DIO PREGHIERE',1,0,1.50,1.50,0,4,'50',0.75),(26982,398,104,'TEMPO DI QUARESIMA',20,0,1.00,1.00,0,4,'50',10.00),(26983,398,127,'SPIRITO SANTO SPIEGATO AI RAGAZZI - N.E.',33,0,2.50,2.50,0,4,'50',41.25),(26984,398,110,'SE MI AMI NON PIANGERE',2,0,1.50,1.50,0,4,'50',1.50),(26985,398,123,'DIO E IN DIECI PAROLE - COMANDAMENTI',1,0,3.00,3.00,0,4,'50',1.50),(26986,398,114,'Le preghiere dei ragazzi',9,0,1.50,1.50,0,4,'50',6.75),(26987,398,115,'SAN FRANCESCO DASSISI RACCONTATO AI RAGAZZI N.E.',8,0,4.00,4.00,0,4,'50',16.00),(26988,398,117,'La prehiera delle cinque dita n.e.',5,0,1.50,1.50,0,4,'50',3.75),(26989,398,118,'Il Credo spiegato ai ragazzi n.e.',29,0,2.50,2.50,0,4,'50',36.25),(26990,398,129,'NATALE SPIEGATO AI BAMBINI',10,0,3.00,3.00,0,4,'50',15.00),(26991,398,128,'LIBRO AGENDA CATTOLICO 2021',18,0,16.00,16.00,0,4,'50',144.00),(26992,398,126,'SACRAMENTO DEL PERDONO',72,0,2.00,2.00,0,4,'50',72.00),(26993,412,6,'I miracoli da colorare. Il figlio della vedova',1,1,2.00,2.00,0,4,'50',1.00),(26994,412,10,'I miracoli da colorare. Gesù cammina sulle acque',1,1,2.00,2.00,0,4,'50',1.00),(26995,412,11,'COME PREPARARSI ALLA CONFESSIONE',22,22,1.50,1.50,0,4,'50',16.50),(26996,412,13,'BUSSATE E VI SARÀ APERTO',3,3,1.50,1.50,0,4,'50',2.25),(26997,412,17,'LA FEDE NELLO ZAINETTO',2,2,5.00,5.00,0,4,'50',5.00),(26998,412,18,'IL NOSTRO VIAGGIO IN TERRASANTA + 80 FIG.',4,4,9.50,9.50,0,4,'50',19.00),(26999,412,20,'GIOVEDÌ SANTO',9,9,1.50,1.50,0,4,'50',6.75),(27000,412,23,'FATE QUESTO IN MEMORIA DI ME',21,21,2.50,2.50,0,4,'50',26.25),(27001,412,52,'Il Padre Nostro spiegato ai bambini',3,3,2.50,2.50,0,4,'50',3.75),(27002,412,121,'DIZIONARIO DEI SIMBOLI DEL CRISTIANO',2,2,2.50,2.50,0,4,'50',2.50),(27003,412,33,'100 GIORNI CON LO SPIRITO',3,3,7.00,7.00,0,4,'50',10.50),(27004,412,34,'LE MIE PREGHIERINE',2,2,1.50,1.50,0,4,'50',1.50),(27005,412,42,'ALLA SCOPERTA  DELLA  CASA DI GESU',1,1,3.00,3.00,0,4,'50',1.50),(27006,412,46,'LE LETTERE DI SAN PAOLO',1,1,3.50,3.50,0,4,'50',1.75),(27007,412,49,'GUARDALIBRI:DVD VANGELO PICCOLI',1,1,12.00,12.00,0,4,'50',6.00),(27008,412,50,'PERDONAMI SIGNORE',3,3,2.00,2.00,0,4,'50',3.00),(27009,412,55,'AVE MARIA ,SPIEGATA AI BAMBINI',1,1,1.50,1.50,0,4,'50',0.75),(27010,412,66,'BEATI GLI INVITATI ALLA CENA DEL SIGNORE',1,1,6.50,6.50,0,4,'50',3.25),(27011,412,67,'CON GESU SULLA VIA DELLA CROCE - VIA CRUCIS ',32,32,2.00,2.00,0,4,'50',32.00),(27012,412,74,'DIO È , IN DIECI PAROLE',1,1,4.50,4.50,0,4,'50',2.25),(27013,412,92,'LA PREGHIERA DEL ROSARIO',1,1,2.50,2.50,0,4,'50',1.25),(27014,412,97,'\"IL NATALE  \"\"CHE MERAVIGLIA\"\"\"',9,9,1.50,1.50,0,4,'50',6.75),(27015,412,99,'AVE MARIA PREGHIERE MARIANE',2,2,2.00,2.00,0,4,'50',2.00),(27016,412,101,'GESU BENEDICI LA NOSTRA FAMIGLIA',2,2,1.50,1.50,0,4,'50',1.50),(27017,412,110,'SE MI AMI NON PIANGERE',1,1,1.50,1.50,0,4,'50',0.75),(27018,412,112,'SEMPRE CON TE -VANGELO TASCABILE',2,2,2.50,2.50,0,4,'50',2.50),(27019,412,123,'DIO E IN DIECI PAROLE - COMANDAMENTI',10,10,3.00,3.00,0,4,'50',15.00),(27020,412,114,'Le preghiere dei ragazzi',30,30,1.50,1.50,0,4,'50',22.50),(27021,412,115,'SAN FRANCESCO DASSISI RACCONTATO AI RAGAZZI N.E.',5,5,4.00,4.00,0,4,'50',10.00),(27022,412,117,'La prehiera delle cinque dita n.e.',6,6,1.50,1.50,0,4,'50',4.50),(27023,412,118,'Il Credo spiegato ai ragazzi n.e.',8,8,2.50,2.50,0,4,'50',10.00),(27024,412,129,'NATALE SPIEGATO AI BAMBINI',73,73,3.00,3.00,0,4,'50',109.50),(27025,412,128,'LIBRO AGENDA CATTOLICO 2021',53,53,16.00,16.00,0,4,'50',424.00),(27026,412,126,'SACRAMENTO DEL PERDONO',6,6,2.00,2.00,0,4,'50',6.00),(27027,414,23,'FATE QUESTO IN MEMORIA DI ME',100,-100,2.50,2.50,0,4,'15',212.50),(27028,414,128,'LIBRO AGENDA CATTOLICO 2021',1,-1,16.00,16.00,0,4,'100',0.00),(27029,414,24,'PADRE NOSTRO SPIEGATO AI BAMBINI N. E.',1,-1,2.50,2.50,0,4,'100',0.00),(27030,414,57,'ALBUM + BUSTINA  AMICO GESÙ',1,-1,2.00,2.00,0,4,'100',0.00),(27031,414,118,'Il Credo spiegato ai ragazzi n.e.',1,-1,2.50,2.50,0,4,'100',0.00),(27032,414,126,'SACRAMENTO DEL PERDONO',1,-1,2.00,2.00,0,4,'100',0.00),(27033,414,121,'DIZIONARIO DEI SIMBOLI DEL CRISTIANO',1,-1,2.50,2.50,0,4,'100',0.00),(27034,414,25,'PICCOLO DIZIONARIO DEL CRISTIANO',1,-1,3.00,3.00,0,4,'100',0.00),(27035,414,123,'DIO E IN DIECI PAROLE - COMANDAMENTI',1,-1,3.00,3.00,0,4,'100',0.00),(27036,415,33,'100 GIORNI CON LO SPIRITO',200,-200,7.00,7.00,0,4,'0',1400.00),(27037,415,47,'IL ROSARIO SPIEGATO AI BAMBINI N.E.',100,-100,2.50,2.50,0,4,'0',250.00),(27039,416,33,'100 GIORNI CON LO SPIRITO',58,-58,7.00,7.00,0,4,'15',345.10),(27040,416,0,'spese di spedizione ',1,-1,6.90,6.90,0,4,'0',6.90),(27041,416,0,'supplemento express',1,-1,3.00,3.00,0,4,'0',3.00),(27042,420,125,'MIE PREGHIERINE - N. E.',500,-500,1.50,1.23,22,1,'50',375.00),(27043,420,125,'MIE PREGHIERINE - N. E.',500,-500,1.50,1.50,0,4,'50',375.00),(27044,422,125,'MIE PREGHIERINE - N. E.',500,500,1.50,1.23,22,1,'50',375.00),(27045,422,125,'MIE PREGHIERINE - N. E.',500,500,1.50,1.23,22,1,'50',375.00),(27046,422,0,'STORNO PER ERRATO CALCOLO IVA',1,1,0.00,0.00,0,0,'0',0.00),(27047,426,47,'IL ROSARIO SPIEGATO AI BAMBINI N.E.',50,-50,2.50,2.50,0,4,'15',106.25),(27048,426,0,'ROSARIO MISSIONARIO',50,-50,1.70,1.70,0,4,'0',85.00),(27049,426,0,'ARROTONDAMENTO',1,-1,-1.25,-1.25,0,4,'0',-1.25),(27050,421,33,'100 GIORNI CON LO SPIRITO',50,-50,7.00,7.00,0,4,'15',297.50),(27051,435,17,'LA FEDE NELLO ZAINETTO',20,-20,5.00,5.00,0,4,'10',90.00),(27052,445,52,'Il Padre Nostro spiegato ai bambini',521,-521,0.39,0.38,4,3,'0',203.19),(27053,445,125,'MIE PREGHIERINE - N. E.',2500,-2500,0.19,0.18,4,3,'0',475.00),(27054,445,124,'PREGHIERE DEI RAGAZZI N. E. ',2000,-2000,0.19,0.18,4,3,'0',380.00),(27055,445,114,'Le preghiere dei ragazzi',483,-483,0.32,0.31,4,3,'0',154.56),(27056,445,128,'LIBRO AGENDA CATTOLICO 2021',451,-451,4.35,4.18,4,3,'0',1961.85),(27057,446,111,'I NONNI SONO UN TESORO',80,80,1.50,1.50,0,4,'0',120.00),(27058,447,17,'LA FEDE NELLO ZAINETTO',65,-65,5.00,5.00,0,4,'38',201.50),(27059,453,52,'Il Padre Nostro spiegato ai bambini',50,-50,2.00,2.00,0,4,'50',50.00),(27060,453,34,'LE MIE PREGHIERINE',50,-50,1.50,1.50,0,4,'50',37.50),(27061,453,117,'La prehiera delle cinque dita n.e.',50,-50,1.50,1.50,0,4,'50',37.50),(27062,453,47,'IL ROSARIO SPIEGATO AI BAMBINI ',50,-50,2.50,2.50,0,4,'50',62.50),(27063,453,35,'ANGELI - I NOSTRI MIGLIORI AMICI',10,-10,2.50,2.50,0,4,'50',12.50),(27064,453,89,'COMUNIONE SPIEGATA AI RAGAZZI',15,-15,1.50,1.50,0,4,'50',11.25),(27066,453,52,'Il Padre Nostro spiegato ai bambini',50,-50,2.00,2.00,0,4,'50',50.00),(27067,453,34,'LE MIE PREGHIERINE',50,-50,1.50,1.50,0,4,'50',37.50),(27068,453,117,'La prehiera delle cinque dita n.e.',50,-50,1.50,1.50,0,4,'50',37.50),(27069,453,47,'IL ROSARIO SPIEGATO AI BAMBINI ',50,-50,2.50,2.50,0,4,'50',62.50),(27070,453,35,'ANGELI - I NOSTRI MIGLIORI AMICI',10,-10,2.50,2.50,0,4,'50',12.50),(27071,453,89,'COMUNIONE SPIEGATA AI RAGAZZI',15,-15,1.50,1.50,0,4,'50',11.25),(27072,453,114,'Le preghiere dei ragazzi',35,-35,1.50,1.50,0,4,'50',26.25),(27073,453,20,'GIOVEDÌ SANTO',10,-10,1.50,1.50,0,4,'5',14.25),(27074,453,121,'DIZIONARIO DEI SIMBOLI DEL CRISTIANO',15,-15,2.50,2.50,0,4,'50',18.75),(27075,453,19,'CHIERICHETTI IERI OGGI DOMANI',25,-25,2.50,2.50,0,4,'50',31.25),(27076,453,13,'BUSSATE E VI SARÀ APERTO',15,-15,1.50,1.50,0,4,'50',11.25),(27077,453,111,'I NONNI SONO UN TESORO',10,-10,1.50,1.50,0,4,'50',7.50),(27078,453,94,'IL BATTESIMO',10,-10,1.50,1.50,0,4,'50',7.50),(27079,453,96,'LA PREGHIERA  - MEDICINA DELLANIMA',15,-15,1.50,1.50,0,4,'50',11.25),(27081,453,52,'Il Padre Nostro spiegato ai bambini',50,-50,2.00,2.00,0,4,'50',50.00),(27082,453,34,'LE MIE PREGHIERINE',50,-50,1.50,1.50,0,4,'50',37.50),(27083,453,117,'La prehiera delle cinque dita n.e.',50,-50,1.50,1.50,0,4,'50',37.50),(27084,453,47,'IL ROSARIO SPIEGATO AI BAMBINI ',50,-50,2.50,2.50,0,4,'50',62.50),(27085,453,35,'ANGELI - I NOSTRI MIGLIORI AMICI',10,-10,2.50,2.50,0,4,'50',12.50),(27086,453,114,'Le preghiere dei ragazzi',35,-35,1.50,1.50,0,4,'50',26.25),(27087,453,20,'GIOVEDÌ SANTO',5,-5,1.50,1.50,0,4,'50',3.75),(27088,453,121,'DIZIONARIO DEI SIMBOLI DEL CRISTIANO',15,-15,2.50,2.50,0,4,'50',18.75),(27089,453,19,'CHIERICHETTI IERI OGGI DOMANI',25,-25,2.50,2.50,0,4,'50',31.25),(27090,453,13,'BUSSATE E VI SARÀ APERTO',15,-15,1.50,1.50,0,4,'50',11.25),(27091,453,111,'I NONNI SONO UN TESORO',10,-10,1.50,1.50,0,4,'50',7.50),(27092,453,96,'LA PREGHIERA  - MEDICINA DELLANIMA',15,-15,1.50,1.50,0,4,'50',11.25),(27096,453,52,'Il Padre Nostro spiegato ai bambini',50,-50,2.00,2.00,0,4,'50',50.00),(27097,453,34,'LE MIE PREGHIERINE',50,-50,1.50,1.50,0,4,'50',37.50),(27098,453,117,'La prehiera delle cinque dita n.e.',50,-50,1.50,1.50,0,4,'50',37.50),(27099,453,47,'IL ROSARIO SPIEGATO AI BAMBINI ',50,-50,2.50,2.50,0,4,'50',62.50),(27100,453,35,'ANGELI - I NOSTRI MIGLIORI AMICI',10,-10,2.50,2.50,0,4,'50',12.50),(27101,453,114,'Le preghiere dei ragazzi',35,-35,1.50,1.50,0,4,'50',26.25),(27102,453,20,'GIOVEDÌ SANTO',5,-5,1.50,1.50,0,4,'50',3.75),(27103,453,121,'DIZIONARIO DEI SIMBOLI DEL CRISTIANO',15,-15,2.50,2.50,0,4,'50',18.75),(27104,453,19,'CHIERICHETTI IERI OGGI DOMANI',25,-25,2.50,2.50,0,4,'50',31.25),(27105,453,13,'BUSSATE E VI SARÀ APERTO',15,-15,1.50,1.50,0,4,'50',11.25),(27106,453,111,'I NONNI SONO UN TESORO',10,-10,1.50,1.50,0,4,'50',7.50),(27107,453,96,'LA PREGHIERA  - MEDICINA DELLANIMA',15,-15,1.50,1.50,0,4,'50',11.25),(27111,453,52,'Il Padre Nostro spiegato ai bambini',50,-50,2.00,2.00,0,4,'50',50.00),(27112,453,34,'LE MIE PREGHIERINE',50,-50,1.50,1.50,0,4,'50',37.50),(27113,453,117,'La prehiera delle cinque dita n.e.',50,-50,1.50,1.50,0,4,'50',37.50),(27114,453,47,'IL ROSARIO SPIEGATO AI BAMBINI ',50,-50,2.50,2.50,0,4,'50',62.50),(27115,453,35,'ANGELI - I NOSTRI MIGLIORI AMICI',10,-10,2.50,2.50,0,4,'50',12.50),(27116,453,114,'Le preghiere dei ragazzi',35,-35,1.50,1.50,0,4,'50',26.25),(27117,453,20,'GIOVEDÌ SANTO',5,-5,1.50,1.50,0,4,'50',3.75),(27118,453,121,'DIZIONARIO DEI SIMBOLI DEL CRISTIANO',15,-15,2.50,2.50,0,4,'50',18.75),(27119,453,19,'CHIERICHETTI IERI OGGI DOMANI',25,-25,2.50,2.50,0,4,'50',31.25),(27120,453,13,'BUSSATE E VI SARÀ APERTO',15,-15,1.50,1.50,0,4,'50',11.25),(27121,453,111,'I NONNI SONO UN TESORO',10,-10,1.50,1.50,0,4,'50',7.50),(27122,453,96,'LA PREGHIERA  - MEDICINA DELLANIMA',15,-15,1.50,1.50,0,4,'50',11.25),(27126,453,24,'PADRE NOSTRO SPIEGATO AI BAMBINI N. E.',50,-50,1.00,1.00,0,4,'0',50.00),(27127,453,34,'LE MIE PREGHIERINE',50,-50,1.50,1.50,0,4,'50',37.50),(27128,453,117,'La prehiera delle cinque dita n.e.',50,-50,1.50,1.50,0,4,'50',37.50),(27129,453,47,'IL ROSARIO SPIEGATO AI BAMBINI ',50,-50,2.50,2.50,0,4,'50',62.50),(27130,453,35,'ANGELI - I NOSTRI MIGLIORI AMICI',10,-10,2.50,2.50,0,4,'50',12.50),(27131,453,114,'Le preghiere dei ragazzi',35,-35,1.50,1.50,0,4,'50',26.25),(27132,453,20,'GIOVEDÌ SANTO',5,-5,1.50,1.50,0,4,'50',3.75),(27133,453,121,'DIZIONARIO DEI SIMBOLI DEL CRISTIANO',15,-15,2.50,2.50,0,4,'50',18.75),(27134,453,19,'CHIERICHETTI IERI OGGI DOMANI',25,-25,2.50,2.50,0,4,'50',31.25),(27135,453,13,'BUSSATE E VI SARÀ APERTO',15,-15,1.50,1.50,0,4,'50',11.25),(27136,453,111,'I NONNI SONO UN TESORO',10,-10,1.50,1.50,0,4,'50',7.50),(27137,453,96,'LA PREGHIERA  - MEDICINA DELLANIMA',15,-15,1.50,1.50,0,4,'50',11.25),(27141,453,24,'PADRE NOSTRO SPIEGATO AI BAMBINI N. E.',50,-50,1.00,1.00,0,4,'0',50.00),(27142,453,125,'MIE PREGHIERINE - N. E.',50,-50,1.50,1.50,0,4,'50',37.50),(27143,453,117,'La prehiera delle cinque dita n.e.',50,-50,1.50,1.50,0,4,'50',37.50),(27144,453,47,'IL ROSARIO SPIEGATO AI BAMBINI ',50,-50,2.50,2.50,0,4,'50',62.50),(27145,453,35,'ANGELI - I NOSTRI MIGLIORI AMICI',10,-10,2.50,2.50,0,4,'50',12.50),(27146,453,114,'Le preghiere dei ragazzi',35,-35,1.50,1.50,0,4,'50',26.25),(27147,453,20,'GIOVEDÌ SANTO',5,-5,1.50,1.50,0,4,'50',3.75),(27148,453,121,'DIZIONARIO DEI SIMBOLI DEL CRISTIANO',15,-15,2.50,2.50,0,4,'50',18.75),(27149,453,19,'CHIERICHETTI IERI OGGI DOMANI',25,-25,2.50,2.50,0,4,'50',31.25),(27150,453,13,'BUSSATE E VI SARÀ APERTO',15,-15,1.50,1.50,0,4,'50',11.25),(27151,453,111,'I NONNI SONO UN TESORO',10,-10,1.50,1.50,0,4,'50',7.50),(27152,453,96,'LA PREGHIERA  - MEDICINA DELLANIMA',15,-15,1.50,1.50,0,4,'50',11.25),(27156,453,24,'PADRE NOSTRO SPIEGATO AI BAMBINI N. E.',50,-50,1.00,1.00,0,4,'0',50.00),(27157,453,125,'MIE PREGHIERINE - N. E.',50,-50,1.50,1.50,0,4,'50',37.50),(27158,453,117,'La prehiera delle cinque dita n.e.',50,-50,1.50,1.50,0,4,'50',37.50),(27159,453,130,'ROSARIO SPIEGATO AI BAMBINI - N.E.',50,-50,2.50,2.50,0,4,'50',62.50),(27160,453,35,'ANGELI - I NOSTRI MIGLIORI AMICI',10,-10,2.50,2.50,0,4,'50',12.50),(27161,453,124,'PREGHIERE DEI RAGAZZI N. E. ',35,-35,1.50,1.50,0,4,'50',26.25),(27162,453,20,'GIOVEDÌ SANTO',5,-5,1.50,1.50,0,4,'50',3.75),(27163,453,121,'DIZIONARIO DEI SIMBOLI DEL CRISTIANO',15,-15,2.50,2.50,0,4,'50',18.75),(27164,453,19,'CHIERICHETTI IERI OGGI DOMANI',25,-25,2.50,2.50,0,4,'50',31.25),(27165,453,13,'BUSSATE E VI SARÀ APERTO',15,-15,1.50,1.50,0,4,'50',11.25),(27166,453,111,'I NONNI SONO UN TESORO',10,-10,1.50,1.50,0,4,'50',7.50),(27167,453,96,'LA PREGHIERA  - MEDICINA DELLANIMA',15,-15,1.50,1.50,0,4,'50',11.25),(27168,462,131,'LIBRO AGENDA CATTOLICO 2022',1,-1,16.00,16.00,0,4,'5',15.20),(27169,461,131,'LIBRO AGENDA CATTOLICO 2022',1,-1,16.00,16.00,0,4,'5',15.20),(27170,460,131,'LIBRO AGENDA CATTOLICO 2022',2,-2,16.00,16.00,0,4,'5',30.40),(27171,459,131,'LIBRO AGENDA CATTOLICO 2022',1,-1,16.00,16.00,0,4,'5',15.20),(27172,465,131,'LIBRO AGENDA CATTOLICO 2022',2,-2,16.00,16.00,0,4,'5',30.40),(27173,468,131,'LIBRO AGENDA CATTOLICO 2022',1,-1,15.20,15.20,0,4,'0',15.20),(27174,470,131,'LIBRO AGENDA CATTOLICO 2022',1,-1,16.00,16.00,0,4,'5',15.20),(27175,474,131,'LIBRO AGENDA CATTOLICO 2022',1,-1,16.00,16.00,0,4,'5',15.20),(27176,479,131,'LIBRO AGENDA CATTOLICO 2022',1,-1,16.00,16.00,0,4,'5',15.20),(27177,480,131,'LIBRO AGENDA CATTOLICO 2022',2,-2,16.00,16.00,0,4,'5',30.40),(27178,485,131,'LIBRO AGENDA CATTOLICO 2022',4,-4,16.00,16.00,0,4,'5',60.80),(27179,471,131,'LIBRO AGENDA CATTOLICO 2022',1,-1,16.00,16.00,0,4,'5',15.20),(27180,493,131,'LIBRO AGENDA CATTOLICO 2022',10,-10,16.00,16.00,0,4,'10',144.00),(27181,506,75,'IL SEGNO DELLA CROCE',2,-2,1.50,1.50,0,4,'5',2.85),(27182,506,24,'PADRE NOSTRO SPIEGATO AI BAMBINI N. E.',2,-2,2.50,2.50,0,4,'5',4.75),(27183,506,125,'MIE PREGHIERINE - N. E.',2,-2,1.50,1.50,0,4,'5',2.85),(27184,506,117,'La prehiera delle cinque dita n.e.',2,-2,1.50,1.50,0,4,'5',2.85),(27185,506,55,'AVE MARIA ,SPIEGATA AI BAMBINI',2,-2,1.50,1.50,0,4,'5',2.85),(27186,506,130,'ROSARIO SPIEGATO AI BAMBINI - N.E.',2,-2,2.50,2.50,0,4,'5',4.75),(27187,506,35,'ANGELI - I NOSTRI MIGLIORI AMICI',2,-2,2.50,2.50,0,4,'5',4.75),(27188,506,124,'PREGHIERE DEI RAGAZZI N. E. ',2,-2,1.50,1.50,0,4,'5',2.85),(27189,506,123,'DIO E\' IN DIECI PAROLE - COMANDAMENTI',1,-1,3.00,3.00,0,4,'5',2.85),(27190,506,127,'SPIRITO SANTO SPIEGATO AI RAGAZZI - N.E.',1,-1,2.50,2.50,0,4,'5',2.38),(27191,506,129,'NATALE SPIEGATO AI BAMBINI',1,-1,3.00,3.00,0,4,'5',2.85),(27192,506,118,'Il Credo spiegato ai ragazzi n.e.',1,-1,2.50,2.50,0,4,'5',2.38),(27193,506,121,'DIZIONARIO DEI SIMBOLI DEL CRISTIANO',1,-1,2.50,2.50,0,4,'5',2.38),(27194,506,25,'PICCOLO DIZIONARIO DEL CRISTIANO',1,-1,3.00,3.00,0,4,'5',2.85),(27195,506,101,'GESU\' BENEDICI LA NOSTRA FAMIGLIA',1,-1,1.50,1.50,0,4,'5',1.43),(27196,506,110,'SE MI AMI NON PIANGERE',1,-1,1.50,1.50,0,4,'5',1.43),(27197,506,13,'BUSSATE E VI SARÀ APERTO',2,-2,1.50,1.50,0,4,'5',2.85),(27198,506,94,'IL BATTESIMO',1,-1,1.50,1.50,0,4,'5',1.43),(27199,506,82,'LAUDATO SI\'',1,-1,2.00,2.00,0,4,'5',1.90),(27200,506,29,'UNA SPERANZA POSSIBILE',1,-1,2.00,2.00,0,4,'5',1.90),(27201,506,92,'LA PREGHIERA DEL ROSARIO',2,-2,2.50,2.50,0,4,'5',4.75),(27202,506,99,'AVE MARIA PREGHIERE MARIANE',2,-2,2.00,2.00,0,4,'5',3.80),(27203,506,96,'LA PREGHIERA  - MEDICINA DELL\'ANIMA',2,-2,1.50,1.50,0,4,'5',2.85),(27204,430,130,'ROSARIO SPIEGATO AI BAMBINI - N.E.',1000,1000,0.57,0.55,4,3,'0',592.80),(27205,511,131,'LIBRO AGENDA CATTOLICO 2022',1,-1,16.00,16.00,0,4,'5',15.20),(27206,801,57,'ALBUM + BUSTINA  AMICO GESÙ',1,-1,2.00,2.00,0,4,'15',1.70),(27207,801,58,'SCATOLA FIGURINE AMICO GESÙ - 60 BUSTINE',1,-1,30.00,30.00,0,4,'15',25.50),(27208,803,19,'CHIERICHETTI IERI OGGI DOMANI',100,-100,2.50,2.50,0,4,'35',162.50),(27209,803,35,'ANGELI - I NOSTRI MIGLIORI AMICI',20,-20,2.50,2.50,0,4,'35',32.50),(27210,803,13,'BUSSATE E VI SARÀ APERTO',10,-10,1.50,1.50,0,4,'35',9.75),(27211,803,23,'FATE QUESTO IN MEMORIA DI ME',20,-20,2.50,2.50,0,4,'35',32.50),(27212,803,20,'GIOVEDÌ SANTO',1,-1,1.50,1.50,0,4,'35',0.97),(27213,803,82,'LAUDATO SI\'',1,-1,2.00,2.00,0,4,'35',1.30),(27214,803,131,'LIBRO AGENDA CATTOLICO 2022',30,-30,16.00,16.00,0,4,'35',312.00),(27215,803,111,'I NONNI SONO UN TESORO',85,-85,1.50,1.50,0,4,'35',82.88),(27216,803,50,'PERDONAMI SIGNORE',20,-20,2.00,2.00,0,4,'35',26.00),(27217,803,25,'PICCOLO DIZIONARIO DEL CRISTIANO',10,-10,3.00,3.00,0,4,'35',19.50),(27218,803,96,'LA PREGHIERA  - MEDICINA DELL\'ANIMA',40,-40,1.50,1.50,0,4,'35',39.00),(27219,803,94,'IL BATTESIMO',2,-2,1.50,1.50,0,4,'35',1.95),(27220,803,89,'COMUNIONE SPIEGATA AI RAGAZZI',2,-2,1.50,1.50,0,4,'35',1.95),(27221,803,110,'SE MI AMI NON PIANGERE',25,-25,1.50,1.50,0,4,'35',24.38),(27222,803,29,'UNA SPERANZA POSSIBILE',22,-22,2.00,2.00,0,4,'35',28.60),(27223,803,17,'LA FEDE NELLO ZAINETTO',10,-10,5.00,5.00,0,4,'35',32.50),(27224,806,131,'LIBRO AGENDA CATTOLICO 2022',6,-6,16.00,16.00,0,4,'5',91.20),(27225,2353,131,'LIBRO AGENDA CATTOLICO 2022',3,-3,16.00,16.00,0,4,'5',45.60),(27226,2354,33,'100 GIORNI CON LO SPIRITO',19,-19,7.00,7.00,0,4,'15',113.05),(27227,2614,30,'LA BIBBIA: ANTICO TESTAMENTO',3,3,9.00,9.00,0,4,'50',13.50),(27228,2614,66,'BEATI GLI INVITATI ALLA CENA DEL SIGNORE',3,3,6.50,6.50,0,4,'50',9.75),(27229,2614,72,'FEDE, SPERANZA  E CARITA',1,1,6.00,6.00,0,4,'50',3.00),(27230,2614,131,'LIBRO AGENDA CATTOLICO 2022',5,5,16.00,16.00,0,4,'50',40.00),(27231,2614,104,'TEMPO DI QUARESIMA',6,6,1.00,1.00,0,4,'50',3.00),(27232,2614,111,'I NONNI SONO UN TESORO',5,5,1.50,1.50,0,4,'50',3.75),(27233,2614,115,'SAN FRANCESCO DASSISI RACCONTATO AI RAGAZZI N.E.',1,1,4.00,4.00,0,4,'50',2.00),(27234,2614,118,'Il Credo spiegato ai ragazzi n.e.',1,1,2.50,2.50,0,4,'50',1.25),(27242,2613,9,'PSICOLOGIA PRATICA PER EDUCATORI',1,0,10.50,10.50,0,4,'50',5.25),(27243,2613,11,'COME PREPARARSI ALLA CONFESSIONE',12,0,1.50,1.50,0,4,'50',9.00),(27244,2613,17,'LA FEDE NELLO ZAINETTO',127,0,5.00,5.00,0,4,'50',317.50),(27245,2613,19,'CHIERICHETTI IERI OGGI DOMANI',42,0,2.50,2.50,0,4,'50',52.50),(27246,2613,20,'GIOVEDÌ SANTO',1,0,1.50,1.50,0,4,'50',0.75),(27247,2613,124,'PREGHIERE DEI RAGAZZI N. E. ',225,0,1.50,1.50,0,4,'50',168.75),(27248,2613,23,'FATE QUESTO IN MEMORIA DI ME',56,0,2.50,2.50,0,4,'50',70.00),(27249,2613,24,'PADRE NOSTRO SPIEGATO AI BAMBINI N. E.',253,0,2.50,2.50,0,4,'50',316.25),(27250,2613,25,'PICCOLO DIZIONARIO DEL CRISTIANO',4,0,3.00,3.00,0,4,'50',6.00),(27251,2613,121,'DIZIONARIO DEI SIMBOLI DEL CRISTIANO',4,0,2.50,2.50,0,4,'50',5.00),(27252,2613,130,'ROSARIO SPIEGATO AI BAMBINI - N.E.',125,0,2.50,2.50,0,4,'50',156.25),(27253,2613,125,'MIE PREGHIERINE - N. E.',251,0,1.50,1.50,0,4,'50',188.25),(27254,2613,30,'LA BIBBIA: ANTICO TESTAMENTO',4,0,9.00,9.00,0,4,'50',18.00),(27255,2613,33,'100 GIORNI CON LO SPIRITO',4,0,7.00,7.00,0,4,'50',14.00),(27256,2613,34,'LE MIE PREGHIERINE',5,0,1.50,1.50,0,4,'50',3.75),(27257,2613,35,'ANGELI - I NOSTRI MIGLIORI AMICI',1,0,2.50,2.50,0,4,'50',1.25),(27258,2613,42,'ALLA SCOPERTA  DELLA  CASA DI GESU',15,0,3.00,3.00,0,4,'50',22.50),(27259,2613,44,'GUARDALIBRI: DVD IL CREDO',1,0,9.90,9.90,0,4,'50',4.95),(27260,2613,46,'LE LETTERE DI SAN PAOLO',1,0,3.50,3.50,0,4,'50',1.75),(27261,2613,47,'IL ROSARIO SPIEGATO AI BAMBINI ',3,0,2.50,2.50,0,4,'50',3.75),(27262,2613,50,'PERDONAMI SIGNORE',4,0,2.00,2.00,0,4,'50',4.00),(27263,2613,52,'Il Padre Nostro spiegato ai bambini',3,0,2.00,2.00,0,4,'50',3.00),(27264,2613,55,'AVE MARIA ,SPIEGATA AI BAMBINI',4,0,1.50,1.50,0,4,'50',3.00),(27265,2613,57,'ALBUM + BUSTINA  AMICO GESÙ',81,0,2.00,2.00,0,4,'50',81.00),(27266,2613,58,'SCATOLA FIGURINE AMICO GESÙ - 60 BUSTINE',21,0,30.00,30.00,0,4,'50',315.00),(27267,2613,60,'IL NATALE SPIEGATO AI BAMBINI',6,0,2.00,2.00,0,4,'50',6.00),(27268,2613,63,'STORIA D.SALVEZZA  1°ADAMO ED EVA',1,0,2.00,2.00,0,4,'50',1.00),(27269,2613,67,'CON GESU SULLA VIA DELLA CROCE - VIA CRUCIS ',3,0,2.00,2.00,0,4,'50',3.00),(27270,2613,70,'La storia della salvezza raccontata ai bambini. 2 Caino e Abele',1,0,2.00,2.00,0,4,'50',1.00),(27271,2613,75,'IL SEGNO DELLA CROCE',45,0,1.50,1.50,0,4,'50',33.75),(27272,2613,77,'LA SACRA SINDONE SPIEGATA  AI RAGAZZI',1,0,1.00,1.00,0,4,'50',0.50),(27273,2613,89,'COMUNIONE SPIEGATA AI RAGAZZI',1,0,1.50,1.50,0,4,'50',0.75),(27274,2613,92,'LA PREGHIERA DEL ROSARIO',3,0,2.50,2.50,0,4,'50',3.75),(27275,2613,131,'LIBRO AGENDA CATTOLICO 2022',92,0,16.00,16.00,0,4,'50',736.00),(27276,2613,97,'\"IL NATALE  \"\"CHE MERAVIGLIA\"\"\"',2,0,1.50,1.50,0,4,'50',1.50),(27277,2613,99,'AVE MARIA PREGHIERE MARIANE',4,0,2.00,2.00,0,4,'50',4.00),(27278,2613,127,'SPIRITO SANTO SPIEGATO AI RAGAZZI - N.E.',39,0,2.50,2.50,0,4,'50',48.75),(27279,2613,110,'SE MI AMI NON PIANGERE',58,0,1.50,1.50,0,4,'50',43.50),(27280,2613,123,'DIO E IN DIECI PAROLE - COMANDAMENTI',1,0,3.00,3.00,0,4,'50',1.50),(27281,2613,114,'Le preghiere dei ragazzi',6,0,1.50,1.50,0,4,'50',4.50),(27282,2613,115,'SAN FRANCESCO DASSISI RACCONTATO AI RAGAZZI N.E.',2,0,4.00,4.00,0,4,'50',4.00),(27283,2613,116,'DIZIONARIO DEI SIMBOLI DEL PICCOLO CRISTIANO NE',1,0,2.50,2.50,0,4,'50',1.25),(27284,2613,117,'La prehiera delle cinque dita n.e.',13,0,1.50,1.50,0,4,'50',9.75),(27285,2613,118,'Il Credo spiegato ai ragazzi n.e.',4,0,2.50,2.50,0,4,'50',5.00),(27286,2613,129,'NATALE SPIEGATO AI BAMBINI',211,0,3.00,3.00,0,4,'50',316.50),(27287,2613,126,'SACRAMENTO DEL PERDONO',28,0,2.00,2.00,0,4,'50',28.00),(27288,2617,131,'LIBRO AGENDA CATTOLICO 2022',5,-5,16.00,16.00,0,4,'5',76.00),(27289,2625,131,'LIBRO AGENDA CATTOLICO 2022',1,-1,16.00,16.00,0,4,'5',15.20),(27290,3138,20,'GIOVEDÌ SANTO',1,-1,1.50,1.50,0,4,'5',1.43),(27291,3138,23,'FATE QUESTO IN MEMORIA DI ME',1,-1,2.50,2.50,0,4,'5',2.38),(27292,3138,33,'100 GIORNI CON LO SPIRITO',1,-1,7.00,7.00,0,4,'5',6.65),(27293,3138,44,'GUARDALIBRI: DVD IL CREDO',1,-1,9.90,9.90,0,4,'5',9.41),(27294,3138,50,'PERDONAMI SIGNORE',1,-1,2.00,2.00,0,4,'5',1.90),(27295,3138,57,'ALBUM + BUSTINA  AMICO GESÙ',35,-35,2.00,2.00,0,4,'5',66.50),(27296,3138,58,'SCATOLA FIGURINE AMICO GESÙ - 60 BUSTINE',20,-20,30.00,30.00,0,4,'5',570.00),(27297,3138,123,'DIO E\' IN DIECI PAROLE - COMANDAMENTI',1,-1,3.00,3.00,0,4,'5',2.85),(27298,3138,126,'SACRAMENTO DEL PERDONO',1,-1,2.00,2.00,0,4,'5',1.90),(27299,3138,89,'COMUNIONE SPIEGATA AI RAGAZZI IN RISTAMPA ',0,0,0.00,0.00,0,4,'0',0.00),(27300,3138,127,'SPIRITO SANTO SPIEGATO AI RAGAZZI - N.E.',1,-1,2.50,2.50,0,4,'5',2.38),(27301,3138,0,'SPESE DI SPEDIZIONE GRATIS',1,-1,0.00,0.00,0,4,'0',0.00),(27302,3400,17,'LA FEDE NELLO ZAINETTO',3,0,5.00,5.00,0,4,'50',7.50),(27303,3400,19,'CHIERICHETTI IERI OGGI DOMANI',7,0,2.50,2.50,0,4,'50',8.75),(27304,3400,20,'GIOVEDÌ SANTO',35,0,1.50,1.50,0,4,'50',26.25),(27305,3400,124,'PREGHIERE DEI RAGAZZI N. E. ',88,0,1.50,1.50,0,4,'50',66.00),(27306,3400,23,'FATE QUESTO IN MEMORIA DI ME',37,0,2.50,2.50,0,4,'50',46.25),(27307,3400,24,'PADRE NOSTRO SPIEGATO AI BAMBINI N. E.',4,0,2.50,2.50,0,4,'50',5.00),(27308,3400,130,'ROSARIO SPIEGATO AI BAMBINI - N.E.',15,0,2.50,2.50,0,4,'50',18.75),(27309,3400,125,'MIE PREGHIERINE - N. E.',51,0,1.50,1.50,0,4,'50',38.25),(27310,3400,33,'100 GIORNI CON LO SPIRITO',1,0,7.00,7.00,0,4,'50',3.50),(27311,3400,47,'IL ROSARIO SPIEGATO AI BAMBINI ',19,0,2.50,2.50,0,4,'50',23.75),(27312,3400,55,'AVE MARIA ,SPIEGATA AI BAMBINI',3,0,1.50,1.50,0,4,'50',2.25),(27313,3400,56,'MARIA  LA MAMMA DI GESU',2,0,2.50,2.50,0,4,'50',2.50),(27314,3400,57,'ALBUM + BUSTINA  AMICO GESÙ',5,0,2.00,2.00,0,4,'50',5.00),(27315,3400,58,'SCATOLA FIGURINE AMICO GESÙ - 60 BUSTINE',1,0,30.00,30.00,0,4,'50',15.00),(27316,3400,67,'CON GESU SULLA VIA DELLA CROCE - VIA CRUCIS ',83,0,2.00,2.00,0,4,'50',83.00),(27317,3400,70,'La storia della salvezza raccontata ai bambini. 2 Caino e Abele',1,0,2.00,2.00,0,4,'50',1.00),(27318,3400,77,'LA SACRA SINDONE SPIEGATA  AI RAGAZZI',1,0,1.00,1.00,0,4,'50',0.50),(27319,3400,92,'LA PREGHIERA DEL ROSARIO',14,0,2.50,2.50,0,4,'50',17.50),(27320,3400,131,'LIBRO AGENDA CATTOLICO 2022',21,0,16.00,16.00,0,4,'50',168.00),(27321,3400,99,'AVE MARIA PREGHIERE MARIANE',13,0,2.00,2.00,0,4,'50',13.00),(27322,3400,101,'GESU BENEDICI LA NOSTRA FAMIGLIA',12,0,1.50,1.50,0,4,'50',9.00),(27323,3400,127,'SPIRITO SANTO SPIEGATO AI RAGAZZI - N.E.',3,0,2.50,2.50,0,4,'50',3.75),(27324,3400,123,'DIO E IN DIECI PAROLE - COMANDAMENTI',1,0,3.00,3.00,0,4,'50',1.50),(27325,3400,116,'DIZIONARIO DEI SIMBOLI DEL PICCOLO CRISTIANO NE',1,0,2.50,2.50,0,4,'50',1.25),(27326,3400,118,'Il Credo spiegato ai ragazzi n.e.',1,0,2.50,2.50,0,4,'50',1.25),(27327,3400,129,'NATALE SPIEGATO AI BAMBINI',2,0,3.00,3.00,0,4,'50',3.00),(27328,3400,126,'SACRAMENTO DEL PERDONO',27,0,2.00,2.00,0,4,'50',27.00),(27329,3405,67,'CON GESU\' SULLA VIA DELLA CROCE - VIA CRUCIS ',30,-30,2.00,2.00,0,4,'15',51.00),(27330,3413,127,'SPIRITO SANTO SPIEGATO AI RAGAZZI - N.E.',11,-11,2.50,2.50,0,4,'15',23.38),(27331,3413,126,'SACRAMENTO DEL PERDONO',5,-5,2.00,2.00,0,4,'15',8.50),(27332,3418,17,'LA FEDE NELLO ZAINETTO',10,0,5.00,5.00,0,4,'50',25.00),(27333,3418,19,'CHIERICHETTI IERI OGGI DOMANI',3,0,2.50,2.50,0,4,'50',3.75),(27334,3418,20,'GIOVEDÌ SANTO',30,0,1.50,1.50,0,4,'50',22.50),(27335,3418,124,'PREGHIERE DEI RAGAZZI N. E. ',182,0,1.50,1.50,0,4,'50',136.50),(27336,3418,23,'FATE QUESTO IN MEMORIA DI ME',46,0,2.50,2.50,0,4,'50',57.50),(27337,3418,24,'PADRE NOSTRO SPIEGATO AI BAMBINI N. E.',71,0,2.50,2.50,0,4,'50',88.75),(27338,3418,130,'ROSARIO SPIEGATO AI BAMBINI - N.E.',38,0,2.50,2.50,0,4,'50',47.50),(27339,3418,125,'MIE PREGHIERINE - N. E.',206,0,1.50,1.50,0,4,'50',154.50),(27340,3418,46,'LE LETTERE DI SAN PAOLO',1,0,3.50,3.50,0,4,'50',1.75),(27341,3418,54,'BENEDETTO XVI ° ..... UNA PAGINA DI STORIA',1,0,2.50,2.50,0,4,'50',1.25),(27342,3418,55,'AVE MARIA ,SPIEGATA AI BAMBINI',11,0,1.50,1.50,0,4,'50',8.25),(27343,3418,57,'ALBUM + BUSTINA  AMICO GESÙ',16,0,2.00,2.00,0,4,'50',16.00),(27344,3418,58,'SCATOLA FIGURINE AMICO GESÙ - 60 BUSTINE',1,0,30.00,30.00,0,4,'50',15.00),(27345,3418,67,'CON GESU SULLA VIA DELLA CROCE - VIA CRUCIS ',91,0,2.00,2.00,0,4,'50',91.00),(27346,3418,71,'San Francesco dAssisi raccontato ai ragazzi + DVD',1,0,13.00,13.00,0,4,'50',6.50),(27347,3418,88,'GESÙ È RISORTO',1,0,2.00,2.00,0,4,'50',1.00),(27348,3418,92,'LA PREGHIERA DEL ROSARIO',15,0,2.50,2.50,0,4,'50',18.75),(27349,3418,131,'LIBRO AGENDA CATTOLICO 2022',2,0,16.00,16.00,0,4,'50',16.00),(27350,3418,99,'AVE MARIA PREGHIERE MARIANE',10,0,2.00,2.00,0,4,'50',10.00),(27351,3418,103,'Lo Spirito Santo raccontato ai ragazzi N.E.',2,0,2.00,2.00,0,4,'50',2.00),(27352,3418,104,'TEMPO DI QUARESIMA',8,0,1.00,1.00,0,4,'50',4.00),(27353,3418,127,'SPIRITO SANTO SPIEGATO AI RAGAZZI - N.E.',12,0,2.50,2.50,0,4,'50',15.00),(27354,3418,110,'SE MI AMI NON PIANGERE',3,0,1.50,1.50,0,4,'50',2.25),(27355,3418,111,'I NONNI SONO UN TESORO',1,0,1.50,1.50,0,4,'50',0.75),(27356,3418,123,'DIO E IN DIECI PAROLE - COMANDAMENTI',16,0,3.00,3.00,0,4,'50',24.00),(27357,3418,114,'Le preghiere dei ragazzi',4,0,1.50,1.50,0,4,'50',3.00),(27358,3418,115,'SAN FRANCESCO DASSISI RACCONTATO AI RAGAZZI N.E.',1,0,4.00,4.00,0,4,'50',2.00),(27359,3418,118,'Il Credo spiegato ai ragazzi n.e.',42,0,2.50,2.50,0,4,'50',52.50),(27360,3418,132,'MINISTRANTI IERI, OGGI, DOMANI',52,0,2.50,2.50,0,4,'50',65.00),(27361,3418,129,'NATALE SPIEGATO AI BAMBINI',5,0,3.00,3.00,0,4,'50',7.50),(27362,3418,126,'SACRAMENTO DEL PERDONO',76,0,2.00,2.00,0,4,'50',76.00),(27363,3419,17,'LA FEDE NELLO ZAINETTO',4,4,5.00,5.00,0,4,'50',10.00),(27364,3419,20,'GIOVEDÌ SANTO',5,5,1.50,1.50,0,4,'50',3.75),(27365,3419,124,'PREGHIERE DEI RAGAZZI N. E. ',9,9,1.50,1.50,0,4,'50',6.75),(27366,3419,23,'FATE QUESTO IN MEMORIA DI ME',7,7,2.50,2.50,0,4,'50',8.75),(27367,3419,24,'PADRE NOSTRO SPIEGATO AI BAMBINI N. E.',32,32,2.50,2.50,0,4,'50',40.00),(27368,3419,25,'PICCOLO DIZIONARIO DEL CRISTIANO',6,6,3.00,3.00,0,4,'50',9.00),(27369,3419,121,'DIZIONARIO DEI SIMBOLI DEL CRISTIANO',10,10,2.50,2.50,0,4,'50',12.50),(27370,3419,130,'ROSARIO SPIEGATO AI BAMBINI - N.E.',2,2,2.50,2.50,0,4,'50',2.50),(27371,3419,125,'MIE PREGHIERINE - N. E.',3,3,1.50,1.50,0,4,'50',2.25),(27372,3419,30,'LA BIBBIA: ANTICO TESTAMENTO',1,1,9.00,9.00,0,4,'50',4.50),(27373,3419,33,'100 GIORNI CON LO SPIRITO',1,1,7.00,7.00,0,4,'50',3.50),(27374,3419,35,'ANGELI - I NOSTRI MIGLIORI AMICI',4,4,2.50,2.50,0,4,'50',5.00),(27375,3419,38,'MADRE TERESA, UNA MISSIONARIA',1,1,2.60,2.60,0,4,'50',1.30),(27376,3419,42,'ALLA SCOPERTA  DELLA  CASA DI GESU',3,3,3.00,3.00,0,4,'50',4.50),(27377,3419,44,'GUARDALIBRI: DVD IL CREDO',2,2,9.90,9.90,0,4,'50',9.90),(27378,3419,52,'Il Padre Nostro spiegato ai bambini',1,1,2.00,2.00,0,4,'50',1.00),(27379,3419,55,'AVE MARIA ,SPIEGATA AI BAMBINI',3,3,1.50,1.50,0,4,'50',2.25),(27380,3419,57,'ALBUM + BUSTINA  AMICO GESÙ',2,2,2.00,2.00,0,4,'50',2.00),(27381,3419,65,'LA FAMIGLIA, CHIESA DOMESTICA',1,1,6.00,6.00,0,4,'50',3.00),(27382,3419,67,'CON GESU SULLA VIA DELLA CROCE - VIA CRUCIS ',18,18,2.00,2.00,0,4,'50',18.00),(27383,3419,71,'San Francesco dAssisi raccontato ai ragazzi + DVD',1,1,13.00,13.00,0,4,'50',6.50),(27384,3419,74,'DIO È , IN DIECI PAROLE',1,1,4.50,4.50,0,4,'50',2.25),(27385,3419,82,'LAUDATO SI',1,1,2.00,2.00,0,4,'50',1.00),(27386,3419,89,'COMUNIONE SPIEGATA AI RAGAZZI',12,12,1.50,1.50,0,4,'50',9.00),(27387,3419,131,'LIBRO AGENDA CATTOLICO 2022',36,36,16.00,16.00,0,4,'50',288.00),(27388,3419,96,'LA PREGHIERA  - MEDICINA DELLANIMA',10,10,1.50,1.50,0,4,'50',7.50),(27389,3419,99,'AVE MARIA PREGHIERE MARIANE',5,5,2.00,2.00,0,4,'50',5.00),(27390,3419,101,'GESU BENEDICI LA NOSTRA FAMIGLIA',16,16,1.50,1.50,0,4,'50',12.00),(27391,3419,102,'LE BEATITUDINI  N.EDIZ.',4,4,2.00,2.00,0,4,'50',4.00),(27392,3419,103,'Lo Spirito Santo raccontato ai ragazzi N.E.',1,1,2.00,2.00,0,4,'50',1.00),(27393,3419,127,'SPIRITO SANTO SPIEGATO AI RAGAZZI - N.E.',39,39,2.50,2.50,0,4,'50',48.75),(27394,3419,110,'SE MI AMI NON PIANGERE',3,3,1.50,1.50,0,4,'50',2.25),(27395,3419,112,'SEMPRE CON TE -VANGELO TASCABILE',18,18,2.50,2.50,0,4,'50',22.50),(27396,3419,123,'DIO E IN DIECI PAROLE - COMANDAMENTI',14,14,3.00,3.00,0,4,'50',21.00),(27397,3419,114,'Le preghiere dei ragazzi',1,1,1.50,1.50,0,4,'50',0.75),(27398,3419,115,'SAN FRANCESCO DASSISI RACCONTATO AI RAGAZZI N.E.',3,3,4.00,4.00,0,4,'50',6.00),(27399,3419,117,'La prehiera delle cinque dita n.e.',2,2,1.50,1.50,0,4,'50',1.50),(27400,3419,118,'Il Credo spiegato ai ragazzi n.e.',12,12,2.50,2.50,0,4,'50',15.00),(27401,3419,119,'Rosario spiegato ai bambini ',2,2,2.50,2.50,0,4,'50',2.50),(27402,3419,132,'MINISTRANTI IERI, OGGI, DOMANI',2,2,2.50,2.50,0,4,'50',2.50),(27403,3419,129,'NATALE SPIEGATO AI BAMBINI',56,56,3.00,3.00,0,4,'50',84.00),(27404,3419,126,'SACRAMENTO DEL PERDONO',15,15,2.00,2.00,0,4,'50',15.00),(27405,5364,33,'100 GIORNI CON LO SPIRITO',21,-21,7.00,7.00,0,4,'15',124.95),(27406,5364,33,'100 GIORNI CON LO SPIRITO',21,-21,7.00,7.00,0,4,'15',124.95),(27407,5372,125,'MIE PREGHIERINE - N. E.',3000,3000,0.00,0.00,0,4,'0',0.00),(27408,5372,124,'PREGHIERE DEI RAGAZZI N. E. ',3000,3000,0.00,0.00,0,4,'0',0.00),(27409,5372,24,'PADRE NOSTRO SPIEGATO AI BAMBINI N. E.',3000,3000,0.00,0.00,0,4,'0',0.00),(27410,5375,17,'LA FEDE NELLO ZAINETTO',3,0,5.00,5.00,0,4,'50',7.50),(27411,5375,21,'LA COMUNIONE',1,0,2.00,2.00,0,4,'50',1.00),(27412,5375,124,'PREGHIERE DEI RAGAZZI N. E. ',43,0,1.50,1.50,0,4,'50',32.25),(27413,5375,23,'FATE QUESTO IN MEMORIA DI ME',24,0,2.50,2.50,0,4,'50',30.00),(27414,5375,130,'ROSARIO SPIEGATO AI BAMBINI - N.E.',28,0,2.50,2.50,0,4,'50',35.00),(27415,5375,125,'MIE PREGHIERINE - N. E.',205,0,1.50,1.50,0,4,'50',153.75),(27416,5375,33,'100 GIORNI CON LO SPIRITO',5,0,7.50,7.50,0,4,'50',18.75),(27417,5375,55,'AVE MARIA ,SPIEGATA AI BAMBINI',50,0,1.50,1.50,0,4,'50',37.50),(27418,5375,57,'ALBUM + BUSTINA  AMICO GESÙ',1,0,2.00,2.00,0,4,'50',1.00),(27419,5375,67,'CON GESU SULLA VIA DELLA CROCE - VIA CRUCIS ',5,0,2.00,2.00,0,4,'50',5.00),(27420,5375,77,'LA SACRA SINDONE SPIEGATA  AI RAGAZZI',1,0,1.00,1.00,0,4,'50',0.50),(27421,5375,92,'LA PREGHIERA DEL ROSARIO',6,0,2.50,2.50,0,4,'50',7.50),(27422,5375,99,'AVE MARIA PREGHIERE MARIANE',5,0,2.00,2.00,0,4,'50',5.00),(27423,5375,127,'SPIRITO SANTO SPIEGATO AI RAGAZZI - N.E.',2,0,2.50,2.50,0,4,'50',2.50),(27424,5375,110,'SE MI AMI NON PIANGERE',461,0,1.50,1.50,0,4,'50',345.75),(27425,5375,123,'DIO E IN DIECI PAROLE - COMANDAMENTI',3,0,3.00,3.00,0,4,'50',4.50),(27426,5375,118,'Il Credo spiegato ai ragazzi n.e.',13,0,2.50,2.50,0,4,'50',16.25),(27427,5375,132,'MINISTRANTI IERI, OGGI, DOMANI',6,0,2.50,2.50,0,4,'50',7.50),(27428,5375,126,'SACRAMENTO DEL PERDONO',17,0,2.00,2.00,0,4,'50',17.00),(27429,5391,13,'BUSSATE E VI SARÀ APERTO',1,0,1.50,1.50,0,4,'50',0.75),(27430,5391,19,'CHIERICHETTI IERI OGGI DOMANI',4,0,2.50,2.50,0,4,'50',5.00),(27431,5391,20,'GIOVEDÌ SANTO',3,0,1.50,1.50,0,4,'50',2.25),(27432,5391,124,'PREGHIERE DEI RAGAZZI N. E. ',24,0,1.50,1.50,0,4,'50',18.00),(27433,5391,23,'FATE QUESTO IN MEMORIA DI ME',9,0,2.50,2.50,0,4,'50',11.25),(27434,5391,121,'DIZIONARIO DEI SIMBOLI DEL CRISTIANO',5,0,2.50,2.50,0,4,'50',6.25),(27435,5391,130,'ROSARIO SPIEGATO AI BAMBINI - N.E.',25,0,2.50,2.50,0,4,'50',31.25),(27436,5391,125,'MIE PREGHIERINE - N. E.',5,0,1.50,1.50,0,4,'50',3.75),(27437,5391,33,'100 GIORNI CON LO SPIRITO',1,0,7.50,7.50,0,4,'50',3.75),(27438,5391,42,'ALLA SCOPERTA  DELLA  CASA DI GESU',5,0,3.00,3.00,0,4,'50',7.50),(27439,5391,44,'GUARDALIBRI: DVD IL CREDO',1,0,9.90,9.90,0,4,'50',4.95),(27440,5391,47,'IL ROSARIO SPIEGATO AI BAMBINI ',5,0,2.50,2.50,0,4,'50',6.25),(27441,5391,55,'AVE MARIA ,SPIEGATA AI BAMBINI',10,0,1.50,1.50,0,4,'50',7.50),(27442,5391,57,'ALBUM + BUSTINA  AMICO GESÙ',2,0,2.00,2.00,0,4,'50',2.00),(27443,5391,64,'MARIA APPARIZIONI E MESSAGGI',1,0,2.50,2.50,0,4,'50',1.25),(27444,5391,67,'CON GESU SULLA VIA DELLA CROCE - VIA CRUCIS ',11,0,2.00,2.00,0,4,'50',11.00),(27445,5391,92,'LA PREGHIERA DEL ROSARIO',25,0,2.50,2.50,0,4,'50',31.25),(27446,5391,127,'SPIRITO SANTO SPIEGATO AI RAGAZZI - N.E.',2,0,2.50,2.50,0,4,'50',2.50),(27447,5391,106,'RICORDO DI UNA GIORNATA SPECIALE',1,0,1.50,1.50,0,4,'50',0.75),(27448,5391,110,'SE MI AMI NON PIANGERE',16,0,1.50,1.50,0,4,'50',12.00),(27449,5391,115,'SAN FRANCESCO DASSISI RACCONTATO AI RAGAZZI N.E.',51,0,4.00,4.00,0,4,'50',102.00),(27450,5391,132,'MINISTRANTI IERI, OGGI, DOMANI',10,0,2.50,2.50,0,4,'50',12.50),(27451,5391,129,'NATALE SPIEGATO AI BAMBINI',4,0,3.00,3.00,0,4,'50',6.00),(27452,5391,133,'LIBRO AGENDA CATTOLICO 2023',175,0,18.00,18.00,0,4,'50',1575.00),(27453,5391,126,'SACRAMENTO DEL PERDONO',1,0,2.00,2.00,0,4,'50',1.00),(27454,5404,110,'SE MI AMI NON PIANGERE',100,100,1.50,1.50,0,4,'0',150.00),(27455,5404,26,'TU SOLO HAI PAROLE DI VITA ETERNA',20,20,1.50,1.50,0,4,'0',30.00),(27456,5412,133,'LIBRO AGENDA CATTOLICO 2023',1,-1,18.00,18.00,0,4,'0',18.00),(27457,5414,133,'LIBRO AGENDA CATTOLICO 2023',1,-1,18.00,18.00,0,4,'0',18.00),(27458,5414,133,'LIBRO AGENDA CATTOLICO 2023',1,-1,18.00,18.00,0,4,'0',18.00),(27459,5415,133,'LIBRO AGENDA CATTOLICO 2023',1,-1,18.00,18.00,0,4,'0',18.00),(27460,6083,23,'FATE QUESTO IN MEMORIA DI ME',1,-1,2.50,2.50,0,4,'0',2.50),(27461,6083,24,'PADRE NOSTRO SPIEGATO AI BAMBINI N. E.',1,-1,2.50,2.50,0,4,'0',2.50),(27462,6083,126,'SACRAMENTO DEL PERDONO',1,-1,2.00,2.00,0,4,'0',2.00),(27463,6083,38,'MADRE TERESA, UNA MISSIONARIA',1,-1,2.60,2.60,0,4,'0',2.60),(27464,6083,71,'San Francesco dAssisi raccontato ai ragazzi + DVD',1,-1,13.00,13.00,0,4,'0',13.00),(27465,6083,67,'CON GESU SULLA VIA DELLA CROCE - VIA CRUCIS ',4,-4,2.00,2.00,0,4,'0',8.00),(27466,6083,116,'DIZIONARIO DEI SIMBOLI DEL PICCOLO CRISTIANO NE',19,-19,2.50,2.50,0,4,'0',47.50),(27467,6083,52,'Il Padre Nostro spiegato ai bambini',43,-43,2.00,2.00,0,4,'0',86.00),(27468,6083,49,'GUARDALIBRI:DVD VANGELO PICCOLI',1,-1,12.00,12.00,0,4,'0',12.00),(27469,6083,66,'BEATI GLI INVITATI ALLA CENA DEL SIGNORE',5,-5,6.50,6.50,0,4,'0',32.50),(27470,6083,132,'MINISTRANTI IERI, OGGI, DOMANI',1,-1,2.50,2.50,0,4,'0',2.50),(27471,6083,127,'SPIRITO SANTO SPIEGATO AI RAGAZZI - N.E.',13,-13,2.50,2.50,0,4,'0',32.50),(27472,6083,34,'LE MIE PREGHIERINE',25,-25,1.50,1.50,0,4,'0',37.50),(27473,6083,118,'Il Credo spiegato ai ragazzi n.e.',62,-62,2.50,2.50,0,4,'0',155.00),(27474,6083,25,'PICCOLO DIZIONARIO DEL CRISTIANO',7,-7,3.00,3.00,0,4,'0',21.00),(27475,6083,21,'LA COMUNIONE',4,-4,2.00,2.00,0,4,'0',8.00),(27476,6083,44,'GUARDALIBRI: DVD IL CREDO',8,-8,9.90,9.90,0,4,'0',79.20),(27477,6083,114,'Le preghiere dei ragazzi',18,-18,1.50,1.50,0,4,'0',27.00),(27478,6083,89,'COMUNIONE SPIEGATA AI RAGAZZI',1,-1,1.50,1.50,0,4,'0',1.50),(27479,6083,74,'DIO È , IN DIECI PAROLE',1,-1,4.50,4.50,0,4,'0',4.50),(27480,6083,13,'BUSSATE E VI SARÀ APERTO',1,-1,1.50,1.50,0,4,'0',1.50),(27481,6083,17,'LA FEDE NELLO ZAINETTO',3,-3,5.00,5.00,0,4,'0',15.00),(27482,6083,20,'GIOVEDÌ SANTO',2,-2,1.50,1.50,0,4,'0',3.00),(27483,6083,129,'NATALE SPIEGATO AI BAMBINI',1,-1,3.00,3.00,0,4,'0',3.00),(27484,6083,113,'E\' NATO,  ALBUM DA COLORARE',1,-1,2.00,2.00,0,4,'0',2.00),(27485,6083,103,'Lo Spirito Santo raccontato ai ragazzi N.E.',3,-3,2.00,2.00,0,4,'0',6.00),(27486,6083,60,'IL NATALE SPIEGATO AI BAMBINI',31,-31,2.00,2.00,0,4,'0',62.00),(27487,6083,123,'DIO E IN DIECI PAROLE - COMANDAMENTI',2,-2,3.00,3.00,0,4,'0',6.00),(27488,6083,117,'La preghiera delle cinque dita n.e.',2,-2,1.50,1.50,0,4,'0',3.00),(27489,6083,47,'IL ROSARIO SPIEGATO AI BAMBINI ',12,-12,2.50,2.50,0,4,'0',30.00),(27490,6083,119,'Rosario spiegato ai bambini ',1,-1,2.50,2.50,0,4,'0',2.50),(27491,6083,131,'LIBRO AGENDA CATTOLICO 2022',185,-185,16.00,16.00,0,4,'0',2960.00),(27523,6083,23,'FATE QUESTO IN MEMORIA DI ME',1,-1,2.50,2.50,0,4,'0',2.50),(27524,6083,24,'PADRE NOSTRO SPIEGATO AI BAMBINI N. E.',1,-1,2.50,2.50,0,4,'0',2.50),(27525,6083,126,'SACRAMENTO DEL PERDONO',1,-1,2.00,2.00,0,4,'0',2.00),(27526,6083,38,'MADRE TERESA, UNA MISSIONARIA',1,-1,2.60,2.60,0,4,'0',2.60),(27527,6083,71,'San Francesco dAssisi raccontato ai ragazzi + DVD',1,-1,13.00,13.00,0,4,'0',13.00),(27528,6083,67,'CON GESU SULLA VIA DELLA CROCE - VIA CRUCIS ',4,-4,2.00,2.00,0,4,'0',8.00),(27529,6083,116,'DIZIONARIO DEI SIMBOLI DEL PICCOLO CRISTIANO NE',19,-19,2.50,2.50,0,4,'0',47.50),(27530,6083,52,'Il Padre Nostro spiegato ai bambini',43,-43,2.00,2.00,0,4,'0',86.00),(27531,6083,49,'GUARDALIBRI:DVD VANGELO PICCOLI',1,-1,12.00,12.00,0,4,'0',12.00),(27532,6083,66,'BEATI GLI INVITATI ALLA CENA DEL SIGNORE',5,-5,6.50,6.50,0,4,'0',32.50),(27533,6083,132,'MINISTRANTI IERI, OGGI, DOMANI',1,-1,2.50,2.50,0,4,'0',2.50),(27534,6083,127,'SPIRITO SANTO SPIEGATO AI RAGAZZI - N.E.',13,-13,2.50,2.50,0,4,'0',32.50),(27535,6083,34,'LE MIE PREGHIERINE',25,-25,1.50,1.50,0,4,'0',37.50),(27536,6083,118,'Il Credo spiegato ai ragazzi n.e.',62,-62,2.50,2.50,0,4,'0',155.00),(27537,6083,25,'PICCOLO DIZIONARIO DEL CRISTIANO',7,-7,3.00,3.00,0,4,'0',21.00),(27538,6083,21,'LA COMUNIONE',4,-4,2.00,2.00,0,4,'0',8.00),(27539,6083,44,'GUARDALIBRI: DVD IL CREDO',8,-8,9.90,9.90,0,4,'0',79.20),(27540,6083,114,'Le preghiere dei ragazzi',18,-18,1.50,1.50,0,4,'0',27.00),(27541,6083,89,'COMUNIONE SPIEGATA AI RAGAZZI',1,-1,1.50,1.50,0,4,'0',1.50),(27542,6083,74,'DIO È , IN DIECI PAROLE',1,-1,4.50,4.50,0,4,'0',4.50),(27543,6083,13,'BUSSATE E VI SARÀ APERTO',1,-1,1.50,1.50,0,4,'0',1.50),(27544,6083,17,'LA FEDE NELLO ZAINETTO',3,-3,5.00,5.00,0,4,'0',15.00),(27545,6083,20,'GIOVEDÌ SANTO',2,-2,1.50,1.50,0,4,'0',3.00),(27546,6083,129,'NATALE SPIEGATO AI BAMBINI',1,-1,3.00,3.00,0,4,'0',3.00),(27547,6083,113,'E\' NATO,  ALBUM DA COLORARE',1,-1,2.00,2.00,0,4,'0',2.00),(27548,6083,103,'Lo Spirito Santo raccontato ai ragazzi N.E.',3,-3,2.00,2.00,0,4,'0',6.00),(27549,6083,60,'IL NATALE SPIEGATO AI BAMBINI',31,-31,2.00,2.00,0,4,'0',62.00),(27550,6083,123,'DIO E IN DIECI PAROLE - COMANDAMENTI',2,-2,3.00,3.00,0,4,'0',6.00),(27551,6083,117,'La preghiera delle cinque dita n.e.',2,-2,1.50,1.50,0,4,'0',3.00),(27552,6083,47,'IL ROSARIO SPIEGATO AI BAMBINI ',12,-12,2.50,2.50,0,4,'0',30.00),(27553,6083,119,'Rosario spiegato ai bambini ',1,-1,2.50,2.50,0,4,'0',2.50),(27554,6083,131,'LIBRO AGENDA CATTOLICO 2022',185,-185,16.00,16.00,0,4,'0',2960.00),(27586,6083,23,'FATE QUESTO IN MEMORIA DI ME',349,-349,2.50,2.50,0,4,'0',872.50),(27587,6083,24,'PADRE NOSTRO SPIEGATO AI BAMBINI N. E.',1,-1,2.50,2.50,0,4,'0',2.50),(27588,6083,126,'SACRAMENTO DEL PERDONO',1,-1,2.00,2.00,0,4,'0',2.00),(27589,6083,38,'MADRE TERESA, UNA MISSIONARIA',1,-1,2.60,2.60,0,4,'0',2.60),(27590,6083,71,'San Francesco dAssisi raccontato ai ragazzi + DVD',1,-1,13.00,13.00,0,4,'0',13.00),(27591,6083,67,'CON GESU SULLA VIA DELLA CROCE - VIA CRUCIS ',4,-4,2.00,2.00,0,4,'0',8.00),(27592,6083,116,'DIZIONARIO DEI SIMBOLI DEL PICCOLO CRISTIANO NE',19,-19,2.50,2.50,0,4,'0',47.50),(27593,6083,52,'Il Padre Nostro spiegato ai bambini',43,-43,2.00,2.00,0,4,'0',86.00),(27594,6083,49,'GUARDALIBRI:DVD VANGELO PICCOLI',1,-1,12.00,12.00,0,4,'0',12.00),(27595,6083,66,'BEATI GLI INVITATI ALLA CENA DEL SIGNORE',5,-5,6.50,6.50,0,4,'0',32.50),(27596,6083,132,'MINISTRANTI IERI, OGGI, DOMANI',1,-1,2.50,2.50,0,4,'0',2.50),(27597,6083,127,'SPIRITO SANTO SPIEGATO AI RAGAZZI - N.E.',13,-13,2.50,2.50,0,4,'0',32.50),(27598,6083,34,'LE MIE PREGHIERINE',25,-25,1.50,1.50,0,4,'0',37.50),(27599,6083,118,'Il Credo spiegato ai ragazzi n.e.',62,-62,2.50,2.50,0,4,'0',155.00),(27600,6083,25,'PICCOLO DIZIONARIO DEL CRISTIANO',7,-7,3.00,3.00,0,4,'0',21.00),(27601,6083,21,'LA COMUNIONE',4,-4,2.00,2.00,0,4,'0',8.00),(27602,6083,44,'GUARDALIBRI: DVD IL CREDO',8,-8,9.90,9.90,0,4,'0',79.20),(27603,6083,114,'Le preghiere dei ragazzi',18,-18,1.50,1.50,0,4,'0',27.00),(27604,6083,89,'COMUNIONE SPIEGATA AI RAGAZZI',1,-1,1.50,1.50,0,4,'0',1.50),(27605,6083,74,'DIO È , IN DIECI PAROLE',1,-1,4.50,4.50,0,4,'0',4.50),(27606,6083,13,'BUSSATE E VI SARÀ APERTO',1,-1,1.50,1.50,0,4,'0',1.50),(27607,6083,17,'LA FEDE NELLO ZAINETTO',3,-3,5.00,5.00,0,4,'0',15.00),(27608,6083,20,'GIOVEDÌ SANTO',2,-2,1.50,1.50,0,4,'0',3.00),(27609,6083,129,'NATALE SPIEGATO AI BAMBINI',1,-1,3.00,3.00,0,4,'0',3.00),(27610,6083,113,'E\' NATO,  ALBUM DA COLORARE',1,-1,2.00,2.00,0,4,'0',2.00),(27611,6083,103,'Lo Spirito Santo raccontato ai ragazzi N.E.',3,-3,2.00,2.00,0,4,'0',6.00),(27612,6083,60,'IL NATALE SPIEGATO AI BAMBINI',31,-31,2.00,2.00,0,4,'0',62.00),(27613,6083,123,'DIO E IN DIECI PAROLE - COMANDAMENTI',2,-2,3.00,3.00,0,4,'0',6.00),(27614,6083,117,'La preghiera delle cinque dita n.e.',2,-2,1.50,1.50,0,4,'0',3.00),(27615,6083,47,'IL ROSARIO SPIEGATO AI BAMBINI ',12,-12,2.50,2.50,0,4,'0',30.00),(27616,6083,119,'Rosario spiegato ai bambini ',1,-1,2.50,2.50,0,4,'0',2.50),(27617,6083,131,'LIBRO AGENDA CATTOLICO 2022',185,-185,16.00,16.00,0,4,'0',2960.00),(27649,6083,23,'FATE QUESTO IN MEMORIA DI ME',349,-349,2.50,2.50,0,4,'0',872.50),(27650,6083,24,'PADRE NOSTRO SPIEGATO AI BAMBINI N. E.',1,-1,2.50,2.50,0,4,'0',2.50),(27651,6083,126,'SACRAMENTO DEL PERDONO',1,-1,2.00,2.00,0,4,'0',2.00),(27652,6083,38,'MADRE TERESA, UNA MISSIONARIA',1,-1,2.60,2.60,0,4,'0',2.60),(27653,6083,71,'San Francesco dAssisi raccontato ai ragazzi + DVD',1,-1,13.00,13.00,0,4,'0',13.00),(27654,6083,67,'CON GESU SULLA VIA DELLA CROCE - VIA CRUCIS ',4,-4,2.00,2.00,0,4,'0',8.00),(27655,6083,116,'DIZIONARIO DEI SIMBOLI DEL PICCOLO CRISTIANO NE',19,-19,2.50,2.50,0,4,'0',47.50),(27656,6083,52,'Il Padre Nostro spiegato ai bambini',43,-43,2.00,2.00,0,4,'0',86.00),(27657,6083,49,'GUARDALIBRI:DVD VANGELO PICCOLI',1,-1,12.00,12.00,0,4,'0',12.00),(27658,6083,66,'BEATI GLI INVITATI ALLA CENA DEL SIGNORE',5,-5,6.50,6.50,0,4,'0',32.50),(27659,6083,132,'MINISTRANTI IERI, OGGI, DOMANI',1,-1,2.50,2.50,0,4,'0',2.50),(27660,6083,127,'SPIRITO SANTO SPIEGATO AI RAGAZZI - N.E.',13,-13,2.50,2.50,0,4,'0',32.50),(27661,6083,34,'LE MIE PREGHIERINE',25,-25,1.50,1.50,0,4,'0',37.50),(27662,6083,118,'Il Credo spiegato ai ragazzi n.e.',62,-62,2.50,2.50,0,4,'0',155.00),(27663,6083,25,'PICCOLO DIZIONARIO DEL CRISTIANO',7,-7,3.00,3.00,0,4,'0',21.00),(27664,6083,21,'LA COMUNIONE',4,-4,2.00,2.00,0,4,'0',8.00),(27665,6083,44,'GUARDALIBRI: DVD IL CREDO',8,-8,9.90,9.90,0,4,'0',79.20),(27666,6083,114,'Le preghiere dei ragazzi',18,-18,1.50,1.50,0,4,'0',27.00),(27667,6083,89,'COMUNIONE SPIEGATA AI RAGAZZI',1,-1,1.50,1.50,0,4,'0',1.50),(27668,6083,74,'DIO È , IN DIECI PAROLE',1,-1,4.50,4.50,0,4,'0',4.50),(27669,6083,13,'BUSSATE E VI SARÀ APERTO',1,-1,1.50,1.50,0,4,'0',1.50),(27670,6083,17,'LA FEDE NELLO ZAINETTO',3,-3,5.00,5.00,0,4,'0',15.00),(27671,6083,20,'GIOVEDÌ SANTO',2,-2,1.50,1.50,0,4,'0',3.00),(27672,6083,129,'NATALE SPIEGATO AI BAMBINI',1,-1,3.00,3.00,0,4,'0',3.00),(27673,6083,113,'E\' NATO,  ALBUM DA COLORARE',1,-1,2.00,2.00,0,4,'0',2.00),(27674,6083,103,'Lo Spirito Santo raccontato ai ragazzi N.E.',3,-3,2.00,2.00,0,4,'0',6.00),(27675,6083,60,'IL NATALE SPIEGATO AI BAMBINI',31,-31,2.00,2.00,0,4,'0',62.00),(27676,6083,123,'DIO E IN DIECI PAROLE - COMANDAMENTI',2,-2,3.00,3.00,0,4,'0',6.00),(27677,6083,117,'La preghiera delle cinque dita n.e.',2,-2,1.50,1.50,0,4,'0',3.00),(27678,6083,47,'IL ROSARIO SPIEGATO AI BAMBINI ',42,-42,2.50,2.50,0,4,'0',105.00),(27679,6083,119,'Rosario spiegato ai bambini ',1,-1,2.50,2.50,0,4,'0',2.50),(27680,6083,131,'LIBRO AGENDA CATTOLICO 2022',185,-185,16.00,16.00,0,4,'0',2960.00),(27712,6083,23,'FATE QUESTO IN MEMORIA DI ME',349,-349,2.50,2.50,0,4,'0',872.50),(27713,6083,24,'PADRE NOSTRO SPIEGATO AI BAMBINI N. E.',1,-1,2.50,2.50,0,4,'0',2.50),(27714,6083,126,'SACRAMENTO DEL PERDONO',1,-1,2.00,2.00,0,4,'0',2.00),(27715,6083,38,'MADRE TERESA, UNA MISSIONARIA',1,-1,2.60,2.60,0,4,'0',2.60),(27716,6083,71,'San Francesco dAssisi raccontato ai ragazzi + DVD',1,-1,13.00,13.00,0,4,'0',13.00),(27717,6083,67,'CON GESU SULLA VIA DELLA CROCE - VIA CRUCIS ',4,-4,2.00,2.00,0,4,'0',8.00),(27718,6083,116,'DIZIONARIO DEI SIMBOLI DEL PICCOLO CRISTIANO NE',14,-14,2.50,2.50,0,4,'0',35.00),(27719,6083,66,'BEATI GLI INVITATI ALLA CENA DEL SIGNORE',5,-5,6.50,6.50,0,4,'0',32.50),(27720,6083,132,'MINISTRANTI IERI, OGGI, DOMANI',1,-1,2.50,2.50,0,4,'0',2.50),(27721,6083,127,'SPIRITO SANTO SPIEGATO AI RAGAZZI - N.E.',13,-13,2.50,2.50,0,4,'0',32.50),(27722,6083,34,'LE MIE PREGHIERINE',25,-25,1.50,1.50,0,4,'0',37.50),(27723,6083,118,'Il Credo spiegato ai ragazzi n.e.',62,-62,2.50,2.50,0,4,'0',155.00),(27724,6083,25,'PICCOLO DIZIONARIO DEL CRISTIANO',7,-7,3.00,3.00,0,4,'0',21.00),(27725,6083,21,'LA COMUNIONE',4,-4,2.00,2.00,0,4,'0',8.00),(27726,6083,114,'Le preghiere dei ragazzi',18,-18,1.50,1.50,0,4,'0',27.00),(27727,6083,89,'COMUNIONE SPIEGATA AI RAGAZZI',1,-1,1.50,1.50,0,4,'0',1.50),(27728,6083,74,'DIO È , IN DIECI PAROLE',1,-1,4.50,4.50,0,4,'0',4.50),(27729,6083,13,'BUSSATE E VI SARÀ APERTO',1,-1,1.50,1.50,0,4,'0',1.50),(27730,6083,17,'LA FEDE NELLO ZAINETTO',3,-3,5.00,5.00,0,4,'0',15.00),(27731,6083,20,'GIOVEDÌ SANTO',2,-2,1.50,1.50,0,4,'0',3.00),(27732,6083,129,'NATALE SPIEGATO AI BAMBINI',1,-1,3.00,3.00,0,4,'0',3.00),(27733,6083,113,'E\' NATO,  ALBUM DA COLORARE',1,-1,2.00,2.00,0,4,'0',2.00),(27734,6083,103,'Lo Spirito Santo raccontato ai ragazzi N.E.',3,-3,2.00,2.00,0,4,'0',6.00),(27735,6083,60,'IL NATALE SPIEGATO AI BAMBINI',31,-31,2.00,2.00,0,4,'0',62.00),(27736,6083,123,'DIO E IN DIECI PAROLE - COMANDAMENTI',2,-2,3.00,3.00,0,4,'0',6.00),(27737,6083,117,'La preghiera delle cinque dita n.e.',2,-2,1.50,1.50,0,4,'0',3.00),(27738,6083,47,'IL ROSARIO SPIEGATO AI BAMBINI ',42,-42,2.50,2.50,0,4,'0',105.00),(27739,6083,131,'LIBRO AGENDA CATTOLICO 2022',185,-185,3.80,3.80,0,4,'0',703.00),(27743,6083,23,'FATE QUESTO IN MEMORIA DI ME',349,-349,0.26,0.26,0,4,'0',90.74),(27744,6083,67,'CON GESU SULLA VIA DELLA CROCE - VIA CRUCIS ',4,-4,0.22,0.22,0,4,'0',0.88),(27745,6083,116,'DIZIONARIO DEI SIMBOLI DEL PICCOLO CRISTIANO NE',14,-14,0.27,0.27,0,4,'0',3.78),(27746,6083,66,'BEATI GLI INVITATI ALLA CENA DEL SIGNORE',5,-5,0.90,0.90,0,4,'0',4.50),(27747,6083,127,'SPIRITO SANTO SPIEGATO AI RAGAZZI - N.E.',13,-13,0.50,0.50,0,4,'0',6.50),(27748,6083,34,'LE MIE PREGHIERINE',25,-25,0.23,0.23,0,4,'0',5.75),(27749,6083,118,'Il Credo spiegato ai ragazzi n.e.',62,-62,0.30,0.30,0,4,'0',18.60),(27750,6083,25,'PICCOLO DIZIONARIO DEL CRISTIANO',7,-7,0.35,0.35,0,4,'0',2.45),(27751,6083,21,'LA COMUNIONE',4,-4,0.26,0.26,0,4,'0',1.04),(27752,6083,114,'Le preghiere dei ragazzi',18,-18,0.24,0.24,0,4,'0',4.32),(27753,6083,17,'LA FEDE NELLO ZAINETTO',3,-3,0.40,0.40,0,4,'0',1.20),(27754,6083,103,'Lo Spirito Santo raccontato ai ragazzi N.E.',3,-3,0.30,0.30,0,4,'0',0.90),(27755,6083,60,'IL NATALE SPIEGATO AI BAMBINI',31,-31,0.30,0.30,0,4,'0',9.30),(27756,6083,47,'IL ROSARIO SPIEGATO AI BAMBINI ',42,-42,0.19,0.19,0,4,'0',7.98),(27757,6083,131,'LIBRO AGENDA CATTOLICO 2022',185,-185,3.80,3.80,0,4,'0',703.00),(27758,6083,23,'FATE QUESTO IN MEMORIA DI ME',349,-349,0.26,0.26,0,4,'0',90.74),(27759,6083,67,'CON GESU SULLA VIA DELLA CROCE - VIA CRUCIS ',4,-4,0.22,0.22,0,4,'0',0.88),(27760,6083,116,'DIZIONARIO DEI SIMBOLI DEL PICCOLO CRISTIANO NE',14,-14,0.27,0.27,0,4,'0',3.78),(27761,6083,66,'BEATI GLI INVITATI ALLA CENA DEL SIGNORE',5,-5,0.90,0.90,0,4,'0',4.50),(27762,6083,127,'SPIRITO SANTO SPIEGATO AI RAGAZZI - N.E.',13,-13,0.50,0.50,0,4,'0',6.50),(27763,6083,34,'LE MIE PREGHIERINE',25,-25,0.23,0.23,0,4,'0',5.75),(27764,6083,118,'Il Credo spiegato ai ragazzi n.e.',62,-62,0.30,0.30,0,4,'0',18.60),(27765,6083,25,'PICCOLO DIZIONARIO DEL CRISTIANO',7,-7,0.35,0.35,0,4,'0',2.45),(27766,6083,21,'LA COMUNIONE',4,-4,0.26,0.26,0,4,'0',1.04),(27767,6083,17,'LA FEDE NELLO ZAINETTO',3,-3,0.40,0.40,0,4,'0',1.20),(27768,6083,103,'Lo Spirito Santo raccontato ai ragazzi N.E.',3,-3,0.30,0.30,0,4,'0',0.90),(27769,6083,60,'IL NATALE SPIEGATO AI BAMBINI',31,-31,0.30,0.30,0,4,'0',9.30),(27770,6083,47,'IL ROSARIO SPIEGATO AI BAMBINI ',42,-42,0.19,0.19,0,4,'0',7.98),(27771,6083,131,'LIBRO AGENDA CATTOLICO 2022',185,-185,3.80,3.80,0,4,'0',703.00),(27772,6354,133,'LIBRO AGENDA CATTOLICO 2023',1,-1,18.00,18.00,0,4,'5',17.10),(27773,6083,23,'FATE QUESTO IN MEMORIA DI ME',349,-349,0.26,0.26,0,4,'0',90.74),(27774,6083,67,'CON GESU SULLA VIA DELLA CROCE - VIA CRUCIS ',4,-4,0.22,0.22,0,4,'0',0.88),(27775,6083,116,'DIZIONARIO DEI SIMBOLI DEL PICCOLO CRISTIANO NE',14,-14,0.27,0.27,0,4,'0',3.78),(27776,6083,66,'BEATI GLI INVITATI ALLA CENA DEL SIGNORE',5,-5,0.90,0.90,0,4,'0',4.50),(27777,6083,127,'SPIRITO SANTO SPIEGATO AI RAGAZZI - N.E.',13,-13,0.50,0.50,0,4,'0',6.50),(27778,6083,118,'Il Credo spiegato ai ragazzi n.e.',62,-62,0.30,0.30,0,4,'0',18.60),(27779,6083,25,'PICCOLO DIZIONARIO DEL CRISTIANO',7,-7,0.35,0.35,0,4,'0',2.45),(27780,6083,21,'LA COMUNIONE',4,-4,0.26,0.26,0,4,'0',1.04),(27781,6083,17,'LA FEDE NELLO ZAINETTO',3,-3,0.40,0.40,0,4,'0',1.20),(27782,6083,103,'Lo Spirito Santo raccontato ai ragazzi N.E.',3,-3,0.30,0.30,0,4,'0',0.90),(27783,6083,60,'IL NATALE SPIEGATO AI BAMBINI',31,-31,0.30,0.30,0,4,'0',9.30),(27784,6083,47,'IL ROSARIO SPIEGATO AI BAMBINI ',42,-42,0.19,0.19,0,4,'0',7.98),(27785,6083,131,'LIBRO AGENDA CATTOLICO 2022',185,-185,3.80,3.80,0,4,'0',703.00),(27786,6346,133,'LIBRO AGENDA CATTOLICO 2023',2,-2,18.00,18.00,0,4,'5',34.20),(27787,6355,125,'MIE PREGHIERINE - N. E.',150,-150,1.50,1.50,0,4,'15',191.25),(27788,6355,118,'Il Credo spiegato ai ragazzi n.e.',100,-100,2.50,2.50,0,4,'15',212.50),(27789,6355,17,'LA FEDE NELLO ZAINETTO',150,-150,5.00,5.00,0,4,'15',637.50),(27790,6362,133,'LIBRO AGENDA CATTOLICO 2023',1,-1,18.00,18.00,0,4,'5',17.10),(27791,6365,133,'LIBRO AGENDA CATTOLICO 2023',10,-10,18.00,18.00,0,4,'10',162.00),(27792,6877,133,'LIBRO AGENDA CATTOLICO 2023',3,-3,18.00,18.00,0,4,'0',54.00),(27793,6081,133,'LIBRO AGENDA CATTOLICO 2023',10,-10,18.00,18.00,0,4,'50',90.00),(27794,6081,111,'I NONNI SONO UN TESORO',310,-310,1.80,1.80,0,4,'50',279.00),(27796,6365,133,'LIBRO AGENDA CATTOLICO 2023',10,-10,18.00,18.00,0,4,'0',180.00),(27797,7138,75,'IL SEGNO DELLA CROCE',25,-25,1.50,1.50,0,4,'50',18.75),(27798,7138,50,'PERDONAMI SIGNORE',25,-25,2.00,2.00,0,4,'50',25.00),(27799,7137,23,'FATE QUESTO IN MEMORIA DI ME',360,-360,2.50,2.50,0,4,'0',900.00),(27800,7137,17,'LA FEDE NELLO ZAINETTO',100,-100,5.00,5.00,0,4,'0',500.00),(27802,7141,9,'PSICOLOGIA PRATICA PER EDUCATORI',7,0,10.50,10.50,0,4,'50',36.75),(27803,7141,11,'COME PREPARARSI ALLA CONFESSIONE',1,0,1.50,1.50,0,4,'50',0.75),(27804,7141,15,'LA BIBBIA: GENESI ALBUM+FIGURINE',1,0,15.00,15.00,0,4,'50',7.50),(27805,7141,17,'LA FEDE NELLO ZAINETTO',38,0,5.00,5.00,0,4,'50',95.00),(27806,7141,20,'GIOVEDÌ SANTO',5,0,1.50,1.50,0,4,'50',3.75),(27807,7141,124,'PREGHIERE DEI RAGAZZI N. E. ',77,0,1.50,1.50,0,4,'50',57.75),(27808,7141,23,'FATE QUESTO IN MEMORIA DI ME',6,0,2.50,2.50,0,4,'50',7.50),(27809,7141,24,'PADRE NOSTRO SPIEGATO AI BAMBINI N. E.',7,0,2.50,2.50,0,4,'50',8.75),(27810,7141,121,'DIZIONARIO DEI SIMBOLI DEL CRISTIANO',20,0,2.50,2.50,0,4,'50',25.00),(27811,7141,130,'ROSARIO SPIEGATO AI BAMBINI - N.E.',13,0,2.50,2.50,0,4,'50',16.25),(27812,7141,125,'MIE PREGHIERINE - N. E.',37,0,1.50,1.50,0,4,'50',27.75),(27813,7141,33,'100 GIORNI CON LO SPIRITO',40,0,7.50,7.50,0,4,'50',150.00),(27814,7141,35,'ANGELI - I NOSTRI MIGLIORI AMICI',1,0,2.50,2.50,0,4,'50',1.25),(27815,7141,40,'A TAVOLA CON GESU',1,0,2.50,2.50,0,4,'50',1.25),(27816,7141,56,'MARIA  LA MAMMA DI GESU',1,0,2.50,2.50,0,4,'50',1.25),(27817,7141,57,'ALBUM + BUSTINA  AMICO GESÙ',30,0,2.00,2.00,0,4,'50',30.00),(27818,7141,62,'GIOVANNI XXIII° SANTO  .....IL PAPA BUONO',1,0,2.50,2.50,0,4,'50',1.25),(27819,7141,66,'BEATI GLI INVITATI ALLA CENA DEL SIGNORE',2,0,6.50,6.50,0,4,'50',6.50),(27820,7141,67,'CON GESU SULLA VIA DELLA CROCE - VIA CRUCIS ',7,0,2.00,2.00,0,4,'50',7.00),(27821,7141,72,'FEDE, SPERANZA  E CARITA',1,0,6.00,6.00,0,4,'50',3.00),(27822,7141,75,'IL SEGNO DELLA CROCE',20,0,1.50,1.50,0,4,'50',15.00),(27823,7141,92,'LA PREGHIERA DEL ROSARIO',10,0,2.50,2.50,0,4,'50',12.50),(27824,7141,99,'AVE MARIA PREGHIERE MARIANE',5,0,2.00,2.00,0,4,'50',5.00),(27825,7141,101,'GESU BENEDICI LA NOSTRA FAMIGLIA',5,0,1.50,1.50,0,4,'50',3.75),(27826,7141,127,'SPIRITO SANTO SPIEGATO AI RAGAZZI - N.E.',7,0,2.50,2.50,0,4,'50',8.75),(27827,7141,110,'SE MI AMI NON PIANGERE',10,0,1.50,1.50,0,4,'50',7.50),(27828,7141,111,'I NONNI SONO UN TESORO',102,0,1.80,1.80,0,4,'50',91.80),(27829,7141,123,'DIO E IN DIECI PAROLE - COMANDAMENTI',20,0,3.00,3.00,0,4,'50',30.00),(27830,7141,114,'Le preghiere dei ragazzi',1,0,1.50,1.50,0,4,'50',0.75),(27831,7141,115,'SAN FRANCESCO DASSISI RACCONTATO AI RAGAZZI N.E.',79,0,4.00,4.00,0,4,'50',158.00),(27832,7141,117,'La preghiera delle cinque dita n.e.',25,0,1.50,1.50,0,4,'50',18.75),(27833,7141,118,'Il Credo spiegato ai ragazzi n.e.',19,0,2.50,2.50,0,4,'50',23.75),(27834,7141,132,'MINISTRANTI IERI, OGGI, DOMANI',45,0,2.50,2.50,0,4,'50',56.25),(27835,7141,133,'LIBRO AGENDA CATTOLICO 2023',126,0,18.00,18.00,0,4,'50',1134.00),(27836,7141,126,'SACRAMENTO DEL PERDONO',11,0,2.00,2.00,0,4,'50',11.00),(27865,7142,11,'COME PREPARARSI ALLA CONFESSIONE',1,1,1.50,1.50,0,4,'50',0.75),(27866,7142,17,'LA FEDE NELLO ZAINETTO',2,2,5.00,5.00,0,4,'50',5.00),(27867,7142,20,'GIOVEDÌ SANTO',11,11,1.50,1.50,0,4,'50',8.25),(27868,7142,124,'PREGHIERE DEI RAGAZZI N. E. ',10,10,1.50,1.50,0,4,'50',7.50),(27869,7142,24,'PADRE NOSTRO SPIEGATO AI BAMBINI N. E.',3,3,2.50,2.50,0,4,'50',3.75),(27870,7142,54,'BENEDETTO XVI ° ..... UNA PAGINA DI STORIA',1,1,2.50,2.50,0,4,'50',1.25),(27871,7142,67,'CON GESU SULLA VIA DELLA CROCE - VIA CRUCIS ',24,24,2.00,2.00,0,4,'50',24.00),(27872,7142,75,'IL SEGNO DELLA CROCE',5,5,1.50,1.50,0,4,'50',3.75),(27873,7142,127,'SPIRITO SANTO SPIEGATO AI RAGAZZI - N.E.',18,18,2.50,2.50,0,4,'50',22.50),(27874,7142,110,'SE MI AMI NON PIANGERE',3,3,1.80,1.80,0,4,'50',2.70),(27875,7142,123,'DIO E IN DIECI PAROLE - COMANDAMENTI',2,2,3.00,3.00,0,4,'50',3.00),(27876,7142,114,'Le preghiere dei ragazzi',1,1,1.50,1.50,0,4,'50',0.75),(27877,7142,118,'Il Credo spiegato ai ragazzi n.e.',6,6,2.50,2.50,0,4,'50',7.50),(27878,7142,129,'NATALE SPIEGATO AI BAMBINI',4,4,3.00,3.00,0,4,'50',6.00),(27879,7142,126,'SACRAMENTO DEL PERDONO',9,9,2.00,2.00,0,4,'50',9.00),(27880,7914,75,'IL SEGNO DELLA CROCE',10,-10,1.50,1.50,0,4,'15',12.75),(27881,7914,125,'MIE PREGHIERINE - N. E.',10,-10,1.50,1.50,0,4,'15',12.75),(27882,7914,55,'AVE MARIA ,SPIEGATA AI BAMBINI',10,-10,1.50,1.50,0,4,'15',12.75),(27883,7914,75,'IL SEGNO DELLA CROCE',10,-10,1.50,1.50,0,4,'10',13.50),(27884,7914,125,'MIE PREGHIERINE - N. E.',10,-10,1.50,1.50,0,4,'10',13.50),(27885,7914,55,'AVE MARIA ,SPIEGATA AI BAMBINI',10,-10,1.50,1.50,0,4,'10',13.50),(27886,7914,24,'PADRE NOSTRO SPIEGATO AI BAMBINI N. E.',10,-10,2.50,2.50,0,4,'10',22.50),(27890,7914,75,'IL SEGNO DELLA CROCE',10,-10,1.50,1.50,0,4,'15',12.75),(27891,7914,125,'MIE PREGHIERINE - N. E.',10,-10,1.50,1.50,0,4,'15',12.75),(27892,7914,55,'AVE MARIA ,SPIEGATA AI BAMBINI',10,-10,1.50,1.50,0,4,'15',12.75),(27893,7914,24,'PADRE NOSTRO SPIEGATO AI BAMBINI N. E.',10,-10,2.50,2.50,0,4,'15',21.25),(27894,7915,133,'LIBRO AGENDA CATTOLICO 2023',1,-1,18.00,18.00,0,4,'5',17.10),(27895,7917,115,'SAN FRANCESCO D\'ASSISI RACCONTATO AI RAGAZZI N.E.',150,-150,4.00,4.00,0,4,'0',600.00),(27896,7917,17,'LA FEDE NELLO ZAINETTO',130,-130,5.00,5.00,0,4,'0',650.00),(27897,5406,133,'LIBRO AGENDA CATTOLICO 2023',5,-5,18.00,18.00,0,4,'0',90.00),(27898,8436,125,'MIE PREGHIERINE - N. E.',30,-30,1.50,1.50,0,4,'10',40.50),(27899,8437,125,'MIE PREGHIERINE - N. E.',100,-100,1.50,1.50,0,4,'10',135.00),(27900,5406,133,'LIBRO AGENDA CATTOLICO 2023',5,-5,18.00,18.00,0,4,'0',90.00),(27901,5406,35,'ANGELI - I NOSTRI MIGLIORI AMICI',1,-1,2.50,2.50,0,4,'0',2.50),(27902,5406,35,'ANGELI - I NOSTRI MIGLIORI AMICI',1,-1,2.50,2.50,0,4,'0',2.50),(27903,5407,133,'LIBRO AGENDA CATTOLICO 2023',1,-1,18.00,18.00,0,4,'5',17.10),(27904,8707,133,'LIBRO AGENDA CATTOLICO 2023',2,-2,18.00,18.00,0,4,'5',34.20),(27905,8715,17,'LA FEDE NELLO ZAINETTO',17,-17,5.00,5.00,0,4,'15',72.25),(27906,8972,17,'LA FEDE NELLO ZAINETTO',10,-10,5.00,5.00,0,4,'5',47.50),(27907,8972,24,'PADRE NOSTRO SPIEGATO AI BAMBINI N. E.',10,-10,2.50,2.50,0,4,'5',23.75),(27908,8972,42,'ALLA SCOPERTA  DELLA  CASA DI GESU\'',10,-10,3.00,3.00,0,4,'5',28.50),(27909,8972,57,'ALBUM + BUSTINA  AMICO GESÙ',10,-10,2.00,2.00,0,4,'5',19.00),(27910,8972,75,'IL SEGNO DELLA CROCE',10,-10,1.50,1.50,0,4,'5',14.25),(27911,8972,55,'AVE MARIA ,SPIEGATA AI BAMBINI',10,-10,1.50,1.50,0,4,'5',14.25),(27912,8975,57,'ALBUM + BUSTINA  AMICO GESÙ',40,-40,2.00,2.00,0,4,'15',68.00),(27913,8975,58,'SCATOLA FIGURINE AMICO GESÙ - 60 BUSTINE',10,-10,30.00,30.00,0,4,'15',255.00),(27914,9236,4,'I miracoli da colorare. Le nozze di Cana',1,0,2.00,2.00,0,4,'50',1.00),(27915,9236,5,'I miracoli da colorare. Gesù e la tempesta sedata',1,0,1.50,1.50,0,4,'50',0.75),(27916,9236,6,'I miracoli da colorare. Il figlio della vedova',1,0,2.00,2.00,0,4,'50',1.00),(27917,9236,7,'I miracoli da colorare. La pesca miracolosa',1,0,1.50,1.50,0,4,'50',0.75),(27918,9236,10,'I miracoli da colorare. Gesù cammina sulle acque',1,0,2.00,2.00,0,4,'50',1.00),(27919,9236,17,'LA FEDE NELLO ZAINETTO',97,0,5.00,5.00,0,4,'50',242.50),(27920,9236,21,'LA COMUNIONE',6,0,2.00,2.00,0,4,'50',6.00),(27921,9236,124,'PREGHIERE DEI RAGAZZI N. E. ',199,0,1.50,1.50,0,4,'50',149.25),(27922,9236,23,'FATE QUESTO IN MEMORIA DI ME',11,0,2.50,2.50,0,4,'50',13.75),(27923,9236,24,'PADRE NOSTRO SPIEGATO AI BAMBINI N. E.',139,0,2.50,2.50,0,4,'50',173.75),(27924,9236,121,'DIZIONARIO DEI SIMBOLI DEL CRISTIANO',4,0,2.50,2.50,0,4,'50',5.00),(27925,9236,130,'ROSARIO SPIEGATO AI BAMBINI - N.E.',18,0,2.50,2.50,0,4,'50',22.50),(27926,9236,125,'MIE PREGHIERINE - N. E.',160,0,1.50,1.50,0,4,'50',120.00),(27927,9236,33,'100 GIORNI CON LO SPIRITO',2,0,7.50,7.50,0,4,'50',7.50),(27928,9236,35,'ANGELI - I NOSTRI MIGLIORI AMICI',1,0,2.50,2.50,0,4,'50',1.25),(27929,9236,40,'A TAVOLA CON GESU',3,0,2.50,2.50,0,4,'50',3.75),(27930,9236,42,'ALLA SCOPERTA  DELLA  CASA DI GESU',23,0,3.00,3.00,0,4,'50',34.50),(27931,9236,44,'GUARDALIBRI: DVD IL CREDO',3,0,9.90,9.90,0,4,'50',14.85),(27932,9236,50,'PERDONAMI SIGNORE',15,0,2.00,2.00,0,4,'50',15.00),(27933,9236,55,'AVE MARIA ,SPIEGATA AI BAMBINI',1,0,1.50,1.50,0,4,'50',0.75),(27934,9236,57,'ALBUM + BUSTINA  AMICO GESÙ',105,0,2.00,2.00,0,4,'50',105.00),(27935,9236,58,'SCATOLA FIGURINE AMICO GESÙ - 60 BUSTINE',66,0,30.00,30.00,0,4,'50',990.00),(27936,9236,60,'IL NATALE SPIEGATO AI BAMBINI',1,0,2.00,2.00,0,4,'50',1.00),(27937,9236,67,'CON GESU SULLA VIA DELLA CROCE - VIA CRUCIS ',10,0,2.00,2.00,0,4,'50',10.00),(27938,9236,70,'La storia della salvezza raccontata ai bambini. 2 Caino e Abele',1,0,2.00,2.00,0,4,'50',1.00),(27939,9236,75,'IL SEGNO DELLA CROCE',1,0,1.50,1.50,0,4,'50',0.75),(27940,9236,89,'COMUNIONE SPIEGATA AI RAGAZZI',2,0,1.50,1.50,0,4,'50',1.50),(27941,9236,97,'\"IL NATALE  \"\"CHE MERAVIGLIA\"\"\"',3,0,1.50,1.50,0,4,'50',2.25),(27942,9236,127,'SPIRITO SANTO SPIEGATO AI RAGAZZI - N.E.',42,0,2.50,2.50,0,4,'50',52.50),(27943,9236,106,'RICORDO DI UNA GIORNATA SPECIALE',2,0,1.50,1.50,0,4,'50',1.50),(27944,9236,110,'SE MI AMI NON PIANGERE',118,0,1.50,1.50,0,4,'50',88.50),(27945,9236,111,'I NONNI SONO UN TESORO',49,0,1.80,1.80,0,4,'50',44.10),(27946,9236,112,'SEMPRE CON TE -VANGELO TASCABILE',4,0,2.50,2.50,0,4,'50',5.00),(27947,9236,123,'DIO E IN DIECI PAROLE - COMANDAMENTI',5,0,3.00,3.00,0,4,'50',7.50),(27948,9236,115,'SAN FRANCESCO DASSISI RACCONTATO AI RAGAZZI N.E.',10,0,4.00,4.00,0,4,'50',20.00),(27949,9236,117,'La preghiera delle cinque dita n.e.',127,0,1.50,1.50,0,4,'50',95.25),(27950,9236,118,'Il Credo spiegato ai ragazzi n.e.',38,0,2.50,2.50,0,4,'50',47.50),(27951,9236,132,'MINISTRANTI IERI, OGGI, DOMANI',142,0,2.50,2.50,0,4,'50',177.50),(27952,9236,129,'NATALE SPIEGATO AI BAMBINI',102,0,3.00,3.00,0,4,'50',153.00),(27953,9236,133,'LIBRO AGENDA CATTOLICO 2023',55,0,18.00,18.00,0,4,'50',495.00),(27954,9236,126,'SACRAMENTO DEL PERDONO',34,0,2.00,2.00,0,4,'50',34.00),(27955,9238,132,'MINISTRANTI IERI, OGGI, DOMANI',20,-20,2.50,2.50,0,4,'15',42.50),(27956,9242,57,'ALBUM + BUSTINA  AMICO GESÙ',25,-25,2.00,2.00,0,4,'10',45.00),(27957,9242,58,'SCATOLA FIGURINE AMICO GESÙ - 60 BUSTINE',12,-12,30.00,30.00,0,4,'10',324.00),(27959,9242,57,'ALBUM + BUSTINA  AMICO GESÙ',25,-25,2.00,2.00,0,4,'15',42.50),(27960,9242,58,'SCATOLA FIGURINE AMICO GESÙ - 60 BUSTINE',12,-12,30.00,30.00,0,4,'10',324.00),(27961,9246,17,'LA FEDE NELLO ZAINETTO',20,-20,5.00,5.00,0,4,'30',70.00),(27962,9246,20,'GIOVEDÌ SANTO',2,-2,1.50,1.50,0,4,'30',2.10),(27963,9246,125,'MIE PREGHIERINE - N. E.',30,-30,1.50,1.50,0,4,'30',31.50),(27964,9246,132,'MINISTRANTI IERI, OGGI, DOMANI',25,-25,2.50,2.50,0,4,'30',43.75),(27965,9246,129,'NATALE SPIEGATO AI BAMBINI',7,-7,3.00,3.00,0,4,'30',14.70),(27966,9246,9,'PSICOLOGIA PRATICA PER EDUCATORI',2,-2,10.50,10.50,0,4,'30',14.70),(27967,9246,89,'COMUNIONE SPIEGATA AI RAGAZZI',20,-20,1.50,1.50,0,4,'30',21.00),(27968,7144,133,'LIBRO AGENDA CATTOLICO 2023',2,-2,18.00,18.00,0,4,'15',30.60),(27969,7144,132,'MINISTRANTI IERI, OGGI, DOMANI',20,-20,2.50,2.50,0,4,'15',42.50),(27970,7144,50,'PERDONAMI SIGNORE',10,-10,2.00,2.00,0,4,'15',17.00),(27971,7144,0,'benedizioni',2,-2,18.00,18.00,0,4,'5',34.20),(27975,7911,133,'LIBRO AGENDA CATTOLICO 2023',1,-1,18.00,18.00,0,4,'5',17.10),(27976,7911,0,'CALENDARIO',1,-1,6.90,6.90,0,4,'5',6.56),(27978,9239,133,'LIBRO AGENDA CATTOLICO 2023',1,-1,18.00,18.00,0,4,'5',17.10),(27979,9239,33,'100 GIORNI CON LO SPIRITO',1,-1,7.50,7.50,0,4,'5',7.13),(27980,9239,112,'SEMPRE CON TE -VANGELO TASCABILE',10,-10,2.50,2.50,0,4,'5',23.75),(27981,9239,0,'VANGELO E ATTI...',10,-10,1.60,1.60,0,4,'5',15.20),(27982,9247,17,'LA FEDE NELLO ZAINETTO',2,0,5.00,5.00,0,4,'50',5.00),(27983,9247,124,'PREGHIERE DEI RAGAZZI N. E. ',131,0,1.50,1.50,0,4,'50',98.25),(27984,9247,23,'FATE QUESTO IN MEMORIA DI ME',34,0,2.50,2.50,0,4,'50',42.50),(27985,9247,24,'PADRE NOSTRO SPIEGATO AI BAMBINI N. E.',2,0,2.50,2.50,0,4,'50',2.50),(27986,9247,121,'DIZIONARIO DEI SIMBOLI DEL CRISTIANO',1,0,2.50,2.50,0,4,'50',1.25),(27987,9247,130,'ROSARIO SPIEGATO AI BAMBINI - N.E.',40,0,2.50,2.50,0,4,'50',50.00),(27988,9247,125,'MIE PREGHIERINE - N. E.',59,0,1.50,1.50,0,4,'50',44.25),(27989,9247,33,'100 GIORNI CON LO SPIRITO',1,0,7.50,7.50,0,4,'50',3.75),(27990,9247,35,'ANGELI - I NOSTRI MIGLIORI AMICI',12,0,2.50,2.50,0,4,'50',15.00),(27991,9247,42,'ALLA SCOPERTA  DELLA  CASA DI GESU',3,0,3.00,3.00,0,4,'50',4.50),(27992,9247,47,'IL ROSARIO SPIEGATO AI BAMBINI ',1,0,2.50,2.50,0,4,'50',1.25),(27993,9247,52,'Il Padre Nostro spiegato ai bambini',2,0,2.00,2.00,0,4,'50',2.00),(27994,9247,54,'BENEDETTO XVI ° ..... UNA PAGINA DI STORIA',1,0,2.50,2.50,0,4,'50',1.25),(27995,9247,55,'AVE MARIA ,SPIEGATA AI BAMBINI',1,0,1.50,1.50,0,4,'50',0.75),(27996,9247,57,'ALBUM + BUSTINA  AMICO GESÙ',1,0,2.00,2.00,0,4,'50',1.00),(27997,9247,75,'IL SEGNO DELLA CROCE',1,0,1.50,1.50,0,4,'50',0.75),(27998,9247,96,'LA PREGHIERA  - MEDICINA DELLANIMA',5,0,1.50,1.50,0,4,'50',3.75),(27999,9247,110,'SE MI AMI NON PIANGERE',85,0,1.80,1.80,0,4,'50',76.50),(28000,9247,111,'I NONNI SONO UN TESORO',15,0,1.80,1.80,0,4,'50',13.50),(28001,9247,123,'DIO E IN DIECI PAROLE - COMANDAMENTI',1,0,3.00,3.00,0,4,'50',1.50),(28002,9247,115,'SAN FRANCESCO DASSISI RACCONTATO AI RAGAZZI N.E.',7,0,4.00,4.00,0,4,'50',14.00),(28003,9247,117,'La preghiera delle cinque dita n.e.',35,0,1.80,1.80,0,4,'50',31.50),(28004,9247,132,'MINISTRANTI IERI, OGGI, DOMANI',88,0,2.50,2.50,0,4,'50',110.00),(28005,9247,129,'NATALE SPIEGATO AI BAMBINI',29,0,3.00,3.00,0,4,'50',43.50),(28006,9247,133,'LIBRO AGENDA CATTOLICO 2023',40,0,18.00,18.00,0,4,'50',360.00),(28007,9247,126,'SACRAMENTO DEL PERDONO',2,0,2.00,2.00,0,4,'50',2.00),(28013,9248,9,'PSICOLOGIA PRATICA PER EDUCATORI',1,1,10.50,10.50,0,4,'50',5.25),(28014,9248,20,'GIOVEDÌ SANTO',10,10,1.50,1.50,0,4,'50',7.50),(28015,9248,121,'DIZIONARIO DEI SIMBOLI DEL CRISTIANO',4,4,2.50,2.50,0,4,'50',5.00),(28016,9248,130,'ROSARIO SPIEGATO AI BAMBINI - N.E.',2,2,2.50,2.50,0,4,'50',2.50),(28017,9248,33,'100 GIORNI CON LO SPIRITO',2,2,7.50,7.50,0,4,'50',7.50),(28018,9248,52,'Il Padre Nostro spiegato ai bambini',1,1,2.00,2.00,0,4,'50',1.00),(28019,9248,66,'BEATI GLI INVITATI ALLA CENA DEL SIGNORE',1,1,6.50,6.50,0,4,'50',3.25),(28020,9248,67,'CON GESU SULLA VIA DELLA CROCE - VIA CRUCIS ',9,9,2.00,2.00,0,4,'50',9.00),(28021,9248,110,'SE MI AMI NON PIANGERE',72,72,1.50,1.50,0,4,'50',54.00),(28022,9248,111,'I NONNI SONO UN TESORO',5,5,1.80,1.80,0,4,'50',4.50),(28023,9248,115,'SAN FRANCESCO DASSISI RACCONTATO AI RAGAZZI N.E.',1,1,4.00,4.00,0,4,'50',2.00),(28024,9248,132,'MINISTRANTI IERI, OGGI, DOMANI',12,12,2.50,2.50,0,4,'50',15.00),(28028,9247,17,'LA FEDE NELLO ZAINETTO',2,0,5.00,5.00,0,4,'50',5.00),(28029,9247,124,'PREGHIERE DEI RAGAZZI N. E. ',131,0,1.50,1.50,0,4,'50',98.25),(28030,9247,23,'FATE QUESTO IN MEMORIA DI ME',34,0,2.50,2.50,0,4,'50',42.50),(28031,9247,24,'PADRE NOSTRO SPIEGATO AI BAMBINI N. E.',2,0,2.50,2.50,0,4,'50',2.50),(28032,9247,121,'DIZIONARIO DEI SIMBOLI DEL CRISTIANO',1,0,2.50,2.50,0,4,'50',1.25),(28033,9247,130,'ROSARIO SPIEGATO AI BAMBINI - N.E.',40,0,2.50,2.50,0,4,'50',50.00),(28034,9247,125,'MIE PREGHIERINE - N. E.',59,0,1.50,1.50,0,4,'50',44.25),(28035,9247,33,'100 GIORNI CON LO SPIRITO',1,0,7.50,7.50,0,4,'50',3.75),(28036,9247,35,'ANGELI - I NOSTRI MIGLIORI AMICI',12,0,2.50,2.50,0,4,'50',15.00),(28037,9247,42,'ALLA SCOPERTA  DELLA  CASA DI GESU',3,0,3.00,3.00,0,4,'50',4.50),(28038,9247,47,'IL ROSARIO SPIEGATO AI BAMBINI ',1,0,2.50,2.50,0,4,'50',1.25),(28039,9247,52,'Il Padre Nostro spiegato ai bambini',2,0,2.00,2.00,0,4,'50',2.00),(28040,9247,54,'BENEDETTO XVI ° ..... UNA PAGINA DI STORIA',1,0,2.50,2.50,0,4,'50',1.25),(28041,9247,55,'AVE MARIA ,SPIEGATA AI BAMBINI',1,0,1.50,1.50,0,4,'50',0.75),(28042,9247,57,'ALBUM + BUSTINA  AMICO GESÙ',1,0,2.00,2.00,0,4,'50',1.00),(28043,9247,75,'IL SEGNO DELLA CROCE',1,0,1.50,1.50,0,4,'50',0.75),(28044,9247,96,'LA PREGHIERA  - MEDICINA DELLANIMA',5,0,1.50,1.50,0,4,'50',3.75),(28045,9247,110,'SE MI AMI NON PIANGERE',85,0,1.50,1.50,0,4,'50',63.75),(28046,9247,111,'I NONNI SONO UN TESORO',15,0,1.80,1.80,0,4,'50',13.50),(28047,9247,123,'DIO E IN DIECI PAROLE - COMANDAMENTI',1,0,3.00,3.00,0,4,'50',1.50),(28048,9247,115,'SAN FRANCESCO DASSISI RACCONTATO AI RAGAZZI N.E.',7,0,4.00,4.00,0,4,'50',14.00),(28049,9247,117,'La preghiera delle cinque dita n.e.',35,0,1.80,1.80,0,4,'50',31.50),(28050,9247,132,'MINISTRANTI IERI, OGGI, DOMANI',88,0,2.50,2.50,0,4,'50',110.00),(28051,9247,129,'NATALE SPIEGATO AI BAMBINI',29,0,3.00,3.00,0,4,'50',43.50),(28052,9247,133,'LIBRO AGENDA CATTOLICO 2023',40,0,18.00,18.00,0,4,'50',360.00),(28053,9247,126,'SACRAMENTO DEL PERDONO',2,0,2.00,2.00,0,4,'50',2.00),(28059,9248,9,'PSICOLOGIA PRATICA PER EDUCATORI',1,1,10.50,10.50,0,4,'50',5.25),(28060,9248,20,'GIOVEDÌ SANTO',10,10,1.50,1.50,0,4,'50',7.50),(28061,9248,121,'DIZIONARIO DEI SIMBOLI DEL CRISTIANO',4,4,2.50,2.50,0,4,'50',5.00),(28062,9248,130,'ROSARIO SPIEGATO AI BAMBINI - N.E.',2,2,2.50,2.50,0,4,'50',2.50),(28063,9248,33,'100 GIORNI CON LO SPIRITO',2,2,7.50,7.50,0,4,'50',7.50),(28064,9248,52,'Il Padre Nostro spiegato ai bambini',1,1,2.00,2.00,0,4,'50',1.00),(28065,9248,66,'BEATI GLI INVITATI ALLA CENA DEL SIGNORE',1,1,6.50,6.50,0,4,'50',3.25),(28066,9248,67,'CON GESU SULLA VIA DELLA CROCE - VIA CRUCIS ',9,9,2.00,2.00,0,4,'50',9.00),(28067,9248,110,'SE MI AMI NON PIANGERE',72,72,1.50,1.50,0,4,'50',54.00),(28068,9248,111,'I NONNI SONO UN TESORO',5,5,1.80,1.80,0,4,'50',4.50),(28069,9248,115,'SAN FRANCESCO DASSISI RACCONTATO AI RAGAZZI N.E.',1,1,4.00,4.00,0,4,'50',2.00),(28070,9248,132,'MINISTRANTI IERI, OGGI, DOMANI',12,12,2.50,2.50,0,4,'50',15.00),(28071,9506,118,'Il Credo spiegato ai ragazzi n.e.',100,-100,2.50,2.50,0,4,'15',212.50),(28072,9507,130,'ROSARIO SPIEGATO AI BAMBINI - N.E.',480,-480,2.50,2.50,0,4,'0',1200.00),(28073,9507,134,'AVE MARIA SPIEGATA AI BAMBINI - N.E.',200,-200,1.80,1.80,0,4,'0',360.00),(28074,9507,132,'MINISTRANTI IERI, OGGI, DOMANI',450,-450,2.50,2.50,0,4,'0',1125.00),(28075,9507,104,'TEMPO DI QUARESIMA',300,-300,2.50,2.50,0,4,'0',750.00),(28076,9771,23,'FATE QUESTO IN MEMORIA DI ME',20,-20,2.50,2.50,0,4,'5',47.50),(28077,10793,125,'MIE PREGHIERINE - N. E.',100,-100,1.43,1.43,0,4,'0',143.00),(28078,10796,104,'TEMPO DI QUARESIMA',20,-20,1.00,1.00,0,4,'15',17.00),(28079,10027,57,'ALBUM + BUSTINA  AMICO GESÙ',50,-50,2.00,2.00,0,4,'5',95.00),(28080,10027,58,'SCATOLA FIGURINE AMICO GESÙ - 60 BUSTINE',30,-30,30.00,30.00,0,4,'5',855.00),(28082,11058,17,'LA FEDE NELLO ZAINETTO',24,24,5.00,5.00,0,4,'0',120.00),(28083,11058,23,'FATE QUESTO IN MEMORIA DI ME',116,116,2.50,2.50,0,4,'0',290.00),(28084,11331,130,'ROSARIO SPIEGATO AI BAMBINI - N.E.',20,-20,2.50,2.50,0,4,'15',42.50),(28085,11332,125,'MIE PREGHIERINE - N. E.',35,-35,1.50,1.50,0,4,'15',44.63),(28086,11334,125,'MIE PREGHIERINE - N. E.',20,-20,1.50,1.50,0,4,'15',25.50),(28087,11335,92,'LA PREGHIERA DEL ROSARIO',51,-51,2.50,2.50,0,4,'15',108.38),(28088,11336,9,'PSICOLOGIA PRATICA PER EDUCATORI',2,0,10.50,10.50,0,4,'50',10.50),(28089,11336,17,'LA FEDE NELLO ZAINETTO',109,0,6.00,6.00,0,4,'50',327.00),(28090,11336,20,'GIOVEDÌ SANTO',3,0,1.50,1.50,0,4,'50',2.25),(28091,11336,21,'LA COMUNIONE',1,0,2.00,2.00,0,4,'50',1.00),(28092,11336,134,'AVE MARIA SPIEGATA AI BAMBINI - N.E.',5,0,1.80,1.80,0,4,'50',4.50),(28093,11336,124,'PREGHIERE DEI RAGAZZI N. E. ',117,0,1.50,1.50,0,4,'50',87.75),(28094,11336,23,'FATE QUESTO IN MEMORIA DI ME',73,0,2.50,2.50,0,4,'50',91.25),(28095,11336,24,'PADRE NOSTRO SPIEGATO AI BAMBINI N. E.',57,0,2.50,2.50,0,4,'50',71.25),(28096,11336,121,'DIZIONARIO DEI SIMBOLI DEL CRISTIANO',3,0,2.50,2.50,0,4,'50',3.75),(28097,11336,130,'ROSARIO SPIEGATO AI BAMBINI - N.E.',97,0,2.50,2.50,0,4,'50',121.25),(28098,11336,125,'MIE PREGHIERINE - N. E.',48,0,1.50,1.50,0,4,'50',36.00),(28099,11336,33,'100 GIORNI CON LO SPIRITO',41,0,7.50,7.50,0,4,'50',153.75),(28100,11336,35,'ANGELI - I NOSTRI MIGLIORI AMICI',1,0,2.50,2.50,0,4,'50',1.25),(28101,11336,38,'MADRE TERESA, UNA MISSIONARIA',2,0,2.60,2.60,0,4,'50',2.60),(28102,11336,42,'ALLA SCOPERTA  DELLA  CASA DI GESU',3,0,3.00,3.00,0,4,'50',4.50),(28103,11336,50,'PERDONAMI SIGNORE',10,0,2.00,2.00,0,4,'50',10.00),(28104,11336,55,'AVE MARIA ,SPIEGATA AI BAMBINI',3,0,1.50,1.50,0,4,'50',2.25),(28105,11336,57,'ALBUM + BUSTINA  AMICO GESÙ',1,0,2.00,2.00,0,4,'50',1.00),(28106,11336,58,'SCATOLA FIGURINE AMICO GESÙ - 60 BUSTINE',2,0,30.00,30.00,0,4,'50',30.00),(28107,11336,66,'BEATI GLI INVITATI ALLA CENA DEL SIGNORE',11,0,6.50,6.50,0,4,'50',35.75),(28108,11336,67,'CON GESU SULLA VIA DELLA CROCE - VIA CRUCIS ',8,0,2.00,2.00,0,4,'50',8.00),(28109,11336,74,'DIO È , IN DIECI PAROLE',2,0,4.50,4.50,0,4,'50',4.50),(28110,11336,75,'IL SEGNO DELLA CROCE',2,0,1.50,1.50,0,4,'50',1.50),(28111,11336,92,'LA PREGHIERA DEL ROSARIO',23,0,2.50,2.50,0,4,'50',28.75),(28112,11336,99,'AVE MARIA PREGHIERE MARIANE',6,0,2.00,2.00,0,4,'50',6.00),(28113,11336,101,'GESU BENEDICI LA NOSTRA FAMIGLIA',1,0,1.50,1.50,0,4,'50',0.75),(28114,11336,103,'Lo Spirito Santo raccontato ai ragazzi N.E.',14,0,2.00,2.00,0,4,'50',14.00),(28115,11336,104,'TEMPO DI QUARESIMA',2,0,2.50,2.50,0,4,'50',2.50),(28116,11336,127,'SPIRITO SANTO SPIEGATO AI RAGAZZI - N.E.',46,0,2.50,2.50,0,4,'50',57.50),(28117,11336,110,'SE MI AMI NON PIANGERE',19,0,1.80,1.80,0,4,'50',17.10),(28118,11336,111,'I NONNI SONO UN TESORO',50,0,1.80,1.80,0,4,'50',45.00),(28119,11336,123,'DIO E IN DIECI PAROLE - COMANDAMENTI',2,0,3.00,3.00,0,4,'50',3.00),(28120,11336,115,'SAN FRANCESCO DASSISI RACCONTATO AI RAGAZZI N.E.',12,0,4.00,4.00,0,4,'50',24.00),(28121,11336,117,'La preghiera delle cinque dita n.e.',67,0,1.80,1.80,0,4,'50',60.30),(28122,11336,118,'Il Credo spiegato ai ragazzi n.e.',52,0,2.50,2.50,0,4,'50',65.00),(28123,11336,119,'Rosario spiegato ai bambini ',1,0,2.50,2.50,0,4,'50',1.25),(28124,11336,132,'MINISTRANTI IERI, OGGI, DOMANI',98,0,2.50,2.50,0,4,'50',122.50),(28125,11336,129,'NATALE SPIEGATO AI BAMBINI',8,0,3.00,3.00,0,4,'50',12.00),(28126,11336,133,'LIBRO AGENDA CATTOLICO 2023',7,0,18.00,18.00,0,4,'50',63.00),(28127,11336,126,'SACRAMENTO DEL PERDONO',75,0,2.00,2.00,0,4,'50',75.00),(28128,11328,125,'MIE PREGHIERINE - N. E.',80,-80,1.43,1.43,0,4,'0',114.40),(28129,11328,124,'PREGHIERE DEI RAGAZZI N. E. ',149,-149,1.43,1.43,0,4,'0',213.07),(28130,11328,124,'PREGHIERE DEI RAGAZZI N. E. ',1,-1,1.18,1.18,0,4,'0',1.18),(28131,11345,135,'LIBRO AGENDA CATTOLICO 2024',1,-1,18.00,18.00,0,4,'5',17.10),(28132,11347,135,'LIBRO AGENDA CATTOLICO 2024',3,-3,18.00,18.00,0,4,'5',51.30),(28133,11347,0,'CONTRASSEGNO',1,-1,2.90,2.90,0,4,'0',2.90),(28134,11351,16,'MARIA DALLA NASCITA ALLASSUNZIONE',3,0,2.50,2.50,0,4,'50',3.75),(28135,11351,17,'LA FEDE NELLO ZAINETTO',57,0,6.00,6.00,0,4,'50',171.00),(28136,11351,19,'CHIERICHETTI IERI OGGI DOMANI',1,0,2.50,2.50,0,4,'50',1.25),(28137,11351,134,'AVE MARIA SPIEGATA AI BAMBINI - N.E.',4,0,1.80,1.80,0,4,'50',3.60),(28138,11351,124,'PREGHIERE DEI RAGAZZI N. E. ',10,0,1.50,1.50,0,4,'50',7.50),(28139,11351,23,'FATE QUESTO IN MEMORIA DI ME',27,0,2.50,2.50,0,4,'50',33.75),(28140,11351,24,'PADRE NOSTRO SPIEGATO AI BAMBINI N. E.',1,0,2.50,2.50,0,4,'50',1.25),(28141,11351,130,'ROSARIO SPIEGATO AI BAMBINI - N.E.',5,0,2.50,2.50,0,4,'50',6.25),(28142,11351,125,'MIE PREGHIERINE - N. E.',7,0,1.50,1.50,0,4,'50',5.25),(28143,11351,33,'100 GIORNI CON LO SPIRITO',11,0,7.50,7.50,0,4,'50',41.25),(28144,11351,35,'ANGELI - I NOSTRI MIGLIORI AMICI',1,0,2.50,2.50,0,4,'50',1.25),(28145,11351,50,'PERDONAMI SIGNORE',17,0,2.00,2.00,0,4,'50',17.00),(28146,11351,55,'AVE MARIA ,SPIEGATA AI BAMBINI',5,0,1.50,1.50,0,4,'50',3.75),(28147,11351,58,'SCATOLA FIGURINE AMICO GESÙ - 60 BUSTINE',2,0,30.00,30.00,0,4,'50',30.00),(28148,11351,80,'MISERICORDIA',1,0,2.50,2.50,0,4,'50',1.25),(28149,11351,92,'LA PREGHIERA DEL ROSARIO',2,0,2.50,2.50,0,4,'50',2.50),(28150,11351,99,'AVE MARIA PREGHIERE MARIANE',3,0,2.00,2.00,0,4,'50',3.00),(28151,11351,101,'GESU BENEDICI LA NOSTRA FAMIGLIA',3,0,1.50,1.50,0,4,'50',2.25),(28152,11351,127,'SPIRITO SANTO SPIEGATO AI RAGAZZI - N.E.',17,0,2.50,2.50,0,4,'50',21.25),(28153,11351,110,'SE MI AMI NON PIANGERE',55,0,1.80,1.80,0,4,'50',49.50),(28154,11351,111,'I NONNI SONO UN TESORO',5,0,1.80,1.80,0,4,'50',4.50),(28155,11351,123,'DIO E IN DIECI PAROLE - COMANDAMENTI',1,0,3.00,3.00,0,4,'50',1.50),(28156,11351,115,'SAN FRANCESCO DASSISI RACCONTATO AI RAGAZZI N.E.',1,0,4.00,4.00,0,4,'50',2.00),(28157,11351,117,'La preghiera delle cinque dita n.e.',7,0,1.80,1.80,0,4,'50',6.30),(28158,11351,118,'Il Credo spiegato ai ragazzi n.e.',10,0,2.50,2.50,0,4,'50',12.50),(28159,11351,132,'MINISTRANTI IERI, OGGI, DOMANI',34,0,2.50,2.50,0,4,'50',42.50),(28160,11351,129,'NATALE SPIEGATO AI BAMBINI',3,0,3.00,3.00,0,4,'50',4.50),(28161,11351,135,'LIBRO AGENDA CATTOLICO 2024',119,0,18.00,18.00,0,4,'50',1071.00),(28162,11351,133,'LIBRO AGENDA CATTOLICO 2023',1,0,18.00,18.00,0,4,'50',9.00),(28163,11351,126,'SACRAMENTO DEL PERDONO',20,0,2.00,2.00,0,4,'50',20.00),(28164,11344,0,'FIGURINE',30,-30,0.30,0.30,0,0,'0',9.00),(28165,11344,0,'SPEDIZIONE',1,-1,3.00,3.00,0,0,'0',3.00),(28166,12128,82,'LAUDATO SI\'',1,-1,2.00,2.00,0,4,'5',1.90),(28167,12128,130,'ROSARIO SPIEGATO AI BAMBINI - N.E.',1,-1,2.50,2.50,0,4,'5',2.38),(28168,12128,135,'LIBRO AGENDA CATTOLICO 2024',1,-1,18.00,18.00,0,4,'5',17.10),(28169,12128,121,'DIZIONARIO DEI SIMBOLI DEL CRISTIANO',1,-1,2.50,2.50,0,4,'5',2.38),(28170,12129,135,'LIBRO AGENDA CATTOLICO 2024',1,-1,18.00,18.00,0,4,'5',17.10),(28171,11869,135,'LIBRO AGENDA CATTOLICO 2024',1,-1,18.00,18.00,0,4,'5',17.10),(28172,12143,111,'I NONNI SONO UN TESORO',100,-100,1.50,1.50,0,4,'50',75.00),(28173,12143,111,'I NONNI SONO UN TESORO',100,-100,1.50,1.50,0,4,'50',75.00),(28174,12144,111,'I NONNI SONO UN TESORO',100,100,1.50,1.50,0,4,'50',75.00),(28175,12146,89,'COMUNIONE SPIEGATA AI RAGAZZI',20,-20,1.80,1.80,0,4,'35',23.40),(28176,12146,135,'LIBRO AGENDA CATTOLICO 2024',20,-20,18.00,18.00,0,4,'35',234.00),(28177,12146,17,'LA FEDE NELLO ZAINETTO',30,-30,6.00,6.00,0,4,'35',117.00),(28178,12146,117,'La preghiera delle cinque dita n.e.',30,-30,1.80,1.80,0,4,'35',35.10),(28179,12146,126,'SACRAMENTO DEL PERDONO',20,-20,2.00,2.00,0,4,'35',26.00),(28180,12146,89,'COMUNIONE SPIEGATA AI RAGAZZI',20,-20,1.80,1.80,0,4,'35',23.40),(28181,12146,135,'LIBRO AGENDA CATTOLICO 2024',20,-20,18.00,18.00,0,4,'35',234.00),(28182,12146,17,'LA FEDE NELLO ZAINETTO',30,-30,6.00,6.00,0,4,'35',117.00),(28183,12146,117,'La preghiera delle cinque dita n.e.',30,-30,1.80,1.80,0,4,'35',35.10),(28184,12146,126,'SACRAMENTO DEL PERDONO',20,-20,2.00,2.00,0,4,'35',26.00),(28185,12143,111,'I NONNI SONO UN TESORO',100,-100,1.50,1.50,0,4,'50',75.00),(28186,12662,57,'ALBUM + BUSTINA  AMICO GESÙ',1,-1,2.00,2.00,0,4,'5',1.90),(28187,12919,132,'MINISTRANTI IERI, OGGI, DOMANI',30,-30,2.50,2.50,0,4,'15',63.75),(28188,12921,133,'LIBRO AGENDA CATTOLICO 2023',1,-1,18.00,18.00,0,4,'0',18.00),(28189,12935,135,'LIBRO AGENDA CATTOLICO 2024',1,-1,18.00,18.00,0,4,'5',17.10),(28190,12937,135,'LIBRO AGENDA CATTOLICO 2024',1,-1,18.00,18.00,0,4,'0',18.00),(28191,12945,135,'LIBRO AGENDA CATTOLICO 2024',2,-2,18.00,18.00,0,4,'5',34.20),(28192,12945,0,'CONTRASSEGNO',1,-1,2.90,2.90,0,4,'0',2.90),(28193,12947,57,'ALBUM + BUSTINA  AMICO GESÙ',10,-10,2.00,2.00,0,4,'10',18.00),(28194,12947,58,'SCATOLA FIGURINE AMICO GESÙ - 60 BUSTINE',1,-1,30.00,30.00,0,4,'10',27.00),(28195,12948,121,'DIZIONARIO DEI SIMBOLI DEL CRISTIANO',30,-30,2.50,2.50,0,4,'15',63.75),(28196,13218,132,'MINISTRANTI IERI, OGGI, DOMANI',80,-80,2.50,2.50,0,4,'50',100.00),(28197,13219,132,'MINISTRANTI IERI, OGGI, DOMANI',25,-25,2.50,2.50,0,4,'15',53.13),(28198,13219,17,'LA FEDE NELLO ZAINETTO',1,-1,6.00,6.00,0,4,'5',5.70),(28199,13225,17,'LA FEDE NELLO ZAINETTO',4,-4,5.00,5.00,0,4,'38',12.40),(28200,13225,17,'LA FEDE NELLO ZAINETTO',80,-80,6.00,6.00,0,4,'38',297.60),(28202,13225,17,'LA FEDE NELLO ZAINETTO',4,-4,5.00,5.00,0,4,'38',12.40),(28203,13225,17,'LA FEDE NELLO ZAINETTO',80,-80,6.00,6.00,0,4,'38',297.60),(28204,13227,135,'LIBRO AGENDA CATTOLICO 2024',3,-3,18.00,18.00,0,4,'5',51.30),(28205,13229,135,'LIBRO AGENDA CATTOLICO 2024',1,-1,18.00,18.00,0,4,'5',17.10),(28206,13230,7,'I miracoli da colorare. La pesca miracolosa',1,0,1.50,1.50,0,4,'50',0.75),(28207,13230,13,'BUSSATE E VI SARÀ APERTO',5,0,1.50,1.50,0,4,'50',3.75),(28208,13230,17,'LA FEDE NELLO ZAINETTO',68,0,6.00,6.00,0,4,'50',204.00),(28209,13230,19,'CHIERICHETTI IERI OGGI DOMANI',1,0,2.50,2.50,0,4,'50',1.25),(28210,13230,134,'AVE MARIA SPIEGATA AI BAMBINI - N.E.',5,0,1.80,1.80,0,4,'50',4.50),(28211,13230,124,'PREGHIERE DEI RAGAZZI N. E. ',85,0,1.50,1.50,0,4,'50',63.75),(28212,13230,23,'FATE QUESTO IN MEMORIA DI ME',36,0,2.50,2.50,0,4,'50',45.00),(28213,13230,24,'PADRE NOSTRO SPIEGATO AI BAMBINI N. E.',3,0,2.50,2.50,0,4,'50',3.75),(28214,13230,121,'DIZIONARIO DEI SIMBOLI DEL CRISTIANO',6,0,2.50,2.50,0,4,'50',7.50),(28215,13230,130,'ROSARIO SPIEGATO AI BAMBINI - N.E.',6,0,2.50,2.50,0,4,'50',7.50),(28216,13230,125,'MIE PREGHIERINE - N. E.',2,0,1.50,1.50,0,4,'50',1.50),(28217,13230,33,'100 GIORNI CON LO SPIRITO',3,0,7.50,7.50,0,4,'50',11.25),(28218,13230,35,'ANGELI - I NOSTRI MIGLIORI AMICI',3,0,2.50,2.50,0,4,'50',3.75),(28219,13230,44,'GUARDALIBRI: DVD IL CREDO',1,0,9.90,9.90,0,4,'50',4.95),(28220,13230,48,'I SANTI E GLI ANIMALI',3,0,3.00,3.00,0,4,'50',4.50),(28221,13230,50,'PERDONAMI SIGNORE',10,0,2.50,2.50,0,4,'50',12.50),(28222,13230,55,'AVE MARIA ,SPIEGATA AI BAMBINI',1,0,1.50,1.50,0,4,'50',0.75),(28223,13230,57,'ALBUM + BUSTINA  AMICO GESÙ',2,0,2.00,2.00,0,4,'50',2.00),(28224,13230,58,'SCATOLA FIGURINE AMICO GESÙ - 60 BUSTINE',1,0,30.00,30.00,0,4,'50',15.00),(28225,13230,60,'IL NATALE SPIEGATO AI BAMBINI',1,0,2.00,2.00,0,4,'50',1.00),(28226,13230,67,'CON GESU SULLA VIA DELLA CROCE - VIA CRUCIS ',5,0,2.00,2.00,0,4,'50',5.00),(28227,13230,72,'FEDE, SPERANZA  E CARITA',5,0,6.00,6.00,0,4,'50',15.00),(28228,13230,92,'LA PREGHIERA DEL ROSARIO',15,0,2.50,2.50,0,4,'50',18.75),(28229,13230,99,'AVE MARIA PREGHIERE MARIANE',5,0,2.00,2.00,0,4,'50',5.00),(28230,13230,101,'GESU BENEDICI LA NOSTRA FAMIGLIA',5,0,1.50,1.50,0,4,'50',3.75),(28231,13230,102,'LE BEATITUDINI  N.EDIZ.',1,0,2.00,2.00,0,4,'50',1.00),(28232,13230,103,'Lo Spirito Santo raccontato ai ragazzi N.E.',1,0,2.00,2.00,0,4,'50',1.00),(28233,13230,127,'SPIRITO SANTO SPIEGATO AI RAGAZZI - N.E.',40,0,2.50,2.50,0,4,'50',50.00),(28234,13230,106,'RICORDO DI UNA GIORNATA SPECIALE',1,0,1.50,1.50,0,4,'50',0.75),(28235,13230,110,'SE MI AMI NON PIANGERE',3,0,1.80,1.80,0,4,'50',2.70),(28236,13230,111,'I NONNI SONO UN TESORO',2,0,1.80,1.80,0,4,'50',1.80),(28237,13230,123,'DIO E IN DIECI PAROLE - COMANDAMENTI',1,0,3.00,3.00,0,4,'50',1.50),(28238,13230,115,'SAN FRANCESCO DASSISI RACCONTATO AI RAGAZZI N.E.',22,0,4.00,4.00,0,4,'50',44.00),(28239,13230,117,'La preghiera delle cinque dita n.e.',51,0,1.80,1.80,0,4,'50',45.90),(28240,13230,118,'Il Credo spiegato ai ragazzi n.e.',1,0,2.50,2.50,0,4,'50',1.25),(28241,13230,132,'MINISTRANTI IERI, OGGI, DOMANI',55,0,2.50,2.50,0,4,'50',68.75),(28242,13230,129,'NATALE SPIEGATO AI BAMBINI',2,0,3.00,3.00,0,4,'50',3.00),(28243,13230,135,'LIBRO AGENDA CATTOLICO 2024',79,0,18.00,18.00,0,4,'50',711.00),(28244,13230,138,'LA NASCITA DI GESU',142,0,2.50,2.50,0,4,'50',177.50),(28245,13230,139,'E NATO - n.e.',141,0,2.00,1.64,22,1,'50',141.00),(28246,13230,136,'ANGELO DI DIO N.E.',116,0,1.80,1.80,0,4,'50',104.40),(28247,13230,137,'AVVENTO',148,0,2.50,2.50,0,4,'50',185.00),(28248,13230,126,'SACRAMENTO DEL PERDONO',14,0,2.00,2.00,0,4,'50',14.00),(28249,13230,7,'I miracoli da colorare. La pesca miracolosa',1,0,1.50,1.50,0,4,'50',0.75),(28250,13230,13,'BUSSATE E VI SARÀ APERTO',5,0,1.50,1.50,0,4,'50',3.75),(28251,13230,17,'LA FEDE NELLO ZAINETTO',68,0,6.00,6.00,0,4,'50',204.00),(28252,13230,19,'CHIERICHETTI IERI OGGI DOMANI',1,0,2.50,2.50,0,4,'50',1.25),(28253,13230,134,'AVE MARIA SPIEGATA AI BAMBINI - N.E.',5,0,1.80,1.80,0,4,'50',4.50),(28254,13230,124,'PREGHIERE DEI RAGAZZI N. E. ',85,0,1.50,1.50,0,4,'50',63.75),(28255,13230,23,'FATE QUESTO IN MEMORIA DI ME',36,0,2.50,2.50,0,4,'50',45.00),(28256,13230,24,'PADRE NOSTRO SPIEGATO AI BAMBINI N. E.',3,0,2.50,2.50,0,4,'50',3.75),(28257,13230,121,'DIZIONARIO DEI SIMBOLI DEL CRISTIANO',6,0,2.50,2.50,0,4,'50',7.50),(28258,13230,130,'ROSARIO SPIEGATO AI BAMBINI - N.E.',6,0,2.50,2.50,0,4,'50',7.50),(28259,13230,125,'MIE PREGHIERINE - N. E.',2,0,1.50,1.50,0,4,'50',1.50),(28260,13230,33,'100 GIORNI CON LO SPIRITO',3,0,7.50,7.50,0,4,'50',11.25),(28261,13230,35,'ANGELI - I NOSTRI MIGLIORI AMICI',3,0,2.50,2.50,0,4,'50',3.75),(28262,13230,44,'GUARDALIBRI: DVD IL CREDO',1,0,9.90,9.90,0,4,'50',4.95),(28263,13230,48,'I SANTI E GLI ANIMALI',3,0,3.00,3.00,0,4,'50',4.50),(28264,13230,50,'PERDONAMI SIGNORE',10,0,2.50,2.50,0,4,'50',12.50),(28265,13230,55,'AVE MARIA ,SPIEGATA AI BAMBINI',1,0,1.50,1.50,0,4,'50',0.75),(28266,13230,57,'ALBUM + BUSTINA  AMICO GESÙ',2,0,2.00,2.00,0,4,'50',2.00),(28267,13230,58,'SCATOLA FIGURINE AMICO GESÙ - 60 BUSTINE',1,0,30.00,30.00,0,4,'50',15.00),(28268,13230,60,'IL NATALE SPIEGATO AI BAMBINI',1,0,2.00,2.00,0,4,'50',1.00),(28269,13230,67,'CON GESU SULLA VIA DELLA CROCE - VIA CRUCIS ',5,0,2.00,2.00,0,4,'50',5.00),(28270,13230,72,'FEDE, SPERANZA  E CARITA',5,0,6.00,6.00,0,4,'50',15.00),(28271,13230,92,'LA PREGHIERA DEL ROSARIO',15,0,2.50,2.50,0,4,'50',18.75),(28272,13230,99,'AVE MARIA PREGHIERE MARIANE',5,0,2.00,2.00,0,4,'50',5.00),(28273,13230,101,'GESU BENEDICI LA NOSTRA FAMIGLIA',5,0,1.50,1.50,0,4,'50',3.75),(28274,13230,102,'LE BEATITUDINI  N.EDIZ.',1,0,2.00,2.00,0,4,'50',1.00),(28275,13230,103,'Lo Spirito Santo raccontato ai ragazzi N.E.',1,0,2.00,2.00,0,4,'50',1.00),(28276,13230,127,'SPIRITO SANTO SPIEGATO AI RAGAZZI - N.E.',40,0,2.50,2.50,0,4,'50',50.00),(28277,13230,106,'RICORDO DI UNA GIORNATA SPECIALE',1,0,1.50,1.50,0,4,'50',0.75),(28278,13230,110,'SE MI AMI NON PIANGERE',3,0,1.80,1.80,0,4,'50',2.70),(28279,13230,111,'I NONNI SONO UN TESORO',2,0,1.80,1.80,0,4,'50',1.80),(28280,13230,123,'DIO E IN DIECI PAROLE - COMANDAMENTI',1,0,3.00,3.00,0,4,'50',1.50),(28281,13230,115,'SAN FRANCESCO DASSISI RACCONTATO AI RAGAZZI N.E.',22,0,4.00,4.00,0,4,'50',44.00),(28282,13230,117,'La preghiera delle cinque dita n.e.',51,0,1.80,1.80,0,4,'50',45.90),(28283,13230,118,'Il Credo spiegato ai ragazzi n.e.',1,0,2.50,2.50,0,4,'50',1.25),(28284,13230,132,'MINISTRANTI IERI, OGGI, DOMANI',55,0,2.50,2.50,0,4,'50',68.75),(28285,13230,129,'NATALE SPIEGATO AI BAMBINI',2,0,3.00,3.00,0,4,'50',3.00),(28286,13230,135,'LIBRO AGENDA CATTOLICO 2024',79,0,18.00,18.00,0,4,'50',711.00),(28287,13230,138,'LA NASCITA DI GESU',142,0,2.50,2.50,0,4,'50',177.50),(28288,13230,139,'E NATO - n.e.',141,0,2.00,1.64,22,1,'50',141.00),(28289,13230,136,'ANGELO DI DIO N.E.',116,0,1.80,1.80,0,4,'50',104.40),(28290,13230,137,'AVVENTO',148,0,2.50,2.50,0,4,'50',185.00),(28291,13230,126,'SACRAMENTO DEL PERDONO',14,0,2.00,2.00,0,4,'50',14.00),(28292,13237,126,'SACRAMENTO DEL PERDONO',50,-50,2.00,2.00,0,4,'50',50.00),(28293,13496,124,'PREGHIERE DEI RAGAZZI N. E. ',18,-18,1.50,1.50,0,4,'5',25.65),(28294,13753,57,'ALBUM + BUSTINA  AMICO GESÙ',15,-15,2.00,2.00,0,4,'15',25.50),(28295,13753,58,'SCATOLA FIGURINE AMICO GESÙ - 60 BUSTINE',2,-2,30.00,30.00,0,4,'15',51.00),(28297,13754,135,'LIBRO AGENDA CATTOLICO 2024',2,-2,18.00,18.00,0,4,'0',36.00),(28298,13752,132,'MINISTRANTI IERI, OGGI, DOMANI',50,-50,2.50,2.50,0,4,'5',118.75),(28299,13752,132,'MINISTRANTI IERI, OGGI, DOMANI',50,-50,2.38,2.38,0,4,'0',119.00),(28300,13759,17,'LA FEDE NELLO ZAINETTO',16,-16,6.00,6.00,0,4,'15',81.60),(28301,13764,135,'LIBRO AGENDA CATTOLICO 2024',1,-1,18.00,18.00,0,4,'5',17.10),(28302,13765,137,'AVVENTO',5,-5,2.50,2.50,0,4,'35',8.13),(28303,13765,13,'BUSSATE E VI SARÀ APERTO',10,-10,1.50,1.50,0,4,'35',9.75),(28304,13765,11,'COME PREPARARSI ALLA CONFESSIONE',1,-1,1.50,1.50,0,4,'35',0.97),(28305,13765,121,'DIZIONARIO DEI SIMBOLI DEL CRISTIANO',3,-3,2.50,2.50,0,4,'35',4.88),(28306,13765,17,'LA FEDE NELLO ZAINETTO',150,-150,6.00,6.00,0,4,'35',585.00),(28307,13765,20,'GIOVEDÌ SANTO',1,-1,1.50,1.50,0,4,'35',0.97),(28308,13765,132,'MINISTRANTI IERI, OGGI, DOMANI',10,-10,2.50,2.50,0,4,'35',16.25),(28309,13765,138,'LA NASCITA DI GESU',5,-5,2.50,2.50,0,4,'35',8.13),(28310,13765,124,'PREGHIERE DEI RAGAZZI N. E. ',120,-120,1.50,1.50,0,4,'35',117.00),(28311,13765,9,'PSICOLOGIA PRATICA PER EDUCATORI',2,-2,10.50,10.50,0,4,'35',13.65),(28312,13765,126,'SACRAMENTO DEL PERDONO',10,-10,2.00,2.00,0,4,'35',13.00),(28313,13765,110,'SE MI AMI NON PIANGERE',3,-3,1.50,1.50,0,4,'0',4.50),(28314,14029,24,'PADRE NOSTRO SPIEGATO AI BAMBINI N. E.',16,-16,2.50,2.50,0,4,'5',38.00),(28315,14189,132,'MINISTRANTI IERI, OGGI, DOMANI',25,-25,2.50,2.50,0,4,'15',53.13),(28316,14189,118,'Il Credo spiegato ai ragazzi n.e.',2,-2,2.50,2.50,0,4,'15',4.25),(28317,14189,117,'La preghiera delle cinque dita n.e.',2,-2,1.80,1.80,0,4,'15',3.06),(28318,14031,132,'MINISTRANTI IERI, OGGI, DOMANI',15,-15,2.50,2.50,0,4,'10',33.75),(28319,12936,135,'LIBRO AGENDA CATTOLICO 2024',1,-1,18.00,18.00,0,4,'5',17.10),(28320,14194,101,'GESU\' BENEDICI LA NOSTRA FAMIGLIA',500,-500,1.10,1.10,0,4,'0',550.00),(28321,14201,126,'SACRAMENTO DEL PERDONO',50,-50,2.00,2.00,0,4,'15',85.00),(28322,14201,50,'PERDONAMI SIGNORE',1,-1,2.00,2.00,0,4,'0',2.00),(28324,14190,67,'CON GESU SULLA VIA DELLA CROCE - VIA CRUCIS ',10,-10,2.00,2.00,0,4,'0',20.00),(28325,14190,88,'GESÙ È RISORTO',5,-5,2.00,2.00,0,4,'0',10.00),(28326,14190,0,'IMMAGINI ISONZO',4,-4,3.80,3.80,0,4,'0',15.20),(28327,14190,0,'VIA CRUCIS CON GLI SCRITTI DI CHIARA LUBICH',6,-6,2.00,2.00,0,4,'0',12.00),(28328,14210,9,'PSICOLOGIA PRATICA PER EDUCATORI',1,0,10.50,10.50,0,4,'50',5.25),(28329,14210,17,'LA FEDE NELLO ZAINETTO',15,0,6.00,6.00,0,4,'50',45.00),(28330,14210,134,'AVE MARIA SPIEGATA AI BAMBINI - N.E.',3,0,1.80,1.80,0,4,'50',2.70),(28331,14210,124,'PREGHIERE DEI RAGAZZI N. E. ',83,0,1.50,1.50,0,4,'50',62.25),(28332,14210,23,'FATE QUESTO IN MEMORIA DI ME',83,0,2.50,2.50,0,4,'50',103.75),(28333,14210,24,'PADRE NOSTRO SPIEGATO AI BAMBINI N. E.',10,0,2.50,2.50,0,4,'50',12.50),(28334,14210,130,'ROSARIO SPIEGATO AI BAMBINI - N.E.',59,0,2.50,2.50,0,4,'50',73.75),(28335,14210,125,'MIE PREGHIERINE - N. E.',10,0,1.50,1.50,0,4,'50',7.50),(28336,14210,33,'100 GIORNI CON LO SPIRITO',36,0,7.50,7.50,0,4,'50',135.00),(28337,14210,42,'ALLA SCOPERTA  DELLA  CASA DI GESU',2,0,3.00,3.00,0,4,'50',3.00),(28338,14210,46,'LE LETTERE DI SAN PAOLO',1,0,3.50,3.50,0,4,'50',1.75),(28339,14210,48,'I SANTI E GLI ANIMALI',6,0,3.00,3.00,0,4,'50',9.00),(28340,14210,50,'PERDONAMI SIGNORE',21,0,2.50,2.50,0,4,'50',26.25),(28341,14210,54,'BENEDETTO XVI ° ..... UNA PAGINA DI STORIA',1,0,2.50,2.50,0,4,'50',1.25),(28342,14210,55,'AVE MARIA ,SPIEGATA AI BAMBINI',1,0,1.50,1.50,0,4,'50',0.75),(28343,14210,67,'CON GESU SULLA VIA DELLA CROCE - VIA CRUCIS ',6,0,2.00,2.00,0,4,'50',6.00),(28344,14210,88,'GESÙ È RISORTO',3,0,2.00,2.00,0,4,'50',3.00),(28345,14210,89,'COMUNIONE SPIEGATA AI RAGAZZI',27,0,1.80,1.80,0,4,'50',24.30),(28346,14210,92,'LA PREGHIERA DEL ROSARIO',24,0,2.50,2.50,0,4,'50',30.00),(28347,14210,94,'IL BATTESIMO',20,0,1.50,1.50,0,4,'50',15.00),(28348,14210,101,'GESU BENEDICI LA NOSTRA FAMIGLIA',1,0,1.50,1.50,0,4,'50',0.75),(28349,14210,127,'SPIRITO SANTO SPIEGATO AI RAGAZZI - N.E.',22,0,2.50,2.50,0,4,'50',27.50),(28350,14210,110,'SE MI AMI NON PIANGERE',72,0,1.80,1.80,0,4,'50',64.80),(28351,14210,111,'I NONNI SONO UN TESORO',7,0,1.80,1.80,0,4,'50',6.30),(28352,14210,123,'DIO E IN DIECI PAROLE - COMANDAMENTI',4,0,3.00,3.00,0,4,'50',6.00),(28353,14210,115,'SAN FRANCESCO DASSISI RACCONTATO AI RAGAZZI N.E.',13,0,4.00,4.00,0,4,'50',26.00),(28354,14210,117,'La preghiera delle cinque dita n.e.',2,0,1.80,1.80,0,4,'50',1.80),(28355,14210,118,'Il Credo spiegato ai ragazzi n.e.',11,0,2.50,2.50,0,4,'50',13.75),(28356,14210,132,'MINISTRANTI IERI, OGGI, DOMANI',176,0,2.50,2.50,0,4,'50',220.00),(28357,14210,129,'NATALE SPIEGATO AI BAMBINI',2,0,3.00,3.00,0,4,'50',3.00),(28358,14210,138,'LA NASCITA DI GESU',8,0,2.50,2.50,0,4,'50',10.00),(28359,14210,139,'E NATO - n.e.',3,0,2.00,1.64,22,1,'50',3.00),(28360,14210,136,'ANGELO DI DIO N.E.',8,0,1.80,1.80,0,4,'50',7.20),(28361,14210,137,'AVVENTO',8,0,2.50,2.50,0,4,'50',10.00),(28362,14210,126,'SACRAMENTO DEL PERDONO',217,0,2.00,2.00,0,4,'50',217.00),(28391,14211,17,'LA FEDE NELLO ZAINETTO',3,3,6.00,6.00,0,4,'50',9.00),(28392,14211,18,'IL NOSTRO VIAGGIO IN TERRASANTA + 80 FIG.',1,1,9.50,9.50,0,4,'50',4.75),(28393,14211,24,'PADRE NOSTRO SPIEGATO AI BAMBINI N. E.',1,1,2.50,2.50,0,4,'50',1.25),(28394,14211,121,'DIZIONARIO DEI SIMBOLI DEL CRISTIANO',1,1,2.50,2.50,0,4,'50',1.25),(28395,14211,33,'100 GIORNI CON LO SPIRITO',6,6,7.50,7.50,0,4,'50',22.50),(28396,14211,67,'CON GESU SULLA VIA DELLA CROCE - VIA CRUCIS ',3,3,2.00,2.00,0,4,'50',3.00),(28397,14211,92,'LA PREGHIERA DEL ROSARIO',5,5,2.50,2.50,0,4,'50',6.25),(28398,14211,96,'LA PREGHIERA  - MEDICINA DELLANIMA',2,2,1.50,1.50,0,4,'50',1.50),(28399,14211,99,'AVE MARIA PREGHIERE MARIANE',8,8,2.00,2.00,0,4,'50',8.00),(28400,14211,103,'Lo Spirito Santo raccontato ai ragazzi N.E.',1,1,2.00,2.00,0,4,'50',1.00),(28401,14211,110,'SE MI AMI NON PIANGERE',7,7,1.80,1.80,0,4,'50',6.30),(28402,14211,123,'DIO E IN DIECI PAROLE - COMANDAMENTI',2,2,3.00,3.00,0,4,'50',3.00),(28403,14211,116,'DIZIONARIO DEI SIMBOLI DEL PICCOLO CRISTIANO NE',2,2,2.50,2.50,0,4,'50',2.50),(28404,14211,132,'MINISTRANTI IERI, OGGI, DOMANI',1,1,2.50,2.50,0,4,'50',1.25),(28405,14211,129,'NATALE SPIEGATO AI BAMBINI',7,7,3.00,3.00,0,4,'50',10.50),(28406,14211,135,'LIBRO AGENDA CATTOLICO 2024',28,28,18.00,18.00,0,4,'50',252.00),(28407,14211,138,'LA NASCITA DI GESU',29,29,2.50,2.50,0,4,'50',36.25),(28408,14211,139,'E NATO - n.e.',37,37,2.00,1.64,22,1,'50',37.00),(28409,14211,136,'ANGELO DI DIO N.E.',4,4,1.80,1.80,0,4,'50',3.60),(28410,14211,137,'AVVENTO',39,39,2.50,2.50,0,4,'50',48.75),(28422,14210,9,'PSICOLOGIA PRATICA PER EDUCATORI',1,0,10.50,10.50,0,4,'50',5.25),(28423,14210,17,'LA FEDE NELLO ZAINETTO',15,0,6.00,6.00,0,4,'50',45.00),(28424,14210,134,'AVE MARIA SPIEGATA AI BAMBINI - N.E.',3,0,1.80,1.80,0,4,'50',2.70),(28425,14210,124,'PREGHIERE DEI RAGAZZI N. E. ',83,0,1.50,1.50,0,4,'50',62.25),(28426,14210,23,'FATE QUESTO IN MEMORIA DI ME',83,0,2.50,2.50,0,4,'50',103.75),(28427,14210,24,'PADRE NOSTRO SPIEGATO AI BAMBINI N. E.',10,0,2.50,2.50,0,4,'50',12.50),(28428,14210,130,'ROSARIO SPIEGATO AI BAMBINI - N.E.',59,0,2.50,2.50,0,4,'50',73.75),(28429,14210,125,'MIE PREGHIERINE - N. E.',10,0,1.50,1.50,0,4,'50',7.50),(28430,14210,33,'100 GIORNI CON LO SPIRITO',36,0,7.50,7.50,0,4,'50',135.00),(28431,14210,42,'ALLA SCOPERTA  DELLA  CASA DI GESU',2,0,3.00,3.00,0,4,'50',3.00),(28432,14210,46,'LE LETTERE DI SAN PAOLO',1,0,3.50,3.50,0,4,'50',1.75),(28433,14210,48,'I SANTI E GLI ANIMALI',6,0,3.00,3.00,0,4,'50',9.00),(28434,14210,50,'PERDONAMI SIGNORE',21,0,2.50,2.50,0,4,'50',26.25),(28435,14210,54,'BENEDETTO XVI ° ..... UNA PAGINA DI STORIA',1,0,2.50,2.50,0,4,'50',1.25),(28436,14210,55,'AVE MARIA ,SPIEGATA AI BAMBINI',1,0,1.50,1.50,0,4,'50',0.75),(28437,14210,67,'CON GESU SULLA VIA DELLA CROCE - VIA CRUCIS ',6,0,2.00,2.00,0,4,'50',6.00),(28438,14210,88,'GESÙ È RISORTO',3,0,2.00,2.00,0,4,'50',3.00),(28439,14210,89,'COMUNIONE SPIEGATA AI RAGAZZI',27,0,1.80,1.80,0,4,'50',24.30),(28440,14210,92,'LA PREGHIERA DEL ROSARIO',24,0,2.50,2.50,0,4,'50',30.00),(28441,14210,94,'IL BATTESIMO',20,0,1.50,1.50,0,4,'50',15.00),(28442,14210,101,'GESU BENEDICI LA NOSTRA FAMIGLIA',1,0,1.50,1.50,0,4,'50',0.75),(28443,14210,127,'SPIRITO SANTO SPIEGATO AI RAGAZZI - N.E.',22,0,2.50,2.50,0,4,'50',27.50),(28444,14210,110,'SE MI AMI NON PIANGERE',72,0,1.80,1.80,0,4,'50',64.80),(28445,14210,111,'I NONNI SONO UN TESORO',7,0,1.80,1.80,0,4,'50',6.30),(28446,14210,123,'DIO E IN DIECI PAROLE - COMANDAMENTI',4,0,3.00,3.00,0,4,'50',6.00),(28447,14210,115,'SAN FRANCESCO DASSISI RACCONTATO AI RAGAZZI N.E.',13,0,4.00,4.00,0,4,'50',26.00),(28448,14210,117,'La preghiera delle cinque dita n.e.',2,0,1.80,1.80,0,4,'50',1.80),(28449,14210,118,'Il Credo spiegato ai ragazzi n.e.',11,0,2.50,2.50,0,4,'50',13.75),(28450,14210,132,'MINISTRANTI IERI, OGGI, DOMANI',176,0,2.50,2.50,0,4,'50',220.00),(28451,14210,129,'NATALE SPIEGATO AI BAMBINI',2,0,3.00,3.00,0,4,'50',3.00),(28452,14210,138,'LA NASCITA DI GESU',8,0,2.50,2.50,0,4,'50',10.00),(28453,14210,139,'E NATO - n.e.',3,0,2.00,1.64,22,1,'50',3.00),(28454,14210,136,'ANGELO DI DIO N.E.',8,0,1.80,1.80,0,4,'50',7.20),(28455,14210,137,'AVVENTO',8,0,2.50,2.50,0,4,'50',10.00),(28456,14210,126,'SACRAMENTO DEL PERDONO',217,0,2.00,2.00,0,4,'50',217.00),(28485,14211,17,'LA FEDE NELLO ZAINETTO',3,3,6.00,6.00,0,4,'50',9.00),(28486,14211,18,'IL NOSTRO VIAGGIO IN TERRASANTA + 80 FIG.',1,1,9.50,9.50,0,4,'50',4.75),(28487,14211,24,'PADRE NOSTRO SPIEGATO AI BAMBINI N. E.',1,1,2.50,2.50,0,4,'50',1.25),(28488,14211,121,'DIZIONARIO DEI SIMBOLI DEL CRISTIANO',1,1,2.50,2.50,0,4,'50',1.25),(28489,14211,33,'100 GIORNI CON LO SPIRITO',6,6,7.50,7.50,0,4,'50',22.50),(28490,14211,67,'CON GESU SULLA VIA DELLA CROCE - VIA CRUCIS ',3,3,2.00,2.00,0,4,'50',3.00),(28491,14211,92,'LA PREGHIERA DEL ROSARIO',5,5,2.50,2.50,0,4,'50',6.25),(28492,14211,96,'LA PREGHIERA  - MEDICINA DELLANIMA',2,2,1.50,1.50,0,4,'50',1.50),(28493,14211,99,'AVE MARIA PREGHIERE MARIANE',8,8,2.00,2.00,0,4,'50',8.00),(28494,14211,103,'Lo Spirito Santo raccontato ai ragazzi N.E.',1,1,2.00,2.00,0,4,'50',1.00),(28495,14211,110,'SE MI AMI NON PIANGERE',7,7,1.80,1.80,0,4,'50',6.30),(28496,14211,123,'DIO E IN DIECI PAROLE - COMANDAMENTI',2,2,3.00,3.00,0,4,'50',3.00),(28497,14211,116,'DIZIONARIO DEI SIMBOLI DEL PICCOLO CRISTIANO NE',2,2,2.50,2.50,0,4,'50',2.50),(28498,14211,132,'MINISTRANTI IERI, OGGI, DOMANI',1,1,2.50,2.50,0,4,'50',1.25),(28499,14211,129,'NATALE SPIEGATO AI BAMBINI',7,7,3.00,3.00,0,4,'50',10.50),(28500,14211,135,'LIBRO AGENDA CATTOLICO 2024',28,28,18.00,18.00,0,4,'50',252.00),(28501,14211,138,'LA NASCITA DI GESU',29,29,2.50,2.50,0,4,'50',36.25),(28502,14211,139,'E NATO - n.e.',37,37,2.00,1.64,22,1,'50',37.00),(28503,14211,136,'ANGELO DI DIO N.E.',4,4,1.80,1.80,0,4,'50',3.60),(28504,14211,137,'AVVENTO',39,39,2.50,2.50,0,4,'50',48.75),(28505,14468,134,'AVE MARIA SPIEGATA AI BAMBINI - N.E.',50,-50,1.80,1.80,0,4,'5',85.50),(28506,14468,127,'SPIRITO SANTO SPIEGATO AI RAGAZZI - N.E.',20,-20,2.50,2.50,0,4,'5',47.50),(28507,14468,0,'immagini',1,-1,3.00,3.00,0,4,'0',3.00),(28508,14726,33,'100 GIORNI CON LO SPIRITO',12,-12,7.50,7.50,0,4,'5',85.50),(28509,14212,134,'AVE MARIA SPIEGATA AI BAMBINI - N.E.',25,-25,1.80,1.80,0,4,'5',42.75),(28510,14212,0,'IMMAGINI',5,-5,3.80,3.80,0,4,'0',19.00),(28512,14468,134,'AVE MARIA SPIEGATA AI BAMBINI - N.E.',50,-50,1.80,1.80,0,4,'5',85.50),(28513,14468,127,'SPIRITO SANTO SPIEGATO AI RAGAZZI - N.E.',20,-20,2.50,2.50,0,4,'5',47.50),(28514,14468,0,'immagini',1,-1,3.00,3.00,0,4,'0',3.00),(28515,14725,92,'LA PREGHIERA DEL ROSARIO',200,-200,2.50,2.50,0,4,'0',500.00),(28516,14728,7,'I miracoli da colorare. La pesca miracolosa',20,0,1.50,1.50,0,4,'50',15.00),(28517,14728,17,'LA FEDE NELLO ZAINETTO',12,0,6.00,6.00,0,4,'50',36.00),(28518,14728,20,'GIOVEDÌ SANTO',1,0,1.50,1.50,0,4,'50',0.75),(28519,14728,134,'AVE MARIA SPIEGATA AI BAMBINI - N.E.',5,0,1.80,1.80,0,4,'50',4.50),(28520,14728,124,'PREGHIERE DEI RAGAZZI N. E. ',43,0,1.50,1.50,0,4,'50',32.25),(28521,14728,24,'PADRE NOSTRO SPIEGATO AI BAMBINI N. E.',48,0,2.50,2.50,0,4,'50',60.00),(28522,14728,25,'PICCOLO DIZIONARIO DEL CRISTIANO',1,0,3.00,3.00,0,4,'50',1.50),(28523,14728,130,'ROSARIO SPIEGATO AI BAMBINI - N.E.',37,0,2.50,2.50,0,4,'50',46.25),(28524,14728,125,'MIE PREGHIERINE - N. E.',5,0,1.50,1.50,0,4,'50',3.75),(28525,14728,33,'100 GIORNI CON LO SPIRITO',2,0,7.50,7.50,0,4,'50',7.50),(28526,14728,36,'IL CANTICO DEI CANTICI',2,0,2.50,2.50,0,4,'50',2.50),(28527,14728,50,'PERDONAMI SIGNORE',41,0,2.50,2.50,0,4,'50',51.25),(28528,14728,55,'AVE MARIA ,SPIEGATA AI BAMBINI',2,0,1.50,1.50,0,4,'50',1.50),(28529,14728,56,'MARIA  LA MAMMA DI GESU',1,0,2.50,2.50,0,4,'50',1.25),(28530,14728,58,'SCATOLA FIGURINE AMICO GESÙ - 60 BUSTINE',2,0,30.00,30.00,0,4,'50',30.00),(28531,14728,67,'CON GESU SULLA VIA DELLA CROCE - VIA CRUCIS ',11,0,2.00,2.00,0,4,'50',11.00),(28532,14728,76,'LA BIBBIA: NUOVO TESTAMENTO',1,0,7.90,7.90,0,4,'50',3.95),(28533,14728,88,'GESÙ È RISORTO',1,0,2.00,2.00,0,4,'50',1.00),(28534,14728,92,'LA PREGHIERA DEL ROSARIO',16,0,2.50,2.50,0,4,'50',20.00),(28535,14728,99,'AVE MARIA PREGHIERE MARIANE',52,0,2.00,2.00,0,4,'50',52.00),(28536,14728,104,'TEMPO DI QUARESIMA',1,0,2.50,2.50,0,4,'50',1.25),(28537,14728,127,'SPIRITO SANTO SPIEGATO AI RAGAZZI - N.E.',1,0,2.50,2.50,0,4,'50',1.25),(28538,14728,110,'SE MI AMI NON PIANGERE',14,0,1.80,1.80,0,4,'50',12.60),(28539,14728,111,'I NONNI SONO UN TESORO',1,0,1.80,1.80,0,4,'50',0.90),(28540,14728,115,'SAN FRANCESCO DASSISI RACCONTATO AI RAGAZZI N.E.',14,0,4.00,4.00,0,4,'50',28.00),(28541,14728,117,'La preghiera delle cinque dita n.e.',100,0,1.80,1.80,0,4,'50',90.00),(28542,14728,118,'Il Credo spiegato ai ragazzi n.e.',85,0,2.50,2.50,0,4,'50',106.25),(28543,14728,132,'MINISTRANTI IERI, OGGI, DOMANI',31,0,2.50,2.50,0,4,'50',38.75),(28544,14728,129,'NATALE SPIEGATO AI BAMBINI',2,0,3.00,3.00,0,4,'50',3.00),(28545,14728,135,'LIBRO AGENDA CATTOLICO 2024',3,0,18.00,18.00,0,4,'50',27.00),(28546,14728,138,'LA NASCITA DI GESU',14,0,2.50,2.50,0,4,'50',17.50),(28547,14728,139,'E NATO - n.e.',8,0,2.00,2.00,0,4,'50',8.00),(28548,14728,136,'ANGELO DI DIO N.E.',16,0,1.80,1.80,0,4,'50',14.40),(28549,14728,137,'AVVENTO',15,0,2.50,2.50,0,4,'50',18.75),(28550,14728,126,'SACRAMENTO DEL PERDONO',41,0,2.00,2.00,0,4,'50',41.00),(28579,14728,7,'I miracoli da colorare. La pesca miracolosa',20,0,1.50,1.50,0,4,'50',15.00),(28580,14728,17,'LA FEDE NELLO ZAINETTO',12,0,6.00,6.00,0,4,'50',36.00),(28581,14728,20,'GIOVEDÌ SANTO',1,0,1.50,1.50,0,4,'50',0.75),(28582,14728,134,'AVE MARIA SPIEGATA AI BAMBINI - N.E.',5,0,1.80,1.80,0,4,'50',4.50),(28583,14728,124,'PREGHIERE DEI RAGAZZI N. E. ',43,0,1.50,1.50,0,4,'50',32.25),(28584,14728,24,'PADRE NOSTRO SPIEGATO AI BAMBINI N. E.',48,0,2.50,2.50,0,4,'50',60.00),(28585,14728,25,'PICCOLO DIZIONARIO DEL CRISTIANO',1,0,3.00,3.00,0,4,'50',1.50),(28586,14728,130,'ROSARIO SPIEGATO AI BAMBINI - N.E.',37,0,2.50,2.50,0,4,'50',46.25),(28587,14728,125,'MIE PREGHIERINE - N. E.',5,0,1.50,1.50,0,4,'50',3.75),(28588,14728,33,'100 GIORNI CON LO SPIRITO',2,0,7.50,7.50,0,4,'50',7.50),(28589,14728,36,'IL CANTICO DEI CANTICI',2,0,2.50,2.50,0,4,'50',2.50),(28590,14728,50,'PERDONAMI SIGNORE',41,0,2.50,2.50,0,4,'50',51.25),(28591,14728,55,'AVE MARIA ,SPIEGATA AI BAMBINI',2,0,1.50,1.50,0,4,'50',1.50),(28592,14728,56,'MARIA  LA MAMMA DI GESU',1,0,2.50,2.50,0,4,'50',1.25),(28593,14728,58,'SCATOLA FIGURINE AMICO GESÙ - 60 BUSTINE',2,0,30.00,30.00,0,4,'50',30.00),(28594,14728,67,'CON GESU SULLA VIA DELLA CROCE - VIA CRUCIS ',11,0,2.00,2.00,0,4,'50',11.00),(28595,14728,76,'LA BIBBIA: NUOVO TESTAMENTO',1,0,7.90,7.90,0,4,'50',3.95),(28596,14728,88,'GESÙ È RISORTO',1,0,2.00,2.00,0,4,'50',1.00),(28597,14728,92,'LA PREGHIERA DEL ROSARIO',16,0,2.50,2.50,0,4,'50',20.00),(28598,14728,99,'AVE MARIA PREGHIERE MARIANE',52,0,2.00,2.00,0,4,'50',52.00),(28599,14728,104,'TEMPO DI QUARESIMA',1,0,2.50,2.50,0,4,'50',1.25),(28600,14728,127,'SPIRITO SANTO SPIEGATO AI RAGAZZI - N.E.',1,0,2.50,2.50,0,4,'50',1.25),(28601,14728,110,'SE MI AMI NON PIANGERE',14,0,1.80,1.80,0,4,'50',12.60),(28602,14728,111,'I NONNI SONO UN TESORO',1,0,1.80,1.80,0,4,'50',0.90),(28603,14728,115,'SAN FRANCESCO DASSISI RACCONTATO AI RAGAZZI N.E.',14,0,4.00,4.00,0,4,'50',28.00),(28604,14728,117,'La preghiera delle cinque dita n.e.',100,0,1.80,1.80,0,4,'50',90.00),(28605,14728,118,'Il Credo spiegato ai ragazzi n.e.',85,0,2.50,2.50,0,4,'50',106.25),(28606,14728,132,'MINISTRANTI IERI, OGGI, DOMANI',31,0,2.50,2.50,0,4,'50',38.75),(28607,14728,129,'NATALE SPIEGATO AI BAMBINI',2,0,3.00,3.00,0,4,'50',3.00),(28608,14728,135,'LIBRO AGENDA CATTOLICO 2024',3,0,18.00,18.00,0,4,'50',27.00),(28609,14728,138,'LA NASCITA DI GESU',14,0,2.50,2.50,0,4,'50',17.50),(28610,14728,139,'E NATO - n.e.',8,0,2.00,2.00,0,4,'50',8.00),(28611,14728,136,'ANGELO DI DIO N.E.',16,0,1.80,1.80,0,4,'50',14.40),(28612,14728,137,'AVVENTO',15,0,2.50,2.50,0,4,'50',18.75),(28613,14728,126,'SACRAMENTO DEL PERDONO',41,0,2.00,2.00,0,4,'50',41.00),(28642,14729,9,'PSICOLOGIA PRATICA PER EDUCATORI',2,2,10.50,10.50,0,4,'50',10.50),(28643,14729,17,'LA FEDE NELLO ZAINETTO',6,6,6.00,6.00,0,4,'50',18.00),(28644,14729,20,'GIOVEDÌ SANTO',8,8,1.50,1.50,0,4,'50',6.00),(28645,14729,23,'FATE QUESTO IN MEMORIA DI ME',4,4,2.50,2.50,0,4,'50',5.00),(28646,14729,33,'100 GIORNI CON LO SPIRITO',3,3,7.50,7.50,0,4,'50',11.25),(28647,14729,34,'LE MIE PREGHIERINE',1,1,1.50,1.50,0,4,'50',0.75),(28648,14729,67,'CON GESU SULLA VIA DELLA CROCE - VIA CRUCIS ',22,22,2.00,2.00,0,4,'50',22.00),(28649,14729,88,'GESÙ È RISORTO',11,11,2.00,2.00,0,4,'50',11.00),(28650,14729,104,'TEMPO DI QUARESIMA',3,3,2.50,2.50,0,4,'50',3.75),(28651,14729,112,'SEMPRE CON TE -VANGELO TASCABILE',3,3,2.50,2.50,0,4,'50',3.75),(28652,14729,115,'SAN FRANCESCO DASSISI RACCONTATO AI RAGAZZI N.E.',1,1,4.00,4.00,0,4,'50',2.00),(28653,14729,118,'Il Credo spiegato ai ragazzi n.e.',1,1,2.50,2.50,0,4,'50',1.25),(28654,14729,129,'NATALE SPIEGATO AI BAMBINI',7,7,3.00,3.00,0,4,'50',10.50),(28655,14729,135,'LIBRO AGENDA CATTOLICO 2024',3,3,18.00,18.00,0,4,'50',27.00),(28656,14729,138,'LA NASCITA DI GESU',10,10,2.50,2.50,0,4,'50',12.50),(28657,14729,136,'ANGELO DI DIO N.E.',12,12,1.80,1.80,0,4,'50',10.80),(28658,14729,137,'AVVENTO',3,3,2.50,2.50,0,4,'50',3.75),(28659,14731,58,'SCATOLA FIGURINE AMICO GESÙ - 60 BUSTINE',1,-1,30.00,30.00,0,4,'5',28.50),(28660,14734,135,'LIBRO AGENDA CATTOLICO 2024',394,-394,4.95,4.95,0,4,'0',1950.30),(28661,14733,20,'GIOVEDÌ SANTO',1,-1,1.50,1.50,0,4,'5',1.43),(28662,14733,23,'FATE QUESTO IN MEMORIA DI ME',1,-1,2.50,2.50,0,4,'5',2.38),(28663,14733,35,'ANGELI - I NOSTRI MIGLIORI AMICI',1,-1,2.50,2.50,0,4,'5',2.38),(28664,14733,75,'IL SEGNO DELLA CROCE',1,-1,1.50,1.50,0,4,'5',1.43),(28665,14733,96,'LA PREGHIERA  - MEDICINA DELL\'ANIMA',1,-1,1.50,1.50,0,4,'5',1.43),(28666,14733,17,'LA FEDE NELLO ZAINETTO',1,-1,6.00,6.00,0,4,'5',5.70),(28667,14733,123,'DIO E\' IN DIECI PAROLE - COMANDAMENTI',1,-1,3.00,3.00,0,4,'5',2.85),(28668,14734,135,'LIBRO AGENDA CATTOLICO 2024',394,-394,4.95,4.95,0,4,'0',1950.30),(28669,14734,23,'FATE QUESTO IN MEMORIA DI ME v.e.',128,-128,0.26,0.26,0,4,'0',33.28),(28671,14734,135,'LIBRO AGENDA CATTOLICO 2024',394,-394,4.95,4.95,0,4,'0',1950.30),(28672,14734,23,'FATE QUESTO IN MEMORIA DI ME v.e.',128,-128,0.26,0.26,0,4,'0',33.28),(28673,14734,20,'GIOVEDÌ SANTO',206,-206,0.10,0.10,0,4,'0',20.60),(28674,14734,135,'LIBRO AGENDA CATTOLICO 2024',394,-394,4.95,4.95,0,4,'0',1950.30),(28675,14734,23,'FATE QUESTO IN MEMORIA DI ME v.e.',128,-128,0.26,0.26,0,4,'0',33.28),(28676,14734,20,'GIOVEDÌ SANTO',206,-206,0.10,0.10,0,4,'0',20.60),(28677,14734,55,'AVE MARIA ,SPIEGATA AI BAMBINI - v.e.',75,-75,0.05,0.05,0,4,'0',3.75),(28678,14738,132,'MINISTRANTI IERI, OGGI, DOMANI',3000,0,0.38,0.37,4,3,'0',1187.68),(28679,14745,20,'GIOVEDÌ SANTO',3,0,1.50,1.50,0,4,'50',2.25),(28680,14745,134,'AVE MARIA SPIEGATA AI BAMBINI - N.E.',15,0,1.80,1.80,0,4,'50',13.50),(28681,14745,124,'PREGHIERE DEI RAGAZZI N. E. ',7,0,1.50,1.50,0,4,'50',5.25),(28682,14745,23,'FATE QUESTO IN MEMORIA DI ME',5,0,2.50,2.50,0,4,'50',6.25),(28683,14745,130,'ROSARIO SPIEGATO AI BAMBINI - N.E.',20,0,2.50,2.50,0,4,'50',25.00),(28684,14745,33,'100 GIORNI CON LO SPIRITO',5,0,7.50,7.50,0,4,'50',18.75),(28685,14745,65,'LA FAMIGLIA, CHIESA DOMESTICA',1,0,6.00,6.00,0,4,'50',3.00),(28686,14747,58,'SCATOLA FIGURINE AMICO GESÙ - 60 BUSTINE',4,-4,30.00,30.00,0,4,'15',102.00),(28687,14749,57,'ALBUM + BUSTINA  AMICO GESÙ',1,-1,2.00,2.00,0,4,'5',1.90),(28688,14749,58,'SCATOLA FIGURINE AMICO GESÙ - 60 BUSTINE',1,-1,30.00,30.00,0,4,'5',28.50),(28690,14750,134,'AVE MARIA SPIEGATA AI BAMBINI - N.E.',25,-25,1.80,1.80,0,4,'5',42.75),(28691,14750,24,'PADRE NOSTRO SPIEGATO AI BAMBINI N. E.',25,-25,2.50,2.50,0,4,'5',59.38),(28692,14750,0,'SPESE CONTRASSEGNO',1,-1,2.87,2.87,0,4,'0',2.87),(28693,14750,134,'AVE MARIA SPIEGATA AI BAMBINI - N.E.',25,-25,1.80,1.80,0,4,'5',42.75),(28694,14750,24,'PADRE NOSTRO SPIEGATO AI BAMBINI N. E.',25,-25,2.50,2.50,0,4,'5',59.38),(28695,14750,0,'SPESE CONTRASSEGNO',1,-1,2.87,2.87,0,4,'0',2.87),(28696,14752,24,'PADRE NOSTRO SPIEGATO AI BAMBINI N. E.',25,-25,2.50,2.50,0,4,'5',59.38),(28697,14752,134,'AVE MARIA SPIEGATA AI BAMBINI - N.E.',25,-25,1.80,1.80,0,4,'5',42.75),(28698,14752,0,'SPESE DI CONTRASSEGNO',1,-1,2.87,2.87,0,4,'0',2.87),(28699,14752,24,'PADRE NOSTRO SPIEGATO AI BAMBINI N. E.',25,-25,2.50,2.50,0,4,'5',59.38),(28700,14752,134,'AVE MARIA SPIEGATA AI BAMBINI - N.E.',25,-25,1.80,1.80,0,4,'5',42.75),(28701,14752,0,'SPESE DI CONTRASSEGNO',1,-1,2.87,2.87,0,4,'0',2.87),(28702,14756,136,'ANGELO DI DIO N.E.',10,-10,1.80,1.80,0,4,'5',17.10),(28703,14756,35,'ANGELI - I NOSTRI MIGLIORI AMICI',10,-10,2.50,2.50,0,4,'5',23.75),(28704,14756,0,'PREGHIERE CON GLI ANGELI',1,-1,12.00,12.00,0,4,'5',11.40),(28705,14756,0,'SUPPLICHE',100,-100,0.10,0.10,0,4,'0',10.00),(28706,14757,124,'PREGHIERE DEI RAGAZZI N. E. ',30,-30,1.50,1.50,0,4,'5',42.75),(28707,14757,132,'MINISTRANTI IERI, OGGI, DOMANI',2,-2,2.50,2.50,0,4,'5',4.75),(28709,14757,124,'PREGHIERE DEI RAGAZZI N. E. ',30,-30,1.50,1.50,0,4,'5',42.75),(28710,14757,132,'MINISTRANTI IERI, OGGI, DOMANI',2,-2,2.50,2.50,0,4,'5',4.75),(28711,14757,130,'ROSARIO SPIEGATO AI BAMBINI - N.E.',3,-3,2.50,2.50,0,4,'5',7.13),(28712,14753,24,'PADRE NOSTRO SPIEGATO AI BAMBINI N. E.',200,-200,2.50,2.50,0,4,'0',500.00),(28713,14753,115,'SAN FRANCESCO DASSISI RACCONTATO AI RAGAZZI N.E.',100,-100,4.00,4.00,0,4,'0',400.00),(28714,14753,17,'LA FEDE NELLO ZAINETTO',100,-100,6.00,6.00,0,4,'0',600.00),(28715,14759,17,'LA FEDE NELLO ZAINETTO',50,-50,6.00,6.00,0,4,'15',255.00),(28716,14749,57,'ALBUM + BUSTINA  AMICO GESÙ',1,-1,2.00,2.00,0,4,'5',1.90),(28717,14749,58,'SCATOLA FIGURINE AMICO GESÙ - 60 BUSTINE',1,-1,30.00,30.00,0,4,'5',28.50),(28718,14762,17,'LA FEDE NELLO ZAINETTO',80,-80,6.00,6.00,0,4,'38',297.60),(28719,14762,17,'LA FEDE NELLO ZAINETTO',80,-80,6.00,6.00,0,4,'38',297.60),(28720,14762,17,'LA FEDE NELLO ZAINETTO',80,-80,6.00,6.00,0,4,'38',297.60),(28721,14762,17,'LA FEDE NELLO ZAINETTO',80,-80,6.00,6.00,0,4,'38',297.60),(28722,14756,136,'ANGELO DI DIO N.E.',10,-10,1.80,1.80,0,4,'5',17.10),(28723,14756,35,'ANGELI - I NOSTRI MIGLIORI AMICI',10,-10,2.50,2.50,0,4,'5',23.75),(28724,14756,0,'PREGHIERE CON GLI ANGELI',1,-1,12.00,12.00,0,4,'5',11.40),(28725,14756,0,'SUPPLICHE',100,-100,0.10,0.10,0,4,'0',10.00),(28726,14768,57,'ALBUM + BUSTINA  AMICO GESÙ',15,-15,2.00,2.00,0,4,'15',25.50),(28727,14768,58,'SCATOLA FIGURINE AMICO GESÙ - 60 BUSTINE',2,-2,30.00,30.00,0,4,'15',51.00),(28728,14770,23,'FATE QUESTO IN MEMORIA DI ME',65,-65,2.13,2.13,0,4,'0',138.45),(28729,14783,132,'MINISTRANTI IERI, OGGI, DOMANI',30,-30,2.50,2.50,0,4,'15',63.75),(28730,14786,17,'LA FEDE NELLO ZAINETTO',4,0,6.00,6.00,0,4,'50',12.00),(28731,14786,20,'GIOVEDÌ SANTO',7,0,1.50,1.50,0,4,'50',5.25),(28732,14786,124,'PREGHIERE DEI RAGAZZI N. E. ',82,0,1.50,1.50,0,4,'50',61.50),(28733,14786,23,'FATE QUESTO IN MEMORIA DI ME',69,0,2.50,2.50,0,4,'50',86.25),(28734,14786,24,'PADRE NOSTRO SPIEGATO AI BAMBINI N. E.',8,0,2.50,2.50,0,4,'50',10.00),(28735,14786,25,'PICCOLO DIZIONARIO DEL CRISTIANO',2,0,3.00,3.00,0,4,'50',3.00),(28736,14786,121,'DIZIONARIO DEI SIMBOLI DEL CRISTIANO',3,0,2.50,2.50,0,4,'50',3.75),(28737,14786,130,'ROSARIO SPIEGATO AI BAMBINI - N.E.',4,0,2.50,2.50,0,4,'50',5.00),(28738,14786,125,'MIE PREGHIERINE - N. E.',10,0,1.50,1.50,0,4,'50',7.50),(28739,14786,42,'ALLA SCOPERTA  DELLA  CASA DI GESU',9,0,3.00,3.00,0,4,'50',13.50),(28740,14786,50,'PERDONAMI SIGNORE',8,0,2.50,2.50,0,4,'50',10.00),(28741,14786,55,'AVE MARIA ,SPIEGATA AI BAMBINI',1,0,1.50,1.50,0,4,'50',0.75),(28742,14786,57,'ALBUM + BUSTINA  AMICO GESÙ',2,0,2.00,2.00,0,4,'50',2.00),(28743,14786,58,'SCATOLA FIGURINE AMICO GESÙ - 60 BUSTINE',27,0,30.00,30.00,0,4,'50',405.00),(28744,14786,67,'CON GESU SULLA VIA DELLA CROCE - VIA CRUCIS ',19,0,2.00,2.00,0,4,'50',19.00),(28745,14786,75,'IL SEGNO DELLA CROCE',41,0,1.50,1.50,0,4,'50',30.75),(28746,14786,92,'LA PREGHIERA DEL ROSARIO',13,0,2.50,2.50,0,4,'50',16.25),(28747,14786,94,'IL BATTESIMO',1,0,1.50,1.50,0,4,'50',0.75),(28748,14786,104,'TEMPO DI QUARESIMA',4,0,2.50,2.50,0,4,'50',5.00),(28749,14786,127,'SPIRITO SANTO SPIEGATO AI RAGAZZI - N.E.',26,0,2.50,2.50,0,4,'50',32.50),(28750,14786,111,'I NONNI SONO UN TESORO',11,0,1.80,1.80,0,4,'50',9.90),(28751,14786,123,'DIO E IN DIECI PAROLE - COMANDAMENTI',12,0,3.00,3.00,0,4,'50',18.00),(28752,14786,115,'SAN FRANCESCO DASSISI RACCONTATO AI RAGAZZI N.E.',27,0,4.00,4.00,0,4,'50',54.00),(28753,14786,116,'DIZIONARIO DEI SIMBOLI DEL PICCOLO CRISTIANO NE',3,0,2.50,2.50,0,4,'50',3.75),(28754,14786,118,'Il Credo spiegato ai ragazzi n.e.',52,0,2.50,2.50,0,4,'50',65.00),(28755,14786,132,'MINISTRANTI IERI, OGGI, DOMANI',28,0,2.50,2.50,0,4,'50',35.00),(28756,14786,129,'NATALE SPIEGATO AI BAMBINI',3,0,3.00,3.00,0,4,'50',4.50),(28757,14786,138,'LA NASCITA DI GESU',19,0,2.50,2.50,0,4,'50',23.75),(28758,14786,139,'E NATO - n.e.',17,0,2.00,2.00,0,4,'50',17.00),(28759,14786,136,'ANGELO DI DIO N.E.',7,0,1.80,1.80,0,4,'50',6.30),(28760,14786,137,'AVVENTO',6,0,2.50,2.50,0,4,'50',7.50),(28761,14786,126,'SACRAMENTO DEL PERDONO',16,0,2.00,2.00,0,4,'50',16.00),(28762,14791,57,'ALBUM + BUSTINA  AMICO GESÙ',200,-200,2.00,2.00,0,4,'15',340.00),(28763,14791,58,'SCATOLA FIGURINE AMICO GESÙ - 60 BUSTINE',5,-5,30.00,30.00,0,4,'15',127.50),(28765,14791,57,'ALBUM + BUSTINA  AMICO GESÙ',200,-200,2.00,2.00,0,4,'15',340.00),(28766,14791,58,'SCATOLA FIGURINE AMICO GESÙ - 60 BUSTINE',5,-5,30.00,30.00,0,4,'15',127.50),(28768,14791,57,'ALBUM + BUSTINA  AMICO GESÙ',200,-200,2.00,2.00,0,4,'15',340.00),(28769,14791,58,'SCATOLA FIGURINE AMICO GESÙ - 60 BUSTINE',5,-5,30.00,30.00,0,4,'15',127.50),(28770,14792,126,'SACRAMENTO DEL PERDONO',70,-70,2.00,2.00,0,4,'5',133.00),(28771,14793,17,'LA FEDE NELLO ZAINETTO',240,-240,6.00,6.00,0,4,'0',1440.00),(28772,14786,17,'LA FEDE NELLO ZAINETTO',4,0,6.00,6.00,0,4,'50',12.00),(28773,14786,20,'GIOVEDÌ SANTO',7,0,1.50,1.50,0,4,'50',5.25),(28774,14786,124,'PREGHIERE DEI RAGAZZI N. E. ',82,0,1.50,1.50,0,4,'50',61.50),(28775,14786,23,'FATE QUESTO IN MEMORIA DI ME',69,0,2.50,2.50,0,4,'50',86.25),(28776,14786,24,'PADRE NOSTRO SPIEGATO AI BAMBINI N. E.',8,0,2.50,2.50,0,4,'50',10.00),(28777,14786,25,'PICCOLO DIZIONARIO DEL CRISTIANO',2,0,3.00,3.00,0,4,'50',3.00),(28778,14786,121,'DIZIONARIO DEI SIMBOLI DEL CRISTIANO',3,0,2.50,2.50,0,4,'50',3.75),(28779,14786,130,'ROSARIO SPIEGATO AI BAMBINI - N.E.',4,0,2.50,2.50,0,4,'50',5.00),(28780,14786,125,'MIE PREGHIERINE - N. E.',10,0,1.50,1.50,0,4,'50',7.50),(28781,14786,42,'ALLA SCOPERTA  DELLA  CASA DI GESU',9,0,3.00,3.00,0,4,'50',13.50),(28782,14786,50,'PERDONAMI SIGNORE',8,0,2.50,2.50,0,4,'50',10.00),(28783,14786,55,'AVE MARIA ,SPIEGATA AI BAMBINI',1,0,1.50,1.50,0,4,'50',0.75),(28784,14786,57,'ALBUM + BUSTINA  AMICO GESÙ',2,0,2.00,2.00,0,4,'50',2.00),(28785,14786,58,'SCATOLA FIGURINE AMICO GESÙ - 60 BUSTINE',27,0,30.00,30.00,0,4,'50',405.00),(28786,14786,67,'CON GESU SULLA VIA DELLA CROCE - VIA CRUCIS ',19,0,2.00,2.00,0,4,'50',19.00),(28787,14786,75,'IL SEGNO DELLA CROCE',41,0,1.50,1.50,0,4,'50',30.75),(28788,14786,92,'LA PREGHIERA DEL ROSARIO',13,0,2.50,2.50,0,4,'50',16.25),(28789,14786,94,'IL BATTESIMO',1,0,1.50,1.50,0,4,'50',0.75),(28790,14786,104,'TEMPO DI QUARESIMA',4,0,2.50,2.50,0,4,'50',5.00),(28791,14786,127,'SPIRITO SANTO SPIEGATO AI RAGAZZI - N.E.',26,0,2.50,2.50,0,4,'50',32.50),(28792,14786,111,'I NONNI SONO UN TESORO',11,0,1.80,1.80,0,4,'50',9.90),(28793,14786,123,'DIO E IN DIECI PAROLE - COMANDAMENTI',12,0,3.00,3.00,0,4,'50',18.00),(28794,14786,115,'SAN FRANCESCO DASSISI RACCONTATO AI RAGAZZI N.E.',27,0,4.00,4.00,0,4,'50',54.00),(28795,14786,116,'DIZIONARIO DEI SIMBOLI DEL PICCOLO CRISTIANO NE',3,0,2.50,2.50,0,4,'50',3.75),(28796,14786,118,'Il Credo spiegato ai ragazzi n.e.',52,0,2.50,2.50,0,4,'50',65.00),(28797,14786,132,'MINISTRANTI IERI, OGGI, DOMANI',28,0,2.50,2.50,0,4,'50',35.00),(28798,14786,129,'NATALE SPIEGATO AI BAMBINI',3,0,3.00,3.00,0,4,'50',4.50),(28799,14786,138,'LA NASCITA DI GESU',19,0,2.50,2.50,0,4,'50',23.75),(28800,14786,139,'E NATO - n.e.',17,0,2.00,2.00,0,4,'50',17.00),(28801,14786,136,'ANGELO DI DIO N.E.',7,0,1.80,1.80,0,4,'50',6.30),(28802,14786,137,'AVVENTO',6,0,2.50,2.50,0,4,'50',7.50),(28803,14786,126,'SACRAMENTO DEL PERDONO',16,0,2.00,2.00,0,4,'50',16.00),(28804,14800,17,'LA FEDE NELLO ZAINETTO',15,0,6.00,6.00,0,4,'50',45.00),(28805,14800,20,'GIOVEDÌ SANTO',2,0,1.50,1.50,0,4,'50',1.50),(28806,14800,134,'AVE MARIA SPIEGATA AI BAMBINI - N.E.',35,0,1.80,1.80,0,4,'50',31.50),(28807,14800,124,'PREGHIERE DEI RAGAZZI N. E. ',145,0,1.50,1.50,0,4,'50',108.75),(28808,14800,23,'FATE QUESTO IN MEMORIA DI ME',63,0,2.50,2.50,0,4,'50',78.75),(28809,14800,24,'PADRE NOSTRO SPIEGATO AI BAMBINI N. E.',54,0,2.50,2.50,0,4,'50',67.50),(28810,14800,25,'PICCOLO DIZIONARIO DEL CRISTIANO',24,0,3.00,3.00,0,4,'50',36.00),(28811,14800,121,'DIZIONARIO DEI SIMBOLI DEL CRISTIANO',9,0,2.50,2.50,0,4,'50',11.25),(28812,14800,130,'ROSARIO SPIEGATO AI BAMBINI - N.E.',57,0,2.50,2.50,0,4,'50',71.25),(28813,14800,125,'MIE PREGHIERINE - N. E.',27,0,1.50,1.50,0,4,'50',20.25),(28814,14800,33,'100 GIORNI CON LO SPIRITO',23,0,7.50,7.50,0,4,'50',86.25),(28815,14800,42,'ALLA SCOPERTA  DELLA  CASA DI GESU',18,0,3.00,3.00,0,4,'50',27.00),(28816,14800,67,'CON GESU SULLA VIA DELLA CROCE - VIA CRUCIS ',59,0,2.00,2.00,0,4,'50',59.00),(28817,14800,75,'IL SEGNO DELLA CROCE',14,0,1.50,1.50,0,4,'50',10.50),(28818,14800,89,'COMUNIONE SPIEGATA AI RAGAZZI',22,0,1.80,1.80,0,4,'50',19.80),(28819,14800,92,'LA PREGHIERA DEL ROSARIO',43,0,2.50,2.50,0,4,'50',53.75),(28820,14800,97,'\"IL NATALE  \"\"CHE MERAVIGLIA\"\"\"',2,0,1.50,1.50,0,4,'50',1.50),(28821,14800,99,'AVE MARIA PREGHIERE MARIANE',13,0,2.00,2.00,0,4,'50',13.00),(28822,14800,127,'SPIRITO SANTO SPIEGATO AI RAGAZZI - N.E.',34,0,2.50,2.50,0,4,'50',42.50),(28823,14800,111,'I NONNI SONO UN TESORO',20,0,1.80,1.80,0,4,'50',18.00),(28824,14800,123,'DIO E IN DIECI PAROLE - COMANDAMENTI',21,0,3.00,3.00,0,4,'50',31.50),(28825,14800,115,'SAN FRANCESCO DASSISI RACCONTATO AI RAGAZZI N.E.',49,0,4.00,4.00,0,4,'50',98.00),(28826,14800,117,'La preghiera delle cinque dita n.e.',17,0,1.80,1.80,0,4,'50',15.30),(28827,14800,118,'Il Credo spiegato ai ragazzi n.e.',50,0,2.50,2.50,0,4,'50',62.50),(28828,14800,132,'MINISTRANTI IERI, OGGI, DOMANI',27,0,2.50,2.50,0,4,'50',33.75),(28829,14800,129,'NATALE SPIEGATO AI BAMBINI',17,0,3.00,3.00,0,4,'50',25.50),(28830,14800,138,'LA NASCITA DI GESU',36,0,2.50,2.50,0,4,'50',45.00),(28831,14800,139,'E NATO - n.e.',19,0,2.00,2.00,0,4,'50',19.00),(28832,14800,136,'ANGELO DI DIO N.E.',8,0,1.80,1.80,0,4,'50',7.20),(28833,14800,137,'AVVENTO',12,0,2.50,2.50,0,4,'50',15.00),(28834,14800,126,'SACRAMENTO DEL PERDONO',112,0,2.00,2.00,0,4,'50',112.00),(28835,14801,6,'I miracoli da colorare. Il figlio della vedova',1,1,2.00,2.00,0,4,'50',1.00),(28836,14801,11,'COME PREPARARSI ALLA CONFESSIONE',3,3,1.50,1.50,0,4,'50',2.25),(28837,14801,13,'BUSSATE E VI SARÀ APERTO',1,1,1.50,1.50,0,4,'50',0.75),(28838,14801,17,'LA FEDE NELLO ZAINETTO',4,4,6.00,6.00,0,4,'50',12.00),(28839,14801,20,'GIOVEDÌ SANTO',3,3,1.50,1.50,0,4,'50',2.25),(28840,14801,134,'AVE MARIA SPIEGATA AI BAMBINI - N.E.',2,2,1.80,1.80,0,4,'50',1.80),(28841,14801,23,'FATE QUESTO IN MEMORIA DI ME',17,17,2.50,2.50,0,4,'50',21.25),(28842,14801,24,'PADRE NOSTRO SPIEGATO AI BAMBINI N. E.',13,13,2.50,2.50,0,4,'50',16.25),(28843,14801,130,'ROSARIO SPIEGATO AI BAMBINI - N.E.',2,2,2.50,2.50,0,4,'50',2.50),(28844,14801,125,'MIE PREGHIERINE - N. E.',3,3,1.50,1.50,0,4,'50',2.25),(28845,14801,35,'ANGELI - I NOSTRI MIGLIORI AMICI',5,5,2.50,2.50,0,4,'50',6.25),(28846,14801,50,'PERDONAMI SIGNORE',4,4,2.50,2.50,0,4,'50',5.00),(28847,14801,52,'Il Padre Nostro spiegato ai bambini',9,9,2.00,2.00,0,4,'50',9.00),(28848,14801,55,'AVE MARIA ,SPIEGATA AI BAMBINI',4,4,1.50,1.50,0,4,'50',3.00),(28849,14801,58,'SCATOLA FIGURINE AMICO GESÙ - 60 BUSTINE',6,6,30.00,30.00,0,4,'50',90.00),(28850,14801,66,'BEATI GLI INVITATI ALLA CENA DEL SIGNORE',1,1,6.50,6.50,0,4,'50',3.25),(28851,14801,72,'FEDE, SPERANZA  E CARITA',1,1,6.00,6.00,0,4,'50',3.00),(28852,14801,73,'FRANCESCO AI GIOVANI',5,5,2.50,2.50,0,4,'50',6.25),(28853,14801,80,'MISERICORDIA',2,2,2.50,2.50,0,4,'50',2.50),(28854,14801,89,'COMUNIONE SPIEGATA AI RAGAZZI',3,3,1.80,1.80,0,4,'50',2.70),(28855,14801,94,'IL BATTESIMO',7,7,1.50,1.50,0,4,'50',5.25),(28856,14801,97,'\"IL NATALE  \"\"CHE MERAVIGLIA\"\"\"',2,2,1.50,1.50,0,4,'50',1.50),(28857,14801,99,'AVE MARIA PREGHIERE MARIANE',3,3,2.00,2.00,0,4,'50',3.00),(28858,14801,101,'GESU BENEDICI LA NOSTRA FAMIGLIA',18,18,1.50,1.50,0,4,'50',13.50),(28859,14801,104,'TEMPO DI QUARESIMA',2,2,2.50,2.50,0,4,'50',2.50),(28860,14801,127,'SPIRITO SANTO SPIEGATO AI RAGAZZI - N.E.',10,10,2.50,2.50,0,4,'50',12.50),(28861,14801,111,'I NONNI SONO UN TESORO',9,9,1.80,1.80,0,4,'50',8.10),(28862,14801,117,'La preghiera delle cinque dita n.e.',3,3,1.80,1.80,0,4,'50',2.70),(28863,14801,118,'Il Credo spiegato ai ragazzi n.e.',38,38,2.50,2.50,0,4,'50',47.50),(28864,14801,132,'MINISTRANTI IERI, OGGI, DOMANI',4,4,2.50,2.50,0,4,'50',5.00),(28865,14801,129,'NATALE SPIEGATO AI BAMBINI',14,14,3.00,3.00,0,4,'50',21.00),(28866,14801,139,'E NATO - n.e.',4,4,2.00,2.00,0,4,'50',4.00),(28867,14801,137,'AVVENTO',11,11,2.50,2.50,0,4,'50',13.75),(28868,14801,126,'SACRAMENTO DEL PERDONO',5,5,2.00,2.00,0,4,'50',5.00),(28869,14803,130,'ROSARIO SPIEGATO AI BAMBINI - N.E.',20,-20,2.50,2.50,0,4,'50',25.00),(28870,14803,101,'GESU\' BENEDICI LA NOSTRA FAMIGLIA',2,-2,1.50,1.50,0,4,'50',1.50),(28871,14803,13,'BUSSATE E VI SARÀ APERTO',2,-2,1.50,1.50,0,4,'50',1.50),(28872,14803,99,'AVE MARIA PREGHIERE MARIANE',20,-20,2.00,2.00,0,4,'50',20.00),(28873,14803,134,'AVE MARIA SPIEGATA AI BAMBINI - N.E.',5,-5,1.80,1.80,0,4,'50',4.50),(28874,14807,126,'SACRAMENTO DEL PERDONO',15,-15,2.00,2.00,0,4,'5',28.50),(28875,14811,50,'PERDONAMI SIGNORE',600,-600,2.50,2.50,0,4,'0',1500.00),(28876,14806,130,'ROSARIO SPIEGATO AI BAMBINI - N.E.',15,-15,2.50,2.50,0,4,'0',37.50),(28877,14809,17,'LA FEDE NELLO ZAINETTO',4,0,6.00,6.00,0,4,'50',12.00),(28878,14809,134,'AVE MARIA SPIEGATA AI BAMBINI - N.E.',1,0,1.80,1.80,0,4,'50',0.90),(28879,14809,124,'PREGHIERE DEI RAGAZZI N. E. ',30,0,1.50,1.50,0,4,'50',22.50),(28880,14809,23,'FATE QUESTO IN MEMORIA DI ME',10,0,2.50,2.50,0,4,'50',12.50),(28881,14809,24,'PADRE NOSTRO SPIEGATO AI BAMBINI N. E.',257,0,2.50,2.50,0,4,'50',321.25),(28882,14809,121,'DIZIONARIO DEI SIMBOLI DEL CRISTIANO',6,0,2.50,2.50,0,4,'50',7.50),(28883,14809,130,'ROSARIO SPIEGATO AI BAMBINI - N.E.',208,0,2.50,2.50,0,4,'50',260.00),(28884,14809,125,'MIE PREGHIERINE - N. E.',32,0,1.50,1.50,0,4,'50',24.00),(28885,14809,33,'100 GIORNI CON LO SPIRITO',13,0,7.50,7.50,0,4,'50',48.75),(28886,14809,50,'PERDONAMI SIGNORE',104,0,2.50,2.50,0,4,'50',130.00),(28887,14809,55,'AVE MARIA ,SPIEGATA AI BAMBINI',4,0,1.50,1.50,0,4,'50',3.00),(28888,14809,67,'CON GESU SULLA VIA DELLA CROCE - VIA CRUCIS ',11,0,2.00,2.00,0,4,'50',11.00),(28889,14809,75,'IL SEGNO DELLA CROCE',1,0,1.50,1.50,0,4,'50',0.75),(28890,14809,88,'GESÙ È RISORTO',1,0,2.00,2.00,0,4,'50',1.00),(28891,14809,89,'COMUNIONE SPIEGATA AI RAGAZZI',12,0,1.80,1.80,0,4,'50',10.80),(28892,14809,92,'LA PREGHIERA DEL ROSARIO',2,0,2.50,2.50,0,4,'50',2.50),(28893,14809,99,'AVE MARIA PREGHIERE MARIANE',2,0,2.00,2.00,0,4,'50',2.00),(28894,14809,104,'TEMPO DI QUARESIMA',1,0,2.50,2.50,0,4,'50',1.25),(28895,14809,127,'SPIRITO SANTO SPIEGATO AI RAGAZZI - N.E.',5,0,2.50,2.50,0,4,'50',6.25),(28896,14809,110,'SE MI AMI NON PIANGERE',212,0,1.80,1.80,0,4,'50',190.80),(28897,14809,111,'I NONNI SONO UN TESORO',14,0,1.80,1.80,0,4,'50',12.60),(28898,14809,123,'DIO E IN DIECI PAROLE - COMANDAMENTI',1,0,3.00,3.00,0,4,'50',1.50),(28899,14809,115,'SAN FRANCESCO DASSISI RACCONTATO AI RAGAZZI N.E.',8,0,4.00,4.00,0,4,'50',16.00),(28900,14809,117,'La preghiera delle cinque dita n.e.',2,0,1.80,1.80,0,4,'50',1.80),(28901,14809,118,'Il Credo spiegato ai ragazzi n.e.',5,0,2.50,2.50,0,4,'50',6.25),(28902,14809,132,'MINISTRANTI IERI, OGGI, DOMANI',4,0,2.50,2.50,0,4,'50',5.00),(28903,14809,138,'LA NASCITA DI GESU',2,0,2.50,2.50,0,4,'50',2.50),(28904,14809,139,'E NATO - n.e.',2,0,2.00,2.00,0,4,'50',2.00),(28905,14809,136,'ANGELO DI DIO N.E.',2,0,1.80,1.80,0,4,'50',1.80),(28906,14809,137,'AVVENTO',2,0,2.50,2.50,0,4,'50',2.50),(28907,14809,126,'SACRAMENTO DEL PERDONO',27,0,2.00,2.00,0,4,'50',27.00),(28908,14810,11,'COME PREPARARSI ALLA CONFESSIONE',1,1,1.50,1.50,0,4,'50',0.75),(28909,14810,17,'LA FEDE NELLO ZAINETTO',10,10,6.00,6.00,0,4,'50',30.00),(28910,14810,124,'PREGHIERE DEI RAGAZZI N. E. ',1,1,1.50,1.50,0,4,'50',0.75),(28911,14810,23,'FATE QUESTO IN MEMORIA DI ME',8,8,2.50,2.50,0,4,'50',10.00),(28912,14810,24,'PADRE NOSTRO SPIEGATO AI BAMBINI N. E.',2,2,2.50,2.50,0,4,'50',2.50),(28913,14810,130,'ROSARIO SPIEGATO AI BAMBINI - N.E.',1,1,2.50,2.50,0,4,'50',1.25),(28914,14810,30,'LA BIBBIA: ANTICO TESTAMENTO',1,1,9.00,9.00,0,4,'50',4.50),(28915,14810,33,'100 GIORNI CON LO SPIRITO',2,2,7.50,7.50,0,4,'50',7.50),(28916,14810,35,'ANGELI - I NOSTRI MIGLIORI AMICI',1,1,2.50,2.50,0,4,'50',1.25),(28917,14810,50,'PERDONAMI SIGNORE',3,3,2.50,2.50,0,4,'50',3.75),(28918,14810,72,'FEDE, SPERANZA  E CARITA',2,2,6.00,6.00,0,4,'50',6.00),(28919,14810,89,'COMUNIONE SPIEGATA AI RAGAZZI',3,3,1.80,1.80,0,4,'50',2.70),(28920,14810,96,'LA PREGHIERA  - MEDICINA DELLANIMA',8,8,1.50,1.50,0,4,'50',6.00),(28921,14810,97,'\"IL NATALE  \"\"CHE MERAVIGLIA\"\"\"',2,2,1.50,1.50,0,4,'50',1.50),(28922,14810,99,'AVE MARIA PREGHIERE MARIANE',1,1,2.00,2.00,0,4,'50',1.00),(28923,14810,101,'GESU BENEDICI LA NOSTRA FAMIGLIA',8,8,1.50,1.50,0,4,'50',6.00),(28924,14810,104,'TEMPO DI QUARESIMA',1,1,2.50,2.50,0,4,'50',1.25),(28925,14810,111,'I NONNI SONO UN TESORO',20,20,1.80,1.80,0,4,'50',18.00),(28926,14810,118,'Il Credo spiegato ai ragazzi n.e.',1,1,2.50,2.50,0,4,'50',1.25),(28927,14810,139,'E NATO - n.e.',3,3,2.00,2.00,0,4,'50',3.00),(28928,14810,137,'AVVENTO',3,3,2.50,2.50,0,4,'50',3.75),(28939,14812,130,'ROSARIO SPIEGATO AI BAMBINI - N.E.',15,-15,2.50,2.50,0,4,'50',18.75),(28940,14807,126,'SACRAMENTO DEL PERDONO',15,-15,2.00,2.00,0,4,'5',28.50),(28941,14807,0,'',15,-15,0.70,0.70,0,0,'0',10.50),(28943,14812,130,'ROSARIO SPIEGATO AI BAMBINI - N.E.',15,-15,2.50,2.50,0,4,'50',18.75),(28944,14813,120,'Libro Agenda cattolico 2019',20,-20,16.00,16.00,0,4,'50',160.00),(28945,14813,128,'LIBRO AGENDA CATTOLICO 2021',1,-1,16.00,16.00,0,4,'50',8.00),(28946,14813,133,'LIBRO AGENDA CATTOLICO 2023',1,-1,18.00,18.00,0,4,'50',9.00),(28947,14813,135,'LIBRO AGENDA CATTOLICO 2024',7,-7,18.00,18.00,0,4,'50',63.00),(28948,14813,120,'Libro Agenda cattolico 2019',20,-20,16.00,16.00,0,4,'50',160.00),(28949,14813,128,'LIBRO AGENDA CATTOLICO 2021',1,-1,16.00,16.00,0,4,'50',8.00),(28950,14813,133,'LIBRO AGENDA CATTOLICO 2023',1,-1,18.00,18.00,0,4,'50',9.00),(28951,14813,135,'LIBRO AGENDA CATTOLICO 2024',7,-7,18.00,18.00,0,4,'50',63.00),(28952,14813,52,'Il Padre Nostro spiegato ai bambini',8,-8,2.00,2.00,0,4,'50',8.00),(28953,14813,34,'LE MIE PREGHIERINE',4,-4,1.50,1.50,0,4,'50',3.00),(28954,14813,114,'Le preghiere dei ragazzi',32,-32,1.50,1.50,0,4,'50',24.00),(28955,14817,17,'LA FEDE NELLO ZAINETTO',5,0,6.00,6.00,0,4,'50',15.00),(28956,14817,134,'AVE MARIA SPIEGATA AI BAMBINI - N.E.',3,0,1.80,1.80,0,4,'50',2.70),(28957,14817,124,'PREGHIERE DEI RAGAZZI N. E. ',75,0,1.50,1.50,0,4,'50',56.25),(28958,14817,23,'FATE QUESTO IN MEMORIA DI ME',18,0,2.50,2.50,0,4,'50',22.50),(28959,14817,24,'PADRE NOSTRO SPIEGATO AI BAMBINI N. E.',5,0,2.50,2.50,0,4,'50',6.25),(28960,14817,25,'PICCOLO DIZIONARIO DEL CRISTIANO',1,0,3.00,3.00,0,4,'50',1.50),(28961,14817,121,'DIZIONARIO DEI SIMBOLI DEL CRISTIANO',10,0,2.50,2.50,0,4,'50',12.50),(28962,14817,130,'ROSARIO SPIEGATO AI BAMBINI - N.E.',71,0,2.50,2.50,0,4,'50',88.75),(28963,14817,33,'100 GIORNI CON LO SPIRITO',11,0,7.50,7.50,0,4,'50',41.25),(28964,14817,42,'ALLA SCOPERTA  DELLA  CASA DI GESU',5,0,3.00,3.00,0,4,'50',7.50),(28965,14817,44,'GUARDALIBRI: DVD IL CREDO',1,0,9.90,9.90,0,4,'50',4.95),(28966,14817,46,'LE LETTERE DI SAN PAOLO',1,0,3.50,3.50,0,4,'50',1.75),(28967,14817,50,'PERDONAMI SIGNORE',126,0,2.50,2.50,0,4,'50',157.50),(28968,14817,55,'AVE MARIA ,SPIEGATA AI BAMBINI',1,0,1.50,1.50,0,4,'50',0.75),(28969,14817,58,'SCATOLA FIGURINE AMICO GESÙ - 60 BUSTINE',8,0,30.00,30.00,0,4,'50',120.00),(28970,14817,67,'CON GESU SULLA VIA DELLA CROCE - VIA CRUCIS ',1,0,2.00,2.00,0,4,'50',1.00),(28971,14817,80,'MISERICORDIA',2,0,2.50,2.50,0,4,'50',2.50),(28972,14817,88,'GESÙ È RISORTO',1,0,2.00,2.00,0,4,'50',1.00),(28973,14817,89,'COMUNIONE SPIEGATA AI RAGAZZI',8,0,1.80,1.80,0,4,'50',7.20),(28974,14817,92,'LA PREGHIERA DEL ROSARIO',10,0,2.50,2.50,0,4,'50',12.50),(28975,14817,127,'SPIRITO SANTO SPIEGATO AI RAGAZZI - N.E.',7,0,2.50,2.50,0,4,'50',8.75),(28976,14817,110,'SE MI AMI NON PIANGERE',9,0,1.80,1.80,0,4,'50',8.10),(28977,14817,123,'DIO E IN DIECI PAROLE - COMANDAMENTI',6,0,3.00,3.00,0,4,'50',9.00),(28978,14817,115,'SAN FRANCESCO DASSISI RACCONTATO AI RAGAZZI N.E.',2,0,4.00,4.00,0,4,'50',4.00),(28979,14817,117,'La preghiera delle cinque dita n.e.',6,0,1.80,1.80,0,4,'50',5.40),(28980,14817,118,'Il Credo spiegato ai ragazzi n.e.',55,0,2.50,2.50,0,4,'50',68.75),(28981,14817,132,'MINISTRANTI IERI, OGGI, DOMANI',8,0,2.50,2.50,0,4,'50',10.00),(28982,14817,129,'NATALE SPIEGATO AI BAMBINI',12,0,3.00,3.00,0,4,'50',18.00),(28983,14817,138,'LA NASCITA DI GESU',3,0,2.50,2.50,0,4,'50',3.75),(28984,14817,139,'E NATO - n.e.',5,0,2.00,2.00,0,4,'50',5.00),(28985,14817,136,'ANGELO DI DIO N.E.',10,0,1.80,1.80,0,4,'50',9.00),(28986,14817,137,'AVVENTO',8,0,2.50,2.50,0,4,'50',10.00),(28987,14817,126,'SACRAMENTO DEL PERDONO',134,0,2.00,2.00,0,4,'50',134.00),(29018,14818,23,'FATE QUESTO IN MEMORIA DI ME',1,1,2.50,2.50,0,4,'50',1.25),(29019,14818,121,'DIZIONARIO DEI SIMBOLI DEL CRISTIANO',1,1,2.50,2.50,0,4,'50',1.25),(29020,14818,42,'ALLA SCOPERTA  DELLA  CASA DI GESU',2,2,3.00,3.00,0,4,'50',3.00),(29021,14818,89,'COMUNIONE SPIEGATA AI RAGAZZI',3,3,1.80,1.80,0,4,'50',2.70),(29022,14818,117,'La preghiera delle cinque dita n.e.',6,6,1.80,1.80,0,4,'50',5.40),(29023,14818,129,'NATALE SPIEGATO AI BAMBINI',2,2,3.00,3.00,0,4,'50',3.00),(29024,14818,138,'LA NASCITA DI GESU',1,1,2.50,2.50,0,4,'50',1.25),(29025,14818,139,'E NATO - n.e.',2,2,2.00,2.00,0,4,'50',2.00),(29026,14816,111,'I NONNI SONO UN TESORO',300,-300,1.80,1.80,0,4,'50',270.00),(29027,14821,69,' LA CASA DEI RAGAZZI',48,-48,7.00,7.00,0,4,'100',0.00),(29028,14821,97,'\"IL NATALE  \"\"CHE MERAVIGLIA\"\"\"',34,-34,1.50,1.50,0,4,'100',0.00),(29029,14821,33,'100 GIORNI CON LO SPIRITO',722,-722,7.50,7.50,0,4,'100',0.00),(29030,14821,40,'A TAVOLA CON GESU',25,-25,2.50,2.50,0,4,'100',0.00),(29031,14821,57,'ALBUM + BUSTINA  AMICO GESÙ',1713,-1713,2.00,2.00,0,4,'100',0.00),(29032,14821,42,'ALLA SCOPERTA  DELLA  CASA DI GESU',745,-745,3.00,3.00,0,4,'100',0.00),(29033,14821,35,'ANGELI - I NOSTRI MIGLIORI AMICI',789,-789,2.50,2.50,0,4,'100',0.00),(29034,14821,136,'ANGELO DI DIO N.E.',1773,-1773,1.80,1.80,0,4,'100',0.00),(29035,14821,98,'ANGELO DI DIO PREGHIERE',16,-16,1.50,1.50,0,4,'100',0.00),(29036,14821,90,'ATTO DI AFFIDAMENTO A MARIA',149,-149,1.50,1.50,0,4,'100',0.00),(29037,14821,55,'AVE MARIA ,SPIEGATA AI BAMBINI',22,-22,1.50,1.50,0,4,'100',0.00),(29038,14821,99,'AVE MARIA PREGHIERE MARIANE',760,-760,2.00,2.00,0,4,'100',0.00),(29039,14821,134,'AVE MARIA SPIEGATA AI BAMBINI - N.E.',2511,-2511,1.80,1.80,0,4,'100',0.00),(29040,14821,137,'AVVENTO',1747,-1747,2.50,2.50,0,4,'100',0.00),(29041,14821,66,'BEATI GLI INVITATI ALLA CENA DEL SIGNORE',104,-104,6.50,6.50,0,4,'100',0.00),(29042,14821,54,'BENEDETTO XVI ° ..... UNA PAGINA DI STORIA',45,-45,2.50,2.50,0,4,'100',0.00),(29043,14821,13,'BUSSATE E VI SARÀ APERTO',783,-783,1.50,1.50,0,4,'100',0.00),(29044,14821,59,'CATECHISTI DI QUALITÀ',103,-103,2.50,2.50,0,4,'100',0.00),(29045,14821,11,'COME PREPARARSI ALLA CONFESSIONE',29,-29,1.50,1.50,0,4,'100',0.00),(29046,14821,89,'COMUNIONE SPIEGATA AI RAGAZZI',2854,-2854,1.80,1.80,0,4,'100',0.00),(29047,14821,67,'CON GESU SULLA VIA DELLA CROCE - VIA CRUCIS ',1638,-1638,2.00,2.00,0,4,'100',0.00),(29048,14821,105,'COSA CHIEDIAMO ALLA PARROCCHIA ..N.EDIZ.',13,-13,1.50,1.50,0,4,'100',0.00),(29049,14821,74,'DIO È , IN DIECI PAROLE',7,-7,4.50,4.50,0,4,'100',0.00),(29050,14821,123,'DIO E IN DIECI PAROLE - COMANDAMENTI',1252,-1252,3.00,3.00,0,4,'100',0.00),(29051,14821,121,'DIZIONARIO DEI SIMBOLI DEL CRISTIANO',153,-153,2.50,2.50,0,4,'100',0.00),(29052,14821,116,'DIZIONARIO DEI SIMBOLI DEL PICCOLO CRISTIANO NE',104,-104,2.50,2.50,0,4,'100',0.00),(29053,14821,28,'DON CARLO GNOCCHI',38,-38,2.00,2.00,0,4,'100',0.00),(29054,14821,139,'E NATO - n.e.',1747,-1747,2.00,2.00,0,4,'100',0.00),(29055,14821,23,'FATE QUESTO IN MEMORIA DI ME',1680,-1680,2.50,2.50,0,4,'100',0.00),(29056,14821,39,'FEDE E SALVEZZA',16,-16,2.00,2.00,0,4,'100',0.00),(29057,14821,72,'FEDE, SPERANZA  E CARITA',43,-43,6.00,6.00,0,4,'100',0.00),(29058,14821,73,'FRANCESCO AI GIOVANI',61,-61,2.50,2.50,0,4,'100',0.00),(29059,14821,88,'GESÙ È RISORTO',59,-59,2.00,2.00,0,4,'100',0.00),(29060,14821,101,'GESU BENEDICI LA NOSTRA FAMIGLIA',757,-757,1.50,1.50,0,4,'100',0.00),(29061,14821,61,'GIOVANNI PAOLO II° SANTO',52,-52,2.50,2.50,0,4,'100',0.00),(29062,14821,62,'GIOVANNI XXIII° SANTO  .....IL PAPA BUONO',50,-50,2.50,2.50,0,4,'100',0.00),(29063,14821,20,'GIOVEDÌ SANTO',108,-108,1.50,1.50,0,4,'100',0.00),(29064,14821,44,'GUARDALIBRI: DVD IL CREDO',55,-55,9.90,9.90,0,4,'100',0.00),(29065,14821,91,'I 10 COMANDAMENTI',87,-87,2.00,2.00,0,4,'100',0.00),(29066,14821,10,'I miracoli da colorare. Gesù cammina sulle acque',15,-15,2.00,2.00,0,4,'100',0.00),(29067,14821,5,'I miracoli da colorare. Gesù e la tempesta sedata',24,-24,1.50,1.50,0,4,'100',0.00),(29068,14821,6,'I miracoli da colorare. Il figlio della vedova',25,-25,2.00,2.00,0,4,'100',0.00),(29069,14821,4,'I miracoli da colorare. Le nozze di Cana',22,-22,2.00,2.00,0,4,'100',0.00),(29070,14821,111,'I NONNI SONO UN TESORO',2079,-2079,1.80,1.80,0,4,'100',0.00),(29071,14821,48,'I SANTI E GLI ANIMALI',30,-30,3.00,3.00,0,4,'100',0.00),(29072,14821,94,'IL BATTESIMO',209,-209,1.50,1.50,0,4,'100',0.00),(29073,14821,36,'IL CANTICO DEI CANTICI',34,-34,2.50,2.50,0,4,'100',0.00),(29074,14821,118,'Il Credo spiegato ai ragazzi n.e.',357,-357,2.50,2.50,0,4,'100',0.00),(29075,14821,47,'IL ROSARIO SPIEGATO AI BAMBINI ',3,-3,2.50,2.50,0,4,'100',0.00),(29076,14821,75,'IL SEGNO DELLA CROCE',112,-112,1.50,1.50,0,4,'100',0.00),(29077,14821,84,'LAVVENTO',6,-6,2.00,2.00,0,4,'100',0.00),(29078,14821,43,'LA BENEDIZIONE DELLA FAMIGLIA',107,-107,1.30,1.30,0,4,'100',0.00),(29079,14821,30,'LA BIBBIA: ANTICO TESTAMENTO',6,-6,9.00,9.00,0,4,'100',0.00),(29080,14821,76,'LA BIBBIA: NUOVO TESTAMENTO',4,-4,7.90,7.90,0,4,'100',0.00),(29081,14821,31,'LA BIBBIA:ED.REGALO ANTICO TESTAMENTO',7,-7,12.00,12.00,0,4,'100',0.00),(29082,14821,21,'LA COMUNIONE',19,-19,2.00,2.00,0,4,'100',0.00),(29083,14821,65,'LA FAMIGLIA, CHIESA DOMESTICA',33,-33,6.00,6.00,0,4,'100',0.00),(29084,14821,17,'LA FEDE NELLO ZAINETTO',1894,-1894,6.00,6.00,0,4,'100',0.00),(29085,14821,138,'LA NASCITA DI GESU',1688,-1688,2.50,2.50,0,4,'100',0.00),(29086,14821,95,'LA PICCOLA MATITA',93,-93,1.50,1.50,0,4,'100',0.00),(29087,14821,96,'LA PREGHIERA  - MEDICINA DELLANIMA',989,-989,1.50,1.50,0,4,'100',0.00),(29088,14821,92,'LA PREGHIERA DEL ROSARIO',178,-178,2.50,2.50,0,4,'100',0.00),(29089,14821,117,'La preghiera delle cinque dita n.e.',550,-550,1.80,1.80,0,4,'100',0.00),(29090,14821,70,'La storia della salvezza raccontata ai bambini. 2 Caino e Abele',74,-74,2.00,2.00,0,4,'100',0.00),(29091,14821,82,'LAUDATO SI',128,-128,2.00,2.00,0,4,'100',0.00),(29092,14821,102,'LE BEATITUDINI  N.EDIZ.',39,-39,2.00,2.00,0,4,'100',0.00),(29093,14821,46,'LE LETTERE DI SAN PAOLO',1,-1,3.50,3.50,0,4,'100',0.00),(29094,14821,135,'LIBRO AGENDA CATTOLICO 2024',1,-1,18.00,18.00,0,4,'100',0.00),(29095,14821,103,'Lo Spirito Santo raccontato ai ragazzi N.E.',16,-16,2.00,2.00,0,4,'100',0.00),(29096,14821,38,'MADRE TERESA, UNA MISSIONARIA',44,-44,2.60,2.60,0,4,'100',0.00),(29097,14821,56,'MARIA  LA MAMMA DI GESU',1,-1,2.50,2.50,0,4,'100',0.00),(29098,14821,64,'MARIA APPARIZIONI E MESSAGGI',99,-99,2.50,2.50,0,4,'100',0.00),(29099,14821,16,'MARIA DALLA NASCITA ALLASSUNZIONE',42,-42,2.50,2.50,0,4,'100',0.00),(29100,14821,125,'MIE PREGHIERINE - N. E.',2009,-2009,1.50,1.50,0,4,'100',0.00),(29101,14821,132,'MINISTRANTI IERI, OGGI, DOMANI',3027,-3027,2.50,2.50,0,4,'100',0.00),(29102,14821,80,'MISERICORDIA',124,-124,2.50,2.50,0,4,'100',0.00),(29103,14821,129,'NATALE SPIEGATO AI BAMBINI',2939,-2939,3.00,3.00,0,4,'100',0.00),(29104,14821,24,'PADRE NOSTRO SPIEGATO AI BAMBINI N. E.',2232,-2232,2.50,2.50,0,4,'100',0.00),(29105,14821,50,'PERDONAMI SIGNORE',2545,-2545,2.50,2.50,0,4,'100',0.00),(29106,14821,25,'PICCOLO DIZIONARIO DEL CRISTIANO',679,-679,3.00,3.00,0,4,'100',0.00),(29107,14821,124,'PREGHIERE DEI RAGAZZI N. E. ',2639,-2639,1.50,1.50,0,4,'100',0.00),(29108,14821,9,'PSICOLOGIA PRATICA PER EDUCATORI',29,-29,10.50,10.50,0,4,'100',0.00),(29109,14821,106,'RICORDO DI UNA GIORNATA SPECIALE',37,-37,1.50,1.50,0,4,'100',0.00),(29110,14821,119,'Rosario spiegato ai bambini ',8,-8,2.50,2.50,0,4,'100',0.00),(29111,14821,130,'ROSARIO SPIEGATO AI BAMBINI - N.E.',1078,-1078,2.50,2.50,0,4,'100',0.00),(29112,14821,126,'SACRAMENTO DEL PERDONO',2339,-2339,2.00,2.00,0,4,'100',0.00),(29113,14821,71,'San Francesco dAssisi raccontato ai ragazzi + DVD',1,-1,13.00,13.00,0,4,'100',0.00),(29114,14821,115,'SAN FRANCESCO DASSISI RACCONTATO AI RAGAZZI N.E.',1903,-1903,4.00,4.00,0,4,'100',0.00),(29115,14821,22,'SAN PAOLO DI TARSO',15,-15,2.50,2.50,0,4,'100',0.00),(29116,14821,12,'SANTA CATERINA DA SIENA',27,-27,2.00,2.00,0,4,'100',0.00),(29117,14821,58,'SCATOLA FIGURINE AMICO GESÙ - 60 BUSTINE',1753,-1753,30.00,30.00,0,4,'100',0.00),(29118,14821,110,'SE MI AMI NON PIANGERE',2783,-2783,1.80,1.80,0,4,'100',0.00),(29119,14821,112,'SEMPRE CON TE -VANGELO TASCABILE',189,-189,2.50,2.50,0,4,'100',0.00),(29120,14821,127,'SPIRITO SANTO SPIEGATO AI RAGAZZI - N.E.',468,-468,2.50,2.50,0,4,'100',0.00),(29121,14821,63,'STORIA D.SALVEZZA  1°ADAMO ED EVA',80,-80,2.00,2.00,0,4,'100',0.00),(29122,14821,104,'TEMPO DI QUARESIMA',1272,-1272,2.50,2.50,0,4,'100',0.00),(29123,14821,27,'TU SEI PIETRO',37,-37,2.50,2.50,0,4,'100',0.00),(29124,14821,26,'TU SOLO HAI PAROLE DI VITA ETERNA',3,-3,1.50,1.50,0,4,'100',0.00),(29125,14821,45,'UN ANGELO DI NOME AMADEUS',16,-16,15.00,15.00,0,4,'100',0.00),(29126,14821,29,'UNA SPERANZA POSSIBILE',156,-156,2.00,2.00,0,4,'100',0.00),(29127,14821,69,' LA CASA DEI RAGAZZI',48,-48,7.00,7.00,0,4,'100',0.00),(29128,14821,97,'\"IL NATALE  \"\"CHE MERAVIGLIA\"\"\"',34,-34,1.50,1.50,0,4,'100',0.00),(29129,14821,33,'100 GIORNI CON LO SPIRITO',722,-722,7.50,7.50,0,4,'100',0.00),(29130,14821,40,'A TAVOLA CON GESU',25,-25,2.50,2.50,0,4,'100',0.00),(29131,14821,57,'ALBUM + BUSTINA  AMICO GESÙ',1713,-1713,2.00,2.00,0,4,'100',0.00),(29132,14821,42,'ALLA SCOPERTA  DELLA  CASA DI GESU',745,-745,3.00,3.00,0,4,'100',0.00),(29133,14821,35,'ANGELI - I NOSTRI MIGLIORI AMICI',789,-789,2.50,2.50,0,4,'100',0.00),(29134,14821,136,'ANGELO DI DIO N.E.',1773,-1773,1.80,1.80,0,4,'100',0.00),(29135,14821,98,'ANGELO DI DIO PREGHIERE',16,-16,1.50,1.50,0,4,'100',0.00),(29136,14821,90,'ATTO DI AFFIDAMENTO A MARIA',149,-149,1.50,1.50,0,4,'100',0.00),(29137,14821,55,'AVE MARIA ,SPIEGATA AI BAMBINI',22,-22,1.50,1.50,0,4,'100',0.00),(29138,14821,99,'AVE MARIA PREGHIERE MARIANE',760,-760,2.00,2.00,0,4,'100',0.00),(29139,14821,134,'AVE MARIA SPIEGATA AI BAMBINI - N.E.',2511,-2511,1.80,1.80,0,4,'100',0.00),(29140,14821,137,'AVVENTO',1747,-1747,2.50,2.50,0,4,'100',0.00),(29141,14821,66,'BEATI GLI INVITATI ALLA CENA DEL SIGNORE',104,-104,6.50,6.50,0,4,'100',0.00),(29142,14821,54,'BENEDETTO XVI ° ..... UNA PAGINA DI STORIA',45,-45,2.50,2.50,0,4,'100',0.00),(29143,14821,13,'BUSSATE E VI SARÀ APERTO',783,-783,1.50,1.50,0,4,'100',0.00),(29144,14821,59,'CATECHISTI DI QUALITÀ',103,-103,2.50,2.50,0,4,'100',0.00),(29145,14821,11,'COME PREPARARSI ALLA CONFESSIONE',29,-29,1.50,1.50,0,4,'100',0.00),(29146,14821,89,'COMUNIONE SPIEGATA AI RAGAZZI',2854,-2854,1.80,1.80,0,4,'100',0.00),(29147,14821,67,'CON GESU SULLA VIA DELLA CROCE - VIA CRUCIS ',1638,-1638,2.00,2.00,0,4,'100',0.00),(29148,14821,105,'COSA CHIEDIAMO ALLA PARROCCHIA ..N.EDIZ.',13,-13,1.50,1.50,0,4,'100',0.00),(29149,14821,74,'DIO È , IN DIECI PAROLE',7,-7,4.50,4.50,0,4,'100',0.00),(29150,14821,123,'DIO E IN DIECI PAROLE - COMANDAMENTI',1252,-1252,3.00,3.00,0,4,'100',0.00),(29151,14821,121,'DIZIONARIO DEI SIMBOLI DEL CRISTIANO',153,-153,2.50,2.50,0,4,'100',0.00),(29152,14821,116,'DIZIONARIO DEI SIMBOLI DEL PICCOLO CRISTIANO NE',104,-104,2.50,2.50,0,4,'100',0.00),(29153,14821,28,'DON CARLO GNOCCHI',38,-38,2.00,2.00,0,4,'100',0.00),(29154,14821,139,'E NATO - n.e.',1747,-1747,2.00,2.00,0,4,'100',0.00),(29155,14821,23,'FATE QUESTO IN MEMORIA DI ME',1680,-1680,2.50,2.50,0,4,'100',0.00),(29156,14821,39,'FEDE E SALVEZZA',16,-16,2.00,2.00,0,4,'100',0.00),(29157,14821,72,'FEDE, SPERANZA  E CARITA',43,-43,6.00,6.00,0,4,'100',0.00),(29158,14821,73,'FRANCESCO AI GIOVANI',61,-61,2.50,2.50,0,4,'100',0.00),(29159,14821,88,'GESÙ È RISORTO',59,-59,2.00,2.00,0,4,'100',0.00),(29160,14821,101,'GESU BENEDICI LA NOSTRA FAMIGLIA',757,-757,1.50,1.50,0,4,'100',0.00),(29161,14821,61,'GIOVANNI PAOLO II° SANTO',52,-52,2.50,2.50,0,4,'100',0.00),(29162,14821,62,'GIOVANNI XXIII° SANTO  .....IL PAPA BUONO',50,-50,2.50,2.50,0,4,'100',0.00),(29163,14821,20,'GIOVEDÌ SANTO',108,-108,1.50,1.50,0,4,'100',0.00),(29164,14821,44,'GUARDALIBRI: DVD IL CREDO',55,-55,9.90,9.90,0,4,'100',0.00),(29165,14821,91,'I 10 COMANDAMENTI',87,-87,2.00,2.00,0,4,'100',0.00),(29166,14821,10,'I miracoli da colorare. Gesù cammina sulle acque',15,-15,2.00,2.00,0,4,'100',0.00),(29167,14821,5,'I miracoli da colorare. Gesù e la tempesta sedata',24,-24,1.50,1.50,0,4,'100',0.00),(29168,14821,6,'I miracoli da colorare. Il figlio della vedova',25,-25,2.00,2.00,0,4,'100',0.00),(29169,14821,4,'I miracoli da colorare. Le nozze di Cana',22,-22,2.00,2.00,0,4,'100',0.00),(29170,14821,111,'I NONNI SONO UN TESORO',2079,-2079,1.80,1.80,0,4,'100',0.00),(29171,14821,48,'I SANTI E GLI ANIMALI',30,-30,3.00,3.00,0,4,'100',0.00),(29172,14821,94,'IL BATTESIMO',209,-209,1.50,1.50,0,4,'100',0.00),(29173,14821,36,'IL CANTICO DEI CANTICI',34,-34,2.50,2.50,0,4,'100',0.00),(29174,14821,118,'Il Credo spiegato ai ragazzi n.e.',357,-357,2.50,2.50,0,4,'100',0.00),(29175,14821,47,'IL ROSARIO SPIEGATO AI BAMBINI ',3,-3,2.50,2.50,0,4,'100',0.00),(29176,14821,75,'IL SEGNO DELLA CROCE',112,-112,1.50,1.50,0,4,'100',0.00),(29177,14821,84,'LAVVENTO',6,-6,2.00,2.00,0,4,'100',0.00),(29178,14821,43,'LA BENEDIZIONE DELLA FAMIGLIA',107,-107,1.30,1.30,0,4,'100',0.00),(29179,14821,30,'LA BIBBIA: ANTICO TESTAMENTO',6,-6,9.00,9.00,0,4,'100',0.00),(29180,14821,76,'LA BIBBIA: NUOVO TESTAMENTO',4,-4,7.90,7.90,0,4,'100',0.00),(29181,14821,31,'LA BIBBIA:ED.REGALO ANTICO TESTAMENTO',7,-7,12.00,12.00,0,4,'100',0.00),(29182,14821,21,'LA COMUNIONE',19,-19,2.00,2.00,0,4,'100',0.00),(29183,14821,65,'LA FAMIGLIA, CHIESA DOMESTICA',33,-33,6.00,6.00,0,4,'100',0.00),(29184,14821,17,'LA FEDE NELLO ZAINETTO',1894,-1894,6.00,6.00,0,4,'100',0.00),(29185,14821,138,'LA NASCITA DI GESU',1688,-1688,2.50,2.50,0,4,'100',0.00),(29186,14821,95,'LA PICCOLA MATITA',93,-93,1.50,1.50,0,4,'100',0.00),(29187,14821,96,'LA PREGHIERA  - MEDICINA DELLANIMA',989,-989,1.50,1.50,0,4,'100',0.00),(29188,14821,92,'LA PREGHIERA DEL ROSARIO',178,-178,2.50,2.50,0,4,'100',0.00),(29189,14821,117,'La preghiera delle cinque dita n.e.',550,-550,1.80,1.80,0,4,'100',0.00),(29190,14821,70,'La storia della salvezza raccontata ai bambini. 2 Caino e Abele',74,-74,2.00,2.00,0,4,'100',0.00),(29191,14821,82,'LAUDATO SI',128,-128,2.00,2.00,0,4,'100',0.00),(29192,14821,102,'LE BEATITUDINI  N.EDIZ.',39,-39,2.00,2.00,0,4,'100',0.00),(29193,14821,46,'LE LETTERE DI SAN PAOLO',1,-1,3.50,3.50,0,4,'100',0.00),(29194,14821,135,'LIBRO AGENDA CATTOLICO 2024',1,-1,18.00,18.00,0,4,'100',0.00),(29195,14821,103,'Lo Spirito Santo raccontato ai ragazzi N.E.',16,-16,2.00,2.00,0,4,'100',0.00),(29196,14821,38,'MADRE TERESA, UNA MISSIONARIA',44,-44,2.60,2.60,0,4,'100',0.00),(29197,14821,56,'MARIA  LA MAMMA DI GESU',1,-1,2.50,2.50,0,4,'100',0.00),(29198,14821,64,'MARIA APPARIZIONI E MESSAGGI',99,-99,2.50,2.50,0,4,'100',0.00),(29199,14821,16,'MARIA DALLA NASCITA ALLASSUNZIONE',42,-42,2.50,2.50,0,4,'100',0.00),(29200,14821,125,'MIE PREGHIERINE - N. E.',2009,-2009,1.50,1.50,0,4,'100',0.00),(29201,14821,132,'MINISTRANTI IERI, OGGI, DOMANI',3027,-3027,2.50,2.50,0,4,'100',0.00),(29202,14821,80,'MISERICORDIA',124,-124,2.50,2.50,0,4,'100',0.00),(29203,14821,129,'NATALE SPIEGATO AI BAMBINI',2939,-2939,3.00,3.00,0,4,'100',0.00),(29204,14821,24,'PADRE NOSTRO SPIEGATO AI BAMBINI N. E.',2232,-2232,2.50,2.50,0,4,'100',0.00),(29205,14821,50,'PERDONAMI SIGNORE',2545,-2545,2.50,2.50,0,4,'100',0.00),(29206,14821,25,'PICCOLO DIZIONARIO DEL CRISTIANO',679,-679,3.00,3.00,0,4,'100',0.00),(29207,14821,124,'PREGHIERE DEI RAGAZZI N. E. ',2639,-2639,1.50,1.50,0,4,'100',0.00),(29208,14821,9,'PSICOLOGIA PRATICA PER EDUCATORI',29,-29,10.50,10.50,0,4,'100',0.00),(29209,14821,106,'RICORDO DI UNA GIORNATA SPECIALE',37,-37,1.50,1.50,0,4,'100',0.00),(29210,14821,119,'Rosario spiegato ai bambini ',8,-8,2.50,2.50,0,4,'100',0.00),(29211,14821,130,'ROSARIO SPIEGATO AI BAMBINI - N.E.',1078,-1078,2.50,2.50,0,4,'100',0.00),(29212,14821,126,'SACRAMENTO DEL PERDONO',2339,-2339,2.00,2.00,0,4,'100',0.00),(29213,14821,71,'San Francesco dAssisi raccontato ai ragazzi + DVD',1,-1,13.00,13.00,0,4,'100',0.00),(29214,14821,115,'SAN FRANCESCO DASSISI RACCONTATO AI RAGAZZI N.E.',1903,-1903,4.00,4.00,0,4,'100',0.00),(29215,14821,22,'SAN PAOLO DI TARSO',15,-15,2.50,2.50,0,4,'100',0.00),(29216,14821,12,'SANTA CATERINA DA SIENA',27,-27,2.00,2.00,0,4,'100',0.00),(29217,14821,58,'SCATOLA FIGURINE AMICO GESÙ - 60 BUSTINE',1753,-1753,30.00,30.00,0,4,'100',0.00),(29218,14821,110,'SE MI AMI NON PIANGERE',2783,-2783,1.80,1.80,0,4,'100',0.00),(29219,14821,112,'SEMPRE CON TE -VANGELO TASCABILE',189,-189,2.50,2.50,0,4,'100',0.00),(29220,14821,127,'SPIRITO SANTO SPIEGATO AI RAGAZZI - N.E.',468,-468,2.50,2.50,0,4,'100',0.00),(29221,14821,63,'STORIA D.SALVEZZA  1°ADAMO ED EVA',80,-80,2.00,2.00,0,4,'100',0.00),(29222,14821,104,'TEMPO DI QUARESIMA',1272,-1272,2.50,2.50,0,4,'100',0.00),(29223,14821,27,'TU SEI PIETRO',37,-37,2.50,2.50,0,4,'100',0.00),(29224,14821,26,'TU SOLO HAI PAROLE DI VITA ETERNA',3,-3,1.50,1.50,0,4,'100',0.00),(29225,14821,45,'UN ANGELO DI NOME AMADEUS',16,-16,15.00,15.00,0,4,'100',0.00),(29226,14821,29,'UNA SPERANZA POSSIBILE',156,-156,2.00,2.00,0,4,'100',0.00);

--
-- Table structure for table `ps_document_payment`
--

CREATE TABLE `ps_document_payment` (
  `id_payment` int(11) NOT NULL AUTO_INCREMENT,
  `name` varchar(60) NOT NULL,
  `active` tinyint(1) NOT NULL DEFAULT '1',
  `deleted` tinyint(1) NOT NULL DEFAULT '0',
  `position` int(2) NOT NULL DEFAULT '0',
  `day` int(5) NOT NULL DEFAULT '0',
  PRIMARY KEY (`id_payment`)
) ENGINE=InnoDB AUTO_INCREMENT=18 DEFAULT CHARSET=latin1;

--
-- Dumping data for table `ps_document_payment`
--

INSERT INTO `ps_document_payment` VALUES (1,'Contanti',1,0,0,0),(2,'Assegno',1,0,0,0),(3,'Bonifico',1,0,0,0),(4,'Paypal',1,0,0,0),(5,'Effettuato',1,0,0,0),(6,'Contrassegno',1,0,0,0),(7,'C.C.P.',1,0,0,0),(8,'Rimessa diretta',1,0,0,0),(9,'Bonifico anticipato',1,0,0,0),(10,'Bonifico 30 GG',1,0,0,30),(11,'Bonifico 60 GG',1,0,0,60),(12,'Bonifico 90 GG',1,0,0,90),(13,'Bonifico 120 GG',1,0,0,120),(14,'Bonifico 130 GG',1,0,0,130),(15,'POS',1,0,0,0),(16,'Assegno postale',1,0,0,0),(17,' ',1,0,0,0);

--
-- Table structure for table `ps_document_type`
--

CREATE TABLE `ps_document_type` (
  `id_document_type` int(3) NOT NULL,
  `name` varchar(50) NOT NULL,
  `storehouse` tinyint(1) NOT NULL DEFAULT '1',
  `print_type` tinyint(1) NOT NULL DEFAULT '1',
  UNIQUE KEY `id_document_type` (`id_document_type`)
) ENGINE=InnoDB DEFAULT CHARSET=latin1;

--
-- Dumping data for table `ps_document_type`
--

INSERT INTO `ps_document_type` VALUES (11,'Cassa',1,1),(12,'Cassa 2',1,1),(13,'Cassa 3',1,1),(14,'Cassa 4',1,1),(15,'Cassa 5',1,1),(21,'Estratto conto',1,1),(22,'Fattura differita',0,1),(23,'Fattura immediata',1,1),(24,'D.D.T.',1,1),(25,'Nota di credito',1,1),(26,'Preventivo di vendita',0,1),(27,'Fattura proforma',0,1),(28,'Ordine sito',0,1),(31,'Fattura immediata',1,1),(32,'Fattura differita',0,1),(33,'D.D.T.',1,1),(34,'Nota di credito',0,1);

--
-- Table structure for table `ps_employee`
--

CREATE TABLE `ps_employee` (
  `id_employee` int(10) unsigned NOT NULL AUTO_INCREMENT,
  `id_profile` int(10) unsigned NOT NULL,
  `id_lang` int(10) unsigned NOT NULL DEFAULT '0',
  `lastname` varchar(32) NOT NULL,
  `firstname` varchar(32) NOT NULL,
  `email` varchar(128) NOT NULL,
  `passwd` varchar(32) NOT NULL,
  `last_passwd_gen` timestamp NOT NULL DEFAULT CURRENT_TIMESTAMP,
  `stats_date_from` date DEFAULT NULL,
  `stats_date_to` date DEFAULT NULL,
  `stats_compare_from` date DEFAULT NULL,
  `stats_compare_to` date DEFAULT NULL,
  `stats_compare_option` int(1) unsigned NOT NULL DEFAULT '1',
  `preselect_date_range` varchar(32) DEFAULT NULL,
  `bo_color` varchar(32) DEFAULT NULL,
  `bo_theme` varchar(32) DEFAULT NULL,
  `bo_css` varchar(64) DEFAULT NULL,
  `default_tab` int(10) unsigned NOT NULL DEFAULT '0',
  `bo_width` int(10) unsigned NOT NULL DEFAULT '0',
  `bo_menu` tinyint(1) NOT NULL DEFAULT '1',
  `active` tinyint(1) unsigned NOT NULL DEFAULT '0',
  `optin` tinyint(1) unsigned NOT NULL DEFAULT '1',
  `id_last_order` int(10) unsigned NOT NULL DEFAULT '0',
  `id_last_customer_message` int(10) unsigned NOT NULL DEFAULT '0',
  `id_last_customer` int(10) unsigned NOT NULL DEFAULT '0',
  `last_connection_date` date DEFAULT '0000-00-00',
  PRIMARY KEY (`id_employee`),
  KEY `employee_login` (`email`,`passwd`),
  KEY `id_employee_passwd` (`id_employee`,`passwd`),
  KEY `id_profile` (`id_profile`)
) ENGINE=InnoDB AUTO_INCREMENT=7 DEFAULT CHARSET=utf8;

--
-- Dumping data for table `ps_employee`
--

INSERT INTO `ps_employee` VALUES (1,1,1,'De Divitiis','Onofrio','onofrio@desktopstore.it','572b9d3e09976370fcdf48a42d827238','2016-02-15 03:48:07','2016-08-01','2016-08-28','0000-00-00','0000-00-00',1,'','','default','admin-theme.css',1,0,1,1,1,152,5,161,'2016-08-28'),(2,1,1,'Aliberti','Gerardo','gerardo@desktopstore.it','c6f36672d0398acefb01eace7dc475bc','2016-02-15 03:52:16','2016-07-01','2016-07-28','0000-00-00','0000-00-00',1,'','','default','admin-theme.css',21,0,1,1,1,297,5,302,'2016-09-05'),(3,1,1,'Fiore','Carmine','carmine@desktopstore.it','c6f36672d0398acefb01eace7dc475bc','2016-02-15 03:54:46','2016-07-01','2016-07-01','0000-00-00','0000-00-00',1,'','','default','admin-theme.css',1,0,1,1,1,18,0,14,'2016-07-01'),(4,1,1,'De Simone','Davide','davide@desktopstore.it','d94f99d4480b81e0607858c2f5bad803','2016-02-15 03:55:05','2016-04-02','2016-04-02','0000-00-00','0000-00-00',1,'day','','default','admin-theme.css',1,0,1,1,1,91,2,93,'2016-05-23'),(5,1,1,'','','','d41d8cd98f00b204e9800998ecf8427e','2026-02-03 18:49:13',NULL,NULL,NULL,NULL,1,NULL,NULL,NULL,NULL,0,0,1,0,1,0,0,0,'0000-00-00'),(6,1,1,'te','te','te@te.te','569ef72642be0fadd711d6a468d68ee1','2026-02-07 13:25:29',NULL,NULL,NULL,NULL,1,NULL,NULL,NULL,NULL,0,0,1,1,1,0,0,0,'0000-00-00');

--
-- Table structure for table `ps_employee_shop`
--

CREATE TABLE `ps_employee_shop` (
  `id_employee` int(11) unsigned NOT NULL,
  `id_shop` int(11) unsigned NOT NULL,
  PRIMARY KEY (`id_employee`,`id_shop`),
  KEY `id_shop` (`id_shop`)
) ENGINE=InnoDB DEFAULT CHARSET=utf8;

--
-- Dumping data for table `ps_employee_shop`
--

INSERT INTO `ps_employee_shop` VALUES (1,1),(2,1),(3,1),(4,1);

--
-- Table structure for table `ps_feature`
--

CREATE TABLE `ps_feature` (
  `id_feature` int(10) unsigned NOT NULL AUTO_INCREMENT,
  `position` int(10) unsigned NOT NULL DEFAULT '0',
  PRIMARY KEY (`id_feature`)
) ENGINE=InnoDB AUTO_INCREMENT=8 DEFAULT CHARSET=utf8;

--
-- Dumping data for table `ps_feature`
--

INSERT INTO `ps_feature` VALUES (1,0),(2,1),(3,2),(4,3),(5,4),(6,5),(7,6);

--
-- Table structure for table `ps_feature_lang`
--

CREATE TABLE `ps_feature_lang` (
  `id_feature` int(10) unsigned NOT NULL,
  `id_lang` int(10) unsigned NOT NULL,
  `name` varchar(128) DEFAULT NULL,
  PRIMARY KEY (`id_feature`,`id_lang`),
  KEY `id_lang` (`id_lang`,`name`)
) ENGINE=InnoDB DEFAULT CHARSET=utf8;

--
-- Dumping data for table `ps_feature_lang`
--

INSERT INTO `ps_feature_lang` VALUES (1,1,'Altezza'),(5,1,'Composizioni'),(2,1,'Larghezza'),(6,1,'Modelli'),(4,1,'Peso'),(3,1,'Profondità'),(7,1,'Proprietà');

--
-- Table structure for table `ps_feature_product`
--

CREATE TABLE `ps_feature_product` (
  `id_feature` int(10) unsigned NOT NULL,
  `id_product` int(10) unsigned NOT NULL,
  `id_feature_value` int(10) unsigned NOT NULL,
  PRIMARY KEY (`id_feature`,`id_product`),
  KEY `id_feature_value` (`id_feature_value`),
  KEY `id_product` (`id_product`)
) ENGINE=InnoDB DEFAULT CHARSET=utf8;

--
-- Dumping data for table `ps_feature_product`
--


--
-- Table structure for table `ps_feature_shop`
--

CREATE TABLE `ps_feature_shop` (
  `id_feature` int(11) unsigned NOT NULL,
  `id_shop` int(11) unsigned NOT NULL,
  PRIMARY KEY (`id_feature`,`id_shop`),
  KEY `id_shop` (`id_shop`)
) ENGINE=InnoDB DEFAULT CHARSET=utf8;

--
-- Dumping data for table `ps_feature_shop`
--

INSERT INTO `ps_feature_shop` VALUES (1,1),(2,1),(3,1),(4,1),(5,1),(6,1),(7,1);

--
-- Table structure for table `ps_feature_value`
--

CREATE TABLE `ps_feature_value` (
  `id_feature_value` int(10) unsigned NOT NULL AUTO_INCREMENT,
  `id_feature` int(10) unsigned NOT NULL,
  `custom` tinyint(3) unsigned DEFAULT NULL,
  PRIMARY KEY (`id_feature_value`),
  KEY `feature` (`id_feature`)
) ENGINE=InnoDB AUTO_INCREMENT=34 DEFAULT CHARSET=utf8;

--
-- Dumping data for table `ps_feature_value`
--

INSERT INTO `ps_feature_value` VALUES (1,5,0),(2,5,0),(3,5,0),(4,5,0),(5,5,0),(6,5,0),(7,5,0),(8,5,0),(9,5,0),(10,6,0),(11,6,0),(12,6,0),(13,6,0),(14,6,0),(15,6,0),(16,6,0),(17,7,0),(18,7,0),(19,7,0),(20,7,0),(21,7,0),(22,1,1),(23,2,1),(24,4,1),(25,3,1),(26,1,1),(27,2,1),(28,4,1),(29,3,1),(30,1,1),(31,2,1),(32,4,1),(33,3,1);

--
-- Table structure for table `ps_feature_value_lang`
--

CREATE TABLE `ps_feature_value_lang` (
  `id_feature_value` int(10) unsigned NOT NULL,
  `id_lang` int(10) unsigned NOT NULL,
  `value` varchar(255) DEFAULT NULL,
  PRIMARY KEY (`id_feature_value`,`id_lang`)
) ENGINE=InnoDB DEFAULT CHARSET=utf8;

--
-- Dumping data for table `ps_feature_value_lang`
--

INSERT INTO `ps_feature_value_lang` VALUES (1,1,'Poliestere'),(2,1,'Lana'),(3,1,'Viscosa'),(4,1,'Elastan'),(5,1,'Cotone'),(6,1,'Seta'),(7,1,'Pelle scamosciata'),(8,1,'Paglia'),(9,1,'Pelle'),(10,1,'Classico'),(11,1,'Casual'),(12,1,'Militare'),(13,1,'Femminile'),(14,1,'Rock'),(15,1,'Base'),(16,1,'Elegante'),(17,1,'Manica corta'),(18,1,'Abito colorato'),(19,1,'Abito corto'),(20,1,'Abito midi'),(21,1,'Abito maxi'),(22,1,'2.75 in'),(23,1,'2.06 in'),(24,1,'49.2 g'),(25,1,'0.26 in'),(26,1,'1.07 in'),(27,1,'1.62 in'),(28,1,'15.5 g'),(29,1,'0.41 in (clip included)'),(30,1,'4.33 in'),(31,1,'2.76 in'),(32,1,'120g'),(33,1,'0.31 in');

--
-- Table structure for table `ps_ganalytics`
--

CREATE TABLE `ps_ganalytics` (
  `id_google_analytics` int(11) NOT NULL AUTO_INCREMENT,
  `id_order` int(11) NOT NULL,
  `id_customer` int(10) NOT NULL,
  `id_shop` int(11) NOT NULL,
  `sent` tinyint(1) DEFAULT NULL,
  `date_add` datetime DEFAULT NULL,
  PRIMARY KEY (`id_google_analytics`),
  KEY `id_order` (`id_order`),
  KEY `sent` (`sent`)
) ENGINE=InnoDB AUTO_INCREMENT=12 DEFAULT CHARSET=utf8;

--
-- Dumping data for table `ps_ganalytics`
--

INSERT INTO `ps_ganalytics` VALUES (1,7,0,1,1,'2016-03-12 15:41:54'),(2,8,0,1,1,'2016-04-06 21:51:11'),(3,65,0,1,1,'2016-05-05 18:40:12'),(4,70,0,1,1,'2016-06-03 09:28:02'),(5,109,0,1,1,'2016-06-27 10:29:31'),(6,115,0,1,1,'2016-06-27 10:29:32'),(7,128,0,1,1,'2016-06-25 07:24:57'),(8,130,0,1,1,'2016-07-09 01:35:49'),(9,137,0,1,1,'2016-07-09 00:03:37'),(10,152,0,1,1,'2016-07-20 22:35:10'),(11,230,0,1,1,'2016-08-14 17:44:53');

--
-- Table structure for table `ps_gender`
--

CREATE TABLE `ps_gender` (
  `id_gender` int(11) NOT NULL AUTO_INCREMENT,
  `type` tinyint(1) NOT NULL,
  PRIMARY KEY (`id_gender`)
) ENGINE=InnoDB AUTO_INCREMENT=3 DEFAULT CHARSET=utf8;

--
-- Dumping data for table `ps_gender`
--

INSERT INTO `ps_gender` VALUES (1,0),(2,1);

--
-- Table structure for table `ps_gender_lang`
--

CREATE TABLE `ps_gender_lang` (
  `id_gender` int(10) unsigned NOT NULL,
  `id_lang` int(10) unsigned NOT NULL,
  `name` varchar(20) NOT NULL,
  PRIMARY KEY (`id_gender`,`id_lang`),
  KEY `id_gender` (`id_gender`)
) ENGINE=InnoDB DEFAULT CHARSET=utf8;

--
-- Dumping data for table `ps_gender_lang`
--

INSERT INTO `ps_gender_lang` VALUES (1,1,'Sig.'),(2,1,'Sig.ra');

--
-- Table structure for table `ps_group`
--

CREATE TABLE `ps_group` (
  `id_group` int(10) unsigned NOT NULL AUTO_INCREMENT,
  `reduction` decimal(17,2) NOT NULL DEFAULT '0.00',
  `price_display_method` tinyint(4) NOT NULL DEFAULT '0',
  `show_prices` tinyint(1) unsigned NOT NULL DEFAULT '1',
  `date_add` datetime NOT NULL,
  `date_upd` datetime NOT NULL,
  PRIMARY KEY (`id_group`)
) ENGINE=InnoDB AUTO_INCREMENT=4 DEFAULT CHARSET=utf8;

--
-- Dumping data for table `ps_group`
--

INSERT INTO `ps_group` VALUES (1,0.00,0,1,'2016-02-15 10:48:01','2016-02-15 10:48:01'),(2,0.00,0,0,'2016-02-15 10:48:01','2016-07-27 11:23:19'),(3,0.00,0,1,'2016-02-15 10:48:01','2016-02-15 10:48:01');

--
-- Table structure for table `ps_group_lang`
--

CREATE TABLE `ps_group_lang` (
  `id_group` int(10) unsigned NOT NULL,
  `id_lang` int(10) unsigned NOT NULL,
  `name` varchar(32) NOT NULL,
  PRIMARY KEY (`id_group`,`id_lang`)
) ENGINE=InnoDB DEFAULT CHARSET=utf8;

--
-- Dumping data for table `ps_group_lang`
--

INSERT INTO `ps_group_lang` VALUES (1,1,'Visitatore'),(2,1,'Ospite'),(3,1,'Cliente');

--
-- Table structure for table `ps_group_reduction`
--

CREATE TABLE `ps_group_reduction` (
  `id_group_reduction` mediumint(8) unsigned NOT NULL AUTO_INCREMENT,
  `id_group` int(10) unsigned NOT NULL,
  `id_category` int(10) unsigned NOT NULL,
  `reduction` decimal(4,3) NOT NULL,
  PRIMARY KEY (`id_group_reduction`),
  UNIQUE KEY `id_group` (`id_group`,`id_category`)
) ENGINE=InnoDB DEFAULT CHARSET=utf8;

--
-- Dumping data for table `ps_group_reduction`
--


--
-- Table structure for table `ps_group_shop`
--

CREATE TABLE `ps_group_shop` (
  `id_group` int(11) unsigned NOT NULL,
  `id_shop` int(11) unsigned NOT NULL,
  PRIMARY KEY (`id_group`,`id_shop`),
  KEY `id_shop` (`id_shop`)
) ENGINE=InnoDB DEFAULT CHARSET=utf8;

--
-- Dumping data for table `ps_group_shop`
--

INSERT INTO `ps_group_shop` VALUES (1,1),(2,1),(3,1);

--
-- Table structure for table `ps_gsitemap_sitemap`
--

CREATE TABLE `ps_gsitemap_sitemap` (
  `link` varchar(255) DEFAULT NULL,
  `id_shop` int(11) DEFAULT '0'
) ENGINE=InnoDB DEFAULT CHARSET=utf8;

--
-- Dumping data for table `ps_gsitemap_sitemap`
--

INSERT INTO `ps_gsitemap_sitemap` VALUES ('1_it_0_sitemap.xml',1);

--
-- Table structure for table `ps_guest`
--

CREATE TABLE `ps_guest` (
  `id_guest` int(10) unsigned NOT NULL AUTO_INCREMENT,
  `id_operating_system` int(10) unsigned DEFAULT NULL,
  `id_web_browser` int(10) unsigned DEFAULT NULL,
  `id_customer` int(10) unsigned DEFAULT NULL,
  `javascript` tinyint(1) DEFAULT '0',
  `screen_resolution_x` smallint(5) unsigned DEFAULT NULL,
  `screen_resolution_y` smallint(5) unsigned DEFAULT NULL,
  `screen_color` tinyint(3) unsigned DEFAULT NULL,
  `sun_java` tinyint(1) DEFAULT NULL,
  `adobe_flash` tinyint(1) DEFAULT NULL,
  `adobe_director` tinyint(1) DEFAULT NULL,
  `apple_quicktime` tinyint(1) DEFAULT NULL,
  `real_player` tinyint(1) DEFAULT NULL,
  `windows_media` tinyint(1) DEFAULT NULL,
  `accept_language` varchar(8) DEFAULT NULL,
  `mobile_theme` tinyint(1) NOT NULL DEFAULT '0',
  PRIMARY KEY (`id_guest`),
  KEY `id_customer` (`id_customer`),
  KEY `id_operating_system` (`id_operating_system`),
  KEY `id_web_browser` (`id_web_browser`)
) ENGINE=InnoDB DEFAULT CHARSET=utf8;

--
-- Dumping data for table `ps_guest`
--


--
-- Table structure for table `ps_homeslider`
--

CREATE TABLE `ps_homeslider` (
  `id_homeslider_slides` int(10) unsigned NOT NULL AUTO_INCREMENT,
  `id_shop` int(10) unsigned NOT NULL,
  PRIMARY KEY (`id_homeslider_slides`,`id_shop`)
) ENGINE=InnoDB AUTO_INCREMENT=4 DEFAULT CHARSET=utf8;

--
-- Dumping data for table `ps_homeslider`
--

INSERT INTO `ps_homeslider` VALUES (1,1),(2,1),(3,1);

--
-- Table structure for table `ps_homeslider_slides`
--

CREATE TABLE `ps_homeslider_slides` (
  `id_homeslider_slides` int(10) unsigned NOT NULL AUTO_INCREMENT,
  `position` int(10) unsigned NOT NULL DEFAULT '0',
  `active` tinyint(1) unsigned NOT NULL DEFAULT '0',
  PRIMARY KEY (`id_homeslider_slides`)
) ENGINE=InnoDB AUTO_INCREMENT=4 DEFAULT CHARSET=utf8;

--
-- Dumping data for table `ps_homeslider_slides`
--

INSERT INTO `ps_homeslider_slides` VALUES (1,1,1),(2,2,1),(3,3,1);

--
-- Table structure for table `ps_homeslider_slides_lang`
--

CREATE TABLE `ps_homeslider_slides_lang` (
  `id_homeslider_slides` int(10) unsigned NOT NULL,
  `id_lang` int(10) unsigned NOT NULL,
  `title` varchar(255) NOT NULL,
  `description` text NOT NULL,
  `legend` varchar(255) NOT NULL,
  `url` varchar(255) NOT NULL,
  `image` varchar(255) NOT NULL,
  PRIMARY KEY (`id_homeslider_slides`,`id_lang`)
) ENGINE=InnoDB DEFAULT CHARSET=utf8;

--
-- Dumping data for table `ps_homeslider_slides_lang`
--

INSERT INTO `ps_homeslider_slides_lang` VALUES (1,1,'Sample 1','<h2>EXCEPTEUR<br />OCCAECAT</h2>\n				<p>Lorem ipsum dolor sit amet, consectetur adipiscing elit. Proin tristique in tortor et dignissim. Quisque non tempor leo. Maecenas egestas sem elit</p>\n				<p><button class=\"btn btn-default\" type=\"button\">Shop now !</button></p>','sample-1','http://www.prestashop.com/?utm_source=back-office&utm_medium=v16_homeslider&utm_campaign=back-office-IT&utm_content=download','sample-1.jpg'),(2,1,'Sample 2','<h2>EXCEPTEUR<br />OCCAECAT</h2>\n				<p>Lorem ipsum dolor sit amet, consectetur adipiscing elit. Proin tristique in tortor et dignissim. Quisque non tempor leo. Maecenas egestas sem elit</p>\n				<p><button class=\"btn btn-default\" type=\"button\">Shop now !</button></p>','sample-2','http://www.prestashop.com/?utm_source=back-office&utm_medium=v16_homeslider&utm_campaign=back-office-IT&utm_content=download','sample-2.jpg'),(3,1,'Sample 3','<h2>EXCEPTEUR<br />OCCAECAT</h2>\n				<p>Lorem ipsum dolor sit amet, consectetur adipiscing elit. Proin tristique in tortor et dignissim. Quisque non tempor leo. Maecenas egestas sem elit</p>\n				<p><button class=\"btn btn-default\" type=\"button\">Shop now !</button></p>','sample-3','http://www.prestashop.com/?utm_source=back-office&utm_medium=v16_homeslider&utm_campaign=back-office-IT&utm_content=download','sample-3.jpg');

--
-- Table structure for table `ps_hook`
--

CREATE TABLE `ps_hook` (
  `id_hook` int(10) unsigned NOT NULL AUTO_INCREMENT,
  `name` varchar(64) NOT NULL,
  `title` varchar(64) NOT NULL,
  `description` text,
  `position` tinyint(1) NOT NULL DEFAULT '1',
  `live_edit` tinyint(1) NOT NULL DEFAULT '0',
  PRIMARY KEY (`id_hook`),
  UNIQUE KEY `hook_name` (`name`)
) ENGINE=InnoDB AUTO_INCREMENT=169 DEFAULT CHARSET=utf8;

--
-- Dumping data for table `ps_hook`
--

INSERT INTO `ps_hook` VALUES (1,'displayPayment','Payment','This hook displays new elements on the payment page',1,1),(2,'actionValidateOrder','New orders','',1,0),(3,'displayMaintenance','Maintenance Page','This hook displays new elements on the maintenance page',1,0),(4,'actionPaymentConfirmation','Payment confirmation','This hook displays new elements after the payment is validated',1,0),(5,'displayPaymentReturn','Payment return','',1,0),(6,'actionUpdateQuantity','Quantity update','Quantity is updated only when a customer effectively places their order',1,0),(7,'displayRightColumn','Right column blocks','This hook displays new elements in the right-hand column',1,1),(8,'displayLeftColumn','Left column blocks','This hook displays new elements in the left-hand column',1,1),(9,'displayHome','Homepage content','This hook displays new elements on the homepage',1,1),(10,'Header','Pages html head section','This hook adds additional elements in the head section of your pages (head section of html)',1,0),(11,'actionCartSave','Cart creation and update','This hook is displayed when a product is added to the cart or if the cart\'s content is modified',1,0),(12,'actionAuthentication','Successful customer authentication','This hook is displayed after a customer successfully signs in',1,0),(13,'actionProductAdd','Product creation','This hook is displayed after a product is created',1,0),(14,'actionProductUpdate','Product update','This hook is displayed after a product has been updated',1,0),(15,'displayTop','Top of pages','This hook displays additional elements at the top of your pages',1,0),(16,'displayRightColumnProduct','New elements on the product page (right column)','This hook displays new elements in the right-hand column of the product page',1,0),(17,'actionProductDelete','Product deletion','This hook is called when a product is deleted',1,0),(18,'displayFooterProduct','Product footer','This hook adds new blocks under the product\'s description',1,1),(19,'displayInvoice','Invoice','This hook displays new blocks on the invoice (order)',1,0),(20,'actionOrderStatusUpdate','Order status update - Event','This hook launches modules when the status of an order changes.',1,0),(21,'displayAdminOrder','Display new elements in the Back Office, tab AdminOrder','This hook launches modules when the AdminOrder tab is displayed in the Back Office',1,0),(22,'displayAdminOrderTabOrder','Display new elements in Back Office, AdminOrder, panel Order','This hook launches modules when the AdminOrder tab is displayed in the Back Office and extends / override Order panel tabs',1,0),(23,'displayAdminOrderTabShip','Display new elements in Back Office, AdminOrder, panel Shipping','This hook launches modules when the AdminOrder tab is displayed in the Back Office and extends / override Shipping panel tabs',1,0),(24,'displayAdminOrderContentOrder','Display new elements in Back Office, AdminOrder, panel Order','This hook launches modules when the AdminOrder tab is displayed in the Back Office and extends / override Order panel content',1,0),(25,'displayAdminOrderContentShip','Display new elements in Back Office, AdminOrder, panel Shipping','This hook launches modules when the AdminOrder tab is displayed in the Back Office and extends / override Shipping panel content',1,0),(26,'displayFooter','Footer','This hook displays new blocks in the footer',1,0),(27,'displayPDFInvoice','PDF Invoice','This hook allows you to display additional information on PDF invoices',1,0),(28,'displayInvoiceLegalFreeText','PDF Invoice - Legal Free Text','This hook allows you to modify the legal free text on PDF invoices',1,0),(29,'displayAdminCustomers','Display new elements in the Back Office, tab AdminCustomers','This hook launches modules when the AdminCustomers tab is displayed in the Back Office',1,0),(30,'displayOrderConfirmation','Order confirmation page','This hook is called within an order\'s confirmation page',1,0),(31,'actionCustomerAccountAdd','Successful customer account creation','This hook is called when a new customer creates an account successfully',1,0),(32,'displayCustomerAccount','Customer account displayed in Front Office','This hook displays new elements on the customer account page',1,0),(33,'displayCustomerIdentityForm','Customer identity form displayed in Front Office','This hook displays new elements on the form to update a customer identity',1,0),(34,'actionOrderSlipAdd','Order slip creation','This hook is called when a new credit slip is added regarding client order',1,0),(35,'displayProductTab','Tabs on product page','This hook is called on the product page\'s tab',1,0),(36,'displayProductTabContent','Tabs content on the product page','This hook is called on the product page\'s tab',1,0),(37,'displayShoppingCartFooter','Shopping cart footer','This hook displays some specific information on the shopping cart\'s page',1,0),(38,'displayCustomerAccountForm','Customer account creation form','This hook displays some information on the form to create a customer account',1,0),(39,'displayAdminStatsModules','Stats - Modules','',1,0),(40,'displayAdminStatsGraphEngine','Graph engines','',1,0),(41,'actionOrderReturn','Returned product','This hook is displayed when a customer returns a product ',1,0),(42,'displayProductButtons','Product page actions','This hook adds new action buttons on the product page',1,0),(43,'displayBackOfficeHome','Administration panel homepage','This hook is displayed on the admin panel\'s homepage',1,0),(44,'displayAdminStatsGridEngine','Grid engines','',1,0),(45,'actionWatermark','Watermark','',1,0),(46,'actionProductCancel','Product cancelled','This hook is called when you cancel a product in an order',1,0),(47,'displayLeftColumnProduct','New elements on the product page (left column)','This hook displays new elements in the left-hand column of the product page',1,0),(48,'actionProductOutOfStock','Out-of-stock product','This hook displays new action buttons if a product is out of stock',1,0),(49,'actionProductAttributeUpdate','Product attribute update','This hook is displayed when a product\'s attribute is updated',1,0),(50,'displayCarrierList','Extra carrier (module mode)','',1,0),(51,'displayShoppingCart','Shopping cart - Additional button','This hook displays new action buttons within the shopping cart',1,0),(52,'actionSearch','Search','',1,0),(53,'displayBeforePayment','Redirect during the order process','This hook redirects the user to the module instead of displaying payment modules',1,0),(54,'actionCarrierUpdate','Carrier Update','This hook is called when a carrier is updated',1,0),(55,'actionOrderStatusPostUpdate','Post update of order status','',1,0),(56,'displayCustomerAccountFormTop','Block above the form for create an account','This hook is displayed above the customer\'s account creation form',1,0),(57,'displayBackOfficeHeader','Administration panel header','This hook is displayed in the header of the admin panel',1,0),(58,'displayBackOfficeTop','Administration panel hover the tabs','This hook is displayed on the roll hover of the tabs within the admin panel',1,0),(59,'displayBackOfficeFooter','Administration panel footer','This hook is displayed within the admin panel\'s footer',1,0),(60,'actionProductAttributeDelete','Product attribute deletion','This hook is displayed when a product\'s attribute is deleted',1,0),(61,'actionCarrierProcess','Carrier process','',1,0),(62,'actionOrderDetail','Order detail','This hook is used to set the follow-up in Smarty when an order\'s detail is called',1,0),(63,'displayBeforeCarrier','Before carriers list','This hook is displayed before the carrier list in Front Office',1,0),(64,'displayOrderDetail','Order detail','This hook is displayed within the order\'s details in Front Office',1,0),(65,'actionPaymentCCAdd','Payment CC added','',1,0),(66,'displayProductComparison','Extra product comparison','',1,0),(67,'actionCategoryAdd','Category creation','This hook is displayed when a category is created',1,0),(68,'actionCategoryUpdate','Category modification','This hook is displayed when a category is modified',1,0),(69,'actionCategoryDelete','Category deletion','This hook is displayed when a category is deleted',1,0),(70,'actionBeforeAuthentication','Before authentication','This hook is displayed before the customer\'s authentication',1,0),(71,'displayPaymentTop','Top of payment page','This hook is displayed at the top of the payment page',1,0),(72,'actionHtaccessCreate','After htaccess creation','This hook is displayed after the htaccess creation',1,0),(73,'actionAdminMetaSave','After saving the configuration in AdminMeta','This hook is displayed after saving the configuration in AdminMeta',1,0),(74,'displayAttributeGroupForm','Add fields to the form \'attribute group\'','This hook adds fields to the form \'attribute group\'',1,0),(75,'actionAttributeGroupSave','Saving an attribute group','This hook is called while saving an attributes group',1,0),(76,'actionAttributeGroupDelete','Deleting attribute group','This hook is called while deleting an attributes  group',1,0),(77,'displayFeatureForm','Add fields to the form \'feature\'','This hook adds fields to the form \'feature\'',1,0),(78,'actionFeatureSave','Saving attributes\' features','This hook is called while saving an attributes features',1,0),(79,'actionFeatureDelete','Deleting attributes\' features','This hook is called while deleting an attributes features',1,0),(80,'actionProductSave','Saving products','This hook is called while saving products',1,0),(81,'actionProductListOverride','Assign a products list to a category','This hook assigns a products list to a category',1,0),(82,'displayAttributeGroupPostProcess','On post-process in admin attribute group','This hook is called on post-process in admin attribute group',1,0),(83,'displayFeaturePostProcess','On post-process in admin feature','This hook is called on post-process in admin feature',1,0),(84,'displayFeatureValueForm','Add fields to the form \'feature value\'','This hook adds fields to the form \'feature value\'',1,0),(85,'displayFeatureValuePostProcess','On post-process in admin feature value','This hook is called on post-process in admin feature value',1,0),(86,'actionFeatureValueDelete','Deleting attributes\' features\' values','This hook is called while deleting an attributes features value',1,0),(87,'actionFeatureValueSave','Saving an attributes features value','This hook is called while saving an attributes features value',1,0),(88,'displayAttributeForm','Add fields to the form \'attribute value\'','This hook adds fields to the form \'attribute value\'',1,0),(89,'actionAttributePostProcess','On post-process in admin feature value','This hook is called on post-process in admin feature value',1,0),(90,'actionAttributeDelete','Deleting an attributes features value','This hook is called while deleting an attributes features value',1,0),(91,'actionAttributeSave','Saving an attributes features value','This hook is called while saving an attributes features value',1,0),(92,'actionTaxManager','Tax Manager Factory','',1,0),(93,'displayMyAccountBlock','My account block','This hook displays extra information within the \'my account\' block\"',1,0),(94,'actionModuleInstallBefore','actionModuleInstallBefore','',1,0),(95,'actionModuleInstallAfter','actionModuleInstallAfter','',1,0),(96,'displayHomeTab','Home Page Tabs','This hook displays new elements on the homepage tabs',1,1),(97,'displayHomeTabContent','Home Page Tabs Content','This hook displays new elements on the homepage tabs content',1,1),(98,'displayTopColumn','Top column blocks','This hook displays new elements in the top of columns',1,1),(99,'displayBackOfficeCategory','Display new elements in the Back Office, tab AdminCategories','This hook launches modules when the AdminCategories tab is displayed in the Back Office',1,0),(100,'displayProductListFunctionalButtons','Display new elements in the Front Office, products list','This hook launches modules when the products list is displayed in the Front Office',1,0),(101,'displayNav','Navigation','',1,1),(102,'displayOverrideTemplate','Change the default template of current controller','',1,0),(103,'actionAdminLoginControllerSetMedia','Set media on admin login page header','This hook is called after adding media to admin login page header',1,0),(104,'actionOrderEdited','Order edited','This hook is called when an order is edited.',1,0),(105,'actionEmailAddBeforeContent','Add extra content before mail content','This hook is called just before fetching mail template',1,0),(106,'actionEmailAddAfterContent','Add extra content after mail content','This hook is called just after fetching mail template',1,0),(107,'actionObjectProductUpdateAfter','actionObjectProductUpdateAfter','',0,0),(108,'actionObjectProductDeleteAfter','actionObjectProductDeleteAfter','',0,0),(109,'displayCompareExtraInformation','displayCompareExtraInformation','',1,1),(110,'displaySocialSharing','displaySocialSharing','',1,1),(111,'displayBanner','displayBanner','',1,1),(112,'actionObjectLanguageAddAfter','actionObjectLanguageAddAfter','',0,0),(113,'displayPaymentEU','displayPaymentEU','',1,1),(114,'actionCartListOverride','actionCartListOverride','',0,0),(115,'actionAdminMetaControllerUpdate_optionsBefore','actionAdminMetaControllerUpdate_optionsBefore','',0,0),(116,'actionAdminLanguagesControllerStatusBefore','actionAdminLanguagesControllerStatusBefore','',0,0),(117,'actionObjectCmsUpdateAfter','actionObjectCmsUpdateAfter','',0,0),(118,'actionObjectCmsDeleteAfter','actionObjectCmsDeleteAfter','',0,0),(119,'actionShopDataDuplication','actionShopDataDuplication','',0,0),(120,'actionAdminStoresControllerUpdate_optionsAfter','actionAdminStoresControllerUpdate_optionsAfter','',0,0),(121,'actionObjectManufacturerDeleteAfter','actionObjectManufacturerDeleteAfter','',0,0),(122,'actionObjectManufacturerAddAfter','actionObjectManufacturerAddAfter','',0,0),(123,'actionObjectManufacturerUpdateAfter','actionObjectManufacturerUpdateAfter','',0,0),(125,'actionModuleRegisterHookAfter','actionModuleRegisterHookAfter','',0,0),(126,'actionModuleUnRegisterHookAfter','actionModuleUnRegisterHookAfter','',0,0),(127,'displayMyAccountBlockfooter','My account block','Display extra informations inside the \"my account\" block',1,0),(128,'displayMobileTopSiteMap','displayMobileTopSiteMap','',1,1),(129,'displaySearch','displaySearch','',1,1),(130,'actionObjectSupplierDeleteAfter','actionObjectSupplierDeleteAfter','',0,0),(131,'actionObjectSupplierAddAfter','actionObjectSupplierAddAfter','',0,0),(132,'actionObjectSupplierUpdateAfter','actionObjectSupplierUpdateAfter','',0,0),(133,'actionObjectCategoryUpdateAfter','actionObjectCategoryUpdateAfter','',0,0),(134,'actionObjectCategoryDeleteAfter','actionObjectCategoryDeleteAfter','',0,0),(135,'actionObjectCategoryAddAfter','actionObjectCategoryAddAfter','',0,0),(136,'actionObjectCmsAddAfter','actionObjectCmsAddAfter','',0,0),(137,'actionObjectProductAddAfter','actionObjectProductAddAfter','',0,0),(138,'dashboardZoneOne','dashboardZoneOne','',0,0),(139,'dashboardData','dashboardData','',0,0),(140,'actionObjectOrderAddAfter','actionObjectOrderAddAfter','',0,0),(141,'actionObjectCustomerAddAfter','actionObjectCustomerAddAfter','',0,0),(142,'actionObjectCustomerMessageAddAfter','actionObjectCustomerMessageAddAfter','',0,0),(143,'actionObjectCustomerThreadAddAfter','actionObjectCustomerThreadAddAfter','',0,0),(144,'actionObjectOrderReturnAddAfter','actionObjectOrderReturnAddAfter','',0,0),(145,'actionAdminControllerSetMedia','actionAdminControllerSetMedia','',0,0),(146,'dashboardZoneTwo','dashboardZoneTwo','',0,0),(147,'displayProductListReviews','displayProductListReviews','',1,1),(148,'actionAdminMetaControllerUpdate_optionsAfter','actionAdminMetaControllerUpdate_optionsAfter','',0,0),(149,'actionAdminPerformanceControllerSaveAfter','actionAdminPerformanceControllerSaveAfter','',0,0),(150,'actionObjectCarrierAddAfter','actionObjectCarrierAddAfter','',0,0),(151,'actionObjectContactAddAfter','actionObjectContactAddAfter','',0,0),(152,'actionAdminThemesControllerUpdate_optionsAfter','actionAdminThemesControllerUpdate_optionsAfter','',0,0),(153,'actionObjectShopUpdateAfter','actionObjectShopUpdateAfter','',0,0),(154,'actionAdminPreferencesControllerUpdate_optionsAfter','actionAdminPreferencesControllerUpdate_optionsAfter','',0,0),(155,'actionObjectShopAddAfter','actionObjectShopAddAfter','',0,0),(156,'actionObjectShopGroupAddAfter','actionObjectShopGroupAddAfter','',0,0),(157,'actionObjectCartAddAfter','actionObjectCartAddAfter','',0,0),(158,'actionObjectEmployeeAddAfter','actionObjectEmployeeAddAfter','',0,0),(159,'actionObjectImageAddAfter','actionObjectImageAddAfter','',0,0),(160,'actionObjectCartRuleAddAfter','actionObjectCartRuleAddAfter','',0,0),(161,'actionAdminStoresControllerSaveAfter','actionAdminStoresControllerSaveAfter','',0,0),(162,'actionAdminWebserviceControllerSaveAfter','actionAdminWebserviceControllerSaveAfter','',0,0),(163,'gSitemapAppendUrls','GSitemap Append URLs','This hook allows a module to add URLs to a generated sitemap',1,0),(164,'actionPSCleanerGetModulesTables','actionPSCleanerGetModulesTables','',0,0),(165,'displayMobileHeader','displayMobileHeader','',1,1),(166,'displayMobileShoppingCartTop','displayMobileShoppingCartTop','',1,1),(167,'displayMobileAddToCartTop','displayMobileAddToCartTop','',1,1),(168,'actionProductCoverage','actionProductCoverage','',0,0);

--
-- Table structure for table `ps_hook_alias`
--

CREATE TABLE `ps_hook_alias` (
  `id_hook_alias` int(10) unsigned NOT NULL AUTO_INCREMENT,
  `alias` varchar(64) NOT NULL,
  `name` varchar(64) NOT NULL,
  PRIMARY KEY (`id_hook_alias`),
  UNIQUE KEY `alias` (`alias`)
) ENGINE=InnoDB AUTO_INCREMENT=87 DEFAULT CHARSET=utf8;

--
-- Dumping data for table `ps_hook_alias`
--

INSERT INTO `ps_hook_alias` VALUES (1,'payment','displayPayment'),(2,'newOrder','actionValidateOrder'),(3,'paymentConfirm','actionPaymentConfirmation'),(4,'paymentReturn','displayPaymentReturn'),(5,'updateQuantity','actionUpdateQuantity'),(6,'rightColumn','displayRightColumn'),(7,'leftColumn','displayLeftColumn'),(8,'home','displayHome'),(9,'displayHeader','Header'),(10,'cart','actionCartSave'),(11,'authentication','actionAuthentication'),(12,'addproduct','actionProductAdd'),(13,'updateproduct','actionProductUpdate'),(14,'top','displayTop'),(15,'extraRight','displayRightColumnProduct'),(16,'deleteproduct','actionProductDelete'),(17,'productfooter','displayFooterProduct'),(18,'invoice','displayInvoice'),(19,'updateOrderStatus','actionOrderStatusUpdate'),(20,'adminOrder','displayAdminOrder'),(21,'footer','displayFooter'),(22,'PDFInvoice','displayPDFInvoice'),(23,'adminCustomers','displayAdminCustomers'),(24,'orderConfirmation','displayOrderConfirmation'),(25,'createAccount','actionCustomerAccountAdd'),(26,'customerAccount','displayCustomerAccount'),(27,'orderSlip','actionOrderSlipAdd'),(28,'productTab','displayProductTab'),(29,'productTabContent','displayProductTabContent'),(30,'shoppingCart','displayShoppingCartFooter'),(31,'createAccountForm','displayCustomerAccountForm'),(32,'AdminStatsModules','displayAdminStatsModules'),(33,'GraphEngine','displayAdminStatsGraphEngine'),(34,'orderReturn','actionOrderReturn'),(35,'productActions','displayProductButtons'),(36,'backOfficeHome','displayBackOfficeHome'),(37,'GridEngine','displayAdminStatsGridEngine'),(38,'watermark','actionWatermark'),(39,'cancelProduct','actionProductCancel'),(40,'extraLeft','displayLeftColumnProduct'),(41,'productOutOfStock','actionProductOutOfStock'),(42,'updateProductAttribute','actionProductAttributeUpdate'),(43,'extraCarrier','displayCarrierList'),(44,'shoppingCartExtra','displayShoppingCart'),(45,'search','actionSearch'),(46,'backBeforePayment','displayBeforePayment'),(47,'updateCarrier','actionCarrierUpdate'),(48,'postUpdateOrderStatus','actionOrderStatusPostUpdate'),(49,'createAccountTop','displayCustomerAccountFormTop'),(50,'backOfficeHeader','displayBackOfficeHeader'),(51,'backOfficeTop','displayBackOfficeTop'),(52,'backOfficeFooter','displayBackOfficeFooter'),(53,'deleteProductAttribute','actionProductAttributeDelete'),(54,'processCarrier','actionCarrierProcess'),(55,'orderDetail','actionOrderDetail'),(56,'beforeCarrier','displayBeforeCarrier'),(57,'orderDetailDisplayed','displayOrderDetail'),(58,'paymentCCAdded','actionPaymentCCAdd'),(59,'extraProductComparison','displayProductComparison'),(60,'categoryAddition','actionCategoryAdd'),(61,'categoryUpdate','actionCategoryUpdate'),(62,'categoryDeletion','actionCategoryDelete'),(63,'beforeAuthentication','actionBeforeAuthentication'),(64,'paymentTop','displayPaymentTop'),(65,'afterCreateHtaccess','actionHtaccessCreate'),(66,'afterSaveAdminMeta','actionAdminMetaSave'),(67,'attributeGroupForm','displayAttributeGroupForm'),(68,'afterSaveAttributeGroup','actionAttributeGroupSave'),(69,'afterDeleteAttributeGroup','actionAttributeGroupDelete'),(70,'featureForm','displayFeatureForm'),(71,'afterSaveFeature','actionFeatureSave'),(72,'afterDeleteFeature','actionFeatureDelete'),(73,'afterSaveProduct','actionProductSave'),(74,'productListAssign','actionProductListOverride'),(75,'postProcessAttributeGroup','displayAttributeGroupPostProcess'),(76,'postProcessFeature','displayFeaturePostProcess'),(77,'featureValueForm','displayFeatureValueForm'),(78,'postProcessFeatureValue','displayFeatureValuePostProcess'),(79,'afterDeleteFeatureValue','actionFeatureValueDelete'),(80,'afterSaveFeatureValue','actionFeatureValueSave'),(81,'attributeForm','displayAttributeForm'),(82,'postProcessAttribute','actionAttributePostProcess'),(83,'afterDeleteAttribute','actionAttributeDelete'),(84,'afterSaveAttribute','actionAttributeSave'),(85,'taxManager','actionTaxManager'),(86,'myAccountBlock','displayMyAccountBlock');

--
-- Table structure for table `ps_hook_module`
--

CREATE TABLE `ps_hook_module` (
  `id_module` int(10) unsigned NOT NULL,
  `id_shop` int(11) unsigned NOT NULL DEFAULT '1',
  `id_hook` int(10) unsigned NOT NULL,
  `position` tinyint(2) unsigned NOT NULL,
  PRIMARY KEY (`id_module`,`id_hook`,`id_shop`),
  KEY `id_hook` (`id_hook`),
  KEY `id_module` (`id_module`),
  KEY `position` (`id_shop`,`position`)
) ENGINE=InnoDB DEFAULT CHARSET=utf8;

--
-- Dumping data for table `ps_hook_module`
--

INSERT INTO `ps_hook_module` VALUES (1,1,10,1),(1,1,107,1),(1,1,108,1),(1,1,109,1),(2,1,111,1),(2,1,112,1),(3,1,1,1),(3,1,5,1),(3,1,113,1),(5,1,114,1),(7,1,8,1),(7,1,99,1),(7,1,115,1),(7,1,116,1),(11,1,67,1),(11,1,68,1),(11,1,69,1),(11,1,74,1),(11,1,75,1),(11,1,76,1),(11,1,77,1),(11,1,78,1),(11,1,79,1),(11,1,80,1),(11,1,81,1),(11,1,82,1),(11,1,83,1),(11,1,84,1),(11,1,85,1),(11,1,86,1),(11,1,87,1),(11,1,88,1),(11,1,89,1),(11,1,90,1),(11,1,91,1),(12,1,117,1),(12,1,118,1),(12,1,119,1),(12,1,120,1),(16,1,121,1),(16,1,122,1),(16,1,123,1),(17,1,125,1),(18,1,126,1),(19,1,13,1),(19,1,14,1),(19,1,17,1),(20,1,31,1),(22,1,128,1),(25,1,130,1),(25,1,131,1),(25,1,132,1),(31,1,138,1),(31,1,139,1),(31,1,140,1),(31,1,141,1),(31,1,142,1),(31,1,143,1),(31,1,144,1),(31,1,145,1),(32,1,146,1),(35,1,40,1),(36,1,44,1),(37,1,98,1),(40,1,39,1),(50,1,12,1),(50,1,26,1),(63,1,9,1),(63,1,57,1),(64,1,2,1),(64,1,20,1),(64,1,95,1),(64,1,148,1),(64,1,149,1),(64,1,150,1),(64,1,151,1),(64,1,152,1),(64,1,153,1),(64,1,154,1),(64,1,155,1),(64,1,156,1),(64,1,157,1),(64,1,158,1),(64,1,159,1),(64,1,160,1),(64,1,161,1),(64,1,162,1),(65,1,11,1),(65,1,15,1),(65,1,29,1),(65,1,32,1),(65,1,42,1),(65,1,93,1),(65,1,100,1),(66,1,35,1),(66,1,36,1),(66,1,66,1),(66,1,147,1),(67,1,47,1),(71,1,9,1),(75,1,37,1),(76,1,101,1),(78,1,6,1),(78,1,54,1),(78,1,58,1),(81,1,21,1),(81,1,30,1),(81,1,46,1),(82,1,51,1),(82,1,53,1),(82,1,164,1),(82,1,165,1),(82,1,166,1),(82,1,167,1),(83,1,41,1),(83,1,48,1),(83,1,49,1),(83,1,60,1),(83,1,104,1),(83,1,168,1),(84,1,45,1),(1,1,47,2),(2,1,10,2),(4,1,55,2),(5,1,10,2),(7,1,67,2),(7,1,69,2),(9,1,9,2),(11,1,8,2),(14,1,101,2),(15,1,26,2),(18,1,125,2),(23,1,13,2),(23,1,14,2),(23,1,17,2),(27,1,133,2),(27,1,134,2),(27,1,135,2),(30,1,1,2),(30,1,5,2),(30,1,113,2),(32,1,139,2),(32,1,145,2),(33,1,146,2),(39,1,42,2),(41,1,39,2),(50,1,31,2),(60,1,52,2),(63,1,98,2),(63,1,112,2),(64,1,57,2),(64,1,120,2),(64,1,136,2),(64,1,137,2),(64,1,141,2),(64,1,143,2),(66,1,15,2),(70,1,9,2),(70,1,68,2),(74,1,98,2),(77,1,18,2),(78,1,2,2),(78,1,20,2),(81,1,11,2),(82,1,21,2),(82,1,46,2),(83,1,6,2),(83,1,32,2),(83,1,93,2),(6,1,10,3),(10,1,15,3),(13,1,9,3),(20,1,26,3),(25,1,8,3),(27,1,107,3),(27,1,108,3),(27,1,117,3),(27,1,118,3),(27,1,121,3),(27,1,122,3),(27,1,123,3),(27,1,130,3),(27,1,131,3),(27,1,132,3),(27,1,136,3),(27,1,137,3),(33,1,139,3),(33,1,145,3),(34,1,146,3),(37,1,119,3),(38,1,13,3),(38,1,14,3),(38,1,17,3),(42,1,39,3),(64,1,140,3),(66,1,47,3),(68,1,57,3),(68,1,125,3),(68,1,126,3),(71,1,68,3),(75,1,18,3),(75,1,55,3),(82,1,1,3),(82,1,5,3),(82,1,113,3),(83,1,2,3),(6,1,26,4),(8,1,10,4),(27,1,68,4),(29,1,8,4),(34,1,139,4),(35,1,145,4),(40,1,15,4),(43,1,39,4),(77,1,13,4),(77,1,14,4),(77,1,17,4),(81,1,9,4),(81,1,18,4),(81,1,57,4),(4,1,13,5),(4,1,14,5),(4,1,17,5),(7,1,68,5),(10,1,10,5),(12,1,26,5),(19,1,8,5),(41,1,15,5),(44,1,39,5),(82,1,18,5),(82,1,57,5),(8,1,15,6),(12,1,10,6),(17,1,8,6),(45,1,39,6),(63,1,26,6),(70,1,13,6),(70,1,14,6),(70,1,17,6),(15,1,10,7),(27,1,15,7),(27,1,119,7),(46,1,39,7),(63,1,8,7),(71,1,13,7),(71,1,14,7),(71,1,17,7),(81,1,26,7),(4,1,8,8),(9,1,10,8),(16,1,10,8),(22,1,15,8),(47,1,39,8),(74,1,119,8),(78,1,13,8),(78,1,14,8),(78,1,17,8),(5,1,15,9),(17,1,10,9),(48,1,39,9),(83,1,17,9),(18,1,10,10),(49,1,39,10),(19,1,10,11),(51,1,39,11),(14,1,10,12),(20,1,10,12),(52,1,39,12),(21,1,10,13),(53,1,39,13),(23,1,10,14),(54,1,39,14),(24,1,10,15),(55,1,39,15),(25,1,10,16),(56,1,39,16),(26,1,10,17),(57,1,39,17),(28,1,10,18),(58,1,39,18),(38,1,10,19),(59,1,39,19),(60,1,39,20),(65,1,10,20),(61,1,39,21),(66,1,10,21),(62,1,39,22),(67,1,10,22),(77,1,10,23),(29,1,10,24),(4,1,10,25),(11,1,10,26),(76,1,10,27),(37,1,10,28),(70,1,10,28),(71,1,10,29),(39,1,10,30),(75,1,10,30),(22,1,10,31),(63,1,10,31),(27,1,10,32),(74,1,10,33),(7,1,10,34),(78,1,10,35),(81,1,10,36),(82,1,10,37),(83,1,10,38);

--
-- Table structure for table `ps_hook_module_exceptions`
--

CREATE TABLE `ps_hook_module_exceptions` (
  `id_hook_module_exceptions` int(10) unsigned NOT NULL AUTO_INCREMENT,
  `id_shop` int(11) unsigned NOT NULL DEFAULT '1',
  `id_module` int(10) unsigned NOT NULL,
  `id_hook` int(10) unsigned NOT NULL,
  `file_name` varchar(255) DEFAULT NULL,
  PRIMARY KEY (`id_hook_module_exceptions`),
  KEY `id_module` (`id_module`),
  KEY `id_hook` (`id_hook`)
) ENGINE=InnoDB AUTO_INCREMENT=469 DEFAULT CHARSET=utf8;

--
-- Dumping data for table `ps_hook_module_exceptions`
--

INSERT INTO `ps_hook_module_exceptions` VALUES (1,1,4,8,'category'),(2,1,16,8,'category'),(3,1,17,8,'category'),(4,1,21,8,'category'),(5,1,25,8,'category'),(8,1,11,8,'cms'),(9,1,11,8,'address'),(10,1,11,8,'orderopc'),(11,1,11,8,'index'),(12,1,11,8,'addresses'),(13,1,11,8,'cms'),(14,1,11,8,'sitemap'),(15,1,11,8,'identity'),(16,1,11,8,'contact'),(17,1,11,8,'auth'),(18,1,11,8,'stores'),(19,1,11,8,'index'),(20,1,11,8,'orderslip'),(21,1,11,8,'discount'),(22,1,11,8,'password'),(23,1,11,8,'orderopc'),(24,1,11,8,'identity'),(25,1,11,8,'contact'),(26,1,11,8,'order'),(27,1,11,8,'index'),(28,1,11,8,'contact'),(29,1,11,8,'address'),(30,1,11,8,'order'),(31,1,11,8,'pagenotfound'),(32,1,11,8,'auth'),(33,1,11,8,'cart'),(34,1,11,8,'auth'),(35,1,11,8,'index'),(36,1,11,8,'identity'),(37,1,11,8,'cart'),(38,1,11,8,'orderfollow'),(39,1,11,8,'stores'),(40,1,11,8,'orderfollow'),(41,1,11,8,'stores'),(42,1,11,8,'identity'),(43,1,11,8,'orderopc'),(44,1,11,8,'orderslip'),(45,1,11,8,'auth'),(46,1,11,8,'orderslip'),(47,1,11,8,'password'),(48,1,11,8,'cart'),(49,1,11,8,'index'),(50,1,11,8,'order'),(51,1,11,8,'password'),(52,1,11,8,'identity'),(53,1,11,8,'orderslip'),(54,1,11,8,'myaccount'),(55,1,11,8,'identity'),(56,1,11,8,'order'),(57,1,11,8,'contact'),(58,1,11,8,'order'),(59,1,11,8,'discount'),(60,1,11,8,'sitemap'),(61,1,11,8,'orderslip'),(62,1,11,8,'address'),(63,1,11,8,'auth'),(64,1,11,8,'addresses'),(65,1,11,8,'discount'),(66,1,11,8,'addresses'),(67,1,11,8,'address'),(68,1,11,8,'cart'),(69,1,11,8,'sitemap'),(70,1,11,8,'auth'),(71,1,11,8,'o'),(72,1,11,8,'order'),(73,1,11,8,'orderslip'),(74,1,11,8,'cart'),(75,1,11,8,'identity'),(76,1,11,8,'addresses'),(77,1,11,8,'password'),(78,1,11,8,'index'),(79,1,11,8,'orderopc'),(80,1,11,8,'stores'),(81,1,11,8,'password'),(82,1,11,8,'auth'),(83,1,11,8,'password'),(84,1,11,8,'cms'),(85,1,11,8,'address'),(86,1,11,8,'aut'),(87,1,11,8,'cms'),(88,1,11,8,'product'),(89,1,11,8,'password'),(90,1,11,8,'stores'),(91,1,11,8,'orderopc'),(92,1,11,8,'myaccount'),(93,1,11,8,'addresses'),(94,1,11,8,'cart'),(95,1,11,8,'stores'),(96,1,11,8,'pr'),(97,1,11,8,'product'),(98,1,11,8,'index'),(99,1,11,8,'stores'),(100,1,11,8,'identity'),(101,1,11,8,'orderopc'),(102,1,11,8,'auth'),(103,1,11,8,'auth'),(104,1,11,8,'auth'),(105,1,11,8,'cms'),(106,1,11,8,'contact'),(107,1,11,8,'order'),(108,1,11,8,'stores'),(109,1,11,8,'identity'),(110,1,11,8,'cart'),(111,1,11,8,'cart'),(112,1,11,8,'order'),(113,1,11,8,'my'),(114,1,11,8,'address'),(115,1,11,8,'orderfollow'),(116,1,11,8,'pageno'),(117,1,11,8,'addresses'),(118,1,11,8,'addresses'),(119,1,11,8,'orderopc'),(120,1,11,8,'cart'),(121,1,11,8,'or'),(122,1,11,8,'addresses'),(123,1,11,8,'sitemap'),(124,1,11,8,'orderfollow'),(125,1,11,8,'identity'),(126,1,11,8,'orderfollow'),(127,1,11,8,'contact'),(128,1,11,8,'a'),(129,1,19,8,'sitemap'),(130,1,19,8,'discount'),(131,1,19,8,'identity'),(132,1,19,8,'password'),(133,1,19,8,'cart'),(134,1,19,8,'discount'),(135,1,19,8,'product'),(136,1,19,8,'index'),(137,1,19,8,'auth'),(138,1,19,8,'discount'),(139,1,19,8,'identity'),(140,1,19,8,'index'),(141,1,19,8,'order'),(142,1,19,8,'orderopc'),(143,1,19,8,'orderslip'),(144,1,19,8,'index'),(145,1,19,8,'pagenotfound'),(146,1,19,8,'address'),(147,1,19,8,'index'),(148,1,19,8,'discount'),(149,1,19,8,'cms'),(150,1,19,8,'addresses'),(151,1,19,8,'index'),(152,1,19,8,'product'),(153,1,19,8,'discount'),(154,1,19,8,'orderslip'),(155,1,19,8,'myaccount'),(156,1,19,8,'contact'),(157,1,19,8,'index'),(158,1,19,8,'cart'),(159,1,19,8,'cart'),(160,1,19,8,'order'),(161,1,19,8,'orderslip'),(162,1,19,8,'product'),(163,1,19,8,'sitemap'),(164,1,19,8,'identity'),(165,1,19,8,'identity'),(166,1,19,8,'orderfollow'),(167,1,19,8,'sitemap'),(168,1,19,8,'order'),(169,1,19,8,'orderslip'),(170,1,19,8,'product'),(171,1,19,8,'addresses'),(172,1,19,8,'index'),(173,1,19,8,'address'),(174,1,19,8,'stores'),(175,1,19,8,'index'),(176,1,19,8,'address'),(177,1,19,8,'cms'),(178,1,19,8,'contact'),(179,1,19,8,'password'),(180,1,19,8,'password'),(181,1,19,8,'sitemap'),(182,1,19,8,'orderopc'),(183,1,19,8,'sitemap'),(184,1,19,8,'order'),(185,1,19,8,'cart'),(186,1,19,8,'password'),(187,1,19,8,'contact'),(188,1,19,8,'contact'),(189,1,19,8,'order'),(190,1,19,8,'cms'),(191,1,19,8,'orderslip'),(192,1,19,8,'contact'),(193,1,19,8,'index'),(194,1,19,8,'pagenotfound'),(195,1,19,8,'cms'),(196,1,19,8,'cms'),(197,1,19,8,'product'),(198,1,19,8,'order'),(199,1,19,8,'stores'),(200,1,19,8,'contact'),(201,1,19,8,'order'),(202,1,19,8,'orderslip'),(203,1,19,8,'discount'),(204,1,19,8,'product'),(205,1,19,8,'index'),(206,1,19,8,'myaccount'),(207,1,19,8,'orderopc'),(208,1,19,8,'address'),(209,1,19,8,'password'),(210,1,19,8,'cms'),(211,1,19,8,'orderfollow'),(212,1,19,8,'address'),(213,1,19,8,'orderfollow'),(214,1,19,8,'address'),(215,1,19,8,'orderslip'),(216,1,19,8,'pagenotfound'),(217,1,19,8,'orderopc'),(218,1,19,8,'orderslip'),(219,1,19,8,'order'),(220,1,19,8,'discount'),(221,1,19,8,'password'),(222,1,19,8,'cart'),(223,1,19,8,'identity'),(224,1,19,8,'contact'),(225,1,19,8,'stores'),(226,1,19,8,'orderfollow'),(227,1,19,8,'orderopc'),(228,1,19,8,'discount'),(229,1,19,8,'addresses'),(230,1,19,8,'password'),(231,1,19,8,'orderopc'),(232,1,19,8,'discount'),(233,1,19,8,'orderfollow'),(234,1,19,8,'orderopc'),(235,1,19,8,'addresses'),(236,1,19,8,'cms'),(237,1,19,8,'identity'),(238,1,19,8,'stores'),(239,1,19,8,'address'),(240,1,19,8,'cms'),(241,1,19,8,'pagenotfound'),(242,1,25,8,'addresses'),(243,1,25,8,'category'),(244,1,25,8,'addresses'),(245,1,25,8,'password'),(246,1,25,8,'discount'),(247,1,25,8,'orderopc'),(248,1,25,8,'pagenotfound'),(249,1,25,8,'stores'),(250,1,25,8,'product'),(251,1,25,8,'auth'),(252,1,25,8,'category'),(253,1,25,8,'category'),(254,1,25,8,'address'),(255,1,25,8,'auth'),(256,1,25,8,'order'),(257,1,25,8,'discount'),(258,1,25,8,'sitemap'),(259,1,25,8,'sitemap'),(260,1,25,8,'orderopc'),(261,1,25,8,'addresses'),(262,1,25,8,'stores'),(263,1,25,8,'stores'),(264,1,25,8,'cms'),(265,1,25,8,'address'),(266,1,25,8,'discount'),(267,1,25,8,'category'),(268,1,25,8,'discount'),(269,1,25,8,'pagenotfound'),(270,1,25,8,'orderslip'),(271,1,25,8,'category'),(272,1,25,8,'index'),(273,1,25,8,'stores'),(274,1,25,8,'myaccount'),(275,1,25,8,'product'),(276,1,25,8,'address'),(277,1,25,8,'orderopc'),(278,1,25,8,'orderslip'),(279,1,25,8,'pagenotfound'),(280,1,25,8,'orderopc'),(281,1,25,8,'order'),(282,1,25,8,'order'),(283,1,25,8,'stores'),(284,1,25,8,'pagenotfound'),(285,1,25,8,'category'),(286,1,25,8,'cms'),(287,1,25,8,'category'),(288,1,25,8,'stores'),(289,1,25,8,'discount'),(290,1,25,8,'category'),(291,1,25,8,'auth'),(292,1,25,8,'identity'),(293,1,25,8,'co'),(294,1,25,8,'ordersli'),(295,1,25,8,'order'),(296,1,25,8,'stores'),(297,1,25,8,'order'),(298,1,25,8,'category'),(299,1,25,8,'contact'),(300,1,25,8,'contact'),(301,1,25,8,'cart'),(302,1,25,8,'index'),(303,1,25,8,'pagenotfound'),(304,1,25,8,'pagenotfound'),(305,1,25,8,'category'),(306,1,25,8,'stores'),(307,1,25,8,'category'),(308,1,25,8,'identity'),(309,1,25,8,'category'),(310,1,25,8,'identity'),(311,1,25,8,'cart'),(312,1,25,8,'stores'),(313,1,25,8,'c'),(314,1,25,8,'category'),(315,1,25,8,'category'),(316,1,25,8,'discount'),(317,1,25,8,'ident'),(318,1,25,8,'order'),(319,1,25,8,'category'),(320,1,25,8,'orderopc'),(321,1,25,8,'pagenotfound'),(322,1,25,8,'product'),(323,1,25,8,'contact'),(324,1,25,8,'orderslip'),(325,1,25,8,'orderfollow'),(326,1,25,8,'identity'),(327,1,25,8,'orderopc'),(328,1,25,8,'pagenotfound'),(329,1,25,8,'order'),(330,1,25,8,'auth'),(331,1,25,8,'contact'),(332,1,25,8,'category'),(333,1,25,8,'cms'),(334,1,25,8,'address'),(335,1,25,8,'myaccount'),(336,1,25,8,'contact'),(337,1,25,8,'auth'),(338,1,25,8,'cart'),(339,1,25,8,'category'),(340,1,25,8,'discount'),(341,1,25,8,'category'),(342,1,25,8,'category'),(343,1,25,8,'password'),(344,1,25,8,'password'),(345,1,25,8,'addresses'),(346,1,25,8,'category'),(347,1,25,8,'category'),(348,1,25,8,'product'),(349,1,25,8,'pagenotfound'),(350,1,25,8,'order'),(351,1,25,8,'address'),(352,1,25,8,'cat'),(353,1,29,8,'sitemap'),(354,1,29,8,'cart'),(355,1,29,8,'myaccount'),(356,1,29,8,'orderfollow'),(357,1,29,8,'password'),(358,1,29,8,'addresses'),(359,1,29,8,'pagenotfound'),(360,1,29,8,'cms'),(361,1,29,8,'sitemap'),(362,1,29,8,'orderslip'),(363,1,29,8,'stores'),(364,1,29,8,'order'),(365,1,29,8,'order'),(366,1,29,8,'myaccount'),(367,1,29,8,'orderfollow'),(368,1,29,8,'address'),(369,1,29,8,'product'),(370,1,29,8,'cart'),(371,1,29,8,'identity'),(372,1,29,8,'cms'),(373,1,29,8,'address'),(374,1,29,8,'addresses'),(375,1,29,8,'cms'),(376,1,29,8,'auth'),(377,1,29,8,'pagenotfound'),(378,1,29,8,'discount'),(379,1,29,8,'orderslip'),(380,1,29,8,'stores'),(381,1,29,8,'pagenotfound'),(382,1,29,8,'orderopc'),(383,1,29,8,'product'),(384,1,29,8,'order'),(385,1,29,8,'sitemap'),(386,1,29,8,'address'),(387,1,29,8,'index'),(388,1,29,8,'addresses'),(389,1,29,8,'discount'),(390,1,29,8,'addresses'),(391,1,29,8,'order'),(392,1,29,8,'contact'),(393,1,29,8,'myaccount'),(394,1,29,8,'orderfollow'),(395,1,29,8,'addresses'),(396,1,29,8,'stores'),(397,1,29,8,'stores'),(398,1,29,8,'product'),(399,1,29,8,'cms'),(400,1,29,8,'cms'),(401,1,29,8,'discount'),(402,1,29,8,'cms'),(403,1,29,8,'orderslip'),(404,1,29,8,'index'),(405,1,29,8,'myaccount'),(406,1,29,8,'orderopc'),(407,1,29,8,'myaccount'),(408,1,29,8,'index'),(409,1,29,8,'identity'),(410,1,29,8,'orderslip'),(411,1,29,8,'cms'),(412,1,29,8,'password'),(413,1,29,8,'orderfollow'),(414,1,29,8,'myaccount'),(415,1,29,8,'orderfollow'),(416,1,29,8,'orderopc'),(417,1,29,8,'sitemap'),(418,1,29,8,'password'),(419,1,29,8,'discount'),(420,1,29,8,'order'),(421,1,29,8,'auth'),(422,1,29,8,'pagenotfound'),(423,1,29,8,'discount'),(424,1,29,8,'cart'),(425,1,29,8,'pagenotfound'),(426,1,29,8,'addresses'),(427,1,29,8,'order'),(428,1,29,8,'cms'),(429,1,29,8,'stores'),(430,1,29,8,'auth'),(431,1,29,8,'myaccount'),(432,1,29,8,'identity'),(433,1,29,8,'myaccount'),(434,1,29,8,'si'),(435,1,29,8,'address'),(436,1,29,8,'contact'),(437,1,29,8,'auth'),(438,1,29,8,'discount'),(439,1,29,8,'password'),(440,1,29,8,'address'),(441,1,29,8,'password'),(442,1,29,8,'contact'),(443,1,29,8,'ad'),(444,1,29,8,'cart'),(445,1,29,8,'contact'),(446,1,29,8,'orderopc'),(447,1,29,8,'contact'),(448,1,29,8,'auth'),(449,1,29,8,'cms'),(450,1,29,8,'index'),(451,1,29,8,'contact'),(452,1,29,8,'addresses'),(453,1,29,8,'addresses'),(454,1,29,8,'stores'),(455,1,29,8,'cart'),(456,1,29,8,'password'),(457,1,29,8,'order'),(458,1,29,8,'identity'),(459,1,29,8,'contact'),(460,1,29,8,'auth'),(461,1,29,8,'index'),(462,1,29,8,'addresses'),(463,1,29,8,'product'),(464,1,29,8,'cms'),(465,1,29,8,'stores'),(466,1,29,8,'cms'),(467,1,29,8,'cms'),(468,1,29,8,'cont');

--
