-- Table structure for table `ps_order_invoice_payment`
--

CREATE TABLE `ps_order_invoice_payment` (
  `id_order_invoice` int(11) unsigned NOT NULL,
  `id_order_payment` int(11) unsigned NOT NULL,
  `id_order` int(11) unsigned NOT NULL,
  PRIMARY KEY (`id_order_invoice`,`id_order_payment`),
  KEY `order_payment` (`id_order_payment`),
  KEY `id_order` (`id_order`)
) ENGINE=InnoDB DEFAULT CHARSET=utf8;

--
-- Dumping data for table `ps_order_invoice_payment`
--

INSERT INTO `ps_order_invoice_payment` VALUES (1,1,8),(2,2,9),(3,4,10),(4,3,11),(5,5,12),(6,6,13),(7,7,14),(8,8,15),(9,9,16),(10,10,17),(11,11,18),(12,12,19),(13,13,20),(14,14,21),(15,15,22),(16,16,23),(17,17,24),(18,18,25),(19,19,26),(20,20,27),(21,21,28),(22,22,29),(23,23,30),(24,24,31),(25,25,32),(26,26,33),(27,27,34),(28,28,35),(29,29,36),(30,30,37),(31,31,38),(32,32,39),(33,33,40),(34,34,41),(35,35,42),(36,36,43),(37,37,44),(38,38,45),(39,39,46),(40,40,47),(41,41,48),(42,42,49),(43,43,50),(44,44,51),(45,45,52),(46,46,53),(47,47,54),(48,48,55),(49,49,56),(50,50,57),(51,51,58),(52,52,59),(53,53,60),(54,54,61),(55,55,62),(56,56,63),(57,57,64),(58,58,65),(59,59,66),(60,60,67),(61,61,68),(62,62,69),(63,63,70),(64,64,71),(65,65,72),(66,66,73),(67,67,74),(68,68,75),(69,69,76),(70,70,77),(71,71,78),(72,72,79),(73,73,80),(74,74,81),(75,75,82),(76,76,83),(77,77,84),(78,78,85),(79,79,86),(80,80,87),(81,81,88),(82,82,89),(83,83,90),(84,84,91),(85,85,92),(86,86,93),(87,87,94),(88,88,95),(89,89,96),(90,90,97),(91,91,98),(92,92,99),(93,93,100),(94,94,101),(95,95,102),(96,96,103),(97,97,104),(98,98,105),(99,99,106),(100,100,107),(101,101,108),(102,102,109),(103,103,110),(104,104,111),(105,105,112),(106,106,113),(107,107,114),(108,108,115),(109,109,116),(110,110,117),(111,111,118),(112,112,119),(113,113,120),(114,114,121),(115,115,122),(116,116,123),(117,117,124),(118,118,125),(119,119,126),(120,120,127),(121,121,128),(122,122,129),(123,123,130),(124,124,131),(125,125,132),(126,126,133),(127,127,134),(128,128,135),(129,129,136),(130,130,137),(131,131,138),(132,132,139),(133,133,140),(134,134,141),(135,135,142),(136,136,143),(137,137,144),(138,138,145),(139,139,146),(140,140,147),(141,141,148),(142,142,149),(143,143,150),(144,144,151),(145,145,152),(146,146,153),(147,147,154),(148,148,155),(149,149,156),(150,150,157),(151,151,158),(152,152,159),(153,153,160),(154,154,161),(155,155,162),(156,156,163),(157,157,164),(158,158,165),(159,159,166),(160,160,167),(161,161,168),(162,162,169),(163,163,170),(164,164,171),(165,165,172),(166,166,173),(167,167,174),(168,168,175),(169,169,176),(170,170,177),(171,171,178),(172,172,179),(173,173,180),(174,174,181),(175,175,182),(176,176,183),(177,177,184),(178,178,185),(179,179,186),(180,180,187),(181,181,188),(182,182,189),(183,183,190),(184,184,191),(185,185,192),(186,186,193),(187,187,194),(188,188,195),(189,189,196),(190,190,197),(191,191,198),(192,192,199),(193,193,200),(194,194,201),(195,195,202),(196,196,203),(197,197,204),(198,198,205),(199,199,206),(200,200,207),(201,201,208),(202,202,209),(203,203,210),(204,204,211),(205,205,212),(206,206,213),(207,207,214),(208,208,215),(209,209,216),(210,210,217),(211,211,218),(212,212,219),(213,213,220),(214,214,221),(215,215,222),(216,216,223),(217,217,224),(218,218,225),(219,219,226),(220,220,227),(221,221,228),(222,222,229),(223,223,231),(224,224,232),(225,225,233),(226,226,234),(227,227,235),(228,228,236),(229,229,237),(230,230,238),(231,231,239),(232,232,240),(233,233,241),(234,234,242),(235,235,243),(236,236,244),(237,237,245),(238,238,246),(239,239,247),(240,240,248),(241,241,249),(242,242,250),(243,243,251),(244,244,252),(245,245,253),(246,246,254),(247,247,255),(248,248,256),(249,249,257),(250,250,258),(251,251,259),(252,252,260),(253,253,261),(254,254,262),(255,255,263),(256,256,264),(257,257,265),(258,258,266),(259,259,267),(260,260,268),(261,261,269),(262,262,270),(263,263,271),(264,264,272),(265,265,273),(266,266,274),(267,267,275),(268,268,276),(269,269,277),(270,270,278),(271,271,279),(272,272,280),(273,273,281),(274,274,282),(275,275,283),(276,276,284),(277,277,285),(278,278,286),(279,279,287),(280,280,288),(281,281,289),(282,282,290),(283,283,291),(284,284,292),(285,285,293),(286,286,294),(287,287,295),(288,288,296),(289,289,297),(290,290,298),(291,291,299),(292,292,300),(293,293,301),(294,294,302),(295,295,303),(296,296,304),(297,297,305),(298,298,306),(299,299,307),(300,300,308),(301,301,309),(302,302,310),(303,303,311),(304,304,312),(305,305,313),(306,306,314),(307,307,315),(308,308,316),(309,309,317),(310,310,318),(311,311,319),(312,312,320),(313,313,321),(314,314,322),(315,315,323),(316,316,324),(317,317,325),(318,318,326),(319,319,327),(320,320,328),(321,321,329),(322,322,330),(323,323,331),(324,324,332);

--
-- Table structure for table `ps_order_invoice_tax`
--

CREATE TABLE `ps_order_invoice_tax` (
  `id_order_invoice` int(11) NOT NULL,
  `type` varchar(15) NOT NULL,
  `id_tax` int(11) NOT NULL,
  `amount` decimal(10,6) NOT NULL DEFAULT '0.000000',
  KEY `id_tax` (`id_tax`)
) ENGINE=InnoDB DEFAULT CHARSET=utf8;

--
-- Dumping data for table `ps_order_invoice_tax`
--

INSERT INTO `ps_order_invoice_tax` VALUES (19,'shipping',1,0.000000),(22,'shipping',1,0.000000),(23,'shipping',1,0.000000),(25,'shipping',1,0.000000),(26,'shipping',1,0.000000),(27,'shipping',1,0.000000),(28,'shipping',1,0.000000),(30,'shipping',1,0.000000),(32,'shipping',1,0.000000),(34,'shipping',1,0.000000),(35,'shipping',1,0.000000),(36,'shipping',1,0.000000),(37,'shipping',1,0.000000),(39,'shipping',1,0.000000),(41,'shipping',1,0.000000),(63,'shipping',1,0.000000),(67,'shipping',1,0.000000),(77,'shipping',1,0.000000),(85,'shipping',1,0.000000),(87,'shipping',1,0.000000),(89,'shipping',1,0.000000),(92,'shipping',1,0.000000),(93,'shipping',1,0.000000),(94,'shipping',1,0.000000),(95,'shipping',1,0.000000),(96,'shipping',1,0.000000),(100,'shipping',1,0.000000),(101,'shipping',1,0.000000),(103,'shipping',1,0.000000),(104,'shipping',1,0.000000),(106,'shipping',1,0.000000),(111,'shipping',1,0.000000),(113,'shipping',1,0.000000),(117,'shipping',1,0.000000),(119,'shipping',1,0.000000),(120,'shipping',1,0.000000),(122,'shipping',1,0.000000),(125,'shipping',1,0.000000),(126,'shipping',1,0.000000),(127,'shipping',1,0.000000),(131,'shipping',1,0.000000),(132,'shipping',1,0.000000),(133,'shipping',1,0.000000),(134,'shipping',1,0.000000),(135,'shipping',1,0.000000),(136,'shipping',1,0.000000),(137,'shipping',1,0.000000),(139,'shipping',1,0.000000),(140,'shipping',1,0.000000),(142,'shipping',1,0.000000),(143,'shipping',1,0.000000),(146,'shipping',1,0.000000),(147,'shipping',1,0.000000),(148,'shipping',1,0.000000),(149,'shipping',1,0.000000),(151,'shipping',1,0.000000),(152,'shipping',1,0.000000),(154,'shipping',1,0.000000),(155,'shipping',1,0.000000),(156,'shipping',1,0.000000),(157,'shipping',1,0.000000),(160,'shipping',1,0.000000),(161,'shipping',1,0.000000),(162,'shipping',1,0.000000),(163,'shipping',1,0.000000),(165,'shipping',1,0.000000),(166,'shipping',1,0.000000),(167,'shipping',1,0.000000),(168,'shipping',1,0.000000),(169,'shipping',1,0.000000),(170,'shipping',1,0.000000),(171,'shipping',1,0.000000),(172,'shipping',1,0.000000),(173,'shipping',1,0.000000),(175,'shipping',1,0.000000),(176,'shipping',1,0.000000),(177,'shipping',1,0.000000),(178,'shipping',1,0.000000),(179,'shipping',1,0.000000),(181,'shipping',1,0.000000),(182,'shipping',1,0.000000),(185,'shipping',1,0.000000),(186,'shipping',1,0.000000),(188,'shipping',1,0.000000),(189,'shipping',1,0.000000),(190,'shipping',1,0.000000),(191,'shipping',1,0.000000),(192,'shipping',1,0.000000),(194,'shipping',1,0.000000),(196,'shipping',1,0.000000),(198,'shipping',1,0.000000),(199,'shipping',1,0.000000),(200,'shipping',1,0.000000),(201,'shipping',1,0.000000),(203,'shipping',1,0.000000),(205,'shipping',1,0.000000),(206,'shipping',1,0.000000),(207,'shipping',1,0.000000),(208,'shipping',1,0.000000),(210,'shipping',1,0.000000),(211,'shipping',1,0.000000),(214,'shipping',1,0.000000),(215,'shipping',1,0.000000),(216,'shipping',1,0.000000),(219,'shipping',1,0.000000),(220,'shipping',1,0.000000),(221,'shipping',1,0.000000),(222,'shipping',1,0.000000),(225,'shipping',1,0.000000),(226,'shipping',1,0.000000),(228,'shipping',1,0.000000),(229,'shipping',1,0.000000),(230,'shipping',1,0.000000),(232,'shipping',1,0.000000),(233,'shipping',1,0.000000),(234,'shipping',1,0.000000),(235,'shipping',1,0.000000),(236,'shipping',1,0.000000),(238,'shipping',1,0.000000),(239,'shipping',1,0.000000),(242,'shipping',1,0.000000),(243,'shipping',1,0.000000),(244,'shipping',1,0.000000),(245,'shipping',1,0.000000),(246,'shipping',1,0.000000),(248,'shipping',1,0.000000),(249,'shipping',1,0.000000),(250,'shipping',1,0.000000),(251,'shipping',1,0.000000),(252,'shipping',1,0.000000),(253,'shipping',1,0.000000),(254,'shipping',1,0.000000),(255,'shipping',1,0.000000),(256,'shipping',1,0.000000),(257,'shipping',1,0.000000),(258,'shipping',1,0.000000),(260,'shipping',1,0.000000),(261,'shipping',1,0.000000),(262,'shipping',1,0.000000),(263,'shipping',1,0.000000),(264,'shipping',1,0.000000),(267,'shipping',1,0.000000),(268,'shipping',1,0.000000),(269,'shipping',1,0.000000),(270,'shipping',1,0.000000),(272,'shipping',1,0.000000),(274,'shipping',1,0.000000),(275,'shipping',1,0.000000),(278,'shipping',1,0.000000),(280,'shipping',1,0.000000),(281,'shipping',1,0.000000),(282,'shipping',1,0.000000),(285,'shipping',1,0.000000),(291,'shipping',1,0.000000),(292,'shipping',1,0.000000),(293,'shipping',1,0.000000),(294,'shipping',1,0.000000),(295,'shipping',1,0.000000),(296,'shipping',1,0.000000),(298,'shipping',1,0.000000),(300,'shipping',1,0.000000),(301,'shipping',1,0.000000),(302,'shipping',1,0.000000),(303,'shipping',1,0.000000),(304,'shipping',1,0.000000),(305,'shipping',1,0.000000),(306,'shipping',1,0.000000),(307,'shipping',1,0.000000),(309,'shipping',1,0.000000),(310,'shipping',1,0.000000),(312,'shipping',1,0.000000),(315,'shipping',1,0.000000),(317,'shipping',1,0.000000),(318,'shipping',1,0.000000),(319,'shipping',1,0.000000),(320,'shipping',1,0.000000),(321,'shipping',1,0.000000),(322,'shipping',1,0.000000),(324,'shipping',1,0.000000);

--
-- Table structure for table `ps_order_message`
--

CREATE TABLE `ps_order_message` (
  `id_order_message` int(10) unsigned NOT NULL AUTO_INCREMENT,
  `date_add` datetime NOT NULL,
  PRIMARY KEY (`id_order_message`)
) ENGINE=InnoDB AUTO_INCREMENT=2 DEFAULT CHARSET=utf8;

--
-- Dumping data for table `ps_order_message`
--

INSERT INTO `ps_order_message` VALUES (1,'2016-02-15 10:48:14');

--
-- Table structure for table `ps_order_message_lang`
--

CREATE TABLE `ps_order_message_lang` (
  `id_order_message` int(10) unsigned NOT NULL,
  `id_lang` int(10) unsigned NOT NULL,
  `name` varchar(128) NOT NULL,
  `message` text NOT NULL,
  PRIMARY KEY (`id_order_message`,`id_lang`)
) ENGINE=InnoDB DEFAULT CHARSET=utf8;

--
-- Dumping data for table `ps_order_message_lang`
--

INSERT INTO `ps_order_message_lang` VALUES (1,1,'Ritardo','Buongiorno,\n\npurtroppo un articolo che hai ordinato è momentaneamente esaurito. Potrebbe pertanto verificarsi un leggero ritardo nella consegna.\nScusandoci per l\'inconveniente, ti assicuriamo che stiamo facendo del nostro meglio per risolverlo.\n\nCordiali saluti,');

--
-- Table structure for table `ps_order_return`
--

CREATE TABLE `ps_order_return` (
  `id_order_return` int(10) unsigned NOT NULL AUTO_INCREMENT,
  `id_customer` int(10) unsigned NOT NULL,
  `id_order` int(10) unsigned NOT NULL,
  `state` tinyint(1) unsigned NOT NULL DEFAULT '1',
  `question` text NOT NULL,
  `date_add` datetime NOT NULL,
  `date_upd` datetime NOT NULL,
  PRIMARY KEY (`id_order_return`),
  KEY `order_return_customer` (`id_customer`),
  KEY `id_order` (`id_order`)
) ENGINE=InnoDB DEFAULT CHARSET=utf8;

--
-- Dumping data for table `ps_order_return`
--


--
-- Table structure for table `ps_order_return_detail`
--

CREATE TABLE `ps_order_return_detail` (
  `id_order_return` int(10) unsigned NOT NULL,
  `id_order_detail` int(10) unsigned NOT NULL,
  `id_customization` int(10) unsigned NOT NULL DEFAULT '0',
  `product_quantity` int(10) unsigned NOT NULL DEFAULT '0',
  PRIMARY KEY (`id_order_return`,`id_order_detail`,`id_customization`)
) ENGINE=InnoDB DEFAULT CHARSET=utf8;

--
-- Dumping data for table `ps_order_return_detail`
--


--
-- Table structure for table `ps_order_return_state`
--

CREATE TABLE `ps_order_return_state` (
  `id_order_return_state` int(10) unsigned NOT NULL AUTO_INCREMENT,
  `color` varchar(32) DEFAULT NULL,
  PRIMARY KEY (`id_order_return_state`)
) ENGINE=InnoDB AUTO_INCREMENT=6 DEFAULT CHARSET=utf8;

--
-- Dumping data for table `ps_order_return_state`
--

INSERT INTO `ps_order_return_state` VALUES (1,'#4169E1'),(2,'#8A2BE2'),(3,'#32CD32'),(4,'#DC143C'),(5,'#108510');

--
-- Table structure for table `ps_order_return_state_lang`
--

CREATE TABLE `ps_order_return_state_lang` (
  `id_order_return_state` int(10) unsigned NOT NULL,
  `id_lang` int(10) unsigned NOT NULL,
  `name` varchar(64) NOT NULL,
  PRIMARY KEY (`id_order_return_state`,`id_lang`)
) ENGINE=InnoDB DEFAULT CHARSET=utf8;

--
-- Dumping data for table `ps_order_return_state_lang`
--

INSERT INTO `ps_order_return_state_lang` VALUES (1,1,'In attesa di conferma'),(2,1,'In attesa del pacco'),(3,1,'Pacco ricevuto'),(4,1,'Reso rifiutato'),(5,1,'Reso completato');

--
-- Table structure for table `ps_order_slip`
--

CREATE TABLE `ps_order_slip` (
  `id_order_slip` int(10) unsigned NOT NULL AUTO_INCREMENT,
  `conversion_rate` decimal(13,6) NOT NULL DEFAULT '1.000000',
  `id_customer` int(10) unsigned NOT NULL,
  `id_order` int(10) unsigned NOT NULL,
  `total_products_tax_excl` decimal(20,6) DEFAULT NULL,
  `total_products_tax_incl` decimal(20,6) DEFAULT NULL,
  `total_shipping_tax_excl` decimal(20,6) DEFAULT NULL,
  `total_shipping_tax_incl` decimal(20,6) DEFAULT NULL,
  `shipping_cost` tinyint(3) unsigned NOT NULL DEFAULT '0',
  `amount` decimal(10,2) NOT NULL,
  `shipping_cost_amount` decimal(10,2) NOT NULL,
  `partial` tinyint(1) NOT NULL,
  `order_slip_type` tinyint(1) unsigned NOT NULL DEFAULT '0',
  `date_add` datetime NOT NULL,
  `date_upd` datetime NOT NULL,
  PRIMARY KEY (`id_order_slip`),
  KEY `order_slip_customer` (`id_customer`),
  KEY `id_order` (`id_order`)
) ENGINE=InnoDB DEFAULT CHARSET=utf8;

--
-- Dumping data for table `ps_order_slip`
--


--
-- Table structure for table `ps_order_slip_detail`
--

CREATE TABLE `ps_order_slip_detail` (
  `id_order_slip` int(10) unsigned NOT NULL,
  `id_order_detail` int(10) unsigned NOT NULL,
  `product_quantity` int(10) unsigned NOT NULL DEFAULT '0',
  `unit_price_tax_excl` decimal(20,6) DEFAULT NULL,
  `unit_price_tax_incl` decimal(20,6) DEFAULT NULL,
  `total_price_tax_excl` decimal(20,6) DEFAULT NULL,
  `total_price_tax_incl` decimal(20,6) DEFAULT NULL,
  `amount_tax_excl` decimal(20,6) DEFAULT NULL,
  `amount_tax_incl` decimal(20,6) DEFAULT NULL,
  PRIMARY KEY (`id_order_slip`,`id_order_detail`)
) ENGINE=InnoDB DEFAULT CHARSET=utf8;

--
-- Dumping data for table `ps_order_slip_detail`
--


--
-- Table structure for table `ps_order_slip_detail_tax`
--

CREATE TABLE `ps_order_slip_detail_tax` (
  `id_order_slip_detail` int(11) unsigned NOT NULL,
  `id_tax` int(11) unsigned NOT NULL,
  `unit_amount` decimal(16,6) NOT NULL DEFAULT '0.000000',
  `total_amount` decimal(16,6) NOT NULL DEFAULT '0.000000',
  KEY `id_order_slip_detail` (`id_order_slip_detail`),
  KEY `id_tax` (`id_tax`)
) ENGINE=InnoDB DEFAULT CHARSET=utf8;

--
-- Dumping data for table `ps_order_slip_detail_tax`
--


--
-- Table structure for table `ps_order_state`
--

CREATE TABLE `ps_order_state` (
  `id_order_state` int(10) unsigned NOT NULL AUTO_INCREMENT,
  `invoice` tinyint(1) unsigned DEFAULT '0',
  `send_email` tinyint(1) unsigned NOT NULL DEFAULT '0',
  `module_name` varchar(255) DEFAULT NULL,
  `color` varchar(32) DEFAULT NULL,
  `unremovable` tinyint(1) unsigned NOT NULL,
  `hidden` tinyint(1) unsigned NOT NULL DEFAULT '0',
  `logable` tinyint(1) NOT NULL DEFAULT '0',
  `delivery` tinyint(1) unsigned NOT NULL DEFAULT '0',
  `shipped` tinyint(1) unsigned NOT NULL DEFAULT '0',
  `paid` tinyint(1) unsigned NOT NULL DEFAULT '0',
  `pdf_invoice` tinyint(1) unsigned NOT NULL DEFAULT '0',
  `pdf_delivery` tinyint(1) unsigned NOT NULL DEFAULT '0',
  `deleted` tinyint(1) unsigned NOT NULL DEFAULT '0',
  PRIMARY KEY (`id_order_state`),
  KEY `module_name` (`module_name`)
) ENGINE=InnoDB AUTO_INCREMENT=16 DEFAULT CHARSET=utf8;

--
-- Dumping data for table `ps_order_state`
--

INSERT INTO `ps_order_state` VALUES (1,0,1,'cheque','#4169E1',1,0,0,0,0,0,0,0,0),(2,1,1,'','#32CD32',1,0,1,0,0,1,1,0,0),(3,1,1,'','#FF8C00',1,0,1,1,0,1,0,0,0),(4,1,1,'','#8A2BE2',1,0,1,1,1,1,0,0,0),(5,1,0,'','#108510',1,0,1,1,1,1,0,0,0),(6,0,1,'','#DC143C',1,0,0,0,0,0,0,0,0),(7,1,1,'','#ec2e15',1,0,0,0,0,0,0,0,0),(8,0,1,'','#8f0621',1,0,0,0,0,0,0,0,0),(9,1,1,'','#FF69B4',1,0,0,0,0,1,0,0,0),(10,0,1,'bankwire','#4169E1',1,0,0,0,0,0,0,0,0),(11,0,0,'','#4169E1',1,0,0,0,0,0,0,0,0),(12,1,1,'','#32CD32',1,0,1,0,0,1,0,0,0),(13,0,1,'','#FF69B4',1,0,0,0,0,0,0,0,0),(14,0,0,'cashondelivery','#4169E1',1,0,0,0,0,0,0,0,0),(15,1,0,'','#DDEEFF',0,0,1,0,0,0,0,0,0);

--
-- Table structure for table `ps_order_state_lang`
--

CREATE TABLE `ps_order_state_lang` (
  `id_order_state` int(10) unsigned NOT NULL,
  `id_lang` int(10) unsigned NOT NULL,
  `name` varchar(64) NOT NULL,
  `template` varchar(64) NOT NULL,
  PRIMARY KEY (`id_order_state`,`id_lang`)
) ENGINE=InnoDB DEFAULT CHARSET=utf8;

--
-- Dumping data for table `ps_order_state_lang`
--

INSERT INTO `ps_order_state_lang` VALUES (1,1,'In attesa di pagamento con assegno','cheque'),(2,1,'Pagamento accettato','payment'),(3,1,'Preparazione in corso','preparation'),(4,1,'Spedito','shipped'),(5,1,'Consegnato',''),(6,1,'Annullato','order_canceled'),(7,1,'Rimborso','refund'),(8,1,'Errore di pagamento','payment_error'),(9,1,'In attesa di rifornimento','outofstock'),(10,1,'In attesa di pagamento con bonifico bancario','bankwire'),(11,1,'In attesa di pagamento con PayPal',''),(12,1,'Pagamento remoto accettato','payment'),(13,1,'In attesa di rifornimento','outofstock'),(14,1,'Awaiting cod validation','cashondelivery'),(15,1,'Authorization accepted from PayPal','');

--
-- Table structure for table `ps_orders`
--

CREATE TABLE `ps_orders` (
  `id_order` int(10) unsigned NOT NULL AUTO_INCREMENT,
  `reference` varchar(9) DEFAULT NULL,
  `id_shop_group` int(11) unsigned NOT NULL DEFAULT '1',
  `id_shop` int(11) unsigned NOT NULL DEFAULT '1',
  `id_carrier` int(10) unsigned NOT NULL,
  `id_lang` int(10) unsigned NOT NULL,
  `id_customer` int(10) unsigned NOT NULL,
  `id_cart` int(10) unsigned NOT NULL,
  `id_currency` int(10) unsigned NOT NULL,
  `id_address_delivery` int(10) unsigned NOT NULL,
  `id_address_invoice` int(10) unsigned NOT NULL,
  `current_state` int(10) unsigned NOT NULL,
  `secure_key` varchar(32) NOT NULL DEFAULT '-1',
  `payment` varchar(255) NOT NULL,
  `conversion_rate` decimal(13,6) NOT NULL DEFAULT '1.000000',
  `module` varchar(255) DEFAULT NULL,
  `recyclable` tinyint(1) unsigned NOT NULL DEFAULT '0',
  `gift` tinyint(1) unsigned NOT NULL DEFAULT '0',
  `gift_message` text,
  `mobile_theme` tinyint(1) NOT NULL DEFAULT '0',
  `shipping_number` varchar(64) DEFAULT NULL,
  `total_discounts` decimal(20,6) NOT NULL DEFAULT '0.000000',
  `total_discounts_tax_incl` decimal(20,6) NOT NULL DEFAULT '0.000000',
  `total_discounts_tax_excl` decimal(20,6) NOT NULL DEFAULT '0.000000',
  `total_paid` decimal(20,6) NOT NULL DEFAULT '0.000000',
  `total_paid_tax_incl` decimal(20,6) NOT NULL DEFAULT '0.000000',
  `total_paid_tax_excl` decimal(20,6) NOT NULL DEFAULT '0.000000',
  `total_paid_real` decimal(20,6) NOT NULL DEFAULT '0.000000',
  `total_products` decimal(20,6) NOT NULL DEFAULT '0.000000',
  `total_products_wt` decimal(20,6) NOT NULL DEFAULT '0.000000',
  `total_shipping` decimal(20,6) NOT NULL DEFAULT '0.000000',
  `total_shipping_tax_incl` decimal(20,6) NOT NULL DEFAULT '0.000000',
  `total_shipping_tax_excl` decimal(20,6) NOT NULL DEFAULT '0.000000',
  `carrier_tax_rate` decimal(10,3) NOT NULL DEFAULT '0.000',
  `total_wrapping` decimal(20,6) NOT NULL DEFAULT '0.000000',
  `total_wrapping_tax_incl` decimal(20,6) NOT NULL DEFAULT '0.000000',
  `total_wrapping_tax_excl` decimal(20,6) NOT NULL DEFAULT '0.000000',
  `round_mode` tinyint(1) NOT NULL DEFAULT '2',
  `round_type` tinyint(1) NOT NULL DEFAULT '1',
  `invoice_number` int(10) unsigned NOT NULL DEFAULT '0',
  `delivery_number` int(10) unsigned NOT NULL DEFAULT '0',
  `invoice_date` datetime NOT NULL,
  `delivery_date` datetime NOT NULL,
  `valid` int(1) unsigned NOT NULL DEFAULT '0',
  `date_add` datetime NOT NULL,
  `date_upd` datetime NOT NULL,
  PRIMARY KEY (`id_order`),
  KEY `reference` (`reference`),
  KEY `id_customer` (`id_customer`),
  KEY `id_cart` (`id_cart`),
  KEY `invoice_number` (`invoice_number`),
  KEY `id_carrier` (`id_carrier`),
  KEY `id_lang` (`id_lang`),
  KEY `id_currency` (`id_currency`),
  KEY `id_address_delivery` (`id_address_delivery`),
  KEY `id_address_invoice` (`id_address_invoice`),
  KEY `id_shop_group` (`id_shop_group`),
  KEY `current_state` (`current_state`),
  KEY `id_shop` (`id_shop`),
  KEY `date_add` (`date_add`)
) ENGINE=InnoDB AUTO_INCREMENT=191 DEFAULT CHARSET=utf8;

--
-- Dumping data for table `ps_orders`
--

INSERT INTO `ps_orders` VALUES (13,'XKPVHKMPE',1,1,43,1,2733,22,1,11470,11470,4,'-1','Contanti alla consegna',1.000000,'',0,0,'',0,'',0.000000,0.000000,0.000000,39.710000,39.710000,39.710000,0.000000,0.000000,0.000000,0.000000,15.000000,15.000000,0.000,0.000000,0.000000,0.000000,2,1,0,0,'0000-00-00 00:00:00','2017-09-25 00:00:00',1,'2017-09-19 00:17:23','2017-09-19 00:17:23'),(14,'BWYOBQRRW',1,1,42,1,2732,26,1,11471,11471,4,'-1','Contanti alla consegna',1.000000,'',0,0,'',0,'',0.000000,0.000000,0.000000,66.440000,66.440000,66.440000,0.000000,0.000000,0.000000,0.000000,0.000000,0.000000,0.000,0.000000,0.000000,0.000000,2,1,0,0,'0000-00-00 00:00:00','0000-00-00 00:00:00',1,'2017-09-19 23:51:56','2017-09-19 23:51:56'),(15,'JXGJDLOIZ',1,1,42,1,2731,28,1,11472,11472,4,'-1','Contanti alla consegna',1.000000,'',0,0,'',0,'',0.000000,0.000000,0.000000,17.000000,17.000000,17.000000,0.000000,0.000000,0.000000,0.000000,0.000000,0.000000,0.000,0.000000,0.000000,0.000000,2,1,0,0,'0000-00-00 00:00:00','0000-00-00 00:00:00',1,'2017-09-20 11:16:36','2017-09-20 11:16:36'),(17,'NKCEWHBAF',1,1,43,1,2733,31,1,11470,11470,4,'-1','Contanti alla consegna',1.000000,'',0,0,'',0,'',0.000000,0.000000,0.000000,48.900000,48.900000,48.900000,0.000000,0.000000,0.000000,0.000000,15.000000,15.000000,0.000,0.000000,0.000000,0.000000,2,1,0,0,'0000-00-00 00:00:00','0000-00-00 00:00:00',1,'2017-09-21 11:55:16','2017-09-21 11:55:16'),(18,'MDBTVPOYN',1,1,42,1,2730,35,1,11459,2824,4,'-1','Bonifico anticipato',1.000000,'',0,0,'',0,'',0.000000,0.000000,0.000000,178.500000,178.500000,146.330000,0.000000,0.000000,0.000000,0.000000,0.000000,0.000000,0.000,0.000000,0.000000,0.000000,2,1,0,0,'0000-00-00 00:00:00','0000-00-00 00:00:00',1,'2017-09-22 11:04:16','2017-09-22 11:04:16'),(19,'AUHHJRYKL',1,1,42,1,2744,36,1,11456,2773,4,'-1','Contanti alla consegna',1.000000,'',0,0,'',0,'',0.000000,0.000000,0.000000,158.100000,158.100000,158.100000,0.000000,0.000000,0.000000,0.000000,0.000000,0.000000,0.000,0.000000,0.000000,0.000000,2,1,0,0,'0000-00-00 00:00:00','0000-00-00 00:00:00',1,'2017-09-22 19:24:28','2017-09-22 19:24:28'),(20,'KOFTIZQBR',1,1,43,1,2745,37,1,11457,2774,4,'-1','Contanti alla consegna',1.000000,'',0,0,'',0,'',0.000000,0.000000,0.000000,34.440000,34.440000,34.440000,0.000000,0.000000,0.000000,0.000000,15.000000,15.000000,0.000,0.000000,0.000000,0.000000,2,1,0,0,'0000-00-00 00:00:00','0000-00-00 00:00:00',1,'2017-09-24 09:57:31','2017-09-24 09:57:31'),(21,'GIRXWHUCD',1,1,42,1,2746,38,1,11458,2775,4,'-1','Contanti alla consegna',1.000000,'',0,0,'',0,'',0.000000,0.000000,0.000000,53.680000,53.680000,52.240000,0.000000,0.000000,0.000000,0.000000,0.000000,0.000000,0.000,0.000000,0.000000,0.000000,2,1,0,0,'0000-00-00 00:00:00','0000-00-00 00:00:00',1,'2017-09-24 11:38:30','2017-09-24 11:38:30'),(22,'BKGWYUVZY',1,1,42,1,2766,41,1,11513,11513,4,'-1','Contanti alla consegna',1.000000,'',0,0,'',0,'',0.000000,0.000000,0.000000,90.440000,90.440000,90.440000,0.000000,0.000000,0.000000,0.000000,0.000000,0.000000,0.000,0.000000,0.000000,0.000000,2,1,0,0,'0000-00-00 00:00:00','0000-00-00 00:00:00',1,'2017-09-27 20:43:44','2017-09-27 20:43:44'),(23,'AQNFFPHIS',1,1,42,1,2767,42,1,11514,11514,4,'-1','Contanti alla consegna',1.000000,'',0,0,'',0,'',0.000000,0.000000,0.000000,62.250000,62.250000,62.250000,0.000000,0.000000,0.000000,0.000000,0.000000,0.000000,0.000,0.000000,0.000000,0.000000,2,1,0,0,'0000-00-00 00:00:00','0000-00-00 00:00:00',1,'2017-09-28 13:45:42','2017-09-28 13:45:42'),(24,'XGWMILCBM',1,1,43,1,2775,46,1,11580,11580,4,'-1','Contanti alla consegna',1.000000,'',0,0,'',0,'',0.000000,0.000000,0.000000,776.000000,776.000000,768.000000,0.000000,0.000000,0.000000,0.000000,15.000000,15.000000,0.000,0.000000,0.000000,0.000000,2,1,0,0,'0000-00-00 00:00:00','0000-00-00 00:00:00',1,'2017-10-02 21:23:36','2017-10-02 21:23:36'),(25,'VCUNSSGAQ',1,1,42,1,2782,48,1,11716,11716,4,'-1','Bonifico anticipato',1.000000,'',0,0,'',0,'',0.000000,0.000000,0.000000,123.520000,123.520000,123.520000,0.000000,0.000000,0.000000,0.000000,0.000000,0.000000,0.000,0.000000,0.000000,0.000000,2,1,0,0,'0000-00-00 00:00:00','0000-00-00 00:00:00',1,'2017-10-04 10:39:47','2017-10-04 10:39:47'),(26,'QNRTQMEBH',1,1,42,1,2786,50,1,11978,11978,4,'-1','Bonifico anticipato',1.000000,'',0,0,'',0,'',0.000000,0.000000,0.000000,28.940000,28.940000,28.940000,0.000000,0.000000,0.000000,0.000000,0.000000,0.000000,0.000,0.000000,0.000000,0.000000,2,1,0,0,'0000-00-00 00:00:00','0000-00-00 00:00:00',1,'2017-10-05 18:28:35','2017-10-05 18:28:35'),(27,'CEBQBFMWS',1,1,42,1,2790,56,1,12509,12509,6,'-1','Contanti alla consegna',1.000000,'',0,0,'',0,'',0.000000,0.000000,0.000000,5.100000,5.100000,4.200000,0.000000,0.000000,0.000000,0.000000,0.000000,0.000000,0.000,0.000000,0.000000,0.000000,2,1,0,0,'0000-00-00 00:00:00','0000-00-00 00:00:00',1,'2017-10-10 07:52:02','2017-10-10 07:52:02'),(28,'FKGUTXYLC',1,1,42,1,2791,57,1,12510,12510,4,'-1','Contanti alla consegna',1.000000,'',0,0,'',0,'',0.000000,0.000000,0.000000,130.100000,130.100000,128.300000,0.000000,0.000000,0.000000,0.000000,0.000000,0.000000,0.000,0.000000,0.000000,0.000000,2,1,0,0,'0000-00-00 00:00:00','0000-00-00 00:00:00',1,'2017-10-10 08:22:29','2017-10-10 08:22:29'),(30,'WXSTVYVOK',1,1,42,1,2792,58,1,12511,12511,4,'-1','Contanti alla consegna',1.000000,'',0,0,'',0,'',0.000000,0.000000,0.000000,49.500000,49.500000,49.500000,0.000000,0.000000,0.000000,0.000000,0.000000,0.000000,0.000,0.000000,0.000000,0.000000,2,1,0,0,'0000-00-00 00:00:00','0000-00-00 00:00:00',1,'2017-10-10 09:33:37','2017-10-10 09:33:37'),(31,'TABJFUJWD',1,1,43,1,2744,66,1,11456,11456,4,'-1','Bonifico anticipato',1.000000,'',0,0,'',0,'',0.000000,0.000000,0.000000,57.520000,57.520000,56.920000,0.000000,0.000000,0.000000,0.000000,15.000000,15.000000,0.000,0.000000,0.000000,0.000000,2,1,0,0,'0000-00-00 00:00:00','0000-00-00 00:00:00',1,'2017-10-14 16:49:24','2017-10-14 16:49:24'),(32,'SVKXYTLEM',1,1,42,1,2802,68,1,15698,15698,4,'-1','Bonifico anticipato',1.000000,'',0,0,'',0,'',0.000000,0.000000,0.000000,19.690000,19.690000,19.690000,0.000000,0.000000,0.000000,0.000000,0.000000,0.000000,0.000,0.000000,0.000000,0.000000,2,1,0,0,'0000-00-00 00:00:00','0000-00-00 00:00:00',1,'2017-10-16 13:53:41','2017-10-16 13:53:41'),(33,'OBTLLMUSZ',1,1,42,1,2808,72,1,8480,8480,6,'-1','Bonifico anticipato',1.000000,'',0,0,'',0,'',0.000000,0.000000,0.000000,53.200000,53.200000,53.200000,0.000000,0.000000,0.000000,0.000000,0.000000,0.000000,0.000,0.000000,0.000000,0.000000,2,1,0,0,'0000-00-00 00:00:00','0000-00-00 00:00:00',1,'2017-10-16 19:51:27','2017-10-16 19:51:27'),(35,'LUGTMPRHM',1,1,42,1,2813,76,1,19946,19946,4,'-1','Contanti alla consegna',1.000000,'',0,0,'',0,'',0.000000,0.000000,0.000000,49.130000,49.130000,48.980000,0.000000,0.000000,0.000000,0.000000,0.000000,0.000000,0.000,0.000000,0.000000,0.000000,2,1,0,0,'0000-00-00 00:00:00','0000-00-00 00:00:00',1,'2017-10-17 23:46:13','2017-10-17 23:46:13'),(36,'ZHYURMVQS',1,1,42,1,2818,77,1,3,3,4,'-1','Bonifico anticipato',1.000000,'',0,0,'',0,'',0.000000,0.000000,0.000000,133.710000,133.710000,133.710000,0.000000,0.000000,0.000000,0.000000,0.000000,0.000000,0.000,0.000000,0.000000,0.000000,2,1,0,0,'0000-00-00 00:00:00','0000-00-00 00:00:00',1,'2017-10-18 13:30:35','2017-10-18 13:30:35'),(37,'KNIMQIZDV',1,1,42,1,2824,80,1,7,7,6,'-1','Bonifico anticipato',1.000000,'',0,0,'',0,'',0.000000,0.000000,0.000000,6.800000,6.800000,5.600000,0.000000,0.000000,0.000000,0.000000,0.000000,0.000000,0.000,0.000000,0.000000,0.000000,2,1,0,0,'0000-00-00 00:00:00','0000-00-00 00:00:00',1,'2017-10-19 09:39:56','2017-10-19 09:39:56'),(38,'IGXIEZMQS',1,1,42,1,2735,81,1,11468,11468,6,'-1','Bonifico anticipato',1.000000,'',0,0,'',0,'',0.000000,0.000000,0.000000,42.670000,42.670000,42.670000,0.000000,0.000000,0.000000,0.000000,0.000000,0.000000,0.000,0.000000,0.000000,0.000000,2,1,0,0,'0000-00-00 00:00:00','0000-00-00 00:00:00',1,'2017-10-19 10:41:36','2017-10-19 10:41:36'),(39,'SAFNVFHHY',1,1,43,1,2735,82,1,11468,11468,6,'-1','Contanti alla consegna',1.000000,'',0,0,'',0,'',0.000000,0.000000,0.000000,0.000000,0.000000,0.000000,0.000000,0.000000,0.000000,0.000000,15.000000,15.000000,0.000,0.000000,0.000000,0.000000,2,1,0,0,'0000-00-00 00:00:00','0000-00-00 00:00:00',1,'2017-10-19 10:48:40','2017-10-19 10:48:40'),(41,'QDLCOEZVQ',1,1,42,1,2827,84,1,28429,28429,6,'-1','Contanti alla consegna',1.000000,'',0,0,'',0,'',0.000000,0.000000,0.000000,9.190000,9.190000,7.550000,0.000000,0.000000,0.000000,0.000000,0.000000,0.000000,0.000,0.000000,0.000000,0.000000,2,1,0,0,'0000-00-00 00:00:00','0000-00-00 00:00:00',1,'2017-10-19 21:00:14','2017-10-19 21:00:14'),(42,'GRVCQZNBM',1,1,42,1,2835,86,1,45391,45391,6,'-1','Bonifico anticipato',1.000000,'',0,0,'',0,'',0.000000,0.000000,0.000000,15.300000,15.300000,15.300000,0.000000,0.000000,0.000000,0.000000,0.000000,0.000000,0.000,0.000000,0.000000,0.000000,2,1,0,0,'0000-00-00 00:00:00','0000-00-00 00:00:00',1,'2017-10-21 16:44:02','2017-10-21 16:44:02'),(43,'OFPFCYWMU',1,1,42,1,2836,88,1,45392,45392,4,'-1','Contanti alla consegna',1.000000,'',0,0,'',0,'',0.000000,0.000000,0.000000,88.910000,88.910000,88.910000,0.000000,0.000000,0.000000,0.000000,0.000000,0.000000,0.000,0.000000,0.000000,0.000000,2,1,0,0,'0000-00-00 00:00:00','0000-00-00 00:00:00',1,'2017-10-21 23:51:43','2017-10-21 23:51:43'),(44,'OFDULASDG',1,1,43,1,2782,92,1,11716,11716,4,'-1','Bonifico anticipato',1.000000,'',0,0,'',0,'',0.000000,0.000000,0.000000,125.880000,125.880000,125.880000,0.000000,0.000000,0.000000,0.000000,15.000000,15.000000,0.000,0.000000,0.000000,0.000000,2,1,0,0,'0000-00-00 00:00:00','0000-00-00 00:00:00',1,'2017-10-23 09:37:26','2017-10-23 09:37:26'),(45,'ABAMADXIL',1,1,42,1,2838,93,1,79312,79312,4,'-1','Contanti alla consegna',1.000000,'',0,0,'',0,'',0.000000,0.000000,0.000000,25.330000,25.330000,25.180000,0.000000,0.000000,0.000000,0.000000,0.000000,0.000000,0.000,0.000000,0.000000,0.000000,2,1,0,0,'0000-00-00 00:00:00','0000-00-00 00:00:00',1,'2017-10-23 12:44:11','2017-10-23 12:44:11'),(46,'OHRNNJUTT',1,1,42,1,2844,94,1,67842,67842,6,'-1','Contanti alla consegna',1.000000,'',0,0,'',0,'',0.000000,0.000000,0.000000,28.560000,28.560000,28.560000,0.000000,0.000000,0.000000,0.000000,0.000000,0.000000,0.000,0.000000,0.000000,0.000000,2,1,0,0,'0000-00-00 00:00:00','0000-00-00 00:00:00',1,'2017-10-23 14:33:12','2017-10-23 14:33:12'),(47,'ZVZDPWHMY',1,1,43,1,2746,95,1,11458,11458,6,'-1','Contanti alla consegna',1.000000,'',0,0,'',0,'',0.000000,0.000000,0.000000,4.950000,4.950000,4.950000,0.000000,0.000000,0.000000,0.000000,15.000000,15.000000,0.000,0.000000,0.000000,0.000000,2,1,0,0,'0000-00-00 00:00:00','0000-00-00 00:00:00',1,'2017-10-23 20:45:08','2017-10-23 20:45:08'),(48,'WQWWYBOVV',1,1,43,1,2782,96,1,11716,11716,4,'-1','Contanti alla consegna',1.000000,'',0,0,'',0,'',0.000000,0.000000,0.000000,125.100000,125.100000,125.100000,0.000000,0.000000,0.000000,0.000000,15.000000,15.000000,0.000,0.000000,0.000000,0.000000,2,1,0,0,'0000-00-00 00:00:00','0000-00-00 00:00:00',1,'2017-10-23 21:14:05','2017-10-23 21:14:05'),(49,'FYAOYBHLA',1,1,42,1,2855,97,1,181083,181083,6,'-1','Contanti alla consegna',1.000000,'',0,0,'',0,'',0.000000,0.000000,0.000000,61.200000,61.200000,61.200000,0.000000,0.000000,0.000000,0.000000,0.000000,0.000000,0.000,0.000000,0.000000,0.000000,2,1,0,0,'0000-00-00 00:00:00','0000-00-00 00:00:00',1,'2017-10-25 09:49:24','2017-10-25 09:49:24'),(50,'TIVXWJQLU',1,1,42,1,2856,98,1,316766,316766,4,'-1','Contanti alla consegna',1.000000,'',0,0,'',0,'',0.000000,0.000000,0.000000,77.390000,77.390000,77.390000,0.000000,0.000000,0.000000,0.000000,0.000000,0.000000,0.000,0.000000,0.000000,0.000000,2,1,0,0,'0000-00-00 00:00:00','0000-00-00 00:00:00',1,'2017-10-26 12:26:44','2017-10-26 12:26:44'),(51,'QCKRYYZTK',1,1,42,1,2859,100,1,588139,588139,4,'-1','Contanti alla consegna',1.000000,'',0,0,'',0,'',0.000000,0.000000,0.000000,59.500000,59.500000,59.500000,0.000000,0.000000,0.000000,0.000000,0.000000,0.000000,0.000,0.000000,0.000000,0.000000,2,1,0,0,'0000-00-00 00:00:00','0000-00-00 00:00:00',1,'2017-10-26 21:00:28','2017-10-26 21:00:28'),(52,'AGQHKWOPG',1,1,42,1,2860,102,1,859515,859515,4,'-1','Contanti alla consegna',1.000000,'',0,0,'',0,'',0.000000,0.000000,0.000000,35.800000,35.800000,35.800000,0.000000,0.000000,0.000000,0.000000,0.000000,0.000000,0.000,0.000000,0.000000,0.000000,2,1,0,0,'0000-00-00 00:00:00','0000-00-00 00:00:00',1,'2017-10-28 19:24:11','2017-10-28 19:24:11'),(53,'ZLXGLJIHF',1,1,42,1,2862,104,1,859516,859516,4,'-1','Contanti alla consegna',1.000000,'',0,0,'',0,'',0.000000,0.000000,0.000000,13.600000,13.600000,13.600000,0.000000,0.000000,0.000000,0.000000,0.000000,0.000000,0.000,0.000000,0.000000,0.000000,2,1,0,0,'0000-00-00 00:00:00','0000-00-00 00:00:00',1,'2017-10-29 19:30:23','2017-10-29 19:30:23'),(54,'BOTAYGMSP',1,1,42,1,2859,105,1,588139,588139,4,'-1','Contanti alla consegna',1.000000,'',0,0,'',0,'',0.000000,0.000000,0.000000,10.200000,10.200000,10.200000,0.000000,0.000000,0.000000,0.000000,0.000000,0.000000,0.000,0.000000,0.000000,0.000000,2,1,0,0,'0000-00-00 00:00:00','0000-00-00 00:00:00',1,'2017-10-30 09:55:54','2017-10-30 09:55:54'),(55,'FHQPMAAUE',1,1,42,1,2855,107,1,181083,181083,4,'-1','Contanti alla consegna',1.000000,'',0,0,'',0,'',0.000000,0.000000,0.000000,95.200000,95.200000,95.200000,0.000000,0.000000,0.000000,0.000000,0.000000,0.000000,0.000,0.000000,0.000000,0.000000,2,1,0,0,'0000-00-00 00:00:00','0000-00-00 00:00:00',1,'2017-10-31 11:23:21','2017-10-31 11:23:21'),(56,'TDINCEMFP',1,1,42,1,2866,108,1,1402275,1402275,4,'-1','Contanti alla consegna',1.000000,'',0,0,'',0,'',0.000000,0.000000,0.000000,25.500000,25.500000,25.500000,0.000000,0.000000,0.000000,0.000000,0.000000,0.000000,0.000,0.000000,0.000000,0.000000,2,1,0,0,'0000-00-00 00:00:00','0000-00-00 00:00:00',1,'2017-10-31 14:42:43','2017-10-31 14:42:43'),(57,'IKPEBCEVC',1,1,43,1,2880,112,1,2171041,2171041,6,'-1','Contanti alla consegna',1.000000,'',0,0,'',0,'',0.000000,0.000000,0.000000,56.580000,56.580000,56.580000,0.000000,0.000000,0.000000,0.000000,15.000000,15.000000,0.000,0.000000,0.000000,0.000000,2,1,0,0,'0000-00-00 00:00:00','0000-00-00 00:00:00',1,'2017-11-04 09:37:08','2017-11-04 09:37:08'),(59,'TYKAAYOOB',1,1,43,1,2897,117,1,4658861,4658861,4,'-1','Bonifico anticipato',1.000000,'',0,0,'',0,'',0.000000,0.000000,0.000000,144.260000,144.260000,144.260000,0.000000,0.000000,0.000000,0.000000,15.000000,15.000000,0.000,0.000000,0.000000,0.000000,2,1,0,0,'0000-00-00 00:00:00','0000-00-00 00:00:00',1,'2017-11-08 15:51:42','2017-11-08 15:51:42'),(60,'UKQNWLSYM',1,1,42,1,2913,120,1,4658886,4658886,4,'-1','Contanti alla consegna',1.000000,'',0,0,'',0,'',0.000000,0.000000,0.000000,27.540000,27.540000,27.540000,0.000000,0.000000,0.000000,0.000000,0.000000,0.000000,0.000,0.000000,0.000000,0.000000,2,1,0,0,'0000-00-00 00:00:00','0000-00-00 00:00:00',1,'2017-11-11 18:15:28','2017-11-11 18:15:28'),(61,'REJHTGAYS',1,1,42,1,2914,121,1,4658887,4658887,4,'-1','Contanti alla consegna',1.000000,'',0,0,'',0,'',0.000000,0.000000,0.000000,24.080000,24.080000,24.080000,0.000000,0.000000,0.000000,0.000000,0.000000,0.000000,0.000,0.000000,0.000000,0.000000,2,1,0,0,'0000-00-00 00:00:00','0000-00-00 00:00:00',1,'2017-11-12 17:45:04','2017-11-12 17:45:04'),(62,'TIJJDBZGQ',1,1,42,1,2921,122,1,4658917,4658917,6,'-1','Bonifico anticipato',1.000000,'',0,0,'',0,'',0.000000,0.000000,0.000000,80.550000,80.550000,80.550000,0.000000,0.000000,0.000000,0.000000,0.000000,0.000000,0.000,0.000000,0.000000,0.000000,2,1,0,0,'0000-00-00 00:00:00','0000-00-00 00:00:00',1,'2017-11-13 21:17:58','2017-11-13 21:17:58'),(63,'CUNCKXGCZ',1,1,42,1,2930,125,1,4659000,4659000,4,'-1','Contanti alla consegna',1.000000,'',0,0,'',0,'',0.000000,0.000000,0.000000,85.350000,85.350000,85.350000,0.000000,0.000000,0.000000,0.000000,0.000000,0.000000,0.000,0.000000,0.000000,0.000000,2,1,0,0,'0000-00-00 00:00:00','0000-00-00 00:00:00',1,'2017-11-14 17:30:58','2017-11-14 17:30:58'),(64,'XIPGQQRXP',1,1,42,1,2946,128,1,4659161,4659161,4,'-1','Contanti alla consegna',1.000000,'',0,0,'',0,'',0.000000,0.000000,0.000000,32.300000,32.300000,26.480000,0.000000,0.000000,0.000000,0.000000,0.000000,0.000000,0.000,0.000000,0.000000,0.000000,2,1,0,0,'0000-00-00 00:00:00','0000-00-00 00:00:00',1,'2017-11-16 11:33:45','2017-11-16 11:33:45'),(65,'VDOFSEZMB',1,1,42,1,2948,129,1,4659469,4659469,4,'-1','Contanti alla consegna',1.000000,'',0,0,'',0,'',0.000000,0.000000,0.000000,115.900000,115.900000,115.900000,0.000000,0.000000,0.000000,0.000000,0.000000,0.000000,0.000,0.000000,0.000000,0.000000,2,1,0,0,'0000-00-00 00:00:00','0000-00-00 00:00:00',1,'2017-11-16 17:20:48','2017-11-16 17:20:48'),(66,'CEKCMBUWQ',1,1,42,1,2949,130,1,4660091,4660091,4,'-1','Contanti alla consegna',1.000000,'',0,0,'',0,'',0.000000,0.000000,0.000000,52.360000,52.360000,52.360000,0.000000,0.000000,0.000000,0.000000,0.000000,0.000000,0.000,0.000000,0.000000,0.000000,2,1,0,0,'0000-00-00 00:00:00','0000-00-00 00:00:00',1,'2017-11-16 18:24:10','2017-11-16 18:24:10'),(68,'DRQPMICIK',1,1,42,1,2971,142,1,4661370,4661370,4,'-1','Bonifico anticipato',1.000000,'',0,0,'',0,'',0.000000,0.000000,0.000000,258.400000,258.400000,211.840000,0.000000,0.000000,0.000000,0.000000,0.000000,0.000000,0.000,0.000000,0.000000,0.000000,2,1,0,0,'0000-00-00 00:00:00','0000-00-00 00:00:00',1,'2017-11-24 10:30:51','2017-11-24 10:30:51'),(69,'CEYCUNUAX',1,1,42,1,2975,144,1,4663862,4663862,4,'-1','Contanti alla consegna',1.000000,'',0,0,'',0,'',0.000000,0.000000,0.000000,10.740000,10.740000,10.740000,0.000000,0.000000,0.000000,0.000000,0.000000,0.000000,0.000,0.000000,0.000000,0.000000,2,1,0,0,'0000-00-00 00:00:00','0000-00-00 00:00:00',1,'2017-11-25 12:02:45','2017-11-25 12:02:45'),(70,'LUBELHRBB',1,1,42,1,2859,145,1,588139,588139,4,'-1','Contanti alla consegna',1.000000,'',0,0,'',0,'',0.000000,0.000000,0.000000,8.500000,8.500000,8.500000,0.000000,0.000000,0.000000,0.000000,0.000000,0.000000,0.000,0.000000,0.000000,0.000000,2,1,0,0,'0000-00-00 00:00:00','0000-00-00 00:00:00',1,'2017-11-25 17:07:08','2017-11-25 17:07:08'),(72,'FFGBFMLOG',1,1,42,1,2980,148,1,4668874,4668874,4,'-1','Contanti alla consegna',1.000000,'',0,0,'',0,'',0.000000,0.000000,0.000000,581.400000,581.400000,581.400000,0.000000,0.000000,0.000000,0.000000,0.000000,0.000000,0.000,0.000000,0.000000,0.000000,2,1,0,0,'0000-00-00 00:00:00','0000-00-00 00:00:00',1,'2017-11-28 18:41:29','2017-11-28 18:41:29'),(73,'EWDCYAKYV',1,1,42,1,2988,151,1,4668904,4668904,4,'-1','Contanti alla consegna',1.000000,'',0,0,'',0,'',0.000000,0.000000,0.000000,66.160000,66.160000,66.160000,0.000000,0.000000,0.000000,0.000000,0.000000,0.000000,0.000,0.000000,0.000000,0.000000,2,1,0,0,'0000-00-00 00:00:00','0000-00-00 00:00:00',1,'2017-11-30 16:25:47','2017-11-30 16:25:47'),(74,'UKRMYMQHK',1,1,42,1,2989,150,1,34,34,4,'-1','Contanti alla consegna',1.000000,'',0,0,'',0,'',0.000000,0.000000,0.000000,13.000000,13.000000,10.000000,0.000000,0.000000,0.000000,0.000000,0.000000,0.000000,0.000,0.000000,0.000000,0.000000,2,1,0,0,'0000-00-00 00:00:00','0000-00-00 00:00:00',1,'2017-11-30 16:41:56','2017-11-30 16:41:56'),(75,'FREYGBRAC',1,1,42,1,3004,156,1,4668975,4668975,4,'-1','Contanti alla consegna',1.000000,'',0,0,'',0,'',0.000000,0.000000,0.000000,36.010000,36.010000,36.010000,0.000000,0.000000,0.000000,0.000000,0.000000,0.000000,0.000,0.000000,0.000000,0.000000,2,1,0,0,'0000-00-00 00:00:00','0000-00-00 00:00:00',1,'2018-01-06 18:12:58','2018-01-06 18:12:58'),(76,'PBGXHBQCX',1,1,42,1,3005,157,1,4668976,4668976,4,'-1','Contanti alla consegna',1.000000,'',0,0,'',0,'',0.000000,0.000000,0.000000,43.680000,43.680000,42.030000,0.000000,0.000000,0.000000,0.000000,0.000000,0.000000,0.000,0.000000,0.000000,0.000000,2,1,0,0,'0000-00-00 00:00:00','0000-00-00 00:00:00',1,'2018-01-08 22:55:55','2018-01-08 22:55:55'),(77,'CZELTLJIF',1,1,42,1,3021,161,1,4669095,4669095,4,'-1','Contanti alla consegna',1.000000,'',0,0,'',0,'',0.000000,0.000000,0.000000,10.460000,10.460000,10.460000,0.000000,0.000000,0.000000,0.000000,0.000000,0.000000,0.000,0.000000,0.000000,0.000000,2,1,0,0,'0000-00-00 00:00:00','0000-00-00 00:00:00',1,'2018-01-14 19:15:36','2018-01-14 19:15:36'),(78,'FBDGLAQHE',1,1,42,1,3005,164,1,4668976,4668976,3,'-1','Contanti alla consegna',1.000000,'',0,0,'',0,'',0.000000,0.000000,0.000000,9.000000,9.000000,7.350000,0.000000,0.000000,0.000000,0.000000,0.000000,0.000000,0.000,0.000000,0.000000,0.000000,2,1,0,0,'0000-00-00 00:00:00','0000-00-00 00:00:00',1,'2018-01-30 23:49:46','2018-01-30 23:49:46'),(79,'CKRGHJXMH',1,1,42,1,3022,166,1,4669097,4669097,3,'-1','Contanti alla consegna',1.000000,'',0,0,'',0,'',0.000000,0.000000,0.000000,20.400000,20.400000,20.400000,0.000000,0.000000,0.000000,0.000000,0.000000,0.000000,0.000,0.000000,0.000000,0.000000,2,1,0,0,'0000-00-00 00:00:00','0000-00-00 00:00:00',1,'2018-02-01 22:18:04','2018-02-01 22:18:04'),(80,'XBOCPJJZS',1,1,42,1,3025,168,1,4669100,4669100,3,'-1','Contanti alla consegna',1.000000,'',0,0,'',0,'',0.000000,0.000000,0.000000,18.700000,18.700000,18.700000,0.000000,0.000000,0.000000,0.000000,0.000000,0.000000,0.000,0.000000,0.000000,0.000000,2,1,0,0,'0000-00-00 00:00:00','0000-00-00 00:00:00',1,'2018-02-07 12:31:58','2018-02-07 12:31:58'),(82,'UGYWKADGW',1,1,42,1,3026,176,1,4669101,4669101,3,'-1','Contanti alla consegna',1.000000,'',0,0,'',0,'',0.000000,0.000000,0.000000,17.200000,17.200000,14.000000,0.000000,0.000000,0.000000,0.000000,0.000000,0.000000,0.000,0.000000,0.000000,0.000000,2,1,0,0,'0000-00-00 00:00:00','0000-00-00 00:00:00',1,'2018-02-26 10:13:08','2018-02-26 10:13:08'),(83,'EKWOZFRYR',1,1,42,1,2880,181,1,4669106,4669106,3,'-1','Contanti alla consegna',1.000000,'',0,0,'',0,'',0.000000,0.000000,0.000000,25.500000,25.500000,25.500000,0.000000,0.000000,0.000000,0.000000,0.000000,0.000000,0.000,0.000000,0.000000,0.000000,2,1,0,0,'0000-00-00 00:00:00','0000-00-00 00:00:00',1,'2018-03-03 20:52:38','2018-03-03 20:52:38'),(84,'TTXJVTGAT',1,1,42,1,3033,189,1,4669108,4669108,3,'-1','Contanti alla consegna',1.000000,'',0,0,'',0,'',0.000000,0.000000,0.000000,6.630000,6.630000,6.630000,0.000000,0.000000,0.000000,0.000000,0.000000,0.000000,0.000,0.000000,0.000000,0.000000,2,1,0,0,'0000-00-00 00:00:00','0000-00-00 00:00:00',1,'2018-03-26 11:59:34','2018-03-26 11:59:34'),(85,'OITEQKUBA',1,1,42,1,3034,192,1,4669109,4669109,3,'-1','Contanti alla consegna',1.000000,'',0,0,'',0,'',0.000000,0.000000,0.000000,4.080000,4.080000,4.080000,0.000000,0.000000,0.000000,0.000000,0.000000,0.000000,0.000,0.000000,0.000000,0.000000,2,1,0,0,'0000-00-00 00:00:00','0000-00-00 00:00:00',1,'2018-04-16 07:54:35','2018-04-16 07:54:35'),(86,'JYHFODXVB',1,1,42,1,3034,193,1,4669109,4669109,3,'-1','Contanti alla consegna',1.000000,'',0,0,'',0,'',0.000000,0.000000,0.000000,1.360000,1.360000,1.360000,0.000000,0.000000,0.000000,0.000000,0.000000,0.000000,0.000,0.000000,0.000000,0.000000,2,1,0,0,'0000-00-00 00:00:00','0000-00-00 00:00:00',1,'2018-04-16 14:31:57','2018-04-16 14:31:57'),(87,'KZDQQLIYF',1,1,42,1,3036,196,1,4669111,4669111,3,'-1','Contanti alla consegna',1.000000,'',0,0,'',0,'',0.000000,0.000000,0.000000,31.280000,31.280000,31.280000,0.000000,0.000000,0.000000,0.000000,0.000000,0.000000,0.000,0.000000,0.000000,0.000000,2,1,0,0,'0000-00-00 00:00:00','0000-00-00 00:00:00',1,'2018-04-19 16:22:07','2018-04-19 16:22:07'),(88,'KSCRJMXUO',1,1,42,1,3036,197,1,4669111,4669111,3,'-1','Contanti alla consegna',1.000000,'',0,0,'',0,'',0.000000,0.000000,0.000000,1.360000,1.360000,1.360000,0.000000,0.000000,0.000000,0.000000,0.000000,0.000000,0.000,0.000000,0.000000,0.000000,2,1,0,0,'0000-00-00 00:00:00','0000-00-00 00:00:00',1,'2018-04-19 16:28:00','2018-04-19 16:28:00'),(90,'OKZRZOACG',1,1,42,1,3038,198,1,4669113,4669113,3,'-1','Bonifico anticipato',1.000000,'',0,0,'',0,'',0.000000,0.000000,0.000000,85.160000,85.160000,85.160000,0.000000,0.000000,0.000000,0.000000,0.000000,0.000000,0.000,0.000000,0.000000,0.000000,2,1,0,0,'0000-00-00 00:00:00','0000-00-00 00:00:00',1,'2018-04-20 13:47:19','2018-04-20 13:47:19'),(91,'JIXSNJOOF',1,1,42,1,3039,202,1,4669114,4669114,3,'-1','Contanti alla consegna',1.000000,'',0,0,'',0,'',0.000000,0.000000,0.000000,112.880000,112.880000,112.880000,0.000000,0.000000,0.000000,0.000000,0.000000,0.000000,0.000,0.000000,0.000000,0.000000,2,1,0,0,'0000-00-00 00:00:00','0000-00-00 00:00:00',1,'2018-04-27 17:53:40','2018-04-27 17:53:40'),(92,'UNQUYSYZB',1,1,43,1,3041,205,1,4669116,4669116,4,'-1','Bonifico anticipato',1.000000,'',0,0,'',0,'',0.000000,0.000000,0.000000,96.900000,96.900000,96.900000,0.000000,0.000000,0.000000,0.000000,15.000000,15.000000,0.000,0.000000,0.000000,0.000000,2,1,0,0,'0000-00-00 00:00:00','0000-00-00 00:00:00',1,'2018-05-02 09:24:13','2018-05-02 09:24:13'),(93,'JHBCUQNZW',1,1,42,1,2743,207,1,11460,11460,3,'-1','Contanti alla consegna',1.000000,'',0,0,'',0,'',0.000000,0.000000,0.000000,111.390000,111.390000,92.820000,0.000000,0.000000,0.000000,0.000000,0.000000,0.000000,0.000,0.000000,0.000000,0.000000,2,1,0,0,'0000-00-00 00:00:00','0000-00-00 00:00:00',1,'2018-05-15 17:48:58','2018-05-15 17:48:58'),(95,'XWJENVNDK',1,1,42,1,2743,209,1,11460,11460,3,'-1','Contanti alla consegna',1.000000,'',0,0,'',0,'',0.000000,0.000000,0.000000,0.560000,0.560000,0.450000,0.000000,0.000000,0.000000,0.000000,0.000000,0.000000,0.000,0.000000,0.000000,0.000000,2,1,0,0,'0000-00-00 00:00:00','0000-00-00 00:00:00',1,'2018-05-15 20:15:26','2018-05-15 20:15:26'),(96,'PHKUCFHTD',1,1,42,1,3042,211,1,4669117,4669117,3,'-1','Contanti alla consegna',1.000000,'',0,0,'',0,'',0.000000,0.000000,0.000000,10.660000,10.660000,10.610000,0.000000,0.000000,0.000000,0.000000,0.000000,0.000000,0.000,0.000000,0.000000,0.000000,2,1,0,0,'0000-00-00 00:00:00','0000-00-00 00:00:00',1,'2018-05-26 21:03:36','2018-05-26 21:03:36'),(97,'XZBZAMHAD',1,1,42,1,3042,212,1,4669117,4669117,3,'-1','Contanti alla consegna',1.000000,'',0,0,'',0,'',0.000000,0.000000,0.000000,20.670000,20.670000,20.520000,0.000000,0.000000,0.000000,0.000000,0.000000,0.000000,0.000,0.000000,0.000000,0.000000,2,1,0,0,'0000-00-00 00:00:00','0000-00-00 00:00:00',1,'2018-06-04 16:36:07','2018-06-04 16:36:07'),(98,'TCMLNNWLC',1,1,42,1,3044,216,1,4669119,4669119,3,'-1','Contanti alla consegna',1.000000,'',0,0,'',0,'',0.000000,0.000000,0.000000,14.180000,14.180000,13.850000,0.000000,0.000000,0.000000,0.000000,0.000000,0.000000,0.000,0.000000,0.000000,0.000000,2,1,0,0,'0000-00-00 00:00:00','0000-00-00 00:00:00',1,'2018-06-15 11:13:47','2018-06-15 11:13:47'),(99,'XXZCRAYMH',1,1,43,1,2741,217,1,11462,11462,3,'-1','Contanti alla consegna',1.000000,'',0,0,'',0,'',0.000000,0.000000,0.000000,0.130000,0.130000,0.100000,0.000000,0.000000,0.000000,0.000000,15.000000,15.000000,0.000,0.000000,0.000000,0.000000,2,1,0,0,'0000-00-00 00:00:00','0000-00-00 00:00:00',1,'2018-06-16 18:25:38','2018-06-16 18:25:38'),(101,'ENZNFXEAE',1,1,42,1,0,218,1,0,0,3,'-1','Contanti alla consegna',1.000000,'',0,0,'',0,'',0.000000,0.000000,0.000000,32.300000,32.300000,26.480000,0.000000,0.000000,0.000000,0.000000,0.000000,0.000000,0.000,0.000000,0.000000,0.000000,2,1,0,0,'0000-00-00 00:00:00','0000-00-00 00:00:00',1,'2018-06-22 22:37:22','2018-06-22 22:37:22'),(103,'JTFYTLXWY',1,1,42,1,0,219,1,0,0,3,'-1','Contanti alla consegna',1.000000,'',0,0,'',0,'',0.000000,0.000000,0.000000,32.300000,32.300000,26.480000,0.000000,0.000000,0.000000,0.000000,0.000000,0.000000,0.000,0.000000,0.000000,0.000000,2,1,0,0,'0000-00-00 00:00:00','0000-00-00 00:00:00',1,'2018-06-22 23:27:09','2018-06-22 23:27:09'),(105,'WGSRRSIAO',1,1,43,1,2738,222,1,11465,11465,3,'-1','Contanti alla consegna',1.000000,'',0,0,'',0,'',0.000000,0.000000,0.000000,17.600000,17.600000,2.000000,0.000000,0.000000,0.000000,0.000000,15.000000,15.000000,0.000,0.000000,0.000000,0.000000,2,1,0,0,'0000-00-00 00:00:00','0000-00-00 00:00:00',0,'2018-06-25 22:29:05','2018-06-25 22:29:05'),(106,'ARZYHGSUY',1,1,42,1,2743,224,1,11460,11460,3,'-1','Contanti alla consegna',1.000000,'',0,0,'',0,'',0.000000,0.000000,0.000000,6.280000,6.280000,1.050000,0.000000,0.000000,0.000000,0.000000,0.000000,0.000000,0.000,0.000000,0.000000,0.000000,2,1,0,0,'0000-00-00 00:00:00','0000-00-00 00:00:00',0,'2018-06-29 15:47:31','2018-06-29 15:47:31'),(107,'MKKBZWZQT',1,1,42,1,2743,226,1,11460,11460,3,'-1','Contanti alla consegna',1.000000,'',0,0,'',0,'',0.000000,0.000000,0.000000,13.930000,13.930000,8.850000,0.000000,0.000000,0.000000,0.000000,0.000000,0.000000,0.000,0.000000,0.000000,0.000000,2,1,0,0,'0000-00-00 00:00:00','0000-00-00 00:00:00',0,'2018-06-29 16:00:56','2018-06-29 16:00:56'),(109,'VXNBTFTAG',1,1,42,1,3047,227,1,4669122,4669122,3,'-1','Contanti alla consegna',1.000000,'',0,0,'',0,'',0.000000,0.000000,0.000000,34.800000,34.800000,29.800000,0.000000,0.000000,0.000000,0.000000,0.000000,0.000000,0.000,0.000000,0.000000,0.000000,2,1,0,0,'0000-00-00 00:00:00','0000-00-00 00:00:00',1,'2018-07-30 23:52:16','2018-07-30 23:52:16'),(110,'ZMFVEOCOH',1,1,42,1,3048,237,1,4669123,4669123,4,'-1','Bonifico anticipato',1.000000,'',0,0,'',0,'',0.000000,0.000000,0.000000,227.140000,227.140000,214.140000,0.000000,0.000000,0.000000,0.000000,0.000000,0.000000,0.000,0.000000,0.000000,0.000000,2,1,0,0,'0000-00-00 00:00:00','0000-00-00 00:00:00',1,'2018-09-08 10:51:46','2018-09-08 10:51:46'),(111,'RFNMCQWCB',1,1,42,1,3049,240,1,4669124,4669124,4,'-1','Contanti alla consegna',1.000000,'',0,0,'',0,'',0.000000,0.000000,0.000000,39.000000,39.000000,27.860000,0.000000,0.000000,0.000000,0.000000,0.000000,0.000000,0.000,0.000000,0.000000,0.000000,2,1,0,0,'0000-00-00 00:00:00','0000-00-00 00:00:00',1,'2018-09-11 11:38:59','2018-09-11 11:38:59'),(113,'XPAONLMOK',1,1,42,1,3051,243,1,4669126,4669126,4,'-1','Contanti alla consegna',1.000000,'',0,0,'',0,'',0.000000,0.000000,0.000000,48.030000,48.030000,40.630000,0.000000,0.000000,0.000000,0.000000,0.000000,0.000000,0.000,0.000000,0.000000,0.000000,2,1,0,0,'0000-00-00 00:00:00','0000-00-00 00:00:00',1,'2018-09-12 16:45:03','2018-09-12 16:45:03'),(114,'LYBOORVRX',1,1,42,1,3054,247,1,4669129,4669129,4,'-1','Contanti alla consegna',1.000000,'',0,0,'',0,'',0.000000,0.000000,0.000000,21.590000,21.590000,16.590000,0.000000,0.000000,0.000000,0.000000,0.000000,0.000000,0.000,0.000000,0.000000,0.000000,2,1,0,0,'0000-00-00 00:00:00','0000-00-00 00:00:00',1,'2018-09-14 19:56:23','2018-09-14 19:56:23'),(115,'MZMDFPNWL',1,1,42,1,3055,248,1,4669130,4669130,4,'-1','Bonifico anticipato',1.000000,'',0,0,'',0,'',0.000000,0.000000,0.000000,37.300000,37.300000,26.480000,0.000000,0.000000,0.000000,0.000000,0.000000,0.000000,0.000,0.000000,0.000000,0.000000,2,1,0,0,'0000-00-00 00:00:00','0000-00-00 00:00:00',1,'2018-09-15 06:03:10','2018-09-15 06:03:10'),(116,'WMSEWRENQ',1,1,42,1,3130,252,1,4669265,4669265,4,'-1','Contanti alla consegna',1.000000,'',0,0,'',0,'',0.000000,0.000000,0.000000,9.250000,9.250000,4.250000,0.000000,0.000000,0.000000,0.000000,0.000000,0.000000,0.000,0.000000,0.000000,0.000000,2,1,0,0,'0000-00-00 00:00:00','0000-00-00 00:00:00',1,'2018-09-19 08:20:21','2018-09-19 08:20:21'),(117,'JKLQUGFYF',1,1,42,1,3131,253,1,4669266,4669266,4,'-1','Contanti alla consegna',1.000000,'',0,0,'',0,'',0.000000,0.000000,0.000000,37.300000,37.300000,26.480000,0.000000,0.000000,0.000000,0.000000,0.000000,0.000000,0.000,0.000000,0.000000,0.000000,2,1,0,0,'0000-00-00 00:00:00','0000-00-00 00:00:00',1,'2018-09-19 08:34:10','2018-09-19 08:34:10'),(118,'DFFVVKLGI',1,1,43,1,3132,256,1,4669267,4669267,4,'-1','Bonifico anticipato',1.000000,'',0,0,'',0,'',0.000000,0.000000,0.000000,193.750000,193.750000,165.750000,0.000000,0.000000,0.000000,0.000000,15.000000,15.000000,0.000,0.000000,0.000000,0.000000,2,1,0,0,'0000-00-00 00:00:00','0000-00-00 00:00:00',1,'2018-09-20 11:50:33','2018-09-20 11:50:33'),(119,'JFWQNEIEH',1,1,42,1,2859,265,1,588139,588139,4,'-1','Contanti alla consegna',1.000000,'',0,0,'',0,'',0.000000,0.000000,0.000000,6.700000,6.700000,1.700000,0.000000,0.000000,0.000000,0.000000,0.000000,0.000000,0.000,0.000000,0.000000,0.000000,2,1,0,0,'0000-00-00 00:00:00','0000-00-00 00:00:00',1,'2018-09-23 18:45:59','2018-09-23 18:45:59'),(120,'QMXXJYFOX',1,1,42,1,3137,269,1,4669313,4669313,4,'-1','Contanti alla consegna',1.000000,'',0,0,'',0,'',0.000000,0.000000,0.000000,153.880000,153.880000,140.880000,0.000000,0.000000,0.000000,0.000000,0.000000,0.000000,0.000,0.000000,0.000000,0.000000,2,1,0,0,'0000-00-00 00:00:00','0000-00-00 00:00:00',1,'2018-09-27 10:08:37','2018-09-27 10:08:37'),(121,'AYNMUDXXJ',1,1,42,1,3131,270,1,4669266,4669266,3,'-1','Contanti alla consegna',1.000000,'',0,0,'',0,'',0.000000,0.000000,0.000000,37.300000,37.300000,26.480000,0.000000,0.000000,0.000000,0.000000,0.000000,0.000000,0.000,0.000000,0.000000,0.000000,2,1,0,0,'0000-00-00 00:00:00','0000-00-00 00:00:00',1,'2018-09-27 11:01:01','2018-09-27 11:01:01'),(122,'MHXJKUBFU',1,1,42,1,2743,273,1,11460,11460,3,'-1','Contanti alla consegna',1.000000,'',0,0,'',0,'',0.000000,0.000000,0.000000,18.980000,18.980000,13.760000,0.000000,0.000000,0.000000,0.000000,0.000000,0.000000,0.000,0.000000,0.000000,0.000000,2,1,0,0,'0000-00-00 00:00:00','0000-00-00 00:00:00',1,'2018-09-27 16:44:36','2018-09-27 16:44:36'),(123,'KCCSQYRHM',1,1,42,1,2810,272,1,0,0,3,'-1','Contanti alla consegna',1.000000,'',0,0,'',0,'',0.000000,0.000000,0.000000,71.000000,71.000000,56.000000,0.000000,0.000000,0.000000,0.000000,0.000000,0.000000,0.000,0.000000,0.000000,0.000000,2,1,0,0,'0000-00-00 00:00:00','0000-00-00 00:00:00',1,'2018-09-27 16:50:12','2018-09-27 16:50:12'),(124,'LSMXCEUYM',1,1,42,1,2743,275,1,11460,11460,3,'-1','Bonifico anticipato',1.000000,'',0,0,'',0,'',0.000000,0.000000,0.000000,32.200000,32.200000,24.130000,0.000000,0.000000,0.000000,0.000000,0.000000,0.000000,0.000,0.000000,0.000000,0.000000,2,1,0,0,'0000-00-00 00:00:00','0000-00-00 00:00:00',1,'2018-09-27 19:29:19','2018-09-27 19:29:19'),(125,'THPNXRJSH',1,1,42,1,2743,277,1,11460,11460,3,'-1','Bonifico anticipato',1.000000,'',0,0,'',0,'',0.000000,0.000000,0.000000,88.650000,88.650000,63.560000,0.000000,0.000000,0.000000,0.000000,0.000000,0.000000,0.000,0.000000,0.000000,0.000000,2,1,0,0,'0000-00-00 00:00:00','0000-00-00 00:00:00',0,'2018-09-27 19:32:43','2018-09-27 19:32:43'),(126,'BMDGOCHYF',1,1,42,1,3150,283,1,4669379,4669379,4,'-1','Contanti alla consegna',1.000000,'',0,0,'',0,'',0.000000,0.000000,0.000000,40.000000,40.000000,34.890000,0.000000,0.000000,0.000000,0.000000,0.000000,0.000000,0.000,0.000000,0.000000,0.000000,2,1,0,0,'0000-00-00 00:00:00','0000-00-00 00:00:00',1,'2018-10-01 19:08:30','2018-10-01 19:08:30'),(127,'HEGIRKRPE',1,1,42,1,2775,288,1,11580,11580,4,'-1','Contanti alla consegna',1.000000,'',0,0,'',0,'',0.000000,0.000000,0.000000,336.000000,336.000000,306.000000,0.000000,0.000000,0.000000,0.000000,0.000000,0.000000,0.000,0.000000,0.000000,0.000000,2,1,0,0,'0000-00-00 00:00:00','0000-00-00 00:00:00',1,'2018-10-02 20:21:05','2018-10-02 20:21:05'),(128,'MUWOMUCDA',1,1,42,1,3151,289,1,4669382,4669382,4,'-1','Bonifico anticipato',1.000000,'',0,0,'',0,'',0.000000,0.000000,0.000000,37.300000,37.300000,26.480000,0.000000,0.000000,0.000000,0.000000,0.000000,0.000000,0.000,0.000000,0.000000,0.000000,2,1,0,0,'0000-00-00 00:00:00','0000-00-00 00:00:00',1,'2018-10-02 20:39:33','2018-10-02 20:39:33'),(129,'BWYTJGCYS',1,1,42,1,3154,291,1,4669392,4669392,4,'-1','Bonifico anticipato',1.000000,'',0,0,'',0,'',0.000000,0.000000,0.000000,12.680000,12.680000,6.240000,0.000000,0.000000,0.000000,0.000000,0.000000,0.000000,0.000,0.000000,0.000000,0.000000,2,1,0,0,'0000-00-00 00:00:00','0000-00-00 00:00:00',1,'2018-10-03 14:34:42','2018-10-03 14:34:42'),(130,'OBGPNPUIA',1,1,42,1,3155,293,1,4669393,4669393,4,'-1','Contanti alla consegna',1.000000,'',0,0,'',0,'',0.000000,0.000000,0.000000,46.310000,46.310000,41.310000,0.000000,0.000000,0.000000,0.000000,0.000000,0.000000,0.000,0.000000,0.000000,0.000000,2,1,0,0,'0000-00-00 00:00:00','0000-00-00 00:00:00',1,'2018-10-03 18:54:06','2018-10-03 18:54:06'),(131,'GSJIAQCQS',1,1,42,1,3155,294,1,4669393,4669393,4,'-1','Contanti alla consegna',1.000000,'',0,0,'',0,'',0.000000,0.000000,0.000000,32.540000,32.540000,27.540000,0.000000,0.000000,0.000000,0.000000,0.000000,0.000000,0.000,0.000000,0.000000,0.000000,2,1,0,0,'0000-00-00 00:00:00','0000-00-00 00:00:00',1,'2018-10-03 18:55:14','2018-10-03 18:55:14'),(132,'TDAXUUAHP',1,1,42,1,3156,295,1,4669410,4669410,4,'-1','Contanti alla consegna',1.000000,'',0,0,'',0,'',0.000000,0.000000,0.000000,75.070000,75.070000,61.020000,0.000000,0.000000,0.000000,0.000000,0.000000,0.000000,0.000,0.000000,0.000000,0.000000,2,1,0,0,'0000-00-00 00:00:00','0000-00-00 00:00:00',1,'2018-10-05 22:51:50','2018-10-05 22:51:50'),(133,'DNOHUZJWT',1,1,42,1,3157,296,1,4669413,4669413,4,'-1','Contanti alla consegna',1.000000,'',0,0,'',0,'',0.000000,0.000000,0.000000,6.700000,6.700000,1.700000,0.000000,0.000000,0.000000,0.000000,0.000000,0.000000,0.000,0.000000,0.000000,0.000000,2,1,0,0,'0000-00-00 00:00:00','0000-00-00 00:00:00',1,'2018-10-07 15:49:56','2018-10-07 15:49:56'),(134,'FIGXONJQT',1,1,42,1,3159,298,1,4669415,4669415,4,'-1','Contanti alla consegna',1.000000,'',0,0,'',0,'',0.000000,0.000000,0.000000,17.750000,17.750000,10.500000,0.000000,0.000000,0.000000,0.000000,0.000000,0.000000,0.000,0.000000,0.000000,0.000000,2,1,0,0,'0000-00-00 00:00:00','0000-00-00 00:00:00',1,'2018-10-08 09:02:52','2018-10-08 09:02:52'),(135,'TVSETGCQZ',1,1,42,1,3173,305,1,4669447,4669447,4,'-1','Contanti alla consegna',1.000000,'',0,0,'',0,'',0.000000,0.000000,0.000000,74.200000,74.200000,61.200000,0.000000,0.000000,0.000000,0.000000,0.000000,0.000000,0.000,0.000000,0.000000,0.000000,2,1,0,0,'0000-00-00 00:00:00','0000-00-00 00:00:00',1,'2018-10-09 16:23:27','2018-10-09 16:23:27'),(137,'TGUVVZHIY',1,1,43,1,3174,309,1,4669448,4669448,4,'-1','Bonifico anticipato',1.000000,'',0,0,'',0,'',0.000000,0.000000,0.000000,87.600000,87.600000,59.600000,0.000000,0.000000,0.000000,0.000000,15.000000,15.000000,0.000,0.000000,0.000000,0.000000,2,1,0,0,'0000-00-00 00:00:00','0000-00-00 00:00:00',1,'2018-10-10 12:20:01','2018-10-10 12:20:01'),(138,'YCEDOBQRY',1,1,42,1,3176,310,1,4669450,4669450,4,'-1','Contanti alla consegna',1.000000,'',0,0,'',0,'',0.000000,0.000000,0.000000,46.650000,46.650000,35.830000,0.000000,0.000000,0.000000,0.000000,0.000000,0.000000,0.000,0.000000,0.000000,0.000000,2,1,0,0,'0000-00-00 00:00:00','0000-00-00 00:00:00',1,'2018-10-10 15:47:09','2018-10-10 15:47:09'),(139,'IDXKYJSPB',1,1,42,1,3137,314,1,4669313,4669313,4,'-1','Contanti alla consegna',1.000000,'',0,0,'',0,'',0.000000,0.000000,0.000000,120.100000,120.100000,107.100000,0.000000,0.000000,0.000000,0.000000,0.000000,0.000000,0.000,0.000000,0.000000,0.000000,2,1,0,0,'0000-00-00 00:00:00','0000-00-00 00:00:00',1,'2018-10-11 15:22:09','2018-10-11 15:22:09'),(140,'OVNOAXOTW',1,1,42,1,3178,317,1,4669452,4669452,4,'-1','Contanti alla consegna',1.000000,'',0,0,'',0,'',0.000000,0.000000,0.000000,52.090000,52.090000,47.090000,0.000000,0.000000,0.000000,0.000000,0.000000,0.000000,0.000,0.000000,0.000000,0.000000,2,1,0,0,'0000-00-00 00:00:00','0000-00-00 00:00:00',1,'2018-10-11 21:36:53','2018-10-11 21:36:53'),(149,'RLFATISKB',1,1,42,1,3182,328,1,4669456,4669456,6,'-1','Contanti alla consegna',1.000000,'',0,0,'',0,'',0.000000,0.000000,0.000000,13.500000,13.500000,8.500000,0.000000,0.000000,0.000000,0.000000,0.000000,0.000000,0.000,0.000000,0.000000,0.000000,2,1,0,0,'0000-00-00 00:00:00','0000-00-00 00:00:00',1,'2018-10-13 19:57:51','2018-10-13 19:57:51'),(153,'GPXWOZVHR',1,1,42,1,3183,332,1,4669457,4669457,4,'-1','Contanti alla consegna',1.000000,'',0,0,'',0,'',0.000000,0.000000,0.000000,64.850000,64.850000,51.850000,0.000000,0.000000,0.000000,0.000000,0.000000,0.000000,0.000,0.000000,0.000000,0.000000,2,1,0,0,'0000-00-00 00:00:00','0000-00-00 00:00:00',1,'2018-10-15 09:04:07','2018-10-15 09:04:07'),(154,'YBGVWEYKN',1,1,42,1,3268,337,1,4669670,4669670,3,'-1','Bonifico anticipato',1.000000,'',0,0,'',0,'',0.000000,0.000000,0.000000,115.000000,115.000000,102.000000,0.000000,0.000000,0.000000,0.000000,0.000000,0.000000,0.000,0.000000,0.000000,0.000000,2,1,0,0,'0000-00-00 00:00:00','0000-00-00 00:00:00',1,'2018-10-16 21:12:09','2018-10-16 21:12:09'),(155,'PIBUVCWGP',1,1,42,1,3269,338,1,4669671,4669671,3,'-1','Contanti alla consegna',1.000000,'',0,0,'',0,'',0.000000,0.000000,0.000000,99.750000,99.750000,82.760000,0.000000,0.000000,0.000000,0.000000,0.000000,0.000000,0.000,0.000000,0.000000,0.000000,2,1,0,0,'0000-00-00 00:00:00','0000-00-00 00:00:00',1,'2018-10-17 16:53:46','2018-10-17 16:53:46'),(156,'YMULACQSU',1,1,43,1,3274,342,1,4669676,4669676,3,'-1','Contanti alla consegna',1.000000,'',0,0,'',0,'',0.000000,0.000000,0.000000,198.000000,198.000000,170.000000,0.000000,0.000000,0.000000,0.000000,15.000000,15.000000,0.000,0.000000,0.000000,0.000000,2,1,0,0,'0000-00-00 00:00:00','0000-00-00 00:00:00',1,'2018-10-18 15:39:52','2018-10-18 15:39:52'),(157,'IHBMFHPVH',1,1,42,1,3275,343,1,4669677,4669677,3,'-1','Bonifico anticipato',1.000000,'',0,0,'',0,'',0.000000,0.000000,0.000000,283.300000,283.300000,253.300000,0.000000,0.000000,0.000000,0.000000,0.000000,0.000000,0.000,0.000000,0.000000,0.000000,2,1,0,0,'0000-00-00 00:00:00','0000-00-00 00:00:00',1,'2018-10-19 09:35:00','2018-10-19 09:35:00'),(158,'XAVLCNZEO',1,1,42,1,3276,346,1,4669695,4669695,3,'-1','Contanti alla consegna',1.000000,'',0,0,'',0,'',0.000000,0.000000,0.000000,234.000000,234.000000,221.000000,0.000000,0.000000,0.000000,0.000000,0.000000,0.000000,0.000,0.000000,0.000000,0.000000,2,1,0,0,'0000-00-00 00:00:00','0000-00-00 00:00:00',1,'2018-10-21 11:37:15','2018-10-21 11:37:15'),(159,'EPPLITYMV',1,1,42,1,3280,353,1,4669699,4669699,3,'-1','Contanti alla consegna',1.000000,'',0,0,'',0,'',0.000000,0.000000,0.000000,107.380000,107.380000,94.380000,0.000000,0.000000,0.000000,0.000000,0.000000,0.000000,0.000,0.000000,0.000000,0.000000,2,1,0,0,'0000-00-00 00:00:00','0000-00-00 00:00:00',1,'2018-10-22 19:56:29','2018-10-22 19:56:29'),(160,'OPXAXBXIL',1,1,42,1,3281,358,1,4669700,4669700,3,'-1','Contanti alla consegna',1.000000,'',0,0,'',0,'',0.000000,0.000000,0.000000,16.480000,16.480000,11.480000,0.000000,0.000000,0.000000,0.000000,0.000000,0.000000,0.000,0.000000,0.000000,0.000000,2,1,0,0,'0000-00-00 00:00:00','0000-00-00 00:00:00',1,'2018-10-26 19:34:51','2018-10-26 19:34:51'),(161,'CXANNTXNU',1,1,42,1,3283,361,1,4669702,4669702,3,'-1','Contanti alla consegna',1.000000,'',0,0,'',0,'',0.000000,0.000000,0.000000,28.000000,28.000000,23.000000,0.000000,0.000000,0.000000,0.000000,0.000000,0.000000,0.000,0.000000,0.000000,0.000000,2,1,0,0,'0000-00-00 00:00:00','0000-00-00 00:00:00',1,'2018-10-28 10:17:41','2018-10-28 10:17:41'),(162,'IRJXYTSKY',1,1,42,1,3179,365,1,4669453,4669453,3,'-1','Contanti alla consegna',1.000000,'',0,0,'',0,'',0.000000,0.000000,0.000000,34.920000,34.920000,29.920000,0.000000,0.000000,0.000000,0.000000,0.000000,0.000000,0.000,0.000000,0.000000,0.000000,2,1,0,0,'0000-00-00 00:00:00','0000-00-00 00:00:00',1,'2018-10-30 20:38:54','2018-10-30 20:38:54'),(163,'RLAQZOICS',1,1,42,1,3292,377,1,4669711,4669711,3,'-1','Contanti alla consegna',1.000000,'',0,0,'',0,'',0.000000,0.000000,0.000000,40.700000,40.700000,35.700000,0.000000,0.000000,0.000000,0.000000,0.000000,0.000000,0.000,0.000000,0.000000,0.000000,2,1,0,0,'0000-00-00 00:00:00','0000-00-00 00:00:00',1,'2018-11-08 10:02:15','2018-11-08 10:02:15'),(164,'OSDZVUGXW',1,1,42,1,3291,378,1,4669710,4669710,3,'-1','Contanti alla consegna',1.000000,'',0,0,'',0,'',0.000000,0.000000,0.000000,40.700000,40.700000,35.700000,0.000000,0.000000,0.000000,0.000000,0.000000,0.000000,0.000,0.000000,0.000000,0.000000,2,1,0,0,'0000-00-00 00:00:00','0000-00-00 00:00:00',1,'2018-11-08 10:04:46','2018-11-08 10:04:46'),(165,'USSJICFHP',1,1,42,1,3293,379,1,4669712,4669712,3,'-1','Contanti alla consegna',1.000000,'',0,0,'',0,'',0.000000,0.000000,0.000000,7.380000,7.380000,2.380000,0.000000,0.000000,0.000000,0.000000,0.000000,0.000000,0.000,0.000000,0.000000,0.000000,2,1,0,0,'0000-00-00 00:00:00','0000-00-00 00:00:00',1,'2018-11-08 11:11:46','2018-11-08 11:11:46'),(166,'YNXEOXLFC',1,1,42,1,3294,380,1,4669713,4669713,3,'-1','Contanti alla consegna',1.000000,'',0,0,'',0,'',0.000000,0.000000,0.000000,47.500000,47.500000,42.500000,0.000000,0.000000,0.000000,0.000000,0.000000,0.000000,0.000,0.000000,0.000000,0.000000,2,1,0,0,'0000-00-00 00:00:00','0000-00-00 00:00:00',1,'2018-11-08 11:21:21','2018-11-08 11:21:21'),(167,'VJZQOXWZD',1,1,42,1,3300,392,1,4669719,4669719,3,'-1','Contanti alla consegna',1.000000,'',0,0,'',0,'',0.000000,0.000000,0.000000,17.750000,17.750000,12.750000,0.000000,0.000000,0.000000,0.000000,0.000000,0.000000,0.000,0.000000,0.000000,0.000000,2,1,0,0,'0000-00-00 00:00:00','0000-00-00 00:00:00',1,'2018-11-14 13:14:52','2018-11-14 13:14:52'),(168,'EMLOHZPSS',1,1,42,1,3301,395,1,4669720,4669720,3,'-1','Contanti alla consegna',1.000000,'',0,0,'',0,'',0.000000,0.000000,0.000000,7.890000,7.890000,2.890000,0.000000,0.000000,0.000000,0.000000,0.000000,0.000000,0.000,0.000000,0.000000,0.000000,2,1,0,0,'0000-00-00 00:00:00','0000-00-00 00:00:00',1,'2018-11-18 16:52:00','2018-11-18 16:52:00'),(169,'WYUBPPRCC',1,1,42,1,3302,396,1,4669721,4669721,3,'-1','Contanti alla consegna',1.000000,'',0,0,'',0,'',0.000000,0.000000,0.000000,18.600000,18.600000,13.600000,0.000000,0.000000,0.000000,0.000000,0.000000,0.000000,0.000,0.000000,0.000000,0.000000,2,1,0,0,'0000-00-00 00:00:00','0000-00-00 00:00:00',1,'2018-11-20 18:32:10','2018-11-20 18:32:10'),(170,'MIOVLQEDN',1,1,42,1,3303,398,1,4669722,4669722,3,'-1','Bonifico anticipato',1.000000,'',0,0,'',0,'',0.000000,0.000000,0.000000,39.850000,39.850000,34.850000,0.000000,0.000000,0.000000,0.000000,0.000000,0.000000,0.000,0.000000,0.000000,0.000000,2,1,0,0,'0000-00-00 00:00:00','0000-00-00 00:00:00',1,'2018-11-21 07:40:28','2018-11-21 07:40:28'),(171,'PBBJAHJQV',1,1,43,1,2897,400,1,4658861,4658861,3,'-1','Bonifico anticipato',1.000000,'',0,0,'',0,'',0.000000,0.000000,0.000000,87.600000,87.600000,59.600000,0.000000,0.000000,0.000000,0.000000,15.000000,15.000000,0.000,0.000000,0.000000,0.000000,2,1,0,0,'0000-00-00 00:00:00','0000-00-00 00:00:00',1,'2018-11-22 13:29:06','2018-11-22 13:29:06'),(172,'NEXCFTBAF',1,1,42,1,3305,404,1,4669724,4669724,3,'-1','Contanti alla consegna',1.000000,'',0,0,'',0,'',0.000000,0.000000,0.000000,82.190000,82.190000,69.190000,0.000000,0.000000,0.000000,0.000000,0.000000,0.000000,0.000,0.000000,0.000000,0.000000,2,1,0,0,'0000-00-00 00:00:00','0000-00-00 00:00:00',1,'2018-11-24 09:24:37','2018-11-24 09:24:37'),(173,'MYBOGRUDG',1,1,42,1,3304,408,1,4669723,4669723,3,'-1','Contanti alla consegna',1.000000,'',0,0,'',0,'',0.000000,0.000000,0.000000,69.100000,69.100000,56.100000,0.000000,0.000000,0.000000,0.000000,0.000000,0.000000,0.000,0.000000,0.000000,0.000000,2,1,0,0,'0000-00-00 00:00:00','0000-00-00 00:00:00',1,'2018-11-25 16:36:48','2018-11-25 16:36:48'),(174,'HHHMFQLCO',1,1,42,1,3295,411,1,4669714,4669714,3,'-1','Contanti alla consegna',1.000000,'',0,0,'',0,'',0.000000,0.000000,0.000000,31.180000,31.180000,26.180000,0.000000,0.000000,0.000000,0.000000,0.000000,0.000000,0.000,0.000000,0.000000,0.000000,2,1,0,0,'0000-00-00 00:00:00','0000-00-00 00:00:00',1,'2018-12-01 15:23:19','2018-12-01 15:23:19'),(175,'PYSWFZEOD',1,1,42,1,3308,412,1,4669727,4669727,3,'-1','Contanti alla consegna',1.000000,'',0,0,'',0,'',0.000000,0.000000,0.000000,28.000000,28.000000,23.000000,0.000000,0.000000,0.000000,0.000000,0.000000,0.000000,0.000,0.000000,0.000000,0.000000,2,1,0,0,'0000-00-00 00:00:00','0000-00-00 00:00:00',1,'2018-12-02 14:50:29','2018-12-02 14:50:29'),(176,'KGPRPVTOR',1,1,42,1,3310,413,1,4669729,4669729,3,'-1','Contanti alla consegna',1.000000,'',0,0,'',0,'',0.000000,0.000000,0.000000,44.950000,44.950000,38.000000,0.000000,0.000000,0.000000,0.000000,0.000000,0.000000,0.000,0.000000,0.000000,0.000000,2,1,0,0,'0000-00-00 00:00:00','0000-00-00 00:00:00',1,'2018-12-04 14:50:59','2018-12-04 14:50:59'),(177,'BIBFJGECS',1,1,42,1,3288,414,1,4669707,4669707,3,'-1','Contanti alla consegna',1.000000,'',0,0,'',0,'',0.000000,0.000000,0.000000,148.500000,148.500000,135.500000,0.000000,0.000000,0.000000,0.000000,0.000000,0.000000,0.000,0.000000,0.000000,0.000000,2,1,0,0,'0000-00-00 00:00:00','0000-00-00 00:00:00',1,'2018-12-06 10:37:15','2018-12-06 10:37:15'),(178,'XKHMAZFOP',1,1,42,1,3312,419,1,4669731,4669731,3,'-1','Contanti alla consegna',1.000000,'',0,0,'',0,'',0.000000,0.000000,0.000000,101.400000,101.400000,88.400000,0.000000,0.000000,0.000000,0.000000,0.000000,0.000000,0.000,0.000000,0.000000,0.000000,2,1,0,0,'0000-00-00 00:00:00','0000-00-00 00:00:00',1,'2018-12-18 09:59:05','2018-12-18 09:59:05'),(179,'YFDQCWKVX',1,1,42,1,3312,419,1,4669731,4669731,3,'-1','Contanti alla consegna',1.000000,'',0,0,'',0,'',0.000000,0.000000,0.000000,101.400000,101.400000,88.400000,0.000000,0.000000,0.000000,0.000000,0.000000,0.000000,0.000,0.000000,0.000000,0.000000,2,1,0,0,'0000-00-00 00:00:00','0000-00-00 00:00:00',1,'2018-12-18 09:59:11','2018-12-18 09:59:11'),(180,'XENGORSQW',1,1,42,1,3313,421,1,4669732,4669732,3,'-1','Bonifico anticipato',1.000000,'',0,0,'',0,'',0.000000,0.000000,0.000000,37.300000,37.300000,26.480000,0.000000,0.000000,0.000000,0.000000,0.000000,0.000000,0.000,0.000000,0.000000,0.000000,2,1,0,0,'0000-00-00 00:00:00','0000-00-00 00:00:00',1,'2018-12-27 10:07:43','2018-12-27 10:07:43'),(181,'ETDGYOUQQ',1,1,42,1,3314,422,1,4669733,4669733,3,'-1','Bonifico anticipato',1.000000,'',0,0,'',0,'',0.000000,0.000000,0.000000,115.340000,115.340000,102.340000,0.000000,0.000000,0.000000,0.000000,0.000000,0.000000,0.000,0.000000,0.000000,0.000000,2,1,0,0,'0000-00-00 00:00:00','0000-00-00 00:00:00',1,'2018-12-27 11:46:28','2018-12-27 11:46:28'),(182,'ECQFPDBMW',1,1,42,1,3315,423,1,4669734,4669734,3,'-1','Bonifico anticipato',1.000000,'',0,0,'',0,'',0.000000,0.000000,0.000000,13.500000,13.500000,8.500000,0.000000,0.000000,0.000000,0.000000,0.000000,0.000000,0.000,0.000000,0.000000,0.000000,2,1,0,0,'0000-00-00 00:00:00','0000-00-00 00:00:00',1,'2019-01-03 19:11:09','2019-01-03 19:11:09'),(183,'TKHVVVYOC',1,1,42,1,3315,424,1,4669734,4669734,3,'-1','Bonifico anticipato',1.000000,'',0,0,'',0,'',0.000000,0.000000,0.000000,13.500000,13.500000,8.500000,0.000000,0.000000,0.000000,0.000000,0.000000,0.000000,0.000,0.000000,0.000000,0.000000,2,1,0,0,'0000-00-00 00:00:00','0000-00-00 00:00:00',1,'2019-01-03 19:23:29','2019-01-03 19:23:29'),(184,'ASVCLSTDX',1,1,42,1,3316,426,1,4669735,4669735,3,'-1','Contanti alla consegna',1.000000,'',0,0,'',0,'',0.000000,0.000000,0.000000,26.420000,26.420000,21.420000,0.000000,0.000000,0.000000,0.000000,0.000000,0.000000,0.000,0.000000,0.000000,0.000000,2,1,0,0,'0000-00-00 00:00:00','0000-00-00 00:00:00',1,'2019-01-07 21:11:19','2019-01-07 21:11:19'),(185,'STVNOZOVL',1,1,42,1,3316,426,1,4669735,4669735,3,'-1','Contanti alla consegna',1.000000,'',0,0,'',0,'',0.000000,0.000000,0.000000,26.420000,26.420000,21.420000,0.000000,0.000000,0.000000,0.000000,0.000000,0.000000,0.000,0.000000,0.000000,0.000000,2,1,0,0,'0000-00-00 00:00:00','0000-00-00 00:00:00',1,'2019-01-07 21:11:24','2019-01-07 21:11:24'),(186,'DTQNRKXMI',1,1,42,1,3316,432,1,4669735,4669735,3,'-1','Contanti alla consegna',1.000000,'',0,0,'',0,'',0.000000,0.000000,0.000000,26.420000,26.420000,21.420000,0.000000,0.000000,0.000000,0.000000,0.000000,0.000000,0.000,0.000000,0.000000,0.000000,2,1,0,0,'0000-00-00 00:00:00','0000-00-00 00:00:00',1,'2019-01-20 12:43:58','2019-01-20 12:43:58'),(187,'JESUIXCXU',1,1,42,1,3317,435,1,4669736,4669736,3,'-1','Contanti alla consegna',1.000000,'',0,0,'',0,'',0.000000,0.000000,0.000000,98.000000,98.000000,69.650000,0.000000,0.000000,0.000000,0.000000,0.000000,0.000000,0.000,0.000000,0.000000,0.000000,2,1,0,0,'0000-00-00 00:00:00','0000-00-00 00:00:00',1,'2019-01-22 17:10:55','2019-01-22 17:10:55'),(188,'DDKEHJECQ',1,1,42,1,3320,441,1,4669739,4669739,3,'-1','Contanti alla consegna',1.000000,'',0,0,'',0,'',0.000000,0.000000,0.000000,13.500000,13.500000,8.500000,0.000000,0.000000,0.000000,0.000000,0.000000,0.000000,0.000,0.000000,0.000000,0.000000,2,1,0,0,'0000-00-00 00:00:00','0000-00-00 00:00:00',1,'2019-01-29 19:14:25','2019-01-29 19:14:25'),(189,'KZROOOSMD',1,1,42,1,3322,444,1,4669741,4669741,3,'-1','Bonifico anticipato',1.000000,'',0,0,'',0,'',0.000000,0.000000,0.000000,32.720000,32.720000,27.720000,0.000000,0.000000,0.000000,0.000000,0.000000,0.000000,0.000,0.000000,0.000000,0.000000,2,1,0,0,'0000-00-00 00:00:00','0000-00-00 00:00:00',1,'2019-02-10 19:28:10','2019-02-10 19:28:10'),(190,'RXOFVJRXZ',1,1,42,1,3329,446,1,4669752,4669752,4,'-1','Contanti alla consegna',1.000000,'',0,0,'',0,'',0.000000,0.000000,0.000000,39.440000,39.440000,34.440000,0.000000,0.000000,0.000000,0.000000,0.000000,0.000000,0.000,0.000000,0.000000,0.000000,2,1,0,0,'0000-00-00 00:00:00','0000-00-00 00:00:00',1,'2019-02-12 21:32:38','2019-02-12 21:32:38');

--
-- Table structure for table `ps_pack`
--

CREATE TABLE `ps_pack` (
  `id_product_pack` int(10) unsigned NOT NULL,
  `id_product_item` int(10) unsigned NOT NULL,
  `id_product_attribute_item` int(10) unsigned NOT NULL,
  `quantity` int(10) unsigned NOT NULL DEFAULT '1',
  PRIMARY KEY (`id_product_pack`,`id_product_item`,`id_product_attribute_item`),
  KEY `product_item` (`id_product_item`,`id_product_attribute_item`)
) ENGINE=InnoDB DEFAULT CHARSET=utf8;

--
-- Dumping data for table `ps_pack`
--


--
-- Table structure for table `ps_page`
--

CREATE TABLE `ps_page` (
  `id_page` int(10) unsigned NOT NULL AUTO_INCREMENT,
  `id_page_type` int(10) unsigned NOT NULL,
  `id_object` int(10) unsigned DEFAULT NULL,
  PRIMARY KEY (`id_page`),
  KEY `id_page_type` (`id_page_type`),
  KEY `id_object` (`id_object`)
) ENGINE=InnoDB AUTO_INCREMENT=626 DEFAULT CHARSET=utf8;

--
-- Dumping data for table `ps_page`
--

INSERT INTO `ps_page` VALUES (1,1,NULL),(2,2,10),(3,2,9),(4,2,8),(5,2,7),(6,2,5),(7,2,4),(8,2,3),(9,3,0),(10,4,NULL),(11,5,NULL),(12,6,NULL),(13,2,54),(14,7,NULL),(15,8,NULL),(16,9,82),(17,9,266),(18,2,31),(19,2,25),(20,2,60),(21,2,24),(22,2,50),(23,2,40),(24,2,30),(25,2,27),(26,2,64),(27,2,48),(28,10,NULL),(29,2,55),(30,2,22),(31,2,57),(32,2,21),(33,2,26),(34,2,58),(35,2,46),(36,2,45),(37,2,52),(38,2,11),(39,2,65),(40,2,34),(41,2,23),(42,2,59),(43,2,66),(44,2,47),(45,11,NULL),(46,2,44),(47,2,41),(48,2,16),(49,2,53),(50,2,67),(51,2,43),(52,2,29),(53,2,33),(54,2,28),(55,2,6),(56,2,56),(57,2,14),(58,12,NULL),(59,2,42),(60,2,51),(61,2,39),(62,2,37),(63,2,15),(64,2,32),(65,13,NULL),(66,2,38),(67,2,19),(68,2,35),(69,2,49),(70,2,20),(71,9,6),(72,9,150),(73,9,126),(74,9,77),(75,9,148),(76,9,131),(77,9,132),(78,9,13),(79,9,78),(80,9,30),(81,9,3),(82,9,31),(83,9,22),(84,9,107),(85,9,127),(86,9,83),(87,9,81),(88,9,10),(89,9,86),(90,9,9),(91,9,28),(92,9,20),(93,9,85),(94,9,2),(95,9,37),(96,9,12),(97,9,88),(98,9,87),(99,9,90),(100,9,79),(101,9,212),(102,9,219),(103,9,217),(104,9,218),(105,9,221),(106,9,214),(107,9,215),(108,9,222),(109,9,223),(110,9,220),(111,9,216),(112,9,213),(113,9,15),(114,9,1),(115,9,7),(116,9,41),(117,9,76),(118,9,21),(119,9,4),(120,9,42),(121,9,33),(122,9,80),(123,9,51),(124,9,43),(125,9,283),(126,9,23),(127,9,18),(128,9,5),(129,9,17),(130,9,8),(131,9,27),(132,9,19),(133,9,32),(134,9,14),(135,9,26),(136,9,29),(137,9,24),(138,9,122),(139,9,114),(140,9,113),(141,9,25),(142,9,117),(143,9,75),(144,9,98),(145,9,116),(146,9,108),(147,9,95),(148,9,111),(149,9,97),(150,9,96),(151,9,284),(152,9,94),(153,9,93),(154,9,278),(155,9,272),(156,9,271),(157,9,280),(158,9,273),(159,9,270),(160,9,279),(161,9,274),(162,9,275),(163,9,276),(164,9,277),(165,9,281),(166,9,291),(167,14,NULL),(168,15,0),(169,16,NULL),(170,17,NULL),(171,9,151),(172,9,128),(173,9,129),(174,9,130),(175,9,120),(176,9,139),(177,9,121),(178,9,89),(179,9,138),(180,9,260),(181,9,258),(182,9,153),(183,9,262),(184,9,261),(185,9,263),(186,9,259),(187,9,101),(188,9,257),(189,9,224),(190,9,103),(191,9,256),(192,9,245),(193,9,252),(194,9,235),(195,9,237),(196,9,225),(197,9,243),(198,9,105),(199,9,227),(200,9,236),(201,9,234),(202,9,254),(203,9,255),(204,9,253),(205,9,242),(206,9,226),(207,9,230),(208,9,233),(209,9,38),(210,9,232),(211,9,229),(212,9,231),(213,9,104),(214,9,106),(215,9,34),(216,9,100),(217,9,152),(218,9,44),(219,9,35),(220,9,74),(221,9,36),(222,9,102),(223,9,99),(224,9,142),(225,9,144),(226,9,145),(227,9,143),(228,9,123),(229,9,146),(230,9,140),(231,9,141),(232,9,147),(233,9,125),(234,9,124),(235,9,244),(236,9,240),(237,9,238),(238,9,241),(239,9,239),(240,9,246),(241,9,247),(242,9,251),(243,9,248),(244,9,249),(245,9,250),(246,9,228),(247,9,159),(248,9,158),(249,9,290),(250,18,NULL),(251,9,52),(252,2,17),(253,2,18),(254,2,12),(255,19,NULL),(256,9,285),(257,9,289),(258,9,269),(259,9,265),(260,9,286),(261,9,287),(262,9,267),(263,9,264),(264,9,268),(265,9,288),(266,9,282),(267,9,91),(268,9,135),(269,9,134),(270,9,133),(271,9,118),(272,9,50),(273,9,109),(274,9,59),(275,9,56),(276,9,48),(277,9,67),(278,9,136),(279,9,47),(280,9,65),(281,9,58),(282,9,69),(283,9,40),(284,9,110),(285,9,115),(286,9,112),(287,9,61),(288,9,119),(289,9,68),(290,9,63),(291,9,53),(292,9,54),(293,9,70),(294,9,46),(295,9,45),(296,9,73),(297,9,55),(298,9,66),(299,9,60),(300,9,64),(301,9,72),(302,9,71),(303,9,49),(304,9,92),(305,20,NULL),(306,21,NULL),(307,9,167),(308,9,157),(309,9,156),(310,22,NULL),(311,9,166),(312,9,161),(313,9,160),(314,9,165),(315,9,164),(316,15,1),(317,9,154),(318,9,155),(319,2,68),(320,9,321),(321,9,312),(322,9,311),(323,9,309),(324,9,322),(325,9,320),(326,9,310),(327,9,319),(328,9,297),(329,9,300),(330,9,301),(331,9,292),(332,9,293),(333,9,303),(334,9,296),(335,9,294),(336,9,295),(337,9,306),(338,9,308),(339,9,307),(340,9,323),(341,9,324),(342,9,325),(343,9,305),(344,9,326),(345,9,331),(346,9,334),(347,9,327),(348,9,328),(349,9,329),(350,9,330),(351,9,333),(352,9,332),(353,9,299),(354,9,302),(355,9,304),(356,9,298),(357,9,360),(358,9,356),(359,9,357),(360,9,359),(361,9,361),(362,9,362),(363,9,354),(364,9,355),(365,9,368),(366,9,358),(367,9,353),(368,9,348),(369,9,345),(370,9,344),(371,9,346),(372,9,343),(373,9,347),(374,9,349),(375,9,372),(376,2,72),(377,2,71),(378,2,70),(379,2,69),(380,9,378),(381,9,380),(382,9,371),(383,9,379),(384,9,342),(385,9,377),(386,9,370),(387,9,376),(388,9,374),(389,9,375),(390,9,373),(391,9,364),(392,9,351),(393,9,367),(394,9,366),(395,9,369),(396,9,335),(397,9,352),(398,9,339),(399,9,337),(400,9,341),(401,9,340),(402,9,336),(403,9,338),(404,9,363),(405,9,365),(406,9,350),(407,9,406),(408,9,407),(409,9,405),(410,9,404),(411,9,409),(412,9,408),(413,9,403),(414,9,402),(415,9,387),(416,9,385),(417,9,384),(418,9,382),(419,9,386),(420,9,383),(421,9,388),(422,9,389),(423,9,381),(424,9,401),(425,9,400),(426,9,398),(427,9,396),(428,9,394),(429,9,399),(430,9,395),(431,9,390),(432,9,392),(433,9,393),(434,9,391),(435,9,397),(436,9,410),(437,9,455),(438,9,456),(439,9,449),(440,9,451),(441,9,452),(442,9,450),(443,9,453),(444,9,447),(445,9,448),(446,9,454),(447,9,416),(448,9,421),(449,9,444),(450,9,446),(451,9,445),(452,9,428),(453,9,431),(454,9,429),(455,9,432),(456,9,423),(457,9,411),(458,9,417),(459,9,415),(460,9,420),(461,9,412),(462,9,425),(463,9,426),(464,9,422),(465,9,427),(466,9,424),(467,9,413),(468,9,419),(469,9,414),(470,9,418),(471,9,435),(472,9,443),(473,9,434),(474,9,441),(475,9,440),(476,9,430),(477,9,442),(478,9,436),(479,9,438),(480,9,439),(481,9,437),(482,9,433),(483,2,74),(484,2,78),(485,2,75),(486,2,73),(487,2,77),(488,2,76),(489,2,79),(490,9,471),(491,9,461),(492,9,470),(493,9,468),(494,9,458),(495,9,463),(496,9,457),(497,9,462),(498,9,465),(499,9,460),(500,9,467),(501,9,464),(502,9,466),(503,9,459),(504,9,469),(505,9,472),(506,9,473),(507,23,NULL),(508,24,NULL),(509,2,82),(510,2,81),(511,2,84),(512,2,80),(513,2,83),(514,2,85),(515,2,88),(516,2,86),(517,2,87),(518,2,90),(519,2,91),(520,2,92),(521,2,89),(522,2,93),(523,2,95),(524,2,94),(525,2,96),(526,2,97),(527,2,99),(528,2,103),(529,2,102),(530,2,98),(531,2,101),(532,2,100),(533,9,475),(534,9,474),(535,9,476),(536,9,477),(537,9,479),(538,9,478),(539,9,480),(540,9,483),(541,9,482),(542,9,481),(543,2,107),(544,2,104),(545,2,105),(546,2,106),(547,9,485),(548,9,484),(549,2,108),(550,9,495),(551,9,497),(552,9,499),(553,9,491),(554,9,493),(555,9,494),(556,9,496),(557,9,492),(558,9,498),(559,9,500),(560,9,505),(561,9,502),(562,9,504),(563,9,501),(564,9,503),(565,9,507),(566,9,506),(567,9,508),(568,9,488),(569,9,509),(570,9,489),(571,9,490),(572,9,486),(573,9,487),(574,9,510),(575,9,511),(576,9,512),(577,9,514),(578,9,515),(579,9,520),(580,9,518),(581,9,517),(582,9,519),(583,2,109),(584,9,523),(585,9,522),(586,9,521),(587,9,525),(588,9,532),(589,9,531),(590,9,530),(591,9,528),(592,9,527),(593,9,529),(594,9,526),(595,9,524),(596,9,541),(597,9,540),(598,9,536),(599,9,534),(600,9,538),(601,9,537),(602,9,533),(603,9,535),(604,9,539),(605,9,542),(606,9,544),(607,9,543),(608,9,547),(609,9,545),(610,9,546),(611,9,548),(612,9,549),(613,9,550),(614,9,551),(615,9,555),(616,9,556),(617,9,552),(618,9,554),(619,9,553),(620,2,110),(621,9,557),(622,9,558),(623,9,560),(624,9,559),(625,25,NULL);

--
-- Table structure for table `ps_page_type`
--

CREATE TABLE `ps_page_type` (
  `id_page_type` int(10) unsigned NOT NULL AUTO_INCREMENT,
  `name` varchar(255) NOT NULL,
  PRIMARY KEY (`id_page_type`),
  KEY `name` (`name`)
) ENGINE=InnoDB AUTO_INCREMENT=26 DEFAULT CHARSET=utf8;

--
-- Dumping data for table `ps_page_type`
--



--
-- Table structure for table `ps_page_viewed`
--

CREATE TABLE `ps_page_viewed` (
  `id_page` int(10) unsigned NOT NULL,
  `id_shop_group` int(10) unsigned NOT NULL DEFAULT '1',
  `id_shop` int(10) unsigned NOT NULL DEFAULT '1',
  `id_date_range` int(10) unsigned NOT NULL,
  `counter` int(10) unsigned NOT NULL,
  PRIMARY KEY (`id_page`,`id_date_range`,`id_shop`)
) ENGINE=InnoDB DEFAULT CHARSET=utf8;

--
-- Dumping data for table `ps_page_viewed`
--


--
-- Table structure for table `ps_pagenotfound`
--

CREATE TABLE `ps_pagenotfound` (
  `id_pagenotfound` int(10) unsigned NOT NULL AUTO_INCREMENT,
  `id_shop` int(10) unsigned NOT NULL DEFAULT '1',
  `id_shop_group` int(10) unsigned NOT NULL DEFAULT '1',
  `request_uri` varchar(256) NOT NULL,
  `http_referer` varchar(256) NOT NULL,
  `date_add` datetime NOT NULL,
  PRIMARY KEY (`id_pagenotfound`),
  KEY `date_add` (`date_add`)
) ENGINE=InnoDB DEFAULT CHARSET=utf8;

--
-- Dumping data for table `ps_pagenotfound`
--


--
-- Table structure for table `ps_paypal_capture`
--

CREATE TABLE `ps_paypal_capture` (
  `id_paypal_capture` int(11) NOT NULL AUTO_INCREMENT,
  `id_order` int(11) NOT NULL,
  `capture_amount` float NOT NULL,
  `result` text NOT NULL,
  `date_add` datetime NOT NULL,
  `date_upd` datetime NOT NULL,
  PRIMARY KEY (`id_paypal_capture`)
) ENGINE=InnoDB DEFAULT CHARSET=utf8;

--
-- Dumping data for table `ps_paypal_capture`
--


--
-- Table structure for table `ps_paypal_customer`
--

CREATE TABLE `ps_paypal_customer` (
  `id_paypal_customer` int(10) unsigned NOT NULL AUTO_INCREMENT,
  `id_customer` int(10) unsigned NOT NULL,
  `paypal_email` varchar(255) NOT NULL,
  PRIMARY KEY (`id_paypal_customer`)
) ENGINE=InnoDB AUTO_INCREMENT=4 DEFAULT CHARSET=utf8;

--
-- Dumping data for table `ps_paypal_customer`
--

INSERT INTO `ps_paypal_customer` VALUES (1,66,'romatiburtina@iriparo.com'),(2,132,'baroni_fabio@libero.it'),(3,145,'daniele.tarchi@gmail.com');

--
-- Table structure for table `ps_paypal_login_user`
--

CREATE TABLE `ps_paypal_login_user` (
  `id_paypal_login_user` int(11) NOT NULL AUTO_INCREMENT,
  `id_customer` int(11) NOT NULL,
  `token_type` varchar(255) NOT NULL,
  `expires_in` varchar(255) NOT NULL,
  `refresh_token` varchar(255) NOT NULL,
  `id_token` varchar(255) NOT NULL,
  `access_token` varchar(255) NOT NULL,
  `account_type` varchar(255) NOT NULL,
  `user_id` varchar(255) NOT NULL,
  `verified_account` varchar(255) NOT NULL,
  `zoneinfo` varchar(255) NOT NULL,
  `age_range` varchar(255) NOT NULL,
  PRIMARY KEY (`id_paypal_login_user`)
) ENGINE=InnoDB DEFAULT CHARSET=utf8;

--
-- Dumping data for table `ps_paypal_login_user`
--


--
-- Table structure for table `ps_paypal_order`
--

CREATE TABLE `ps_paypal_order` (
  `id_order` int(10) unsigned NOT NULL,
  `id_transaction` varchar(255) NOT NULL,
  `id_invoice` varchar(255) DEFAULT NULL,
  `currency` varchar(10) NOT NULL,
  `total_paid` varchar(50) NOT NULL,
  `shipping` varchar(50) NOT NULL,
  `capture` int(2) NOT NULL,
  `payment_date` varchar(50) NOT NULL,
  `payment_method` int(2) unsigned NOT NULL,
  `payment_status` varchar(255) DEFAULT NULL,
  PRIMARY KEY (`id_order`)
) ENGINE=InnoDB DEFAULT CHARSET=utf8;

--
-- Dumping data for table `ps_paypal_order`
--

INSERT INTO `ps_paypal_order` VALUES (65,'8RK12651V9227590J','','EUR','22.5','6.5',0,'2016-05-03T08:26:48Z',1,'Completed'),(128,'64L80935P23731202','','EUR','5.4','2.4',0,'2016-06-25T05:27:27Z',1,'Completed'),(137,'6M842637TM055004E','','EUR','7.9','2.4',0,'2016-07-08T22:06:28Z',1,'Completed');

--
-- Table structure for table `ps_product`
--

CREATE TABLE `ps_product` (
  `id_product` int(10) unsigned NOT NULL AUTO_INCREMENT,
  `id_supplier` int(10) unsigned DEFAULT NULL,
  `id_manufacturer` int(10) unsigned DEFAULT NULL,
  `id_category_default` int(10) unsigned DEFAULT NULL,
  `id_shop_default` int(10) unsigned NOT NULL DEFAULT '1',
  `id_tax_rules_group` int(11) unsigned NOT NULL,
  `on_sale` tinyint(1) unsigned NOT NULL DEFAULT '0',
  `online_only` tinyint(1) unsigned NOT NULL DEFAULT '0',
  `ean13` varchar(20) DEFAULT NULL,
  `upc` varchar(12) DEFAULT NULL,
  `ecotax` decimal(17,6) NOT NULL DEFAULT '0.000000',
  `quantity` int(10) NOT NULL DEFAULT '0',
  `minimal_quantity` int(10) unsigned NOT NULL DEFAULT '1',
  `price` decimal(20,6) NOT NULL DEFAULT '0.000000',
  `wholesale_price` decimal(20,6) NOT NULL DEFAULT '0.000000',
  `unity` varchar(255) DEFAULT NULL,
  `unit_price_ratio` decimal(20,6) NOT NULL DEFAULT '0.000000',
  `additional_shipping_cost` decimal(20,2) NOT NULL DEFAULT '0.00',
  `reference` varchar(32) DEFAULT NULL,
  `supplier_reference` varchar(32) DEFAULT NULL,
  `location` varchar(64) DEFAULT NULL,
  `width` decimal(20,6) NOT NULL DEFAULT '0.000000',
  `height` decimal(20,6) NOT NULL DEFAULT '0.000000',
  `depth` decimal(20,6) NOT NULL DEFAULT '0.000000',
  `weight` decimal(20,6) NOT NULL DEFAULT '0.000000',
  `out_of_stock` int(10) unsigned NOT NULL DEFAULT '2',
  `quantity_discount` tinyint(1) DEFAULT '0',
  `customizable` tinyint(2) NOT NULL DEFAULT '0',
  `uploadable_files` tinyint(4) NOT NULL DEFAULT '0',
  `text_fields` tinyint(4) NOT NULL DEFAULT '0',
  `active` tinyint(1) unsigned NOT NULL DEFAULT '0',
  `redirect_type` enum('','404','301','302') NOT NULL DEFAULT '',
  `id_product_redirected` int(10) unsigned NOT NULL DEFAULT '0',
  `available_for_order` tinyint(1) NOT NULL DEFAULT '1',
  `available_date` date NOT NULL DEFAULT '0000-00-00',
  `condition` enum('new','used','refurbished') NOT NULL DEFAULT 'new',
  `show_price` tinyint(1) NOT NULL DEFAULT '1',
  `indexed` tinyint(1) NOT NULL DEFAULT '0',
  `visibility` enum('both','catalog','search','none') NOT NULL DEFAULT 'both',
  `cache_is_pack` tinyint(1) NOT NULL DEFAULT '0',
  `cache_has_attachments` tinyint(1) NOT NULL DEFAULT '0',
  `is_virtual` tinyint(1) NOT NULL DEFAULT '0',
  `cache_default_attribute` int(10) unsigned DEFAULT NULL,
  `date_add` datetime NOT NULL,
  `date_upd` datetime NOT NULL,
  `advanced_stock_management` tinyint(1) NOT NULL DEFAULT '0',
  `pack_stock_type` int(11) unsigned NOT NULL DEFAULT '3',
  PRIMARY KEY (`id_product`),
  KEY `product_supplier` (`id_supplier`),
  KEY `product_manufacturer` (`id_manufacturer`,`id_product`),
  KEY `id_category_default` (`id_category_default`),
  KEY `indexed` (`indexed`),
  KEY `date_add` (`date_add`)
) ENGINE=InnoDB AUTO_INCREMENT=136 DEFAULT CHARSET=utf8;

--
-- Dumping data for table `ps_product`
--

INSERT INTO `ps_product` VALUES (1,NULL,NULL,NULL,1,4,0,0,'9770000000001',NULL,0.000000,0,1,8.000000,0.000000,NULL,0.000000,0.00,NULL,NULL,NULL,0.000000,0.000000,0.000000,0.000000,2,0,0,0,0,0,'',0,1,'0000-00-00','new',1,0,'both',0,0,0,NULL,'2019-02-25 19:21:26','0000-00-00 00:00:00',0,3),(2,NULL,NULL,NULL,1,4,0,0,'9788887688207',NULL,0.000000,0,1,2.500000,0.000000,NULL,0.000000,0.00,NULL,NULL,NULL,0.000000,0.000000,0.000000,0.000000,2,0,0,0,0,0,'',0,1,'0000-00-00','new',1,0,'both',0,0,0,NULL,'2019-02-25 19:21:26','0000-00-00 00:00:00',0,3),(3,NULL,NULL,NULL,1,4,0,0,'9788887688214',NULL,0.000000,0,1,2.500000,0.000000,NULL,0.000000,0.00,NULL,NULL,NULL,0.000000,0.000000,0.000000,0.000000,2,0,0,0,0,0,'',0,1,'0000-00-00','new',1,0,'both',0,0,0,NULL,'2019-02-25 19:21:26','0000-00-00 00:00:00',0,3),(4,NULL,NULL,NULL,1,4,0,0,'9788887688222',NULL,0.000000,0,1,2.000000,0.000000,NULL,0.000000,0.00,NULL,NULL,NULL,0.000000,0.000000,0.000000,0.000000,2,0,0,0,0,0,'',0,1,'0000-00-00','new',1,0,'both',0,0,0,NULL,'2019-02-25 19:21:26','0000-00-00 00:00:00',0,3),(5,NULL,NULL,NULL,1,4,0,0,'9788887688249',NULL,0.000000,0,1,1.500000,0.000000,NULL,0.000000,0.00,NULL,NULL,NULL,0.000000,0.000000,0.000000,0.000000,2,0,0,0,0,0,'',0,1,'0000-00-00','new',1,0,'both',0,0,0,NULL,'2019-02-25 19:21:26','0000-00-00 00:00:00',0,3),(6,NULL,NULL,NULL,1,4,0,0,'9788887688252',NULL,0.000000,0,1,2.000000,0.000000,NULL,0.000000,0.00,NULL,NULL,NULL,0.000000,0.000000,0.000000,0.000000,2,0,0,0,0,0,'',0,1,'0000-00-00','new',1,0,'both',0,0,0,NULL,'2019-02-25 19:21:26','0000-00-00 00:00:00',0,3),(7,NULL,NULL,NULL,1,4,0,0,'9788887688346',NULL,0.000000,0,1,1.500000,0.000000,NULL,0.000000,0.00,NULL,NULL,NULL,0.000000,0.000000,0.000000,0.000000,2,0,0,0,0,0,'',0,1,'0000-00-00','new',1,0,'both',0,0,0,NULL,'2019-02-25 19:21:26','0000-00-00 00:00:00',0,3),(8,NULL,NULL,NULL,1,4,0,0,'9788887688354',NULL,0.000000,0,1,1.500000,0.000000,NULL,0.000000,0.00,NULL,NULL,NULL,0.000000,0.000000,0.000000,0.000000,2,0,0,0,0,0,'',0,1,'0000-00-00','new',1,0,'both',0,0,0,NULL,'2019-02-25 19:21:26','0000-00-00 00:00:00',0,3),(9,0,NULL,NULL,1,4,0,0,'9788887688412',NULL,0.000000,0,1,10.500000,0.000000,NULL,0.000000,0.00,'',NULL,NULL,0.000000,0.000000,0.000000,0.000000,2,0,0,0,0,0,'',0,1,'0000-00-00','new',1,0,'both',0,0,0,NULL,'2019-02-25 19:21:26','2022-10-21 15:42:12',0,3),(10,NULL,NULL,NULL,1,4,0,0,'9788887688429',NULL,0.000000,0,1,2.000000,0.000000,NULL,0.000000,0.00,NULL,NULL,NULL,0.000000,0.000000,0.000000,0.000000,2,0,0,0,0,0,'',0,1,'0000-00-00','new',1,0,'both',0,0,0,NULL,'2019-02-25 19:21:26','0000-00-00 00:00:00',0,3),(11,NULL,NULL,NULL,1,4,0,0,'9788887688443',NULL,0.000000,0,1,1.500000,0.000000,NULL,0.000000,0.00,NULL,NULL,NULL,0.000000,0.000000,0.000000,0.000000,2,0,0,0,0,0,'',0,1,'0000-00-00','new',1,0,'both',0,0,0,NULL,'2019-02-25 19:21:26','0000-00-00 00:00:00',0,3),(12,NULL,NULL,NULL,1,4,0,0,'9788887688583',NULL,0.000000,0,1,2.000000,0.000000,NULL,0.000000,0.00,NULL,NULL,NULL,0.000000,0.000000,0.000000,0.000000,2,0,0,0,0,0,'',0,1,'0000-00-00','new',1,0,'both',0,0,0,NULL,'2019-02-25 19:21:26','0000-00-00 00:00:00',0,3),(13,0,NULL,NULL,1,4,0,0,'9788887688696',NULL,0.000000,0,1,1.500000,0.320000,NULL,0.000000,0.00,'',NULL,NULL,0.000000,0.000000,0.000000,0.000000,2,0,0,0,0,0,'',0,1,'0000-00-00','new',1,0,'both',0,0,0,NULL,'2019-02-25 19:21:26','2019-06-17 00:00:00',0,3),(14,NULL,NULL,NULL,1,4,0,0,'9788887688710',NULL,0.000000,0,1,15.000000,0.000000,NULL,0.000000,0.00,NULL,NULL,NULL,0.000000,0.000000,0.000000,0.000000,2,0,0,0,0,0,'',0,1,'0000-00-00','new',1,0,'both',0,0,0,NULL,'2019-02-25 19:21:26','0000-00-00 00:00:00',0,3),(15,NULL,NULL,NULL,1,4,0,0,'9788887688719',NULL,0.000000,0,1,15.000000,0.000000,NULL,0.000000,0.00,NULL,NULL,NULL,0.000000,0.000000,0.000000,0.000000,2,0,0,0,0,0,'',0,1,'0000-00-00','new',1,0,'both',0,0,0,NULL,'2019-02-25 19:21:27','0000-00-00 00:00:00',0,3),(16,NULL,NULL,NULL,1,4,0,0,'9788887688729',NULL,0.000000,0,1,2.500000,0.000000,NULL,0.000000,0.00,NULL,NULL,NULL,0.000000,0.000000,0.000000,0.000000,2,0,0,0,0,0,'',0,1,'0000-00-00','new',1,0,'both',0,0,0,NULL,'2019-02-25 19:21:27','0000-00-00 00:00:00',0,3),(17,53,NULL,NULL,1,4,0,0,'9788887688740',NULL,0.000000,0,1,6.000000,1.020000,NULL,0.000000,0.00,'',NULL,NULL,0.000000,0.000000,0.000000,0.000000,2,0,0,0,0,0,'',0,1,'0000-00-00','new',1,0,'both',0,0,0,NULL,'2019-02-25 19:21:27','2023-01-26 00:00:00',0,3),(18,NULL,NULL,NULL,1,4,0,0,'9788887688818',NULL,0.000000,0,1,9.500000,0.000000,NULL,0.000000,0.00,NULL,NULL,NULL,0.000000,0.000000,0.000000,0.000000,2,0,0,0,0,0,'',0,1,'0000-00-00','new',1,0,'both',0,0,0,NULL,'2019-02-25 19:21:27','0000-00-00 00:00:00',0,3),(19,0,NULL,NULL,1,4,0,0,'9788887688832',NULL,0.000000,0,1,2.500000,0.520000,NULL,0.000000,0.00,'',NULL,NULL,0.000000,0.000000,0.000000,0.000000,2,0,0,0,0,0,'',0,1,'0000-00-00','new',1,0,'both',0,0,0,NULL,'2019-02-25 19:21:27','2019-06-17 00:00:00',0,3),(20,0,NULL,NULL,1,4,0,0,'9788887688863',NULL,0.000000,0,1,1.500000,0.000000,NULL,0.000000,0.00,'',NULL,NULL,0.000000,0.000000,0.000000,0.000000,2,0,0,0,0,0,'',0,1,'0000-00-00','new',1,0,'both',0,0,0,NULL,'2019-02-25 19:21:27','2022-03-25 09:28:12',0,3),(21,NULL,NULL,NULL,1,4,0,0,'9788887688887',NULL,0.000000,0,1,2.000000,0.000000,NULL,0.000000,0.00,NULL,NULL,NULL,0.000000,0.000000,0.000000,0.000000,2,0,0,0,0,0,'',0,1,'0000-00-00','new',1,0,'both',0,0,0,NULL,'2019-02-25 19:21:27','0000-00-00 00:00:00',0,3),(22,NULL,NULL,NULL,1,4,0,0,'9788887688931',NULL,0.000000,0,1,2.500000,0.000000,NULL,0.000000,0.00,NULL,NULL,NULL,0.000000,0.000000,0.000000,0.000000,2,0,0,0,0,0,'',0,1,'0000-00-00','new',1,0,'both',0,0,0,NULL,'2019-02-25 19:21:27','0000-00-00 00:00:00',0,3),(23,0,NULL,NULL,1,4,0,0,'9788887688948',NULL,0.000000,0,1,2.500000,0.260000,NULL,0.000000,0.00,'',NULL,NULL,0.000000,0.000000,0.000000,0.000000,2,0,0,0,0,0,'',0,1,'0000-00-00','new',1,0,'both',0,0,0,NULL,'2019-02-25 19:21:27','2022-07-19 00:00:00',0,3),(24,53,NULL,NULL,1,4,0,0,'9788887688955',NULL,0.000000,0,1,2.500000,0.380000,NULL,0.000000,0.00,'',NULL,NULL,0.000000,0.000000,0.000000,0.000000,2,0,0,0,0,0,'',0,1,'0000-00-00','new',1,0,'both',0,0,0,NULL,'2019-02-25 19:21:27','2022-06-30 00:00:00',0,3),(25,115,NULL,NULL,1,4,0,0,'9788887688986',NULL,0.000000,0,1,3.000000,0.550000,NULL,0.000000,0.00,'',NULL,NULL,0.000000,0.000000,0.000000,0.000000,2,0,0,0,0,0,'',0,1,'0000-00-00','new',1,0,'both',0,0,0,NULL,'2019-02-25 19:21:27','2019-09-20 00:00:00',0,3),(26,NULL,NULL,NULL,1,4,0,0,'9788895783048',NULL,0.000000,0,1,1.500000,0.000000,NULL,0.000000,0.00,NULL,NULL,NULL,0.000000,0.000000,0.000000,0.000000,2,0,0,0,0,0,'',0,1,'0000-00-00','new',1,0,'both',0,0,0,NULL,'2019-02-25 19:21:27','0000-00-00 00:00:00',0,3),(27,NULL,NULL,NULL,1,4,0,0,'9788895783055',NULL,0.000000,0,1,2.500000,0.000000,NULL,0.000000,0.00,NULL,NULL,NULL,0.000000,0.000000,0.000000,0.000000,2,0,0,0,0,0,'',0,1,'0000-00-00','new',1,0,'both',0,0,0,NULL,'2019-02-25 19:21:27','0000-00-00 00:00:00',0,3),(28,NULL,NULL,NULL,1,4,0,0,'9788895783109',NULL,0.000000,0,1,2.000000,0.000000,NULL,0.000000,0.00,NULL,NULL,NULL,0.000000,0.000000,0.000000,0.000000,2,0,0,0,0,0,'',0,1,'0000-00-00','new',1,0,'both',0,0,0,NULL,'2019-02-25 19:21:27','0000-00-00 00:00:00',0,3),(29,0,NULL,NULL,1,4,0,0,'9788895783116',NULL,0.000000,0,1,2.000000,0.000000,NULL,0.000000,0.00,'',NULL,NULL,0.000000,0.000000,0.000000,0.000000,2,0,0,0,0,0,'',0,1,'0000-00-00','new',1,0,'both',0,0,0,NULL,'2019-02-25 19:21:27','2022-09-30 10:11:04',0,3),(30,NULL,NULL,NULL,1,4,0,0,'9788895783123',NULL,0.000000,0,1,9.000000,0.000000,NULL,0.000000,0.00,NULL,NULL,NULL,0.000000,0.000000,0.000000,0.000000,2,0,0,0,0,0,'',0,1,'0000-00-00','new',1,0,'both',0,0,0,NULL,'2019-02-25 19:21:27','0000-00-00 00:00:00',0,3),(31,NULL,NULL,NULL,1,4,0,0,'9788895783130',NULL,0.000000,0,1,12.000000,0.000000,NULL,0.000000,0.00,NULL,NULL,NULL,0.000000,0.000000,0.000000,0.000000,2,0,0,0,0,0,'',0,1,'0000-00-00','new',1,0,'both',0,0,0,NULL,'2019-02-25 19:21:27','0000-00-00 00:00:00',0,3),(32,NULL,NULL,NULL,1,4,0,0,'9788895783161',NULL,0.000000,0,1,2.200000,0.000000,NULL,0.000000,0.00,NULL,NULL,NULL,0.000000,0.000000,0.000000,0.000000,2,0,0,0,0,0,'',0,1,'0000-00-00','new',1,0,'both',0,0,0,NULL,'2019-02-25 19:21:27','0000-00-00 00:00:00',0,3),(33,0,NULL,NULL,1,4,0,0,'9788895783178',NULL,0.000000,0,1,7.500000,1.650000,NULL,0.000000,0.00,'',NULL,NULL,0.000000,0.000000,0.000000,0.000000,2,0,0,0,0,0,'',0,1,'0000-00-00','new',1,0,'both',0,0,0,NULL,'2019-02-25 19:21:27','2022-06-23 00:00:00',0,3),(34,0,NULL,NULL,1,4,0,0,'9788895783185',NULL,0.000000,0,1,1.500000,0.320000,NULL,0.000000,0.00,'',NULL,NULL,0.000000,0.000000,0.000000,0.000000,2,0,0,0,0,0,'',0,1,'0000-00-00','new',1,0,'both',0,0,0,NULL,'2019-02-25 19:21:27','2019-06-17 00:00:00',0,3),(35,0,NULL,NULL,1,4,0,0,'9788895783222',NULL,0.000000,0,1,2.500000,0.520000,NULL,0.000000,0.00,'',NULL,NULL,0.000000,0.000000,0.000000,0.000000,2,0,0,0,0,0,'',0,1,'0000-00-00','new',1,0,'both',0,0,0,NULL,'2019-02-25 19:21:27','2019-06-17 00:00:00',0,3),(36,NULL,NULL,NULL,1,4,0,0,'9788895783239',NULL,0.000000,0,1,2.500000,0.000000,NULL,0.000000,0.00,NULL,NULL,NULL,0.000000,0.000000,0.000000,0.000000,2,0,0,0,0,0,'',0,1,'0000-00-00','new',1,0,'both',0,0,0,NULL,'2019-02-25 19:21:27','0000-00-00 00:00:00',0,3),(37,NULL,NULL,NULL,1,4,0,0,'9788895783246',NULL,0.000000,0,1,1.800000,0.000000,NULL,0.000000,0.00,NULL,NULL,NULL,0.000000,0.000000,0.000000,0.000000,2,0,0,0,0,0,'',0,1,'0000-00-00','new',1,0,'both',0,0,0,NULL,'2019-02-25 19:21:27','0000-00-00 00:00:00',0,3),(38,NULL,NULL,NULL,1,4,0,0,'9788895783291',NULL,0.000000,0,1,2.600000,0.000000,NULL,0.000000,0.00,NULL,NULL,NULL,0.000000,0.000000,0.000000,0.000000,2,0,0,0,0,0,'',0,1,'0000-00-00','new',1,0,'both',0,0,0,NULL,'2019-02-25 19:21:27','0000-00-00 00:00:00',0,3),(39,NULL,NULL,NULL,1,4,0,0,'9788895783314',NULL,0.000000,0,1,2.000000,0.000000,NULL,0.000000,0.00,NULL,NULL,NULL,0.000000,0.000000,0.000000,0.000000,2,0,0,0,0,0,'',0,1,'0000-00-00','new',1,0,'both',0,0,0,NULL,'2019-02-25 19:21:27','0000-00-00 00:00:00',0,3),(40,NULL,NULL,NULL,1,4,0,0,'9788895783352',NULL,0.000000,0,1,2.500000,0.000000,NULL,0.000000,0.00,NULL,NULL,NULL,0.000000,0.000000,0.000000,0.000000,2,0,0,0,0,0,'',0,1,'0000-00-00','new',1,0,'both',0,0,0,NULL,'2019-02-25 19:21:27','0000-00-00 00:00:00',0,3),(41,NULL,NULL,NULL,1,4,0,0,'9788895783369',NULL,0.000000,0,1,2.000000,0.000000,NULL,0.000000,0.00,NULL,NULL,NULL,0.000000,0.000000,0.000000,0.000000,2,0,0,0,0,0,'',0,1,'0000-00-00','new',1,0,'both',0,0,0,NULL,'2019-02-25 19:21:27','0000-00-00 00:00:00',0,3),(42,0,NULL,NULL,1,4,0,0,'9788895783390',NULL,0.000000,0,1,3.000000,0.630000,NULL,0.000000,0.00,'',NULL,NULL,0.000000,0.000000,0.000000,0.000000,2,0,0,0,0,0,'',0,1,'0000-00-00','new',1,0,'both',0,0,0,NULL,'2019-02-25 19:21:27','2020-09-30 00:00:00',0,3),(43,NULL,NULL,NULL,1,4,0,0,'9788895783406',NULL,0.000000,0,1,1.300000,0.000000,NULL,0.000000,0.00,NULL,NULL,NULL,0.000000,0.000000,0.000000,0.000000,2,0,0,0,0,0,'',0,1,'0000-00-00','new',1,0,'both',0,0,0,NULL,'2019-02-25 19:21:27','0000-00-00 00:00:00',0,3),(44,0,NULL,NULL,1,4,0,0,'9788895783437',NULL,0.000000,0,1,9.900000,0.000000,NULL,0.000000,0.00,'',NULL,NULL,0.000000,0.000000,0.000000,0.000000,2,0,0,0,0,0,'',0,1,'0000-00-00','new',1,0,'both',0,0,0,NULL,'2019-02-25 19:21:27','2022-09-30 10:05:42',0,3),(45,NULL,NULL,NULL,1,4,0,0,'9788895783444',NULL,0.000000,0,1,15.000000,0.000000,NULL,0.000000,0.00,NULL,NULL,NULL,0.000000,0.000000,0.000000,0.000000,2,0,0,0,0,0,'',0,1,'0000-00-00','new',1,0,'both',0,0,0,NULL,'2019-02-25 19:21:27','0000-00-00 00:00:00',0,3),(46,NULL,NULL,NULL,1,4,0,0,'9788895783451',NULL,0.000000,0,1,3.500000,0.000000,NULL,0.000000,0.00,NULL,NULL,NULL,0.000000,0.000000,0.000000,0.000000,2,0,0,0,0,0,'',0,1,'0000-00-00','new',1,0,'both',0,0,0,NULL,'2019-02-25 19:21:27','0000-00-00 00:00:00',0,3),(47,0,NULL,NULL,1,4,0,0,'9788895783468',NULL,0.000000,0,1,2.500000,0.000000,NULL,0.000000,0.00,'',NULL,NULL,0.000000,0.000000,0.000000,0.000000,2,0,0,0,0,0,'',0,1,'0000-00-00','new',1,0,'both',0,0,0,NULL,'2019-02-25 19:21:27','2019-06-17 00:00:00',0,3),(48,NULL,NULL,NULL,1,4,0,0,'9788895783475',NULL,0.000000,0,1,3.000000,0.000000,NULL,0.000000,0.00,NULL,NULL,NULL,0.000000,0.000000,0.000000,0.000000,2,0,0,0,0,0,'',0,1,'0000-00-00','new',1,0,'both',0,0,0,NULL,'2019-02-25 19:21:27','0000-00-00 00:00:00',0,3),(49,NULL,NULL,NULL,1,4,0,0,'9788895783505',NULL,0.000000,0,1,12.000000,0.000000,NULL,0.000000,0.00,NULL,NULL,NULL,0.000000,0.000000,0.000000,0.000000,2,0,0,0,0,0,'',0,1,'0000-00-00','new',1,0,'both',0,0,0,NULL,'2019-02-25 19:21:27','0000-00-00 00:00:00',0,3),(50,0,NULL,NULL,1,4,0,0,'9788895783512',NULL,0.000000,0,1,2.500000,0.170000,NULL,0.000000,0.00,'',NULL,NULL,0.000000,0.000000,0.000000,0.000000,2,0,0,0,0,0,'',0,1,'0000-00-00','new',1,0,'both',0,0,0,NULL,'2019-02-25 19:21:27','2022-10-21 00:00:00',0,3),(51,NULL,NULL,NULL,1,4,0,0,'9788895783529',NULL,0.000000,0,1,3.000000,0.000000,NULL,0.000000,0.00,NULL,NULL,NULL,0.000000,0.000000,0.000000,0.000000,2,0,0,0,0,0,'',0,1,'0000-00-00','new',1,0,'both',0,0,0,NULL,'2019-02-25 19:21:27','0000-00-00 00:00:00',0,3),(52,0,NULL,NULL,1,4,0,0,'9788895783536',NULL,0.000000,0,1,2.000000,0.000000,NULL,0.000000,0.00,'',NULL,NULL,0.000000,0.000000,0.000000,0.000000,2,0,0,0,0,0,'',0,1,'0000-00-00','new',1,0,'both',0,0,0,NULL,'2019-02-25 19:21:27','2019-06-17 00:00:00',0,3),(53,NULL,NULL,NULL,1,4,0,0,'9788895783543',NULL,0.000000,0,1,2.500000,0.000000,NULL,0.000000,0.00,NULL,NULL,NULL,0.000000,0.000000,0.000000,0.000000,2,0,0,0,0,0,'',0,1,'0000-00-00','new',1,0,'both',0,0,0,NULL,'2019-02-25 19:21:27','0000-00-00 00:00:00',0,3),(54,NULL,NULL,NULL,1,4,0,0,'9788895783550',NULL,0.000000,0,1,2.500000,0.000000,NULL,0.000000,0.00,NULL,NULL,NULL,0.000000,0.000000,0.000000,0.000000,2,0,0,0,0,0,'',0,1,'0000-00-00','new',1,0,'both',0,0,0,NULL,'2019-02-25 19:21:27','0000-00-00 00:00:00',0,3),(55,0,NULL,NULL,1,4,0,0,'9788895783567',NULL,0.000000,0,1,1.500000,0.320000,NULL,0.000000,0.00,'',NULL,NULL,0.000000,0.000000,0.000000,0.000000,2,0,0,0,0,0,'',0,1,'0000-00-00','new',1,0,'both',0,0,0,NULL,'2019-02-25 19:21:27','2019-06-17 00:00:00',0,3),(56,NULL,NULL,NULL,1,4,0,0,'9788895783574',NULL,0.000000,0,1,2.500000,0.000000,NULL,0.000000,0.00,NULL,NULL,NULL,0.000000,0.000000,0.000000,0.000000,2,0,0,0,0,0,'',0,1,'0000-00-00','new',1,0,'both',0,0,0,NULL,'2019-02-25 19:21:28','0000-00-00 00:00:00',0,3),(57,0,NULL,NULL,1,4,0,0,'9788895783598',NULL,0.000000,0,1,2.000000,0.670000,NULL,0.000000,0.00,'',NULL,NULL,0.000000,0.000000,0.000000,0.000000,2,0,0,0,0,0,'',0,1,'0000-00-00','new',1,0,'both',0,0,0,NULL,'2019-02-25 19:21:28','2019-10-08 00:00:00',0,3),(58,116,NULL,NULL,1,4,0,0,'9788895783604',NULL,0.000000,0,1,30.000000,3.570000,NULL,0.000000,0.00,'',NULL,NULL,0.000000,0.000000,0.000000,0.000000,2,0,0,0,0,0,'',0,1,'0000-00-00','new',1,0,'both',0,0,0,NULL,'2019-02-25 19:21:28','2019-08-31 00:00:00',0,3),(59,NULL,NULL,NULL,1,4,0,0,'9788895783628',NULL,0.000000,0,1,2.500000,0.000000,NULL,0.000000,0.00,NULL,NULL,NULL,0.000000,0.000000,0.000000,0.000000,2,0,0,0,0,0,'',0,1,'0000-00-00','new',1,0,'both',0,0,0,NULL,'2019-02-25 19:21:28','0000-00-00 00:00:00',0,3),(60,NULL,NULL,NULL,1,4,0,0,'9788895783635',NULL,0.000000,0,1,2.000000,0.000000,NULL,0.000000,0.00,NULL,NULL,NULL,0.000000,0.000000,0.000000,0.000000,2,0,0,0,0,0,'',0,1,'0000-00-00','new',1,0,'both',0,0,0,NULL,'2019-02-25 19:21:28','0000-00-00 00:00:00',0,3),(61,NULL,NULL,NULL,1,4,0,0,'9788895783642',NULL,0.000000,0,1,2.500000,0.000000,NULL,0.000000,0.00,NULL,NULL,NULL,0.000000,0.000000,0.000000,0.000000,2,0,0,0,0,0,'',0,1,'0000-00-00','new',1,0,'both',0,0,0,NULL,'2019-02-25 19:21:28','0000-00-00 00:00:00',0,3),(62,NULL,NULL,NULL,1,4,0,0,'9788895783659',NULL,0.000000,0,1,2.500000,0.000000,NULL,0.000000,0.00,NULL,NULL,NULL,0.000000,0.000000,0.000000,0.000000,2,0,0,0,0,0,'',0,1,'0000-00-00','new',1,0,'both',0,0,0,NULL,'2019-02-25 19:21:28','0000-00-00 00:00:00',0,3),(63,NULL,NULL,NULL,1,4,0,0,'9788895783666',NULL,0.000000,0,1,2.000000,0.000000,NULL,0.000000,0.00,NULL,NULL,NULL,0.000000,0.000000,0.000000,0.000000,2,0,0,0,0,0,'',0,1,'0000-00-00','new',1,0,'both',0,0,0,NULL,'2019-02-25 19:21:28','0000-00-00 00:00:00',0,3),(64,NULL,NULL,NULL,1,4,0,0,'9788895783697',NULL,0.000000,0,1,2.500000,0.000000,NULL,0.000000,0.00,NULL,NULL,NULL,0.000000,0.000000,0.000000,0.000000,2,0,0,0,0,0,'',0,1,'0000-00-00','new',1,0,'both',0,0,0,NULL,'2019-02-25 19:21:28','0000-00-00 00:00:00',0,3),(65,NULL,NULL,NULL,1,4,0,0,'9788895783703',NULL,0.000000,0,1,6.000000,0.000000,NULL,0.000000,0.00,NULL,NULL,NULL,0.000000,0.000000,0.000000,0.000000,2,0,0,0,0,0,'',0,1,'0000-00-00','new',1,0,'both',0,0,0,NULL,'2019-02-25 19:21:28','0000-00-00 00:00:00',0,3),(66,NULL,NULL,NULL,1,4,0,0,'9788895783710',NULL,0.000000,0,1,6.500000,0.000000,NULL,0.000000,0.00,NULL,NULL,NULL,0.000000,0.000000,0.000000,0.000000,2,0,0,0,0,0,'',0,1,'0000-00-00','new',1,0,'both',0,0,0,NULL,'2019-02-25 19:21:28','0000-00-00 00:00:00',0,3),(67,0,NULL,NULL,1,4,0,0,'9788895783741',NULL,0.000000,0,1,2.000000,0.220000,NULL,0.000000,0.00,'4/3',NULL,NULL,0.000000,0.000000,0.000000,0.000000,2,0,0,0,0,0,'',0,1,'0000-00-00','new',1,0,'both',0,0,0,NULL,'2019-02-25 19:21:28','2020-02-14 00:00:00',0,3),(68,NULL,NULL,NULL,1,4,0,0,'9788895783758',NULL,0.000000,0,1,3.000000,0.000000,NULL,0.000000,0.00,NULL,NULL,NULL,0.000000,0.000000,0.000000,0.000000,2,0,0,0,0,0,'',0,1,'0000-00-00','new',1,0,'both',0,0,0,NULL,'2019-02-25 19:21:28','0000-00-00 00:00:00',0,3),(69,NULL,NULL,NULL,1,4,0,0,'9788895783765',NULL,0.000000,0,1,7.000000,0.000000,NULL,0.000000,0.00,NULL,NULL,NULL,0.000000,0.000000,0.000000,0.000000,2,0,0,0,0,0,'',0,1,'0000-00-00','new',1,0,'both',0,0,0,NULL,'2019-02-25 19:21:28','0000-00-00 00:00:00',0,3),(70,NULL,NULL,NULL,1,4,0,0,'9788895783772',NULL,0.000000,0,1,2.000000,0.000000,NULL,0.000000,0.00,NULL,NULL,NULL,0.000000,0.000000,0.000000,0.000000,2,0,0,0,0,0,'',0,1,'0000-00-00','new',1,0,'both',0,0,0,NULL,'2019-02-25 19:21:28','0000-00-00 00:00:00',0,3),(71,NULL,NULL,NULL,1,4,0,0,'9788895783789',NULL,0.000000,0,1,13.000000,0.000000,NULL,0.000000,0.00,NULL,NULL,NULL,0.000000,0.000000,0.000000,0.000000,2,0,0,0,0,0,'',0,1,'0000-00-00','new',1,0,'both',0,0,0,NULL,'2019-02-25 19:21:28','0000-00-00 00:00:00',0,3),(72,NULL,NULL,NULL,1,4,0,0,'9788895783796',NULL,0.000000,0,1,6.000000,0.000000,NULL,0.000000,0.00,NULL,NULL,NULL,0.000000,0.000000,0.000000,0.000000,2,0,0,0,0,0,'',0,1,'0000-00-00','new',1,0,'both',0,0,0,NULL,'2019-02-25 19:21:28','0000-00-00 00:00:00',0,3),(73,NULL,NULL,NULL,1,4,0,0,'9788895783802',NULL,0.000000,0,1,2.500000,0.000000,NULL,0.000000,0.00,NULL,NULL,NULL,0.000000,0.000000,0.000000,0.000000,2,0,0,0,0,0,'',0,1,'0000-00-00','new',1,0,'both',0,0,0,NULL,'2019-02-25 19:21:28','0000-00-00 00:00:00',0,3),(74,NULL,NULL,NULL,1,4,0,0,'9788895783819',NULL,0.000000,0,1,4.500000,0.000000,NULL,0.000000,0.00,NULL,NULL,NULL,0.000000,0.000000,0.000000,0.000000,2,0,0,0,0,0,'',0,1,'0000-00-00','new',1,0,'both',0,0,0,NULL,'2019-02-25 19:21:28','0000-00-00 00:00:00',0,3),(75,0,NULL,NULL,1,4,0,0,'9788895783833',NULL,0.000000,0,1,1.500000,0.320000,NULL,0.000000,0.00,'',NULL,NULL,0.000000,0.000000,0.000000,0.000000,2,0,0,0,0,0,'',0,1,'0000-00-00','new',1,0,'both',0,0,0,NULL,'2019-02-25 19:21:28','2019-06-17 00:00:00',0,3),(76,NULL,NULL,NULL,1,4,0,0,'9788895783840',NULL,0.000000,0,1,7.900000,0.000000,NULL,0.000000,0.00,NULL,NULL,NULL,0.000000,0.000000,0.000000,0.000000,2,0,0,0,0,0,'',0,1,'0000-00-00','new',1,0,'both',0,0,0,NULL,'2019-02-25 19:21:28','0000-00-00 00:00:00',0,3),(77,NULL,NULL,NULL,1,4,0,0,'9788895783857',NULL,0.000000,0,1,1.000000,0.000000,NULL,0.000000,0.00,NULL,NULL,NULL,0.000000,0.000000,0.000000,0.000000,2,0,0,0,0,0,'',0,1,'0000-00-00','new',1,0,'both',0,0,0,NULL,'2019-02-25 19:21:28','0000-00-00 00:00:00',0,3),(78,NULL,NULL,NULL,1,4,0,0,'9788895783864',NULL,0.000000,0,1,1.500000,0.000000,NULL,0.000000,0.00,NULL,NULL,NULL,0.000000,0.000000,0.000000,0.000000,2,0,0,0,0,0,'',0,1,'0000-00-00','new',1,0,'both',0,0,0,NULL,'2019-02-25 19:21:28','0000-00-00 00:00:00',0,3),(79,NULL,NULL,NULL,1,4,0,0,'9788895783864',NULL,0.000000,0,1,1.500000,0.000000,NULL,0.000000,0.00,NULL,NULL,NULL,0.000000,0.000000,0.000000,0.000000,2,0,0,0,0,0,'',0,1,'0000-00-00','new',1,0,'both',0,0,0,NULL,'2019-02-25 19:21:28','0000-00-00 00:00:00',0,3),(80,NULL,NULL,NULL,1,4,0,0,'9788895783871',NULL,0.000000,0,1,2.500000,0.000000,NULL,0.000000,0.00,NULL,NULL,NULL,0.000000,0.000000,0.000000,0.000000,2,0,0,0,0,0,'',0,1,'0000-00-00','new',1,0,'both',0,0,0,NULL,'2019-02-25 19:21:28','0000-00-00 00:00:00',0,3),(81,NULL,NULL,NULL,1,4,0,0,'9788895783888',NULL,0.000000,0,1,1.000000,0.000000,NULL,0.000000,0.00,NULL,NULL,NULL,0.000000,0.000000,0.000000,0.000000,2,0,0,0,0,0,'',0,1,'0000-00-00','new',1,0,'both',0,0,0,NULL,'2019-02-25 19:21:28','0000-00-00 00:00:00',0,3),(82,0,NULL,NULL,1,4,0,0,'9788895783901',NULL,0.000000,0,1,2.000000,0.000000,NULL,0.000000,0.00,'',NULL,NULL,0.000000,0.000000,0.000000,0.000000,2,0,0,0,0,0,'',0,1,'0000-00-00','new',1,0,'both',0,0,0,NULL,'2019-02-25 19:21:28','2022-09-30 10:03:01',0,3),(83,NULL,NULL,NULL,1,4,0,0,'9788895783918',NULL,0.000000,0,1,2.500000,0.000000,NULL,0.000000,0.00,NULL,NULL,NULL,0.000000,0.000000,0.000000,0.000000,2,0,0,0,0,0,'',0,1,'0000-00-00','new',1,0,'both',0,0,0,NULL,'2019-02-25 19:21:28','0000-00-00 00:00:00',0,3),(84,NULL,NULL,NULL,1,4,0,0,'9788895783925',NULL,0.000000,0,1,2.000000,0.000000,NULL,0.000000,0.00,NULL,NULL,NULL,0.000000,0.000000,0.000000,0.000000,2,0,0,0,0,0,'',0,1,'0000-00-00','new',1,0,'both',0,0,0,NULL,'2019-02-25 19:21:28','0000-00-00 00:00:00',0,3),(85,NULL,NULL,NULL,1,4,0,0,'9788895783949',NULL,0.000000,0,1,1.500000,0.000000,NULL,0.000000,0.00,NULL,NULL,NULL,0.000000,0.000000,0.000000,0.000000,2,0,0,0,0,0,'',0,1,'0000-00-00','new',1,0,'both',0,0,0,NULL,'2019-02-25 19:21:28','0000-00-00 00:00:00',0,3),(86,NULL,NULL,NULL,1,4,0,0,'9788895783956',NULL,0.000000,0,1,1.500000,0.000000,NULL,0.000000,0.00,NULL,NULL,NULL,0.000000,0.000000,0.000000,0.000000,2,0,0,0,0,0,'',0,1,'0000-00-00','new',1,0,'both',0,0,0,NULL,'2019-02-25 19:21:28','0000-00-00 00:00:00',0,3),(87,NULL,NULL,NULL,1,4,0,0,'9788895783963',NULL,0.000000,0,1,1.500000,0.000000,NULL,0.000000,0.00,NULL,NULL,NULL,0.000000,0.000000,0.000000,0.000000,2,0,0,0,0,0,'',0,1,'0000-00-00','new',1,0,'both',0,0,0,NULL,'2019-02-25 19:21:28','0000-00-00 00:00:00',0,3),(88,NULL,NULL,NULL,1,4,0,0,'9788895783987',NULL,0.000000,0,1,2.000000,0.000000,NULL,0.000000,0.00,NULL,NULL,NULL,0.000000,0.000000,0.000000,0.000000,2,0,0,0,0,0,'',0,1,'0000-00-00','new',1,0,'both',0,0,0,NULL,'2019-02-25 19:21:28','0000-00-00 00:00:00',0,3),(89,0,NULL,NULL,1,4,0,0,'9788895783994',NULL,0.000000,0,1,1.800000,0.100000,NULL,0.000000,0.00,'',NULL,NULL,0.000000,0.000000,0.000000,0.000000,2,0,0,0,0,0,'',0,1,'0000-00-00','new',1,0,'both',0,0,0,NULL,'2019-02-25 19:21:28','2022-11-09 00:00:00',0,3),(90,NULL,NULL,NULL,1,4,0,0,'9788899571009',NULL,0.000000,0,1,1.500000,0.000000,NULL,0.000000,0.00,NULL,NULL,NULL,0.000000,0.000000,0.000000,0.000000,2,0,0,0,0,0,'',0,1,'0000-00-00','new',1,0,'both',0,0,0,NULL,'2019-02-25 19:21:28','0000-00-00 00:00:00',0,3),(91,NULL,NULL,NULL,1,4,0,0,'9788899571016',NULL,0.000000,0,1,2.000000,0.000000,NULL,0.000000,0.00,NULL,NULL,NULL,0.000000,0.000000,0.000000,0.000000,2,0,0,0,0,0,'',0,1,'0000-00-00','new',1,0,'both',0,0,0,NULL,'2019-02-25 19:21:28','0000-00-00 00:00:00',0,3),(92,0,NULL,NULL,1,4,0,0,'9788899571023',NULL,0.000000,0,1,2.500000,0.560000,NULL,0.000000,0.00,'',NULL,NULL,0.000000,0.000000,0.000000,0.000000,2,0,0,0,0,0,'',0,1,'0000-00-00','new',1,0,'both',0,0,0,NULL,'2019-02-25 19:21:28','2019-06-17 00:00:00',0,3),(93,0,NULL,NULL,1,4,0,0,'9788899571030-',NULL,0.000000,0,1,1.500000,0.000000,NULL,0.000000,0.00,'',NULL,NULL,0.000000,0.000000,0.000000,0.000000,2,0,0,0,0,0,'',0,1,'0000-00-00','new',1,0,'both',0,0,0,NULL,'2019-02-25 19:21:28','2021-09-16 15:42:29',0,3),(94,NULL,NULL,NULL,1,4,0,0,'9788899571047',NULL,0.000000,0,1,1.500000,0.000000,NULL,0.000000,0.00,NULL,NULL,NULL,0.000000,0.000000,0.000000,0.000000,2,0,0,0,0,0,'',0,1,'0000-00-00','new',1,0,'both',0,0,0,NULL,'2019-02-25 19:21:28','0000-00-00 00:00:00',0,3),(95,NULL,NULL,NULL,1,4,0,0,'9788899571078',NULL,0.000000,0,1,1.500000,0.000000,NULL,0.000000,0.00,NULL,NULL,NULL,0.000000,0.000000,0.000000,0.000000,2,0,0,0,0,0,'',0,1,'0000-00-00','new',1,0,'both',0,0,0,NULL,'2019-02-25 19:21:28','0000-00-00 00:00:00',0,3),(96,0,NULL,NULL,1,4,0,0,'9788899571085',NULL,0.000000,0,1,1.500000,0.320000,NULL,0.000000,0.00,'',NULL,NULL,0.000000,0.000000,0.000000,0.000000,2,0,0,0,0,0,'',0,1,'0000-00-00','new',1,0,'both',0,0,0,NULL,'2019-02-25 19:21:28','2019-06-17 00:00:00',0,3),(97,NULL,NULL,NULL,1,4,0,0,'9788899571092',NULL,0.000000,0,1,1.500000,0.000000,NULL,0.000000,0.00,NULL,NULL,NULL,0.000000,0.000000,0.000000,0.000000,2,0,0,0,0,0,'',0,1,'0000-00-00','new',1,0,'both',0,0,0,NULL,'2019-02-25 19:21:28','0000-00-00 00:00:00',0,3),(98,NULL,NULL,NULL,1,4,0,0,'9788899571108',NULL,0.000000,0,1,1.500000,0.000000,NULL,0.000000,0.00,NULL,NULL,NULL,0.000000,0.000000,0.000000,0.000000,2,0,0,0,0,0,'',0,1,'0000-00-00','new',1,0,'both',0,0,0,NULL,'2019-02-25 19:21:28','0000-00-00 00:00:00',0,3),(99,0,NULL,NULL,1,4,0,0,'9788899571115',NULL,0.000000,0,1,2.000000,0.390000,NULL,0.000000,0.00,'',NULL,NULL,0.000000,0.000000,0.000000,0.000000,2,0,0,0,0,0,'',0,1,'0000-00-00','new',1,0,'both',0,0,0,NULL,'2019-02-25 19:21:28','2019-06-17 00:00:00',0,3),(100,NULL,NULL,NULL,1,4,0,0,'9788899571122',NULL,0.000000,0,1,2.000000,0.000000,NULL,0.000000,0.00,NULL,NULL,NULL,0.000000,0.000000,0.000000,0.000000,2,0,0,0,0,0,'',0,1,'0000-00-00','new',1,0,'both',0,0,0,NULL,'2019-02-25 19:21:28','0000-00-00 00:00:00',0,3),(101,0,NULL,NULL,1,4,0,0,'9788899571139',NULL,0.000000,0,1,1.500000,0.320000,NULL,0.000000,0.00,'',NULL,NULL,0.000000,0.000000,0.000000,0.000000,2,0,0,0,0,0,'',0,1,'0000-00-00','new',1,0,'both',0,0,0,NULL,'2019-02-25 19:21:29','2019-06-17 00:00:00',0,3),(102,NULL,NULL,NULL,1,4,0,0,'9788899571146',NULL,0.000000,0,1,2.000000,0.000000,NULL,0.000000,0.00,NULL,NULL,NULL,0.000000,0.000000,0.000000,0.000000,2,0,0,0,0,0,'',0,1,'0000-00-00','new',1,0,'both',0,0,0,NULL,'2019-02-25 19:21:29','0000-00-00 00:00:00',0,3),(103,NULL,NULL,NULL,1,4,0,0,'9788899571153',NULL,0.000000,0,1,2.000000,0.000000,NULL,0.000000,0.00,NULL,NULL,NULL,0.000000,0.000000,0.000000,0.000000,2,0,0,0,0,0,'',0,1,'0000-00-00','new',1,0,'both',0,0,0,NULL,'2019-02-25 19:21:29','0000-00-00 00:00:00',0,3),(104,129,NULL,NULL,1,4,0,0,'9788899571160',NULL,0.000000,0,1,2.500000,0.390000,NULL,0.000000,0.00,'',NULL,NULL,0.000000,0.000000,0.000000,0.000000,2,0,0,0,0,0,'',0,1,'0000-00-00','new',1,0,'both',0,0,0,NULL,'2019-02-25 19:21:29','2022-10-21 00:00:00',0,3),(105,0,NULL,NULL,1,4,0,0,'9788899571184 -',NULL,0.000000,0,1,1.500000,0.000000,NULL,0.000000,0.00,'',NULL,NULL,0.000000,0.000000,0.000000,0.000000,2,0,0,0,0,0,'',0,1,'0000-00-00','new',1,0,'both',0,0,0,NULL,'2019-02-25 19:21:29','2020-07-31 16:47:23',0,3),(106,NULL,NULL,NULL,1,4,0,0,'9788899571191',NULL,0.000000,0,1,1.500000,0.000000,NULL,0.000000,0.00,NULL,NULL,NULL,0.000000,0.000000,0.000000,0.000000,2,0,0,0,0,0,'',0,1,'0000-00-00','new',1,0,'both',0,0,0,NULL,'2019-02-25 19:21:29','0000-00-00 00:00:00',0,3),(107,NULL,NULL,NULL,1,4,0,0,'9788899571207',NULL,0.000000,0,1,1.500000,0.000000,NULL,0.000000,0.00,NULL,NULL,NULL,0.000000,0.000000,0.000000,0.000000,2,0,0,0,0,0,'',0,1,'0000-00-00','new',1,0,'both',0,0,0,NULL,'2019-02-25 19:21:29','0000-00-00 00:00:00',0,3),(109,NULL,NULL,NULL,1,4,0,0,'9788899571221',NULL,0.000000,0,1,2.000000,0.000000,NULL,0.000000,0.00,NULL,NULL,NULL,0.000000,0.000000,0.000000,0.000000,2,0,0,0,0,0,'',0,1,'0000-00-00','new',1,0,'both',0,0,0,NULL,'2019-02-25 19:21:29','0000-00-00 00:00:00',0,3),(110,0,NULL,NULL,1,4,0,0,'9788899571238',NULL,0.000000,0,1,1.800000,0.190000,NULL,0.000000,0.00,'',NULL,NULL,0.000000,0.000000,0.000000,0.000000,2,0,0,0,0,0,'',0,1,'0000-00-00','new',1,0,'both',0,0,0,NULL,'2019-02-25 19:21:29','2022-08-11 00:00:00',0,3),(111,0,NULL,NULL,1,4,0,0,'9788899571245',NULL,0.000000,0,1,1.800000,0.190000,NULL,0.000000,0.00,'',NULL,NULL,0.000000,0.000000,0.000000,0.000000,2,0,0,0,0,0,'',0,1,'0000-00-00','new',1,0,'both',0,0,0,NULL,'2019-02-25 19:21:29','2022-08-11 00:00:00',0,3),(112,0,NULL,NULL,1,4,0,0,'9788899571252',NULL,0.000000,0,1,2.500000,0.000000,NULL,0.000000,0.00,'',NULL,NULL,0.000000,0.000000,0.000000,0.000000,2,0,0,0,0,0,'',0,1,'0000-00-00','new',1,0,'both',0,0,0,NULL,'2019-02-25 19:21:29','2022-11-03 09:47:04',0,3),(113,NULL,NULL,NULL,1,4,0,0,'9788899571269',NULL,0.000000,0,1,2.000000,0.000000,NULL,0.000000,0.00,NULL,NULL,NULL,0.000000,0.000000,0.000000,0.000000,2,0,0,0,0,0,'',0,1,'0000-00-00','new',1,0,'both',0,0,0,NULL,'2019-02-25 19:21:29','0000-00-00 00:00:00',0,3),(114,0,NULL,NULL,1,4,0,0,'9788899571283',NULL,0.000000,0,1,1.500000,0.000000,NULL,0.000000,0.00,'',NULL,NULL,0.000000,0.000000,0.000000,0.000000,2,0,0,0,0,0,'',0,1,'0000-00-00','new',1,0,'both',0,0,0,NULL,'2019-02-25 19:21:29','2019-06-17 00:00:00',0,3),(115,0,NULL,NULL,1,4,0,0,'9788899571290',NULL,0.000000,0,1,4.000000,0.450000,NULL,0.000000,0.00,'',NULL,NULL,0.000000,0.000000,0.000000,0.000000,2,0,0,0,0,0,'',0,1,'0000-00-00','new',1,0,'both',0,0,0,NULL,'2019-02-25 19:21:29','2019-03-14 00:00:00',0,3),(116,NULL,NULL,NULL,1,4,0,0,'9788899571306',NULL,0.000000,0,1,2.500000,0.000000,NULL,0.000000,0.00,NULL,NULL,NULL,0.000000,0.000000,0.000000,0.000000,2,0,0,0,0,0,'',0,1,'0000-00-00','new',1,0,'both',0,0,0,NULL,'2019-02-25 19:21:29','0000-00-00 00:00:00',0,3),(117,0,NULL,NULL,1,4,0,0,'9788899571313',NULL,0.000000,0,1,1.800000,0.320000,NULL,0.000000,0.00,'',NULL,NULL,0.000000,0.000000,0.000000,0.000000,2,0,0,0,0,0,'',0,1,'0000-00-00','new',1,0,'both',0,0,0,NULL,'2019-02-25 19:21:29','2022-08-11 00:00:00',0,3),(118,0,NULL,NULL,1,4,0,0,'9788899571320',NULL,0.000000,0,1,2.500000,0.300000,NULL,0.000000,0.00,'',NULL,NULL,0.000000,0.000000,0.000000,0.000000,2,0,0,0,0,0,'',0,1,'0000-00-00','new',1,0,'both',0,0,0,NULL,'2019-02-25 19:21:29','2019-11-25 00:00:00',0,3),(119,0,NULL,NULL,1,4,0,0,'9788899571337',NULL,0.000000,0,1,2.500000,0.000000,NULL,0.000000,0.00,'',NULL,NULL,0.000000,0.000000,0.000000,0.000000,2,0,0,0,0,0,'',0,1,'0000-00-00','new',1,0,'both',0,0,0,NULL,'2019-02-25 19:21:29','2021-05-24 13:04:05',0,3),(120,NULL,NULL,NULL,1,4,0,0,'9788899571344',NULL,0.000000,0,1,16.000000,0.000000,NULL,0.000000,0.00,NULL,NULL,NULL,0.000000,0.000000,0.000000,0.000000,2,0,0,0,0,0,'',0,1,'0000-00-00','new',1,0,'both',0,0,0,NULL,'2019-02-25 19:21:29','0000-00-00 00:00:00',0,3),(121,0,NULL,NULL,1,1,0,0,'9788887688993',NULL,0.000000,0,1,2.500000,0.450000,NULL,0.000000,0.00,'',NULL,NULL,0.000000,0.000000,0.000000,0.000000,2,0,0,0,0,0,'',0,1,'0000-00-00','new',1,0,'both',0,0,0,NULL,'2019-09-19 17:43:22','2019-09-20 00:00:00',0,3),(122,0,NULL,NULL,1,1,0,0,'9788895783031',NULL,0.000000,0,1,16.000000,0.000000,NULL,0.000000,0.00,'',NULL,NULL,0.000000,0.000000,0.000000,0.000000,2,0,0,0,0,0,'',0,1,'0000-00-00','new',1,0,'both',0,0,0,NULL,'2019-10-03 16:39:57','2019-10-25 00:00:00',0,3),(123,0,NULL,NULL,1,1,0,0,'9788899571276',NULL,0.000000,0,1,3.000000,0.400000,NULL,0.000000,0.00,'',NULL,NULL,0.000000,0.000000,0.000000,0.000000,2,0,0,0,0,0,'',0,1,'0000-00-00','new',1,0,'both',0,0,0,NULL,'2019-10-26 10:02:15','2019-10-28 00:00:00',0,3),(124,126,NULL,NULL,1,1,0,0,'9788887688924',NULL,0.000000,0,1,1.500000,0.180000,NULL,0.000000,0.00,'',NULL,NULL,0.000000,0.000000,0.000000,0.000000,2,0,0,0,0,0,'',0,1,'0000-00-00','new',1,0,'both',0,0,0,NULL,'2019-12-11 10:04:50','2022-06-30 00:00:00',0,3),(125,115,NULL,NULL,1,1,0,0,'9788895783017',NULL,0.000000,0,1,1.500000,0.180000,NULL,0.000000,0.00,'',NULL,NULL,0.000000,0.000000,0.000000,0.000000,2,0,0,0,0,0,'',0,1,'0000-00-00','new',1,0,'both',0,0,0,NULL,'2020-02-17 17:16:49','2022-06-30 00:00:00',0,3),(126,0,NULL,NULL,1,1,0,0,'9788899571597',NULL,0.000000,0,1,2.000000,0.250000,NULL,0.000000,0.00,'',NULL,NULL,0.000000,0.000000,0.000000,0.000000,2,0,0,0,0,0,'',0,1,'0000-00-00','new',1,0,'both',0,0,0,NULL,'2020-06-25 12:21:09','2020-06-30 00:00:00',0,3),(127,0,NULL,NULL,1,1,0,0,'9788899571184',NULL,0.000000,0,1,2.500000,0.380000,NULL,0.000000,0.00,'',NULL,NULL,0.000000,0.000000,0.000000,0.000000,2,0,0,0,0,0,'',0,1,'0000-00-00','new',1,0,'both',0,0,0,NULL,'2020-07-31 14:38:50','2020-07-31 00:00:00',0,3),(128,0,NULL,NULL,1,1,0,0,'9788899571559',NULL,0.000000,0,1,16.000000,0.000000,NULL,0.000000,0.00,'',NULL,NULL,0.000000,0.000000,0.000000,0.000000,2,0,0,0,0,0,'',0,1,'0000-00-00','new',1,0,'both',0,0,0,NULL,'2020-08-06 09:33:40','2020-08-28 00:00:00',0,3),(129,0,NULL,NULL,1,1,0,0,'9788899571368',NULL,0.000000,0,1,3.000000,0.450000,NULL,0.000000,0.00,'',NULL,NULL,0.000000,0.000000,0.000000,0.000000,2,0,0,0,0,0,'',0,1,'0000-00-00','new',1,0,'both',0,0,0,NULL,'2020-09-28 09:37:44','2021-10-15 00:00:00',0,3),(130,53,NULL,NULL,1,1,0,0,'9788895783000',NULL,0.000000,0,1,2.500000,0.570000,NULL,0.000000,0.00,'',NULL,NULL,0.000000,0.000000,0.000000,0.000000,2,0,0,0,0,0,'',0,1,'0000-00-00','new',1,0,'both',0,0,0,NULL,'2021-05-24 13:04:42','2021-05-24 00:00:00',0,3),(131,0,NULL,NULL,1,1,0,0,'9788899571030',NULL,0.000000,-144,1,16.000000,3.800000,NULL,0.000000,0.00,'',NULL,NULL,0.000000,0.000000,0.000000,0.000000,2,0,0,0,0,0,'',0,1,'0000-00-00','new',1,0,'both',0,0,0,NULL,'2021-05-24 13:06:04','2021-09-30 00:00:00',0,3),(132,53,NULL,NULL,1,1,0,0,'9788899571351',NULL,0.000000,0,1,2.500000,0.000000,NULL,0.000000,0.00,'',NULL,NULL,0.000000,0.000000,0.000000,0.000000,2,0,0,0,0,0,'',0,1,'0000-00-00','new',1,0,'both',0,0,0,NULL,'2021-09-29 12:54:22','2021-11-30 00:00:00',0,3),(133,0,NULL,NULL,1,1,0,0,'9788899571573',NULL,0.000000,0,1,18.000000,3.960000,NULL,0.000000,0.00,'',NULL,NULL,0.000000,0.000000,0.000000,0.000000,2,0,0,0,0,0,'',0,1,'0000-00-00','new',1,0,'both',0,0,0,NULL,'2022-02-14 16:24:00','2022-07-15 00:00:00',0,3),(134,0,NULL,NULL,1,1,0,0,'9788887688894',NULL,0.000000,0,1,1.800000,0.000000,NULL,0.000000,0.00,'',NULL,NULL,0.000000,0.000000,0.000000,0.000000,2,0,0,0,0,0,'',0,1,'0000-00-00','new',1,0,'both',0,0,0,NULL,'2022-11-23 18:40:39','2022-11-23 00:00:00',0,3),(135,NULL,NULL,NULL,1,1,0,0,'',NULL,0.000000,0,1,0.000000,0.000000,NULL,0.000000,0.00,NULL,NULL,NULL,0.000000,0.000000,0.000000,0.000000,2,0,0,0,0,0,'',0,1,'0000-00-00','new',1,0,'both',0,0,0,NULL,'2023-02-01 15:50:48','2023-02-01 15:50:48',0,3);

--
-- Table structure for table `ps_product_attachment`
--

CREATE TABLE `ps_product_attachment` (
  `id_product` int(10) unsigned NOT NULL,
  `id_attachment` int(10) unsigned NOT NULL,
  PRIMARY KEY (`id_product`,`id_attachment`)
) ENGINE=InnoDB DEFAULT CHARSET=utf8;

--
-- Dumping data for table `ps_product_attachment`
--


--
-- Table structure for table `ps_product_attribute`
--

CREATE TABLE `ps_product_attribute` (
  `id_product_attribute` int(10) unsigned NOT NULL AUTO_INCREMENT,
  `id_product` int(10) unsigned NOT NULL,
  `reference` varchar(32) DEFAULT NULL,
  `supplier_reference` varchar(32) DEFAULT NULL,
  `location` varchar(64) DEFAULT NULL,
  `ean13` varchar(13) DEFAULT NULL,
  `upc` varchar(12) DEFAULT NULL,
  `wholesale_price` decimal(20,6) NOT NULL DEFAULT '0.000000',
  `price` decimal(20,6) NOT NULL DEFAULT '0.000000',
  `ecotax` decimal(17,6) NOT NULL DEFAULT '0.000000',
  `quantity` int(10) NOT NULL DEFAULT '0',
  `weight` decimal(20,6) NOT NULL DEFAULT '0.000000',
  `unit_price_impact` decimal(20,6) NOT NULL DEFAULT '0.000000',
  `default_on` tinyint(1) unsigned DEFAULT NULL,
  `minimal_quantity` int(10) unsigned NOT NULL DEFAULT '1',
  `available_date` date NOT NULL DEFAULT '0000-00-00',
  PRIMARY KEY (`id_product_attribute`),
  UNIQUE KEY `product_default` (`id_product`,`default_on`),
  KEY `product_attribute_product` (`id_product`),
  KEY `reference` (`reference`),
  KEY `supplier_reference` (`supplier_reference`),
  KEY `id_product_id_product_attribute` (`id_product_attribute`,`id_product`)
) ENGINE=InnoDB DEFAULT CHARSET=utf8;

--
-- Dumping data for table `ps_product_attribute`
--


--
-- Table structure for table `ps_product_attribute_combination`
--

CREATE TABLE `ps_product_attribute_combination` (
  `id_attribute` int(10) unsigned NOT NULL,
  `id_product_attribute` int(10) unsigned NOT NULL,
  PRIMARY KEY (`id_attribute`,`id_product_attribute`),
  KEY `id_product_attribute` (`id_product_attribute`)
) ENGINE=InnoDB DEFAULT CHARSET=utf8;

--
-- Dumping data for table `ps_product_attribute_combination`
--


--
-- Table structure for table `ps_product_attribute_image`
--

CREATE TABLE `ps_product_attribute_image` (
  `id_product_attribute` int(10) unsigned NOT NULL,
  `id_image` int(10) unsigned NOT NULL,
  PRIMARY KEY (`id_product_attribute`,`id_image`),
  KEY `id_image` (`id_image`)
) ENGINE=InnoDB DEFAULT CHARSET=utf8;

--
-- Dumping data for table `ps_product_attribute_image`
--


--
-- Table structure for table `ps_product_attribute_shop`
--

CREATE TABLE `ps_product_attribute_shop` (
  `id_product` int(10) unsigned NOT NULL,
  `id_product_attribute` int(10) unsigned NOT NULL,
  `id_shop` int(10) unsigned NOT NULL,
  `wholesale_price` decimal(20,6) NOT NULL DEFAULT '0.000000',
  `price` decimal(20,6) NOT NULL DEFAULT '0.000000',
  `ecotax` decimal(17,6) NOT NULL DEFAULT '0.000000',
  `weight` decimal(20,6) NOT NULL DEFAULT '0.000000',
  `unit_price_impact` decimal(20,6) NOT NULL DEFAULT '0.000000',
  `default_on` tinyint(1) unsigned DEFAULT NULL,
  `minimal_quantity` int(10) unsigned NOT NULL DEFAULT '1',
  `available_date` date NOT NULL DEFAULT '0000-00-00',
  PRIMARY KEY (`id_product_attribute`,`id_shop`),
  UNIQUE KEY `id_product` (`id_product`,`id_shop`,`default_on`)
) ENGINE=InnoDB DEFAULT CHARSET=utf8;

--
-- Dumping data for table `ps_product_attribute_shop`
--


--
-- Table structure for table `ps_product_carrier`
--

CREATE TABLE `ps_product_carrier` (
  `id_product` int(10) unsigned NOT NULL,
  `id_carrier_reference` int(10) unsigned NOT NULL,
  `id_shop` int(10) unsigned NOT NULL,
  PRIMARY KEY (`id_product`,`id_carrier_reference`,`id_shop`)
) ENGINE=InnoDB DEFAULT CHARSET=utf8;

--
-- Dumping data for table `ps_product_carrier`
--

INSERT INTO `ps_product_carrier` VALUES (1,2,1),(6,1,1),(6,2,1),(6,7,1),(6,38,1),(7,1,1),(7,2,1),(7,7,1),(7,38,1),(8,1,1),(8,2,1),(8,7,1),(8,38,1),(17,1,1),(17,2,1),(17,7,1),(17,38,1),(18,1,1),(18,2,1),(18,7,1),(18,38,1),(19,1,1),(19,2,1),(19,7,1),(19,38,1),(21,1,1),(21,2,1),(21,7,1),(21,38,1),(45,1,1),(45,2,1),(45,7,1),(45,38,1),(46,1,1),(46,2,1),(46,7,1),(46,38,1),(47,1,1),(47,2,1),(49,1,1),(49,2,1),(49,7,1),(49,38,1),(53,1,1),(53,2,1),(53,7,1),(53,38,1),(75,1,1),(75,2,1),(75,7,1),(75,8,1),(76,1,1),(76,2,1),(76,7,1),(77,2,1),(78,2,1),(79,1,1),(79,2,1),(79,7,1),(80,1,1),(80,2,1),(80,7,1),(81,1,1),(81,2,1),(81,7,1),(81,8,1),(82,2,1),(83,1,1),(83,2,1),(83,7,1),(83,8,1),(85,1,1),(85,2,1),(85,7,1),(86,2,1),(87,1,1),(87,2,1),(87,7,1),(87,8,1),(88,1,1),(88,2,1),(88,7,1),(88,8,1),(89,2,1),(90,1,1),(90,2,1),(90,7,1),(91,1,1),(91,2,1),(91,7,1),(92,1,1),(92,2,1),(92,7,1),(93,1,1),(93,2,1),(95,1,1),(95,2,1),(99,38,1),(107,1,1),(107,2,1),(107,7,1),(107,8,1),(109,2,1),(110,2,1),(112,2,1),(115,2,1),(116,1,1),(116,2,1),(117,2,1),(118,1,1),(118,2,1),(118,7,1),(118,8,1),(119,2,1),(120,1,1),(120,2,1),(120,7,1),(120,8,1),(121,1,1),(121,2,1),(121,7,1),(121,8,1),(122,2,1),(126,1,1),(126,2,1),(126,7,1),(126,8,1),(127,1,1),(127,2,1),(127,7,1),(128,2,1),(131,2,1),(132,1,1),(132,2,1),(133,2,1),(135,1,1),(135,2,1),(135,7,1),(136,1,1),(136,2,1),(136,7,1),(138,2,1),(139,2,1),(141,2,1),(148,2,1),(150,2,1),(212,1,1),(212,2,1),(212,7,1),(212,8,1),(213,1,1),(213,2,1),(213,7,1),(213,8,1),(214,1,1),(214,2,1),(214,7,1),(214,8,1),(215,1,1),(215,2,1),(215,7,1),(215,8,1),(216,1,1),(216,2,1),(216,7,1),(216,8,1),(217,1,1),(217,2,1),(217,7,1),(217,8,1),(218,1,1),(218,2,1),(218,7,1),(218,8,1),(219,1,1),(219,2,1),(219,7,1),(219,8,1),(220,1,1),(220,2,1),(220,7,1),(220,8,1),(284,1,1),(284,2,1),(285,2,1),(286,2,1),(287,2,1),(288,2,1),(289,2,1),(290,2,1),(291,2,1),(292,1,1),(292,2,1),(292,7,1),(293,2,1),(294,1,1),(294,2,1),(294,7,1),(294,8,1),(295,1,1),(295,2,1),(295,7,1),(296,1,1),(296,2,1),(296,7,1),(298,2,1),(299,2,1),(300,1,1),(300,2,1),(300,7,1),(300,8,1),(301,1,1),(301,2,1),(301,7,1),(302,2,1),(303,1,1),(303,2,1),(303,7,1),(304,2,1),(310,2,1),(311,1,1),(311,2,1),(311,7,1),(319,1,1),(319,2,1),(319,7,1),(321,1,1),(321,2,1),(322,1,1),(322,2,1),(323,1,1),(323,2,1),(324,1,1),(324,2,1),(326,1,1),(326,2,1),(327,1,1),(327,2,1),(329,1,1),(329,2,1),(330,1,1),(330,2,1),(331,1,1),(331,2,1),(332,1,1),(332,2,1),(333,1,1),(333,2,1),(334,1,1),(334,2,1),(335,1,1),(335,2,1),(335,7,1),(336,1,1),(336,2,1),(336,7,1),(337,1,1),(337,2,1),(337,7,1),(338,1,1),(338,2,1),(338,7,1),(339,1,1),(339,2,1),(339,7,1),(340,1,1),(340,2,1),(340,7,1),(341,1,1),(341,2,1),(341,7,1),(342,1,1),(342,2,1),(342,7,1),(343,1,1),(343,2,1),(343,7,1),(344,1,1),(344,2,1),(344,7,1),(345,1,1),(345,2,1),(345,7,1),(346,1,1),(346,2,1),(346,7,1),(347,1,1),(347,2,1),(347,7,1),(348,1,1),(348,2,1),(348,7,1),(349,1,1),(349,2,1),(349,7,1),(350,1,1),(350,2,1),(350,7,1),(351,1,1),(351,2,1),(351,7,1),(352,1,1),(352,2,1),(352,7,1),(353,1,1),(353,2,1),(354,1,1),(354,2,1),(354,7,1),(355,1,1),(355,2,1),(356,1,1),(356,2,1),(356,7,1),(357,1,1),(357,2,1),(357,7,1),(358,1,1),(358,2,1),(358,7,1),(359,1,1),(359,2,1),(359,7,1),(360,1,1),(360,2,1),(361,1,1),(361,2,1),(361,7,1),(362,1,1),(362,2,1),(362,7,1),(363,1,1),(363,2,1),(364,1,1),(364,2,1),(364,7,1),(365,1,1),(365,2,1),(365,7,1),(366,1,1),(366,2,1),(366,7,1),(367,1,1),(367,2,1),(367,7,1),(368,1,1),(368,2,1),(368,7,1),(370,1,1),(370,2,1),(370,7,1),(370,8,1),(371,1,1),(371,2,1),(371,7,1),(372,1,1),(372,2,1),(373,1,1),(373,2,1),(373,7,1),(374,1,1),(374,2,1),(374,7,1),(375,1,1),(375,2,1),(376,1,1),(376,2,1),(376,7,1),(377,1,1),(377,2,1),(377,7,1),(377,8,1),(379,1,1),(379,2,1),(379,7,1),(380,1,1),(380,2,1),(380,7,1),(457,1,1),(457,2,1),(459,1,1),(459,2,1),(460,1,1),(460,2,1),(461,1,1),(461,2,1),(545,1,1),(545,2,1),(11444,1,1),(11444,2,1);

--
-- Table structure for table `ps_product_comment`
--

CREATE TABLE `ps_product_comment` (
  `id_product_comment` int(10) unsigned NOT NULL AUTO_INCREMENT,
  `id_product` int(10) unsigned NOT NULL,
  `id_customer` int(10) unsigned NOT NULL,
  `id_guest` int(10) unsigned DEFAULT NULL,
  `title` varchar(64) DEFAULT NULL,
  `content` text NOT NULL,
  `customer_name` varchar(64) DEFAULT NULL,
  `grade` float unsigned NOT NULL,
  `validate` tinyint(1) NOT NULL,
  `deleted` tinyint(1) NOT NULL,
  `date_add` datetime NOT NULL,
  PRIMARY KEY (`id_product_comment`),
  KEY `id_product` (`id_product`),
  KEY `id_customer` (`id_customer`),
  KEY `id_guest` (`id_guest`)
) ENGINE=InnoDB DEFAULT CHARSET=utf8;

--
-- Dumping data for table `ps_product_comment`
--


--
-- Table structure for table `ps_product_comment_criterion`
--

CREATE TABLE `ps_product_comment_criterion` (
  `id_product_comment_criterion` int(10) unsigned NOT NULL AUTO_INCREMENT,
  `id_product_comment_criterion_type` tinyint(1) NOT NULL,
  `active` tinyint(1) NOT NULL,
  PRIMARY KEY (`id_product_comment_criterion`)
) ENGINE=InnoDB AUTO_INCREMENT=2 DEFAULT CHARSET=utf8;

--
-- Dumping data for table `ps_product_comment_criterion`
--

INSERT INTO `ps_product_comment_criterion` VALUES (1,1,1);

--
-- Table structure for table `ps_product_comment_criterion_category`
--

CREATE TABLE `ps_product_comment_criterion_category` (
  `id_product_comment_criterion` int(10) unsigned NOT NULL,
  `id_category` int(10) unsigned NOT NULL,
  PRIMARY KEY (`id_product_comment_criterion`,`id_category`),
  KEY `id_category` (`id_category`)
) ENGINE=InnoDB DEFAULT CHARSET=utf8;

--
-- Dumping data for table `ps_product_comment_criterion_category`
--


--
-- Table structure for table `ps_product_comment_criterion_lang`
--

CREATE TABLE `ps_product_comment_criterion_lang` (
  `id_product_comment_criterion` int(11) unsigned NOT NULL,
  `id_lang` int(11) unsigned NOT NULL,
  `name` varchar(64) NOT NULL,
  PRIMARY KEY (`id_product_comment_criterion`,`id_lang`)
) ENGINE=InnoDB DEFAULT CHARSET=utf8;

--
-- Dumping data for table `ps_product_comment_criterion_lang`
--

INSERT INTO `ps_product_comment_criterion_lang` VALUES (1,1,'Quality');

--
-- Table structure for table `ps_product_comment_criterion_product`
--

CREATE TABLE `ps_product_comment_criterion_product` (
  `id_product` int(10) unsigned NOT NULL,
  `id_product_comment_criterion` int(10) unsigned NOT NULL,
  PRIMARY KEY (`id_product`,`id_product_comment_criterion`),
  KEY `id_product_comment_criterion` (`id_product_comment_criterion`)
) ENGINE=InnoDB DEFAULT CHARSET=utf8;

--
-- Dumping data for table `ps_product_comment_criterion_product`
--


--
-- Table structure for table `ps_product_comment_grade`
--

CREATE TABLE `ps_product_comment_grade` (
  `id_product_comment` int(10) unsigned NOT NULL,
  `id_product_comment_criterion` int(10) unsigned NOT NULL,
  `grade` int(10) unsigned NOT NULL,
  PRIMARY KEY (`id_product_comment`,`id_product_comment_criterion`),
  KEY `id_product_comment_criterion` (`id_product_comment_criterion`)
) ENGINE=InnoDB DEFAULT CHARSET=utf8;

--
-- Dumping data for table `ps_product_comment_grade`
--


--
-- Table structure for table `ps_product_comment_report`
--

CREATE TABLE `ps_product_comment_report` (
  `id_product_comment` int(10) unsigned NOT NULL,
  `id_customer` int(10) unsigned NOT NULL,
  PRIMARY KEY (`id_product_comment`,`id_customer`)
) ENGINE=InnoDB DEFAULT CHARSET=utf8;

--
-- Dumping data for table `ps_product_comment_report`
--


--
-- Table structure for table `ps_product_comment_usefulness`
--

CREATE TABLE `ps_product_comment_usefulness` (
  `id_product_comment` int(10) unsigned NOT NULL,
  `id_customer` int(10) unsigned NOT NULL,
  `usefulness` tinyint(1) unsigned NOT NULL,
  PRIMARY KEY (`id_product_comment`,`id_customer`)
) ENGINE=InnoDB DEFAULT CHARSET=utf8;

--
-- Dumping data for table `ps_product_comment_usefulness`
--


--
-- Table structure for table `ps_product_country_tax`
--

CREATE TABLE `ps_product_country_tax` (
  `id_product` int(11) NOT NULL,
  `id_country` int(11) NOT NULL,
  `id_tax` int(11) NOT NULL,
  PRIMARY KEY (`id_product`,`id_country`)
) ENGINE=InnoDB DEFAULT CHARSET=utf8;

--
-- Dumping data for table `ps_product_country_tax`
--


--
-- Table structure for table `ps_product_download`
--

CREATE TABLE `ps_product_download` (
  `id_product_download` int(10) unsigned NOT NULL AUTO_INCREMENT,
  `id_product` int(10) unsigned NOT NULL,
  `display_filename` varchar(255) DEFAULT NULL,
  `filename` varchar(255) DEFAULT NULL,
  `date_add` datetime NOT NULL,
  `date_expiration` datetime DEFAULT NULL,
  `nb_days_accessible` int(10) unsigned DEFAULT NULL,
  `nb_downloadable` int(10) unsigned DEFAULT '1',
  `active` tinyint(1) unsigned NOT NULL DEFAULT '1',
  `is_shareable` tinyint(1) unsigned NOT NULL DEFAULT '0',
  PRIMARY KEY (`id_product_download`),
  UNIQUE KEY `id_product` (`id_product`),
  KEY `product_active` (`id_product`,`active`)
) ENGINE=InnoDB DEFAULT CHARSET=utf8;

--
-- Dumping data for table `ps_product_download`
--


--
-- Table structure for table `ps_product_group_reduction_cache`
--

CREATE TABLE `ps_product_group_reduction_cache` (
  `id_product` int(10) unsigned NOT NULL,
  `id_group` int(10) unsigned NOT NULL,
  `reduction` decimal(4,3) NOT NULL,
  PRIMARY KEY (`id_product`,`id_group`)
) ENGINE=InnoDB DEFAULT CHARSET=utf8;

--
-- Dumping data for table `ps_product_group_reduction_cache`
--


--
-- Table structure for table `ps_product_lang`
--

CREATE TABLE `ps_product_lang` (
  `id_product` int(10) unsigned NOT NULL,
  `id_shop` int(11) unsigned NOT NULL DEFAULT '1',
  `id_lang` int(10) unsigned NOT NULL,
  `description` text,
  `description_short` text,
  `link_rewrite` varchar(128) NOT NULL,
  `meta_description` varchar(255) DEFAULT NULL,
  `meta_keywords` varchar(255) DEFAULT NULL,
  `meta_title` varchar(128) DEFAULT NULL,
  `name` varchar(128) NOT NULL,
  `available_now` varchar(255) DEFAULT NULL,
  `available_later` varchar(255) DEFAULT NULL,
  PRIMARY KEY (`id_product`,`id_shop`,`id_lang`),
  KEY `id_lang` (`id_lang`),
  KEY `name` (`name`)
) ENGINE=InnoDB DEFAULT CHARSET=utf8;

--
-- Dumping data for table `ps_product_lang`
--

INSERT INTO `ps_product_lang` VALUES (1,1,1,NULL,NULL,'nuovo-prodotto',NULL,NULL,NULL,'Religione e istruzione delle nazioni dell\'unione europea',NULL,NULL),(2,1,1,NULL,NULL,'nuovo-prodotto',NULL,NULL,NULL,'I miracoli da colorare. La nascita di Gesù',NULL,NULL),(3,1,1,NULL,NULL,'nuovo-prodotto',NULL,NULL,NULL,'I miracoli da colorare. Gesù il mio amico',NULL,NULL),(4,1,1,NULL,NULL,'nuovo-prodotto',NULL,NULL,NULL,'I miracoli da colorare. Le nozze di Cana',NULL,NULL),(5,1,1,NULL,NULL,'nuovo-prodotto',NULL,NULL,NULL,'I miracoli da colorare. Gesù e la tempesta sedata',NULL,NULL),(6,1,1,NULL,NULL,'nuovo-prodotto',NULL,NULL,NULL,'I miracoli da colorare. Il figlio della vedova',NULL,NULL),(7,1,1,NULL,NULL,'nuovo-prodotto',NULL,NULL,NULL,'I miracoli da colorare. La pesca miracolosa',NULL,NULL),(8,1,1,NULL,NULL,'nuovo-prodotto',NULL,NULL,NULL,'I miracoli da colorare. La moltiplicazione dei pani',NULL,NULL),(9,1,1,'<p>Per educatori, capi-gruppo, animatori, catechisti</p><p>Un testo per accompagnare un gruppo nello svolgimento delle diverse attività.</p><p>adatto a preadolescenti e adolescenti.</p>',NULL,'nuovo-prodotto',NULL,NULL,NULL,'PSICOLOGIA PRATICA PER EDUCATORI',NULL,NULL),(10,1,1,NULL,NULL,'nuovo-prodotto',NULL,NULL,NULL,'I miracoli da colorare. Gesù cammina sulle acque',NULL,NULL),(11,1,1,NULL,NULL,'nuovo-prodotto',NULL,NULL,NULL,'COME PREPARARSI ALLA CONFESSIONE',NULL,NULL),(12,1,1,NULL,NULL,'nuovo-prodotto',NULL,NULL,NULL,'SANTA CATERINA DA SIENA',NULL,NULL),(13,1,1,'<p><span style=\"font-weight: normal;\"><font face=\"Verdana\"><i><span style=\"font-size: 8pt; line-height: 115%;\">\"Bussate e vi sara aperto\"6 </span></i><span style=\"font-size: 8pt; line-height: 115%;\">I\'esortazione che </span><span style=\"font-size: 8pt; line-height: 115%;\">Gesù ha rivolto a tutti gli uomini perchè&nbsp;</span><span style=\"font-size: 8pt; line-height: 115%;\">rivolgano sovente al Padre le loro preghiere, </span><span style=\"font-size: 8pt; line-height: 115%;\">fiduciosi di ottenere il suo aiuto.</span></font></span></p><p><span style=\"font-weight: normal;\"><font face=\"Verdana\"><span style=\"font-size: 8pt;\">Questo&nbsp;</span><span style=\"font-size: 8pt; line-height: 115%;\">libretto vi offre una scelta&nbsp;</span><span style=\"font-size: 9pt; line-height: 115%;\">di preghiere&nbsp;</span><span style=\"font-size: 9pt; line-height: 115%;\">cristiane </span><span style=\"font-size: 8pt; line-height: 115%;\">di uso universale.</span></font></span></p>',NULL,'nuovo-prodotto',NULL,NULL,NULL,'BUSSATE E VI SARÀ APERTO',NULL,NULL),(14,1,1,NULL,NULL,'nuovo-prodotto',NULL,NULL,NULL,'LA BIBBIA: GENESI ALBUM+FIGURINE (non usare)',NULL,NULL),(15,1,1,NULL,NULL,'nuovo-prodotto',NULL,NULL,NULL,'LA BIBBIA: GENESI ALBUM+FIGURINE',NULL,NULL),(16,1,1,NULL,NULL,'nuovo-prodotto',NULL,NULL,NULL,'MARIA DALLA NASCITA ALL\'ASSUNZIONE',NULL,NULL),(17,1,1,'<div class=\"WordSection1\">\r\n\r\n<p class=\"MsoNormal\" style=\"margin-top:1.1pt;margin-right:16.5pt;margin-bottom:\r\n0cm;margin-left:154.55pt;margin-bottom:.0001pt;text-indent:1.15pt;line-height:\r\n11.0pt;mso-line-height-rule:exactly\"><span style=\"font-weight: normal;\"><font face=\"Verdana\"><span style=\"font-size: 8pt;\">Un piccolo compendio\r\nche presenta </span><span style=\"font-size: 8pt;\">in maniera chiara, sintetica e </span><span style=\"font-size: 8pt;\">affascinante le verità fondamentali </span><span style=\"font-size: 8pt;\">del cristianesimo contenute nella </span><span style=\"font-size: 8pt;\">Bibbia e insegnate dalla Chiesa. Oggi</span>&nbsp;<span style=\"font-size: 8pt;\">viviamo in una società multiculturale&nbsp;</span><span style=\"font-size: 8pt; text-align: justify;\">ed</span><span style=\"font-size: 8pt; text-align: justify;\">&nbsp;è&nbsp;</span><span style=\"font-size: 8pt; text-align: justify;\">fondamentale\r\nper il ragazzo essere ben preparato, cioè</span><span style=\"font-size: 8pt; text-align: justify;\">&nbsp;avere una coscienza chiara&nbsp;</span><span style=\"font-size: 8pt; text-align: justify;\">di quella che</span><span style=\"font-size: 8pt; text-align: justify;\">&nbsp;è&nbsp;</span><span style=\"font-size: 8pt; text-align: justify;\">la propria cultura&nbsp;</span><span style=\"font-size: 8pt;\">che è</span><span style=\"font-size: 8pt;\">&nbsp;</span><span style=\"font-size: 8pt;\">stata plasmata, lungo venti secoli, dallo spirito cristiano. II&nbsp;</span><span style=\"font-size: 8pt;\">libretto\r\nriassume i fatti principali della\"storia della salvezza\" e&nbsp;</span><span style=\"font-size: 8pt;\">gli\r\ninsegnamenti fondamentali che ne derivano, </span><span style=\"font-size: 8pt;\">dando\r\nal ragazzo&nbsp;</span><span style=\"font-size: 8pt;\">la possibilità di un confronto con i propri\r\ncompagni. </span><span style=\"font-size: 8pt;\">Le verità&nbsp;</span><span style=\"text-align: justify;\"><span style=\"font-size: 8pt;\">fondamentali del\r\ncristianesimo, contenute nella Bibbia e insegnate </span></span><span style=\"text-align: justify;\"><span style=\"font-size: 8pt;\">dalla Chiesa,\r\nspiegate in maniera breve e chiara.</span></span></font></span></p></div><p class=\"MsoNormal\" style=\"margin-top:.35pt;margin-right:12.45pt;margin-bottom:\r\n0cm;margin-left:29.25pt;margin-bottom:.0001pt;text-align:justify;text-justify:\r\ninter-ideograph;line-height:11.0pt;mso-line-height-rule:exactly\"><o:p></o:p></p>',NULL,'nuovo-prodotto',NULL,NULL,NULL,'LA FEDE NELLO ZAINETTO',NULL,NULL),(18,1,1,NULL,NULL,'nuovo-prodotto',NULL,NULL,NULL,'IL NOSTRO VIAGGIO IN TERRASANTA + 80 FIG.',NULL,NULL),(19,1,1,'<p class=\"MsoNormal\" style=\"margin-top:4.4pt;margin-right:11.6pt;margin-bottom:\r\n0cm;margin-left:117.55pt;margin-bottom:.0001pt;text-align:justify;text-justify:\r\ninter-ideograph;text-indent:.2pt;line-height:9.0pt;mso-line-height-rule:exactly\"><span style=\"font-weight: normal;\"><font face=\"Verdana\"><span style=\"font-size: 7pt;\">Per rendere solenne\r\nla liturgia eucaristica, </span><span style=\"font-size: 7pt;\">la Chiesa chiama i\r\nragazzi a renderla bella, dignitosa e solenne,</span>&nbsp;<span style=\"font-size: 7pt;\">tramite\r\nil loro servizio sull\'altare, ciascuno con&nbsp;</span><span style=\"text-indent: 0.2pt;\"><span style=\"font-size: 7pt;\">un suo specifico\r\nufficio o incarico.</span></span></font></span></p><p class=\"MsoNormal\" style=\"margin-top:4.4pt;margin-right:11.6pt;margin-bottom:\r\n0cm;margin-left:117.55pt;margin-bottom:.0001pt;text-align:justify;text-justify:\r\ninter-ideograph;text-indent:.2pt;line-height:9.0pt;mso-line-height-rule:exactly\"><span style=\"font-weight: normal;\"><font face=\"Verdana\"><span style=\"text-indent: 0.2pt; font-size: 7pt;\">Ad essi era dato </span><span style=\"text-indent: 0.2pt; font-size: 7pt;\">il nome di <i>\"chierichetti\",\r\n</i>sostituito oggi con quello di </span><span style=\"text-indent: 0.2pt;\"><span style=\"font-size: 7pt;\">\"ministranti\" </span></span><span style=\"text-indent: 0.2pt; font-size: 7pt;\">che\r\nsignifica <i style=\"\">\"coloro che servono\':</i></span></font></span></p><p class=\"MsoNormal\" style=\"margin-top:0cm;margin-right:19.05pt;margin-bottom:\r\n0cm;margin-left:117.55pt;margin-bottom:.0001pt;text-align:justify;text-justify:\r\ninter-ideograph;text-indent:.2pt;line-height:9.5pt;mso-line-height-rule:exactly\"><o:p></o:p></p>',NULL,'nuovo-prodotto',NULL,NULL,NULL,'CHIERICHETTI IERI OGGI DOMANI',NULL,NULL),(20,1,1,'<p>Questo libretto è rivolto ai ragazzi perché imparino ad adorare Gesù presente nell\'Eucaristia esposta il Giovedì Santo.</p>',NULL,'nuovo-prodotto',NULL,NULL,NULL,'GIOVEDÌ SANTO',NULL,NULL),(21,1,1,NULL,NULL,'nuovo-prodotto',NULL,NULL,NULL,'LA COMUNIONE',NULL,NULL),(22,1,1,NULL,NULL,'nuovo-prodotto',NULL,NULL,NULL,'SAN PAOLO DI TARSO',NULL,NULL),(23,1,1,'<p><span style=\"font-weight: normal;\"><font face=\"Verdana\"><span style=\"font-size: 7pt; line-height: 115%;\">Sono\r\npassati più di 2000 anni da quando, in una casa </span><span style=\"font-size: 7pt; line-height: 115%;\">di\r\nGerusalemme, il giovedì prima della festa ebraica </span><span style=\"font-size: 7pt; line-height: 115%;\">della Pasqua, Gesù raccolse intorno a se gli apostoli per la sua Ultima Cena.</span></font></span></p><p><span style=\"font-weight: normal;\"><font face=\"Verdana\"><span style=\"font-size: 7pt; line-height: 115%;\">Gesù concluse\r\ndicendo: </span><i><span style=\"font-size: 7pt; line-height: 115%;\">\"Fate\r\nquesto in memoria di me\". </span></i><span style=\"font-size: 7pt; line-height: 115%;\">La Chiesa celebra </span><span style=\"font-size: 7pt; line-height: 115%;\">nella\r\nMessa, </span><span style=\"font-size: 7pt; line-height: 115%;\">o Celebrazione Eucaristica, in osservanza perpetua,\r\nquesto comandamento di Gesù.</span></font></span><br></p>',NULL,'nuovo-prodotto',NULL,NULL,NULL,'FATE QUESTO IN MEMORIA DI ME',NULL,NULL),(24,1,1,'<p>Questo libretto si propone di spiegare ai bambini con un linguaggio semplice, la preghiera del Padre Nostro.</p><p>Il testo e i commenti sono aggiornati con la nuova traduzione.&nbsp;</p>',NULL,'nuovo-prodotto',NULL,NULL,NULL,'PADRE NOSTRO SPIEGATO AI BAMBINI N. E.',NULL,NULL),(25,1,1,'<p class=\"MsoNormal\" style=\"margin-bottom:0cm;margin-bottom:.0001pt;text-align:\r\njustify;line-height:normal;mso-layout-grid-align:none;text-autospace:none\"><span style=\"font-size:18.0pt;font-family:&quot;Times New Roman&quot;,&quot;serif&quot;;color:#272627\"><span style=\"font-weight: normal;\">E’\r\nuna raccolta delle parole più&nbsp; ricorrenti nella religiosità cristiana,\r\npresentate in ordine alfabetico, spiegate\r\ncon semplicità, illustrate in modo\r\ndivertente. Un modo semplice per comprenderne il significato e per farne\r\nbuon uso.</span><o:p></o:p></span></p>',NULL,'nuovo-prodotto',NULL,NULL,NULL,'PICCOLO DIZIONARIO DEL CRISTIANO',NULL,NULL),(26,1,1,NULL,NULL,'nuovo-prodotto',NULL,NULL,NULL,'TU SOLO HAI PAROLE DI VITA ETERNA',NULL,NULL),(27,1,1,NULL,NULL,'nuovo-prodotto',NULL,NULL,NULL,'TU SEI PIETRO',NULL,NULL),(28,1,1,NULL,NULL,'nuovo-prodotto',NULL,NULL,NULL,'DON CARLO GNOCCHI',NULL,NULL),(29,1,1,'<p>Solo se si pensa alla croce di Cristo e al sacrificio da lui compiuto per amore diventa possibile accettare la propria sofferenza.</p>',NULL,'nuovo-prodotto',NULL,NULL,NULL,'UNA SPERANZA POSSIBILE',NULL,NULL),(30,1,1,NULL,NULL,'nuovo-prodotto',NULL,NULL,NULL,'LA BIBBIA: ANTICO TESTAMENTO',NULL,NULL),(31,1,1,NULL,NULL,'nuovo-prodotto',NULL,NULL,NULL,'LA BIBBIA:ED.REGALO ANTICO TESTAMENTO',NULL,NULL),(32,1,1,NULL,NULL,'nuovo-prodotto',NULL,NULL,NULL,'IL CANTICO DELLE CREATURE',NULL,NULL),(33,1,1,'<p class=\"MsoNormal\" style=\"margin-top:6.35pt;margin-right:0cm;margin-bottom:\r\n0cm;margin-left:140.6pt;margin-bottom:.0001pt;line-height:9.2pt;mso-line-height-rule:\r\nexactly\"><span style=\"font-weight: normal;\"><font face=\"Verdana\"><span style=\"font-size: 8pt;\">Questo piccolo libro nasce con un</span>&nbsp;<span style=\"font-size: 8pt;\">grande obiettivo: convincere i ragazzi&nbsp;</span><span style=\"font-size: 8pt;\">a non mollare.</span></font></span></p><p class=\"MsoNormal\" style=\"margin-top:6.35pt;margin-right:0cm;margin-bottom:\r\n0cm;margin-left:140.6pt;margin-bottom:.0001pt;line-height:9.2pt;mso-line-height-rule:\r\nexactly\"><span style=\"font-weight: normal;\"><font face=\"Verdana\"><span style=\"font-size: 7pt;\">Dopo i giorni vissuti in&nbsp;</span><span style=\"text-align: justify;\"><span style=\"font-size: 7pt;\">preparazione alla\r\nCresima, </span></span><span style=\"text-align: justify; font-size: 8pt;\">ecco la sfida: </span><span style=\"text-align: justify;\"><span style=\"font-size: 7pt;\">100 giorni per continuare con fervore&nbsp;</span></span><span style=\"text-align: justify; text-indent: 0.45pt; font-size: 7pt;\">il&nbsp;proprio cammino\r\nnella Chiesa. </span></font></span></p><p class=\"MsoNormal\" style=\"margin-top:6.35pt;margin-right:0cm;margin-bottom:\r\n0cm;margin-left:140.6pt;margin-bottom:.0001pt;line-height:9.2pt;mso-line-height-rule:\r\nexactly\"><span style=\"font-weight: normal;\"><font face=\"Verdana\"><span style=\"text-align: justify; text-indent: 0.45pt; font-size: 7pt;\">Ogni giorno un pensiero, un brano di </span><span style=\"text-align: justify; text-indent: 0.45pt;\"><span style=\"font-size: 7pt;\">Vangelo, una storia\r\ncommentata per riflettere sui valori della vita, </span></span><span style=\"text-align: justify; text-indent: 0.45pt; font-size: 8pt;\">su </span><span style=\"text-align: justify; text-indent: 0.45pt; font-size: 8pt;\">ciò per cui vale veramente la pena credere e\r\nlottare accompagnato da una </span><span style=\"text-align: justify; text-indent: 0.45pt; font-size: 8pt;\">bellissima immagine.</span></font></span></p><p class=\"MsoNormal\" style=\"margin-top:0cm;margin-right:25.85pt;margin-bottom:\r\n0cm;margin-left:20.35pt;margin-bottom:.0001pt;text-align:justify;text-justify:\r\ninter-ideograph;text-indent:.45pt;line-height:9.0pt;mso-line-height-rule:exactly\"><o:p></o:p></p>',NULL,'nuovo-prodotto',NULL,NULL,NULL,'100 GIORNI CON LO SPIRITO',NULL,NULL),(34,1,1,'<p class=\"MsoNormal\" style=\"margin-top:6.6pt;margin-right:35.75pt;margin-bottom:\r\n0cm;margin-left:.5pt;margin-bottom:.0001pt;text-indent:.2pt;line-height:9.95pt;\r\nmso-line-height-rule:exactly\"><span style=\"font-weight: normal;\"><font face=\"Verdana\"><span style=\"font-size: 7pt;\">Le preghiere dei piccoli salgono al cielo. Ha </span><span style=\"font-size: 7pt;\">detto Gesù: <i>«Se non\r\ndiventerete come bambini, </i></span><i><span style=\"font-size: 7pt;\">non entrerete nel\r\nregno dei cieli».</span></i></font></span></p><p class=\"MsoNormal\" style=\"margin-top:6.6pt;margin-right:35.75pt;margin-bottom:\r\n0cm;margin-left:.5pt;margin-bottom:.0001pt;text-indent:.2pt;line-height:9.95pt;\r\nmso-line-height-rule:exactly\"><span style=\"font-weight: normal;\"><font face=\"Verdana\"><span style=\"text-indent: 0.2pt;\"><span style=\"font-size: 7pt;\">Illustrate&nbsp;</span></span><span style=\"text-align: justify;\"><span style=\"font-size: 7pt;\">con disegni a\r\ncolori, </span></span><span style=\"text-align: justify; font-size: 7pt;\">i bambini possono più&nbsp;</span><span style=\"text-align: justify; font-size: 7pt;\">facilmente imparare\r\nle preghiere essenziali </span><span style=\"text-align: justify;\"><span style=\"font-size: 7pt;\">del cristiano.</span></span></font></span></p><p class=\"MsoNormal\" style=\"margin-top:.15pt;margin-right:36.7pt;margin-bottom:\r\n0cm;margin-left:.5pt;margin-bottom:.0001pt;text-align:justify;text-justify:\r\ninter-ideograph;line-height:9.95pt;mso-line-height-rule:exactly\"><o:p></o:p></p>',NULL,'nuovo-prodotto',NULL,NULL,NULL,'LE MIE PREGHIERINE',NULL,NULL),(35,1,1,'<p class=\"MsoNormal\" style=\"margin-top:1.4pt;margin-right:0cm;margin-bottom:0cm;\r\nmargin-left:121.15pt;margin-bottom:.0001pt;line-height:8.05pt;mso-line-height-rule:\r\nexactly\"><font face=\"Verdana\" style=\"font-weight: normal;\"><span style=\"font-size: 7pt;\">II Signore non solo ti ha fatto dono di una</span>&nbsp;<span style=\"text-indent: 0.2pt; font-size: 7pt;\">mamma e di un papà,\r\ndei fratelli, delle sorelle, </span><span style=\"text-indent: 0.2pt; font-size: 7pt;\">dei nonni e dei\r\ncompagni di scuola, ma Dio ti </span><span style=\"text-indent: 0.2pt;\"><span style=\"font-size: 7pt;\">ha donato anche\r\nI\'angelo custode c</span></span><span style=\"text-indent: 0.2pt; font-size: 7pt;\">he è il tuo </span><span style=\"text-indent: 0.2pt; font-size: 7pt;\">migliore\r\namico. Quasi in ogni pagina della Bibbia </span><span style=\"text-indent: 0.2pt; font-size: 7pt;\">gli\r\nangeli sono presenti. Con divertenti\r\ndisegni </span><span style=\"text-indent: 0.2pt;\"><span style=\"font-size: 7pt;\">da colorare!</span></span></font></p><p class=\"MsoNormal\" style=\"margin-top:.35pt;margin-right:26.2pt;margin-bottom:\r\n0cm;margin-left:120.95pt;margin-bottom:.0001pt;text-indent:.2pt;line-height:\r\n10.0pt;mso-line-height-rule:exactly\"><o:p></o:p></p>',NULL,'nuovo-prodotto',NULL,NULL,NULL,'ANGELI - I NOSTRI MIGLIORI AMICI',NULL,NULL),(36,1,1,NULL,NULL,'nuovo-prodotto',NULL,NULL,NULL,'IL CANTICO DEI CANTICI',NULL,NULL),(37,1,1,NULL,NULL,'nuovo-prodotto',NULL,NULL,NULL,'PICCOLI CRISTIANI',NULL,NULL),(38,1,1,NULL,NULL,'nuovo-prodotto',NULL,NULL,NULL,'MADRE TERESA, UNA MISSIONARIA',NULL,NULL),(39,1,1,NULL,NULL,'nuovo-prodotto',NULL,NULL,NULL,'FEDE E SALVEZZA',NULL,NULL),(40,1,1,NULL,NULL,'nuovo-prodotto',NULL,NULL,NULL,'A TAVOLA CON GESU\'',NULL,NULL),(41,1,1,NULL,NULL,'nuovo-prodotto',NULL,NULL,NULL,'Il dizionario dei simboli del piccolo cristiano VE',NULL,NULL),(42,1,1,'<p>UNA PICCOLA GUIDA UTILE E PRATICA, PER CONOSCERE MEGLIO LA NOSTRA CHIESA.</p>',NULL,'nuovo-prodotto',NULL,NULL,NULL,'ALLA SCOPERTA  DELLA  CASA DI GESU\'',NULL,NULL),(43,1,1,NULL,NULL,'nuovo-prodotto',NULL,NULL,NULL,'LA BENEDIZIONE DELLA FAMIGLIA',NULL,NULL),(44,1,1,'<p>Il DVD integra il testo IL Credo spiegato ai ragazzi.&nbsp;</p>',NULL,'nuovo-prodotto',NULL,NULL,NULL,'GUARDALIBRI: DVD IL CREDO',NULL,NULL),(45,1,1,NULL,NULL,'nuovo-prodotto',NULL,NULL,NULL,'UN ANGELO DI NOME AMADEUS',NULL,NULL),(46,1,1,NULL,NULL,'nuovo-prodotto',NULL,NULL,NULL,'LE LETTERE DI SAN PAOLO',NULL,NULL),(47,1,1,'<p class=\"MsoNormal\" style=\"margin-top:4.95pt;margin-right:0cm;margin-bottom:\r\n0cm;margin-left:122.15pt;margin-bottom:.0001pt;line-height:8.05pt;mso-line-height-rule:\r\nexactly\"><span style=\"font-size: 7pt; font-family: &quot;Times New Roman&quot;, serif;\">Quella che trovi in questo libretto e una</span>&nbsp;<b style=\"text-indent: 0.2pt;\"><span style=\"font-size: 7pt; font-family: &quot;Times New Roman&quot;, serif;\">bellissima preghiera a Maria, </span></b><span style=\"text-indent: 0.2pt; font-size: 7pt; font-family: &quot;Times New Roman&quot;, serif;\">mamma di Gesù e perciò anche madre tua. </span></p><p class=\"MsoNormal\" style=\"margin-top:4.95pt;margin-right:0cm;margin-bottom:\r\n0cm;margin-left:122.15pt;margin-bottom:.0001pt;line-height:8.05pt;mso-line-height-rule:\r\nexactly\"><span style=\"text-indent: 0.2pt; font-size: 7pt; font-family: &quot;Times New Roman&quot;, serif;\">Lucia, Francisco e\r\nGiacinta, i tre pastorelli che videro la Madonna a Fatima, e Bernadette, che la\r\nincontrò a Lourdes&nbsp;</span><span style=\"font-family: &quot;Times New Roman&quot;, serif; font-size: 7pt;\">erano soliti recitare\r\ntutti i giorni il Rosario.</span></p><p class=\"MsoNormal\" style=\"margin-top:1.6pt;margin-right:0cm;margin-bottom:0cm;\r\nmargin-left:36.0pt;margin-bottom:.0001pt;line-height:6.9pt;mso-line-height-rule:\r\nexactly;tab-stops:122.15pt\"><o:p></o:p></p>',NULL,'nuovo-prodotto',NULL,NULL,NULL,'IL ROSARIO SPIEGATO AI BAMBINI ',NULL,NULL),(48,1,1,NULL,NULL,'nuovo-prodotto',NULL,NULL,NULL,'I SANTI E GLI ANIMALI',NULL,NULL),(49,1,1,NULL,NULL,'nuovo-prodotto',NULL,NULL,NULL,'GUARDALIBRI:DVD VANGELO PICCOLI',NULL,NULL),(50,1,1,'<p class=\"MsoNormal\" style=\"margin-top:2.05pt;margin-right:11.85pt;margin-bottom:\r\n0cm;margin-left:117.55pt;margin-bottom:.0001pt;text-indent:.2pt;line-height:\r\n9.55pt;mso-line-height-rule:exactly\"><font face=\"Verdana\" style=\"font-weight: normal;\"><span style=\"font-size: 12pt;\">E </span><span style=\"font-size: 7pt;\">un aiuto per prepararsi\r\nalla confessione, rivolto </span><span style=\"font-size: 7pt;\">in particolare ai ragazzi. </span><span style=\"font-size: 7pt;\">Partendo dalla parabola </span><span style=\"font-size: 7pt;\">del\r\n<i>Padre\r\nmisericordioso, il&nbsp;</i>lettore viene condotto a </span><span style=\"font-size: 7pt;\">una semplice analisi del peccato, riconosciuto dalla\r\nnostra coscienza, e al perdono di Dio.</span></font></p><p class=\"MsoNormal\" style=\"margin-top:2.05pt;margin-right:11.85pt;margin-bottom:\r\n0cm;margin-left:117.55pt;margin-bottom:.0001pt;text-indent:.2pt;line-height:\r\n9.55pt;mso-line-height-rule:exactly\"><font face=\"Verdana\" style=\"font-weight: normal;\"><span style=\"font-size: 7pt;\"> Dopo le formule </span><span style=\"font-size: 7pt;\">della confessione e dell\'assoluzione, termina con una bella preghiera di ringraziamento al\r\nSignore per il perdono ottenuto.</span></font><o:p></o:p></p>',NULL,'nuovo-prodotto',NULL,NULL,NULL,'PERDONAMI SIGNORE',NULL,NULL),(51,1,1,NULL,NULL,'nuovo-prodotto',NULL,NULL,NULL,'San Francesco d\'Assisi raccontato ai ragazzi V.E.(VEDI 9788899571290)',NULL,NULL),(52,1,1,'<p class=\"MsoNormal\" style=\"margin-top:6.7pt;margin-right:0cm;margin-bottom:0cm;\r\nmargin-left:.5pt;margin-bottom:.0001pt;line-height:8.05pt;mso-line-height-rule:\r\nexactly\"><span style=\"font-weight: normal;\"><font face=\"Verdana\"><span style=\"font-size: 7pt;\">Completamente illustrato.</span>&nbsp;<span style=\"font-size: 7pt;\">Questo libretto si propone di spiegare ai&nbsp;&nbsp;</span><span style=\"font-size: 7pt;\">bambini con un linguaggio semplice e chiaro&nbsp;</span><span style=\"font-size: 7pt;\">accompagnato da ricche illustrazioni, </span></font></span></p><p class=\"MsoNormal\" style=\"margin-top:6.7pt;margin-right:0cm;margin-bottom:0cm;\r\nmargin-left:.5pt;margin-bottom:.0001pt;line-height:8.05pt;mso-line-height-rule:\r\nexactly\"><span style=\"font-weight: normal;\"><font face=\"Verdana\"><span style=\"font-size: 7pt;\">la&nbsp;</span><span style=\"font-size: 7pt;\">preghiera che&nbsp;</span><span style=\"font-size: 7pt;\">Gesù ci ha lasciato: il Padre Nostro.</span></font></span></p><p class=\"MsoNormal\" style=\"margin-top:1.75pt;margin-right:0cm;margin-bottom:\r\n0cm;margin-left:.5pt;margin-bottom:.0001pt;line-height:8.05pt;mso-line-height-rule:\r\nexactly\"><o:p></o:p></p>',NULL,'nuovo-prodotto',NULL,NULL,NULL,'Il Padre Nostro spiegato ai bambini',NULL,NULL),(53,1,1,NULL,NULL,'nuovo-prodotto',NULL,NULL,NULL,'I SALMI',NULL,NULL),(54,1,1,NULL,NULL,'nuovo-prodotto',NULL,NULL,NULL,'BENEDETTO XVI ° ..... UNA PAGINA DI STORIA',NULL,NULL),(55,1,1,'<p class=\"MsoNormal\" style=\"margin-top:3.05pt;margin-right:23.6pt;margin-bottom:\r\n0cm;margin-left:117.55pt;margin-bottom:.0001pt;text-indent:.2pt;line-height:\r\n9.0pt;mso-line-height-rule:exactly\"><font face=\"Verdana\" style=\"font-weight: normal;\"><span style=\"font-size: 7pt;\">Da centinaia di anni\r\ntutti i cristiani si rivolgono </span><span style=\"font-size: 7pt;\">a Maria con questa\r\npreghiera.</span></font></p><p class=\"MsoNormal\" style=\"margin-top:3.05pt;margin-right:23.6pt;margin-bottom:\r\n0cm;margin-left:117.55pt;margin-bottom:.0001pt;text-indent:.2pt;line-height:\r\n9.0pt;mso-line-height-rule:exactly\"><font face=\"Verdana\" style=\"font-weight: normal;\"><span style=\"font-size: 7pt;\">Nel libretto </span><span style=\"font-size: 7pt;\">facciamo vedere ai bambini con parole e immagini come\r\nrecitarla ogni giorno e in ogni occasione in </span><span style=\"font-size: 7pt;\">cui\r\nsenti di avere bisogno di rivolgerti alla Mamma celeste.</span></font><o:p></o:p></p>',NULL,'nuovo-prodotto',NULL,NULL,NULL,'AVE MARIA ,SPIEGATA AI BAMBINI',NULL,NULL),(56,1,1,NULL,NULL,'nuovo-prodotto',NULL,NULL,NULL,'MARIA  LA MAMMA DI GESU\'',NULL,NULL),(57,1,1,'<p class=\"MsoNormal\" style=\"margin-top:9.6pt;margin-right:0cm;margin-bottom:0cm;\r\nmargin-left:26.15pt;margin-bottom:.0001pt;line-height:10.35pt;mso-line-height-rule:\r\nexactly\"><span style=\"font-weight: normal;\"><font face=\"Verdana\"><span style=\"font-size: 9pt;\">Un album\r\ndi 48 pagine a colori, e 200 figurine da attaccare.</span><o:p></o:p></font></span></p>\r\n\r\n<p class=\"MsoNormal\" style=\"margin-top:0cm;margin-right:15.0pt;margin-bottom:\r\n0cm;margin-left:25.65pt;margin-bottom:.0001pt;text-indent:.45pt;line-height:\r\n12.75pt;mso-line-height-rule:exactly\"><span style=\"font-weight: normal;\"><font face=\"Verdana\"><span style=\"font-size: 9pt;\">Ristampiamo la bella\r\ncollezione riveduta e arricchita di \"Amico </span><span style=\"font-size: 9pt;\">Gesù\",\r\nla raccolta di figurine che introduce i ragazzi in maniera </span><span style=\"font-size: 9pt;\">facile e piacevole alla conoscenza del Vangelo, cioè di\r\nquello che Gesù ha detto e fatto per amore di tutti. Un modo originale e divertente per avvicinarsi al Vangelo.</span></font></span><o:p></o:p></p><p></p>',NULL,'nuovo-prodotto',NULL,NULL,NULL,'ALBUM + BUSTINA  AMICO GESÙ',NULL,NULL),(58,1,1,'',NULL,'nuovo-prodotto',NULL,NULL,NULL,'SCATOLA FIGURINE AMICO GESÙ - 60 BUSTINE',NULL,NULL),(59,1,1,NULL,NULL,'nuovo-prodotto',NULL,NULL,NULL,'CATECHISTI DI QUALITÀ',NULL,NULL),(60,1,1,NULL,NULL,'nuovo-prodotto',NULL,NULL,NULL,'IL NATALE SPIEGATO AI BAMBINI',NULL,NULL),(61,1,1,NULL,NULL,'nuovo-prodotto',NULL,NULL,NULL,'GIOVANNI PAOLO II° SANTO',NULL,NULL),(62,1,1,NULL,NULL,'nuovo-prodotto',NULL,NULL,NULL,'GIOVANNI XXIII° SANTO  .....IL PAPA BUONO',NULL,NULL),(63,1,1,NULL,NULL,'nuovo-prodotto',NULL,NULL,NULL,'STORIA D.SALVEZZA  1°ADAMO ED EVA',NULL,NULL),(64,1,1,NULL,NULL,'nuovo-prodotto',NULL,NULL,NULL,'MARIA APPARIZIONI E MESSAGGI',NULL,NULL),(65,1,1,NULL,NULL,'nuovo-prodotto',NULL,NULL,NULL,'LA FAMIGLIA, CHIESA DOMESTICA',NULL,NULL),(66,1,1,NULL,NULL,'nuovo-prodotto',NULL,NULL,NULL,'BEATI GLI INVITATI ALLA CENA DEL SIGNORE',NULL,NULL),(67,1,1,'<p class=\"MsoNormal\" style=\"margin-top:0cm;margin-right:0cm;margin-bottom:0cm;\r\nmargin-left:21.3pt;margin-bottom:.0001pt;text-align:justify;line-height:normal;\r\nmso-layout-grid-align:none;text-autospace:none\"><span style=\"font-size: 16pt; font-family: Cambria, serif; font-weight: normal;\">La Via crucis, che la Chiesa\r\nsuggerisce di celebrare nei venerdì di Quaresima, nasce dalla fede popolare. Potrebbe\r\nsembrare una pratica riservata agli adulti non adatta a ragazzi e\r\ngiovani che non devono essere messi di fronte alla sofferenza e al dolore. Non\r\nè così!<o:p></o:p></span></p><p>\r\n\r\n</p><p class=\"MsoNormal\" style=\"margin-top:0cm;margin-right:0cm;margin-bottom:0cm;\r\nmargin-left:21.3pt;margin-bottom:.0001pt;text-align:justify;line-height:normal;\r\nmso-layout-grid-align:none;text-autospace:none\"><span style=\"font-size: 16pt; font-family: Cambria, serif; font-weight: normal;\">Ripercorrendo con Gesù la strada che lo\r\nporta al Calvario, i ragazzi hanno modo di scoprire che</span><span style=\"font-size: 16pt; font-family: Cambria, serif;\"><span style=\"font-weight: normal;\">, anche nei momenti di sofferenza che incontreranno nella vita, Gesù non li abbandona e rimane vicino a\r\nloro.</span><o:p></o:p></span></p>',NULL,'nuovo-prodotto',NULL,NULL,NULL,'CON GESU\' SULLA VIA DELLA CROCE - VIA CRUCIS ',NULL,NULL),(68,1,1,NULL,NULL,'nuovo-prodotto',NULL,NULL,NULL,'BEATO PAOLO VI',NULL,NULL),(69,1,1,NULL,NULL,'nuovo-prodotto',NULL,NULL,NULL,' LA CASA DEI RAGAZZI',NULL,NULL),(70,1,1,NULL,NULL,'nuovo-prodotto',NULL,NULL,NULL,'La storia della salvezza raccontata ai bambini. 2 Caino e Abele',NULL,NULL),(71,1,1,NULL,NULL,'nuovo-prodotto',NULL,NULL,NULL,'San Francesco d\'Assisi raccontato ai ragazzi + DVD',NULL,NULL),(72,1,1,NULL,NULL,'nuovo-prodotto',NULL,NULL,NULL,'FEDE, SPERANZA  E CARITA\'',NULL,NULL),(73,1,1,NULL,NULL,'nuovo-prodotto',NULL,NULL,NULL,'FRANCESCO AI GIOVANI',NULL,NULL),(74,1,1,NULL,NULL,'nuovo-prodotto',NULL,NULL,NULL,'DIO È , IN DIECI PAROLE',NULL,NULL),(75,1,1,'<p class=\"MsoNormal\" style=\"margin-top:1.45pt;margin-right:40.55pt;margin-bottom:\r\n0cm;margin-left:.5pt;margin-bottom:.0001pt;line-height:10.05pt;mso-line-height-rule:\r\nexactly\"><span style=\"font-weight: normal;\"><font face=\"Verdana\"><span style=\"font-size: 7pt;\">II segno della croce è il gesto di preghiera </span><span style=\"font-size: 7pt;\">più&nbsp;semplice e\r\npiù importante del cristiano, </span><span style=\"font-size: 7pt;\">perchè lo distingue da tutti gli altri uomini.</span><o:p></o:p></font></span></p><p class=\"MsoNormal\" style=\"margin-top:0cm;margin-right:57.85pt;margin-bottom:\r\n0cm;margin-left:.5pt;margin-bottom:.0001pt;text-align:justify;text-justify:\r\ninter-ideograph;line-height:9.95pt;mso-line-height-rule:exactly\"><span style=\"font-weight: normal;\"><font face=\"Verdana\"><span style=\"font-size: 7pt;\">Come farlo? E quale è a il significato di </span><span style=\"font-size: 7pt;\">questo gesto? </span><span style=\"font-size: 7pt;\">II segno\r\ndella croce&nbsp;</span></font></span><span style=\"font-family: Verdana; font-size: 9.33333px; font-weight: 400;\">è</span><span style=\"font-family: Verdana; font-weight: normal; font-size: 7pt;\">&nbsp;un\'invocazione muta e una preghiera istantanea </span><span style=\"font-family: Verdana; font-weight: normal; font-size: 7pt;\">ma profonda.</span></p><p class=\"MsoNormal\" style=\"margin-top:.25pt;margin-right:21.6pt;margin-bottom:\r\n0cm;margin-left:.5pt;margin-bottom:.0001pt;text-align:justify;text-justify:\r\ninter-ideograph;line-height:9.8pt;mso-line-height-rule:exactly\"><o:p></o:p></p>',NULL,'nuovo-prodotto',NULL,NULL,NULL,'IL SEGNO DELLA CROCE',NULL,NULL),(76,1,1,NULL,NULL,'nuovo-prodotto',NULL,NULL,NULL,'LA BIBBIA: NUOVO TESTAMENTO',NULL,NULL),(77,1,1,NULL,NULL,'nuovo-prodotto',NULL,NULL,NULL,'LA SACRA SINDONE SPIEGATA  AI RAGAZZI',NULL,NULL),(78,1,1,NULL,NULL,'nuovo-prodotto',NULL,NULL,NULL,'Con Gesù sulla via della croce',NULL,NULL),(79,1,1,NULL,NULL,'nuovo-prodotto',NULL,NULL,NULL,'Con Gesù sulla via della croce',NULL,NULL),(80,1,1,NULL,NULL,'nuovo-prodotto',NULL,NULL,NULL,'MISERICORDIA',NULL,NULL),(81,1,1,NULL,NULL,'nuovo-prodotto',NULL,NULL,NULL,'PREGHIERA DELLE CINQUE DITA VE',NULL,NULL),(82,1,1,'In questo libretto sono raccolti alcuni tweet postati da Papa Francesco quando è stata pubblicata l\'enciclica \"Laudato si\' \"',NULL,'nuovo-prodotto',NULL,NULL,NULL,'LAUDATO SI\'',NULL,NULL),(83,1,1,NULL,NULL,'nuovo-prodotto',NULL,NULL,NULL,'IL GIUBILEO DELLA MISERICORDIA',NULL,NULL),(84,1,1,NULL,NULL,'nuovo-prodotto',NULL,NULL,NULL,'L\'AVVENTO',NULL,NULL),(85,1,1,NULL,NULL,'nuovo-prodotto',NULL,NULL,NULL,'Il Buon Samaritano',NULL,NULL),(86,1,1,NULL,NULL,'nuovo-prodotto',NULL,NULL,NULL,'Il figliol prodigo',NULL,NULL),(87,1,1,NULL,NULL,'nuovo-prodotto',NULL,NULL,NULL,'Il seminatore',NULL,NULL),(88,1,1,NULL,NULL,'nuovo-prodotto',NULL,NULL,NULL,'GESÙ È RISORTO',NULL,NULL),(89,1,1,'<p>Un libretto utile e gioioso per aiutare i bambini che si preparano alla Prima Comunione, ma utile anche a chiunque voglia avvicinarsi a questo Sacramento.</p>',NULL,'nuovo-prodotto',NULL,NULL,NULL,'COMUNIONE SPIEGATA AI RAGAZZI',NULL,NULL),(90,1,1,NULL,NULL,'nuovo-prodotto',NULL,NULL,NULL,'ATTO DI AFFIDAMENTO A MARIA',NULL,NULL),(91,1,1,NULL,NULL,'nuovo-prodotto',NULL,NULL,NULL,'I 10 COMANDAMENTI',NULL,NULL),(92,1,1,'<p class=\"MsoNormal\" style=\"margin-top:6.7pt;margin-right:0cm;margin-bottom:0cm;\r\nmargin-left:118.05pt;margin-bottom:.0001pt;line-height:9.2pt;mso-line-height-rule:\r\nexactly\"><font face=\"Verdana\" style=\"font-weight: normal;\"><span style=\"font-size: 8pt;\">II Rosario, da sempre considerato una</span>&nbsp;<span style=\"font-size: 8pt;\">preghiera\r\npopolare dedicata alla&nbsp;</span><span style=\"text-align: justify;\"><span style=\"font-size: 8pt;\">Vergine, in realtà è&nbsp;</span></span><span style=\"text-align: justify; font-size: 8pt;\">molto di più. </span></font></p><p class=\"MsoNormal\" style=\"margin-top:6.7pt;margin-right:0cm;margin-bottom:0cm;\r\nmargin-left:118.05pt;margin-bottom:.0001pt;line-height:9.2pt;mso-line-height-rule:\r\nexactly\"><font face=\"Verdana\" style=\"font-weight: normal;\"><span style=\"text-align: justify; font-size: 8pt;\">E\' la celebrazione di </span><span style=\"text-align: justify; font-size: 8pt;\">Cristo e dei testi biblici, una preghiera di lode e di intercessione.</span></font></p><p class=\"MsoNormal\" style=\"margin-top:1.6pt;margin-right:28.3pt;margin-bottom:\r\n0cm;margin-left:117.35pt;margin-bottom:.0001pt;text-align:justify;text-justify:\r\ninter-ideograph;line-height:9.5pt;mso-line-height-rule:exactly\"><o:p></o:p></p>',NULL,'nuovo-prodotto',NULL,NULL,NULL,'LA PREGHIERA DEL ROSARIO',NULL,NULL),(93,1,1,'',NULL,'nuovo-prodotto',NULL,NULL,NULL,'Fatima - Con l\'angelo verso il centenario',NULL,NULL),(94,1,1,NULL,NULL,'nuovo-prodotto',NULL,NULL,NULL,'IL BATTESIMO',NULL,NULL),(95,1,1,NULL,NULL,'nuovo-prodotto',NULL,NULL,NULL,'LA PICCOLA MATITA',NULL,NULL),(96,1,1,'<p class=\"MsoNormal\" style=\"margin-top:4.05pt;margin-right:32.0pt;margin-bottom:\r\n0cm;margin-left:117.55pt;margin-bottom:.0001pt;text-indent:.2pt;line-height:\r\n9.1pt;mso-line-height-rule:exactly\"><font face=\"Verdana\" style=\"font-weight: normal;\"><span style=\"font-size: 7pt;\">L\'uomo è un essere\r\npensante, che si sente solo </span><span style=\"font-size: 7pt;\">e sperduto su questo\r\npiccolo pianeta. </span></font></p><p class=\"MsoNormal\" style=\"margin-top:4.05pt;margin-right:32.0pt;margin-bottom:\r\n0cm;margin-left:117.55pt;margin-bottom:.0001pt;text-indent:.2pt;line-height:\r\n9.1pt;mso-line-height-rule:exactly\"><font face=\"Verdana\" style=\"font-weight: normal;\"><span style=\"font-size: 7pt;\">Egli è&nbsp;</span><span style=\"font-size: 7pt;\">istintivamente sempre alla ricerca dell\'origine e della\r\nragione della vita e della speranza di </span><span style=\"font-size: 7pt;\">un segno che possa farlo sentire meno solo e </span><span style=\"font-size: 7pt;\">indifeso. </span></font></p><p class=\"MsoNormal\" style=\"margin-top:4.05pt;margin-right:32.0pt;margin-bottom:\r\n0cm;margin-left:117.55pt;margin-bottom:.0001pt;text-indent:.2pt;line-height:\r\n9.1pt;mso-line-height-rule:exactly\"><font face=\"Verdana\" style=\"font-weight: normal;\"><span style=\"font-size: 7pt;\">Un prezioso e utile libretto per aiutarci </span><span style=\"font-size: 7pt;\">a comprendere il significato e l\'importanza della\r\npreghiera per la nostra vita.</span></font><o:p></o:p></p>',NULL,'nuovo-prodotto',NULL,NULL,NULL,'LA PREGHIERA  - MEDICINA DELL\'ANIMA',NULL,NULL),(97,1,1,NULL,NULL,'nuovo-prodotto',NULL,NULL,NULL,'\"IL NATALE  \"\"CHE MERAVIGLIA\"\"\"',NULL,NULL),(98,1,1,NULL,NULL,'nuovo-prodotto',NULL,NULL,NULL,'ANGELO DI DIO PREGHIERE',NULL,NULL),(99,1,1,'<p class=\"MsoNormal\" style=\"margin-top:2.05pt;margin-right:0cm;margin-bottom:\r\n0cm;margin-left:117.55pt;margin-bottom:.0001pt;line-height:10.35pt;mso-line-height-rule:\r\nexactly\"><i style=\"\"><span style=\"font-size: 9pt; font-weight: normal;\"><font face=\"Verdana\">Raccolta di preghiere Mariane</font></span></i><o:p></o:p></p><p class=\"MsoNormal\" style=\"margin-top:5.0pt;margin-right:0cm;margin-bottom:0cm;\r\nmargin-left:117.55pt;margin-bottom:.0001pt;line-height:8.05pt;mso-line-height-rule:\r\nexactly\"><span style=\"font-weight: normal;\"><font face=\"Verdana\"><span style=\"font-size: 7pt;\">A Maria dobbiamo rivolgerci molto</span>&nbsp;<span style=\"font-size: 7pt;\">frequentemente sia con parole nostre sia con\r\nle&nbsp;</span><span style=\"text-indent: 0.2pt; font-size: 7pt;\">preghiere che da\r\nsempre uomini e donne le hanno </span><span style=\"text-indent: 0.2pt; font-size: 7pt;\">rivolto e che sono\r\nla dimostrazione dell\'amore&nbsp;</span></font></span></p><p class=\"MsoNormal\" style=\"margin-top:.2pt;margin-right:22.85pt;margin-bottom:\r\n0cm;margin-left:117.55pt;margin-bottom:.0001pt;text-indent:.2pt;line-height:\r\n9.0pt;mso-line-height-rule:exactly\">\r\n<span style=\"font-size: 7pt; font-weight: normal;\"><font face=\"Verdana\">che tutto il mondo ha per lei. </font></span></p><p class=\"MsoNormal\" style=\"margin-top:.2pt;margin-right:22.85pt;margin-bottom:\r\n0cm;margin-left:117.55pt;margin-bottom:.0001pt;text-indent:.2pt;line-height:\r\n9.0pt;mso-line-height-rule:exactly\"><span style=\"font-weight: normal;\"><font face=\"Verdana\"><span style=\"font-size: 7pt;\">Ecco le più belle </span><span style=\"font-size: 7pt;\">preghiere a lei\r\ndedicate dalla Chiesa e da molti santi </span><span style=\"font-size: 7pt;\">che le\r\nsono stati particolarmente devoti.</span></font></span><o:p></o:p></p>',NULL,'nuovo-prodotto',NULL,NULL,NULL,'AVE MARIA PREGHIERE MARIANE',NULL,NULL),(100,1,1,NULL,NULL,'nuovo-prodotto',NULL,NULL,NULL,'LA NASCITA DI GESU\' DA COLORARE v.e. (vedi codice 9788899571269)',NULL,NULL),(101,1,1,'<p class=\"MsoNormal\" style=\"margin-top:2.65pt;margin-right:35.1pt;margin-bottom:\r\n0cm;margin-left:118.05pt;margin-bottom:.0001pt;text-align:justify;text-justify:\r\ninter-ideograph;text-indent:.2pt;line-height:9.0pt;mso-line-height-rule:exactly\"><span style=\"font-size: 7pt; font-weight: normal;\"><font face=\"Verdana\">Un libretto adatto\r\nalle benedizioni ma anche adatto alla preghiera in famiglia ogni giorno.</font></span></p><p class=\"MsoNormal\" style=\"margin-top:2.65pt;margin-right:35.1pt;margin-bottom:\r\n0cm;margin-left:118.05pt;margin-bottom:.0001pt;text-align:justify;text-justify:\r\ninter-ideograph;text-indent:.2pt;line-height:9.0pt;mso-line-height-rule:exactly\"><font face=\"Verdana\" style=\"font-weight: normal;\"><font size=\"1\">Tante</font>&nbsp;<span style=\"font-size: 7pt;\">preghiere per la famiglia e la benedizione\r\ndella&nbsp;</span><span style=\"font-size: 7pt;\">casa. </span></font></p><p class=\"MsoNormal\" style=\"margin-top:2.65pt;margin-right:35.1pt;margin-bottom:\r\n0cm;margin-left:118.05pt;margin-bottom:.0001pt;text-align:justify;text-justify:\r\ninter-ideograph;text-indent:.2pt;line-height:9.0pt;mso-line-height-rule:exactly\"><font face=\"Verdana\" style=\"font-weight: normal;\"><span style=\"font-size: 7pt;\">La famiglia è lo specchio in cui Dio si guarda, </span><span style=\"font-size: 7pt;\">e vede i due miracoli più belli che ha fatto: donare </span><span style=\"font-size: 7pt;\">la vita e donare l\'amore.</span></font></p><p class=\"MsoNormal\" style=\"margin-top:0cm;margin-right:25.0pt;margin-bottom:\r\n0cm;margin-left:118.05pt;margin-bottom:.0001pt;text-align:justify;text-justify:\r\ninter-ideograph;line-height:9.5pt;mso-line-height-rule:exactly\"><o:p></o:p></p>',NULL,'nuovo-prodotto',NULL,NULL,NULL,'GESU\' BENEDICI LA NOSTRA FAMIGLIA',NULL,NULL),(102,1,1,NULL,NULL,'nuovo-prodotto',NULL,NULL,NULL,'LE BEATITUDINI  N.EDIZ.',NULL,NULL),(103,1,1,NULL,NULL,'nuovo-prodotto',NULL,NULL,NULL,'Lo Spirito Santo raccontato ai ragazzi N.E.',NULL,NULL),(104,1,1,'',NULL,'nuovo-prodotto',NULL,NULL,NULL,'TEMPO DI QUARESIMA',NULL,NULL),(105,1,1,'',NULL,'nuovo-prodotto',NULL,NULL,NULL,'COSA CHIEDIAMO ALLA PARROCCHIA ..N.EDIZ.',NULL,NULL),(106,1,1,NULL,NULL,'nuovo-prodotto',NULL,NULL,NULL,'RICORDO DI UNA GIORNATA SPECIALE',NULL,NULL),(107,1,1,NULL,NULL,'nuovo-prodotto',NULL,NULL,NULL,'SANTIFICAZIONE PASTORELLI  DI FATIMA',NULL,NULL),(109,1,1,NULL,NULL,'nuovo-prodotto',NULL,NULL,NULL,'ALLENA...MENTE',NULL,NULL),(110,1,1,'<p class=\"MsoNormal\" style=\"margin-top:3.05pt;margin-right:21.9pt;margin-bottom:\r\n0cm;margin-left:116.6pt;margin-bottom:.0001pt;text-indent:.2pt;line-height:\r\n9.5pt;mso-line-height-rule:exactly\"><span style=\"font-weight: normal;\"><font face=\"Verdana\"><span style=\"font-size: 7pt;\">Perdere una persona\r\ncara genera uno dei dolori più&nbsp;</span><span style=\"font-size: 7pt;\">grandi che si\r\npossano provare nella vita. </span></font></span></p><p class=\"MsoNormal\" style=\"margin-top:3.05pt;margin-right:21.9pt;margin-bottom:\r\n0cm;margin-left:116.6pt;margin-bottom:.0001pt;text-indent:.2pt;line-height:\r\n9.5pt;mso-line-height-rule:exactly\"><span style=\"font-weight: normal;\"><font face=\"Verdana\"><span style=\"font-size: 7pt;\">La morte </span><span style=\"font-size: 7pt;\">sembra\r\nla fine di tutto, sembra il distacco totale </span><span style=\"font-size: 7pt;\">da chi\r\nabbiamo amato e continuiamo ad amare.</span></font></span></p><p class=\"MsoNormal\" style=\"margin-top:3.05pt;margin-right:21.9pt;margin-bottom:\r\n0cm;margin-left:116.6pt;margin-bottom:.0001pt;text-indent:.2pt;line-height:\r\n9.5pt;mso-line-height-rule:exactly\"><span style=\"font-weight: normal;\"><font face=\"Verdana\"><span style=\"font-size: 7pt;\">Questo\r\nlibretto, in base alla visione di\r\napertura e </span><span style=\"font-size: 7pt;\">di speranza legate alla Risurrezione, </span><span style=\"font-size: 7pt;\">vuole dire, a </span><span style=\"font-size: 7pt;\">chi ha\r\nperduto delle persone care, alcuni\r\npensieri </span><span style=\"font-size: 7pt;\">e poche ma essenziali preghiere di conforto </span><br>\r\n<span style=\"font-size: 7pt;\">spirituale.</span></font></span><o:p></o:p></p>',NULL,'nuovo-prodotto',NULL,NULL,NULL,'SE MI AMI NON PIANGERE',NULL,NULL),(111,1,1,'<p>Il compito educativo dei nonni è molto importante quando i genitori non sono in grado di assicurare un\'adeguata educazione ai figli.</p><p>La festa dei nonni fissata da Papa Francesco e questo libretto vogliono essere un omaggio ai nonni e un dono per i nipoti</p>',NULL,'nuovo-prodotto',NULL,NULL,NULL,'I NONNI SONO UN TESORO',NULL,NULL),(112,1,1,'<p>Questo vangelo sinottico, redatto in modo da consentire al lettore una rapida e completa visione d\'insieme dei quattro Vangeli canonici.</p>',NULL,'nuovo-prodotto',NULL,NULL,NULL,'SEMPRE CON TE -VANGELO TASCABILE',NULL,NULL),(113,1,1,NULL,NULL,'nuovo-prodotto',NULL,NULL,NULL,'E\' NATO,  ALBUM DA COLORARE',NULL,NULL),(114,1,1,'<p class=\"MsoNormal\" style=\"margin-top:.95pt;margin-right:13.45pt;margin-bottom:\r\n0cm;margin-left:.5pt;margin-bottom:.0001pt;line-height:9.0pt;mso-line-height-rule:\r\nexactly\"><span style=\"font-weight: normal;\"><font face=\"Verdana\"><span style=\"font-size: 7pt;\">Cosi come mantenete una connessione continua\r\ncon </span><span style=\"font-size: 7pt;\">lo smartphone, è importante che voi manteniate una </span><span style=\"font-size: 7pt;\">connessione continua\r\ncon Dio </span><span style=\"font-size: 7pt;\">(lo ha raccomandato </span><span style=\"font-size: 7pt;\">anche Papa Francesco!), </span></font></span></p><p class=\"MsoNormal\" style=\"margin-top:.95pt;margin-right:13.45pt;margin-bottom:\r\n0cm;margin-left:.5pt;margin-bottom:.0001pt;line-height:9.0pt;mso-line-height-rule:\r\nexactly\"><span style=\"font-weight: normal;\"><font face=\"Verdana\"><span style=\"font-size: 7pt;\">che voi gli parliate e gli diciate\r\n</span><span style=\"font-size: 7pt;\">o comunicate i vostri pensieri, gli chiediate aiuto in\r\nogni </span><span style=\"font-size: 7pt;\">momento della giornata, soprattutto quando sentite di </span><span style=\"font-size: 7pt;\">averne più) bisogno. </span></font></span></p><p class=\"MsoNormal\" style=\"margin-top:.95pt;margin-right:13.45pt;margin-bottom:\r\n0cm;margin-left:.5pt;margin-bottom:.0001pt;line-height:9.0pt;mso-line-height-rule:\r\nexactly\"><span style=\"font-weight: normal;\"><font face=\"Verdana\"><span style=\"font-size: 7pt;\">Un\r\nlibretto originale dedicato ai </span><span style=\"font-size: 7pt;\">ragazzi, da tenere\r\nin tasca, con tante preghiere per </span><span style=\"font-size: 7pt;\">loro, per restare\r\nsempre in connessione con Dio.</span></font></span><o:p></o:p></p>',NULL,'nuovo-prodotto',NULL,NULL,NULL,'Le preghiere dei ragazzi',NULL,NULL),(115,1,1,'<p class=\"MsoNormal\" style=\"margin-top:1.7pt;margin-right:16.8pt;margin-bottom:\r\n0cm;margin-left:7.2pt;margin-bottom:.0001pt;text-align:justify;text-justify:\r\ninter-ideograph;text-indent:.45pt;line-height:12.55pt;mso-line-height-rule:\r\nexactly\"><span style=\"font-weight: normal;\"><font face=\"Verdana\"><span style=\"font-size: 9pt;\">II libro e ricco di illustrazioni, per&nbsp;</span><span style=\"font-size: 9pt;\">raccontare la vita di Francesco ai&nbsp;</span><span style=\"font-size: 9pt;\">ragazzi. E contiene una preziosa </span><span style=\"font-size: 9pt;\">scheda per i catechisti: una lista </span><span style=\"font-size: 9pt;\">di argomenti per attualizzare la </span><span style=\"font-size: 9pt;\">figura&nbsp;di San Francesco.</span><o:p></o:p></font></span></p><p class=\"MsoNormal\" style=\"margin-top:0cm;margin-right:19.9pt;margin-bottom:\r\n0cm;margin-left:7.2pt;margin-bottom:.0001pt;text-align:justify;text-justify:\r\ninter-ideograph;text-indent:.45pt;line-height:12.6pt;mso-line-height-rule:exactly\"><span style=\"font-weight: normal;\"><font face=\"Verdana\"><span style=\"font-size: 9pt;\">II dvd e la chiavetta in originale, </span><span style=\"font-size: 9pt;\">compreso di ebook, intendono </span><span style=\"font-size: 9pt;\">presentare ai ragazzi, in&nbsp;</span><span style=\"font-size: 9pt; text-indent: 0.2pt;\">modo accattivante la figura di&nbsp;</span><span style=\"font-size: 9pt; text-indent: 0.2pt;\">Francesco d\'Assisi, il santo che&nbsp;</span><span style=\"font-size: 9pt; text-indent: 0.2pt;\">parlava agli animali e che amava&nbsp;</span><span style=\"font-size: 9pt; text-indent: 0.2pt;\">il suo prossimo come se stesso,&nbsp;</span><span style=\"font-size: 9pt; text-indent: 0.2pt;\">secondo I\'insegnamento del&nbsp;</span><span style=\"font-size: 9pt;\">Vangelo.</span></font></span></p><p class=\"MsoNormal\" style=\"margin-top:1.85pt;margin-right:0cm;margin-bottom:\r\n0cm;margin-left:6.95pt;margin-bottom:.0001pt;line-height:10.35pt;mso-line-height-rule:\r\nexactly\"><o:p></o:p></p>',NULL,'nuovo-prodotto',NULL,NULL,NULL,'SAN FRANCESCO D\'ASSISI RACCONTATO AI RAGAZZI N.E.',NULL,NULL),(116,1,1,NULL,NULL,'nuovo-prodotto',NULL,NULL,NULL,'DIZIONARIO DEI SIMBOLI DEL PICCOLO CRISTIANO NE',NULL,NULL),(117,1,1,'<p class=\"MsoNormal\" style=\"margin-top:7.55pt;margin-right:37.7pt;margin-bottom:\r\n0cm;margin-left:.5pt;margin-bottom:.0001pt;text-align:justify;text-justify:\r\ninter-ideograph;text-indent:.2pt;line-height:9.95pt;mso-line-height-rule:exactly\"><span style=\"font-weight: normal;\"><font face=\"Verdana\"><span style=\"font-size: 7pt;\">Un piccolo testo sulla preghiera \"delle cinque </span><span style=\"font-size: 7pt;\">dita\"di Papa Francesco, per avvicinare i più&nbsp;</span><span style=\"font-size: 7pt;\">piccoli alla\r\npreghiera.</span></font></span></p><p class=\"MsoNormal\" style=\"margin-top:7.55pt;margin-right:37.7pt;margin-bottom:\r\n0cm;margin-left:.5pt;margin-bottom:.0001pt;text-align:justify;text-justify:\r\ninter-ideograph;text-indent:.2pt;line-height:9.95pt;mso-line-height-rule:exactly\"><span style=\"font-weight: normal;\"><font face=\"Verdana\"><span style=\"font-size: 7pt;\">Pregare, secondo le</span>&nbsp;<span style=\"text-indent: 0.2pt; font-size: 7pt;\">intenzioni che ci suggerisce Papa Francesco,\r\nti </span><span style=\"text-indent: 0.2pt; font-size: 7pt;\">aiuterà a comprendere meglio l\'importanza </span><span style=\"text-indent: 0.2pt;\"><span style=\"font-size: 7pt;\">degli altri nella\r\ntua vita, </span></span><span style=\"text-indent: 0.2pt; font-size: 7pt;\">ad aiutare gli altri </span><span style=\"text-indent: 0.2pt; font-size: 7pt;\">attraverso la preghiera.</span></font></span></p><p class=\"MsoNormal\" style=\"margin-top:.1pt;margin-right:34.55pt;margin-bottom:\r\n0cm;margin-left:.5pt;margin-bottom:.0001pt;text-indent:.2pt;line-height:10.0pt;\r\nmso-line-height-rule:exactly\"><o:p></o:p></p>',NULL,'nuovo-prodotto',NULL,NULL,NULL,'La preghiera delle cinque dita n.e.',NULL,NULL),(118,1,1,'<p class=\"MsoNormal\" style=\"margin-top:0cm;margin-right:7.05pt;margin-bottom:\r\n0cm;margin-left:21.3pt;margin-bottom:.0001pt;line-height:150%;mso-layout-grid-align:\r\nnone;text-autospace:none\"><span style=\"font-weight: normal;\"><span style=\"font-size: 14pt; line-height: 150%; font-family: Arial, sans-serif;\">Credere</span><span style=\"font-size: 14pt; line-height: 150%; font-family: Arial, sans-serif;\"> significa dire\r\ndi “sì” a quello che Gesù ha detto e che la Santa Chiesa<o:p></o:p></span></span></p><p class=\"MsoNormal\" style=\"margin-top:0cm;margin-right:7.05pt;margin-bottom:\r\n0cm;margin-left:21.3pt;margin-bottom:.0001pt;line-height:150%;mso-layout-grid-align:\r\nnone;text-autospace:none\"><span style=\"font-size: 14pt; line-height: 150%; font-family: Arial, sans-serif; font-weight: normal;\">ci propone di credere. Il Credo è insieme\r\npreghiera e professione di fede per&nbsp;\r\ni cristiani.<o:p></o:p></span></p><p>\r\n\r\n\r\n\r\n</p><p class=\"MsoNormal\" style=\"margin-top:0cm;margin-right:7.05pt;margin-bottom:\r\n10.0pt;margin-left:21.3pt;line-height:150%;tab-stops:49.65pt\"><span style=\"font-size: 14pt; line-height: 150%; font-family: Arial, sans-serif; font-weight: normal;\">Una\r\nmadre</span><span style=\"font-size: 14pt; line-height: 150%; font-family: Arial, sans-serif;\"><span style=\"font-weight: normal;\"> dalla fede\r\nprofonda spiega al giovane figlio il\r\nCredo, la professione della fede cristiana in modo comprensibile.</span><o:p></o:p></span></p>',NULL,'nuovo-prodotto',NULL,NULL,NULL,'Il Credo spiegato ai ragazzi n.e.',NULL,NULL),(119,1,1,'',NULL,'nuovo-prodotto',NULL,NULL,NULL,'Rosario spiegato ai bambini ',NULL,NULL),(120,1,1,NULL,NULL,'nuovo-prodotto',NULL,NULL,NULL,'Libro Agenda cattolico 2019',NULL,NULL),(121,1,1,'<p class=\"MsoNormal\" style=\"text-align:justify\"><span style=\"font-size:16.0pt;\r\nline-height:115%\"><span style=\"font-weight: normal;\">Nel cristianesimo gli animali, i fiori e le piante che\r\nricorrono con maggior frequenza nelle rappresentazioni di temi a soggetto sacro,\r\nil pane e l’acqua, gli oggetti che si\r\ntrovano nelle chiese hanno un significato ben preciso. Questo piccolo\r\ndizionario si propone di prendere in\r\nconsiderazione i principali simboli della religione cristiana e di darne una\r\nbreve spiegazione.</span><o:p></o:p></span></p>',NULL,'nuovo-prodotto',NULL,NULL,NULL,'DIZIONARIO DEI SIMBOLI DEL CRISTIANO',NULL,NULL),(122,1,1,'',NULL,'nuovo-prodotto',NULL,NULL,NULL,'LIBRO AGENDA CATTOLICO 2020',NULL,NULL),(123,1,1,'<p class=\"MsoNormal\" style=\"margin-top:0cm;margin-right:14.15pt;margin-bottom:\r\n10.0pt;margin-left:21.3pt;line-height:150%;tab-stops:1.0cm;mso-layout-grid-align:\r\nnone;text-autospace:none\"><span style=\"font-size: 14pt; line-height: 150%; font-family: Verdana, sans-serif; background-image: initial; background-position: initial; background-size: initial; background-repeat: initial; background-attachment: initial; background-origin: initial; background-clip: initial; font-weight: normal;\">Leggere i dieci Comandamenti è come posare lo\r\nsguardo su dieci immagini del volto di Dio, percorrere dieci vie per conoscere\r\nil suo mistero. Chi è Dio, come può vivere l\'uomo per assomigliargli? Lo\r\nraccontano i dieci Comandamenti. Un\r\npercorso originale per catechisti, insegnanti e genitori in cui la Bibbia si mescola con l\'esperienza dei\r\nragazzi a cui questo libretto è indirizzato.</span><b><span style=\"font-size:14.0pt;line-height:150%;font-family:&quot;Cambria&quot;,&quot;serif&quot;;\r\nmso-ascii-theme-font:major-latin;mso-hansi-theme-font:major-latin;mso-bidi-font-family:\r\nAvenir-Roman;color:red\"><o:p></o:p></span></b></p>',NULL,'nuovo-prodotto',NULL,NULL,NULL,'DIO E\' IN DIECI PAROLE - COMANDAMENTI',NULL,NULL),(124,1,1,'<p>Papa Francesco ha raccomandato di mantenere una connessione continua con Dio. Un libretto utile ed originale dedicato ai ragazzi, da tenere in tasca, con tante preghiere per loro, per restare sempre connessi con Dio.</p>',NULL,'nuovo-prodotto',NULL,NULL,NULL,'PREGHIERE DEI RAGAZZI N. E. ',NULL,NULL),(125,1,1,'<p>Le preghiere dei piccoli salgono al cielo. Questo libretto, ricco di illustrazioni a colori, aiuta i bambini a imparare più facilmente le preghiere principali del cristiano.</p>',NULL,'nuovo-prodotto',NULL,NULL,NULL,'MIE PREGHIERINE - N. E.',NULL,NULL),(126,1,1,'<p>Questo libretto illustrato per aiutare i bambini a celebrare il sacramento del Perdono. Spiega in sintesi la confessione, propone un esame di coscienza e contiene una traccia per celebrare il sacramento della Riconciliazione.</p>',NULL,'nuovo-prodotto',NULL,NULL,NULL,'SACRAMENTO DEL PERDONO',NULL,NULL),(127,1,1,'Questo libretto spiega, in modo semplice, chi è lo Spirito Santo, come agisce nella nostra vita e quali sono i doni che da lui riceviamo.',NULL,'nuovo-prodotto',NULL,NULL,NULL,'SPIRITO SANTO SPIEGATO AI RAGAZZI - N.E.',NULL,NULL),(128,1,1,'',NULL,'nuovo-prodotto',NULL,NULL,NULL,'LIBRO AGENDA CATTOLICO 2021',NULL,NULL),(129,1,1,'',NULL,'nuovo-prodotto',NULL,NULL,NULL,'NATALE SPIEGATO AI BAMBINI',NULL,NULL),(130,1,1,'<p>In questo libretto troverai la più bella preghiera a Maria. I tre pastorelli che videro la Madonna a Fatima e Santa Bernadette, che la incontrò a Lourdes, erano soliti recitare tutti i giorni il Rosario.</p>',NULL,'nuovo-prodotto',NULL,NULL,NULL,'ROSARIO SPIEGATO AI BAMBINI - N.E.',NULL,NULL),(131,1,1,'<p>Questa agenda risponde alle esigenze ecumeniche della società di oggi.</p><p>Nell’agenda potete trovare:</p><p>• le pagine riservate ai dati personali;</p><p>• i calendari del 2021 e 2022;</p><p>• il calendario annuale per appuntamenti;</p><p>• le solennità e le feste del rito romano e ambrosiano;</p><p>• la tabella delle principali celebrazioni dell’anno liturgico;</p><p>• le abbreviazioni dei libri biblici.</p><p>In più tante altre notizie per l\'anno liturgico.</p>',NULL,'nuovo-prodotto',NULL,NULL,NULL,'LIBRO AGENDA CATTOLICO 2022',NULL,NULL),(132,1,1,'<p class=\"MsoNormal\" style=\"margin: 4.4pt 11.6pt 0.0001pt 117.55pt; text-align: justify; text-indent: 0.2pt; line-height: 9pt;\"><span style=\"font-weight: normal;\"><font face=\"Verdana\"><span style=\"font-size: 7pt;\">Per rendere solenne la liturgia eucaristica,&nbsp;</span><span style=\"font-size: 7pt;\">la Chiesa chiama i ragazzi a renderla bella, dignitosa e solenne,</span>&nbsp;<span style=\"font-size: 7pt;\">tramite il loro servizio sull\'altare, ciascuno con&nbsp;</span><span style=\"text-indent: 0.2pt;\"><span style=\"font-size: 7pt;\">un suo specifico ufficio o incarico.</span></span></font></span></p><p class=\"MsoNormal\" style=\"margin: 4.4pt 11.6pt 0.0001pt 117.55pt; text-align: justify; text-indent: 0.2pt; line-height: 9pt;\"><span style=\"font-weight: normal;\"><font face=\"Verdana\"><span style=\"text-indent: 0.2pt; font-size: 7pt;\">Ad essi era dato&nbsp;</span><span style=\"text-indent: 0.2pt; font-size: 7pt;\">il nome di&nbsp;<i>\"chierichetti\",&nbsp;</i>sostituito oggi con quello di&nbsp;</span><span style=\"text-indent: 0.2pt;\"><span style=\"font-size: 7pt;\">\"ministranti\"&nbsp;</span></span><span style=\"text-indent: 0.2pt; font-size: 7pt;\">che significa&nbsp;<i>\"coloro che servono\':</i></span></font></span></p>',NULL,'nuovo-prodotto',NULL,NULL,NULL,'MINISTRANTI IERI, OGGI, DOMANI',NULL,NULL),(133,1,1,'<p>Questa agenda risponde alle esigenze ecumeniche della società di oggi.</p><p>Nell’agenda potete trovare:</p><p>• le pagine riservate ai dati personali;</p><p>• i calendari del 2022 e 2023;</p><p>• il calendario annuale per appuntamenti;</p><p>• le solennità e le feste del rito romano e ambrosiano;</p><p>• la tabella delle principali celebrazioni dell’anno liturgico;</p><p>• le abbreviazioni dei libri biblici.</p><p>In più tante altre notizie per l\'anno liturgico.</p>',NULL,'nuovo-prodotto',NULL,NULL,NULL,'LIBRO AGENDA CATTOLICO 2023',NULL,NULL),(134,1,1,'<p class=\"MsoNormal\" style=\"margin: 3.05pt 23.6pt 0.0001pt 117.55pt; text-indent: 0.2pt; line-height: 9pt;\"><font style=\"font-weight: normal;\" face=\"Arial\"><span style=\"font-size: 7pt;\">Da centinaia di anni tutti i cristiani si rivolgono&nbsp;</span><span style=\"font-size: 7pt;\">a Maria con questa preghiera.</span></font></p><p class=\"MsoNormal\" style=\"margin: 3.05pt 23.6pt 0.0001pt 117.55pt; text-indent: 0.2pt; line-height: 9pt;\"><font style=\"font-weight: normal;\" face=\"Arial\"><span style=\"font-size: 7pt;\">Nel libretto&nbsp;</span><span style=\"font-size: 7pt;\">facciamo vedere ai bambini con parole e immagini come recitarla ogni giorno e in ogni occasione in&nbsp;</span><span style=\"font-size: 7pt;\">cui senti di avere bisogno di rivolgerti alla Mamma celeste.</span></font></p>',NULL,'nuovo-prodotto',NULL,NULL,NULL,'AVE MARIA SPIEGATA AI BAMBINI - N.E.',NULL,NULL),(135,1,1,NULL,NULL,'nuovo-prodotto',NULL,NULL,NULL,'',NULL,NULL);

--
-- Table structure for table `ps_product_sale`
--

CREATE TABLE `ps_product_sale` (
  `id_product` int(10) unsigned NOT NULL,
  `quantity` int(10) unsigned NOT NULL DEFAULT '0',
  `sale_nbr` int(10) unsigned NOT NULL DEFAULT '0',
  `date_upd` date NOT NULL,
  PRIMARY KEY (`id_product`),
  KEY `quantity` (`quantity`)
) ENGINE=InnoDB DEFAULT CHARSET=utf8;

--
-- Dumping data for table `ps_product_sale`
--

INSERT INTO `ps_product_sale` VALUES (75,1,1,'2016-05-25'),(80,1,1,'2016-06-26'),(83,1,1,'2016-05-02'),(95,1,1,'2016-04-16'),(109,1,1,'2016-06-07'),(116,1,1,'2016-05-03'),(117,1,1,'2016-04-29'),(120,2,2,'2016-05-24'),(121,1,1,'2016-04-11'),(126,2,1,'2016-04-05'),(127,1,1,'2016-04-12'),(130,1,1,'2016-05-02'),(132,2,2,'2016-05-01'),(141,1,1,'2016-07-02'),(212,4,1,'2016-04-30'),(214,5,1,'2016-04-19'),(215,2,1,'2016-04-26'),(216,1,1,'2016-04-21'),(285,2,2,'2016-04-21'),(286,2,2,'2016-05-03'),(287,1,1,'2016-04-29'),(288,1,1,'2016-07-07'),(290,1,1,'2016-05-04'),(292,13,9,'2016-08-30'),(294,1,1,'2016-04-19'),(300,2,2,'2016-06-11'),(301,3,3,'2016-09-04'),(303,1,1,'2016-05-15'),(306,3,1,'2016-04-06'),(308,2,2,'2016-04-08'),(310,3,3,'2016-06-03'),(320,1,1,'2016-10-27'),(331,1,1,'2016-08-06'),(335,4,3,'2016-08-11'),(336,1,1,'2016-06-16'),(338,3,3,'2016-08-18'),(340,1,1,'2016-05-19'),(341,3,3,'2016-07-31'),(345,1,1,'2016-09-01'),(346,1,1,'2016-07-05'),(347,2,2,'2016-08-08'),(348,6,6,'2016-11-05'),(349,2,2,'2016-08-30'),(351,3,3,'2016-11-05'),(352,2,2,'2016-06-15'),(354,1,1,'2016-05-09'),(355,2,2,'2016-05-12'),(356,6,6,'2016-08-16'),(357,1,1,'2016-05-24'),(358,5,5,'2016-11-05'),(360,1,1,'2016-05-18'),(362,1,1,'2016-04-28'),(364,3,3,'2016-08-17'),(365,3,2,'2016-05-22'),(366,11,11,'2016-11-05'),(367,4,4,'2016-07-14'),(368,1,1,'2016-04-19'),(369,3,1,'2016-08-24'),(370,2,2,'2016-06-07'),(372,4,4,'2016-04-30'),(373,1,1,'2016-08-24'),(374,5,5,'2016-08-11'),(376,16,14,'2016-11-05'),(378,1,1,'2016-06-22'),(380,1,1,'2016-08-12'),(381,1,1,'2016-07-16'),(383,1,1,'2016-08-28'),(385,1,1,'2016-08-24'),(386,3,3,'2016-07-31'),(387,2,2,'2016-07-25'),(388,12,12,'2016-10-27'),(393,1,1,'2016-08-06'),(394,1,1,'2016-10-27'),(395,1,1,'2016-05-25'),(399,1,1,'2016-08-24'),(400,7,7,'2016-08-25'),(403,1,1,'2016-05-17'),(404,1,1,'2016-07-23'),(405,7,6,'2016-10-27'),(407,1,1,'2016-10-27'),(410,10,10,'2016-11-05'),(411,1,1,'2016-09-01'),(413,1,1,'2016-05-20'),(415,1,1,'2016-08-23'),(416,2,2,'2016-08-19'),(417,2,2,'2016-10-27'),(418,2,2,'2016-08-20'),(420,7,6,'2016-10-27'),(421,7,6,'2016-08-24'),(422,2,2,'2016-08-04'),(423,1,1,'2016-06-17'),(424,1,1,'2016-07-15'),(425,7,7,'2016-09-03'),(426,2,2,'2016-08-30'),(427,2,2,'2016-08-01'),(429,1,1,'2016-06-20'),(430,1,1,'2016-08-25'),(431,1,1,'2016-10-27'),(432,1,1,'2016-10-27'),(433,2,2,'2016-10-27'),(437,1,1,'2016-05-30'),(440,1,1,'2016-11-05'),(447,1,1,'2016-08-12'),(450,1,1,'2016-10-27'),(452,1,1,'2016-05-19'),(453,2,2,'2016-08-17'),(454,1,1,'2016-08-03'),(455,1,1,'2016-07-15'),(456,3,3,'2016-07-26'),(475,2,2,'2016-08-20'),(477,2,2,'2016-10-27'),(480,1,1,'2016-07-20'),(481,1,1,'2016-08-22'),(483,10,10,'2016-08-29'),(484,7,7,'2016-11-05'),(486,3,3,'2016-11-05'),(491,1,1,'2016-08-16'),(496,1,1,'2016-09-02'),(497,1,1,'2016-08-23'),(500,1,1,'2016-07-22'),(503,1,1,'2016-08-15'),(504,1,1,'2016-08-23'),(507,1,1,'2016-10-27'),(515,2,2,'2016-07-30'),(518,1,1,'2016-08-10'),(522,7,4,'2016-09-01'),(523,6,5,'2016-10-27'),(524,3,3,'2016-09-02'),(526,2,2,'2016-07-29'),(527,2,2,'2016-07-28'),(528,2,2,'2016-08-17'),(531,2,2,'2016-08-29'),(534,1,1,'2016-08-02'),(535,1,1,'2016-08-24'),(536,1,1,'2016-10-27'),(537,1,1,'2016-08-25'),(539,2,2,'2016-08-21'),(541,1,1,'2016-10-27'),(544,1,1,'2016-07-25'),(547,1,1,'2016-08-10'),(551,1,1,'2016-08-12'),(552,1,1,'2016-08-30'),(553,1,1,'2016-08-01'),(554,1,1,'2016-11-05'),(555,1,1,'2016-08-23'),(557,2,2,'2016-08-19'),(558,4,4,'2016-11-05');

--
-- Table structure for table `ps_product_shop`
--

CREATE TABLE `ps_product_shop` (
  `id_product` int(10) unsigned NOT NULL,
  `id_shop` int(10) unsigned NOT NULL,
  `id_category_default` int(10) unsigned DEFAULT NULL,
  `id_argoment_default` int(10) unsigned DEFAULT NULL,
  `id_internal_category` int(2) unsigned DEFAULT NULL,
  `id_tax_rules_group` int(11) unsigned NOT NULL,
  `on_sale` tinyint(1) unsigned NOT NULL DEFAULT '0',
  `on_most` tinyint(1) unsigned NOT NULL DEFAULT '0',
  `on_offer` tinyint(1) unsigned NOT NULL DEFAULT '0',
  `on_showcase` tinyint(1) unsigned NOT NULL DEFAULT '0',
  `online_only` tinyint(1) unsigned NOT NULL DEFAULT '0',
  `ecotax` decimal(17,6) NOT NULL DEFAULT '0.000000',
  `minimal_quantity` int(10) unsigned NOT NULL DEFAULT '1',
  `multiple_quantity` int(10) unsigned NOT NULL DEFAULT '1',
  `price` decimal(20,6) NOT NULL DEFAULT '0.000000',
  `wholesale_price` decimal(20,6) NOT NULL DEFAULT '0.000000',
  `unity` varchar(255) DEFAULT NULL,
  `unit_price_ratio` decimal(20,6) NOT NULL DEFAULT '0.000000',
  `additional_shipping_cost` decimal(20,2) NOT NULL DEFAULT '0.00',
  `customizable` tinyint(2) NOT NULL DEFAULT '0',
  `uploadable_files` tinyint(4) NOT NULL DEFAULT '0',
  `text_fields` tinyint(4) NOT NULL DEFAULT '0',
  `active` tinyint(1) unsigned NOT NULL DEFAULT '0',
  `redirect_type` enum('','404','301','302') NOT NULL DEFAULT '',
  `id_product_redirected` int(10) unsigned NOT NULL DEFAULT '0',
  `available_for_order` tinyint(1) NOT NULL DEFAULT '1',
  `available_date` date NOT NULL DEFAULT '0000-00-00',
  `condition` enum('new','used','refurbished') NOT NULL DEFAULT 'new',
  `show_price` tinyint(1) NOT NULL DEFAULT '1',
  `indexed` tinyint(1) NOT NULL DEFAULT '0',
  `visibility` enum('both','catalog','search','none') NOT NULL DEFAULT 'both',
  `cache_default_attribute` int(10) unsigned DEFAULT NULL,
  `advanced_stock_management` tinyint(1) NOT NULL DEFAULT '0',
  `date_add` datetime NOT NULL,
  `date_upd` datetime NOT NULL,
  `pack_stock_type` int(11) unsigned NOT NULL DEFAULT '3',
  PRIMARY KEY (`id_product`,`id_shop`),
  KEY `id_category_default` (`id_category_default`),
  KEY `date_add` (`date_add`,`active`,`visibility`),
  KEY `indexed` (`indexed`,`active`,`id_product`),
  KEY `id_argoment_default` (`id_argoment_default`)
) ENGINE=InnoDB DEFAULT CHARSET=utf8;

--
-- Dumping data for table `ps_product_shop`
--

INSERT INTO `ps_product_shop` VALUES (1,1,2,NULL,NULL,4,0,0,0,0,0,0.000000,1,1,8.000000,0.000000,NULL,0.000000,0.00,0,0,0,0,'',0,1,'0000-00-00','new',1,0,'both',NULL,0,'2019-02-25 19:21:26','2019-02-25 19:21:26',3),(2,1,2,NULL,NULL,4,0,0,0,0,0,0.000000,1,1,2.500000,0.000000,NULL,0.000000,0.00,0,0,0,0,'',0,1,'0000-00-00','new',1,0,'both',NULL,0,'2019-02-25 19:21:26','2019-02-25 19:21:26',3),(3,1,2,NULL,NULL,4,0,0,0,0,0,0.000000,1,1,2.500000,0.000000,NULL,0.000000,0.00,0,0,0,0,'',0,1,'0000-00-00','new',1,0,'both',NULL,0,'2019-02-25 19:21:26','2019-02-25 19:21:26',3),(4,1,2,NULL,NULL,4,0,0,0,0,0,0.000000,1,1,2.000000,0.000000,NULL,0.000000,0.00,0,0,0,0,'',0,1,'0000-00-00','new',1,0,'both',NULL,0,'2019-02-25 19:21:26','2019-02-25 19:21:26',3),(5,1,2,NULL,NULL,4,0,0,0,0,0,0.000000,1,1,1.500000,0.000000,NULL,0.000000,0.00,0,0,0,0,'',0,1,'0000-00-00','new',1,0,'both',NULL,0,'2019-02-25 19:21:26','2019-02-25 19:21:26',3),(6,1,2,NULL,NULL,4,0,0,0,0,0,0.000000,1,1,2.000000,0.000000,NULL,0.000000,0.00,0,0,0,0,'',0,1,'0000-00-00','new',1,0,'both',NULL,0,'2019-02-25 19:21:26','2019-02-25 19:21:26',3),(7,1,2,NULL,NULL,4,0,0,0,0,0,0.000000,1,1,1.500000,0.000000,NULL,0.000000,0.00,0,0,0,0,'',0,1,'0000-00-00','new',1,0,'both',NULL,0,'2019-02-25 19:21:26','2019-02-25 19:21:26',3),(8,1,2,NULL,NULL,4,0,0,0,0,0,0.000000,1,1,1.500000,0.000000,NULL,0.000000,0.00,0,0,0,0,'',0,1,'0000-00-00','new',1,0,'both',NULL,0,'2019-02-25 19:21:26','2019-02-25 19:21:26',3),(9,1,2,0,448,4,0,1,0,0,0,0.000000,1,1,10.500000,0.000000,NULL,0.000000,0.00,0,0,0,1,'',0,1,'0000-00-00','new',1,0,'both',NULL,0,'2019-02-25 19:21:26','2022-10-21 15:42:13',3),(10,1,2,NULL,NULL,4,0,0,0,0,0,0.000000,1,1,2.000000,0.000000,NULL,0.000000,0.00,0,0,0,0,'',0,1,'0000-00-00','new',1,0,'both',NULL,0,'2019-02-25 19:21:26','2019-02-25 19:21:26',3),(11,1,2,NULL,NULL,4,0,0,0,0,0,0.000000,1,1,1.500000,0.000000,NULL,0.000000,0.00,0,0,0,1,'',0,1,'0000-00-00','new',1,0,'both',NULL,0,'2019-02-25 19:21:26','2019-03-29 19:18:22',3),(12,1,2,NULL,NULL,4,0,0,0,0,0,0.000000,1,1,2.000000,0.000000,NULL,0.000000,0.00,0,0,0,0,'',0,1,'0000-00-00','new',1,0,'both',NULL,0,'2019-02-25 19:21:26','2019-02-25 19:21:26',3),(13,1,2,0,0,4,0,0,0,0,0,0.000000,1,1,1.500000,0.316800,NULL,0.000000,0.00,0,0,0,1,'',0,1,'0000-00-00','new',1,0,'both',NULL,0,'2019-02-25 19:21:26','2022-09-30 10:03:31',3),(14,1,2,NULL,NULL,4,0,0,0,0,0,0.000000,1,1,15.000000,0.000000,NULL,0.000000,0.00,0,0,0,0,'',0,1,'0000-00-00','new',1,0,'both',NULL,0,'2019-02-25 19:21:26','2019-02-25 19:21:26',3),(15,1,2,NULL,NULL,4,0,0,0,0,0,0.000000,1,1,15.000000,0.000000,NULL,0.000000,0.00,0,0,0,0,'',0,1,'0000-00-00','new',1,0,'both',NULL,0,'2019-02-25 19:21:27','2019-02-25 19:21:27',3),(16,1,2,NULL,NULL,4,0,0,0,0,0,0.000000,1,1,2.500000,0.000000,NULL,0.000000,0.00,0,0,0,0,'',0,1,'0000-00-00','new',1,0,'both',NULL,0,'2019-02-25 19:21:27','2019-02-25 19:21:27',3),(17,1,2,0,0,4,0,0,0,0,0,0.000000,1,1,6.000000,1.016700,NULL,0.000000,0.00,0,0,0,1,'',0,1,'0000-00-00','new',1,0,'both',NULL,0,'2019-02-25 19:21:27','2023-02-24 16:09:46',3),(18,1,2,NULL,NULL,4,0,0,0,0,0,0.000000,1,1,9.500000,0.000000,NULL,0.000000,0.00,0,0,0,0,'',0,1,'0000-00-00','new',1,0,'both',NULL,0,'2019-02-25 19:21:27','2019-02-25 19:21:27',3),(19,1,2,0,0,4,0,0,1,0,0,0.000000,1,1,2.500000,0.520000,NULL,0.000000,0.00,0,0,0,0,'',0,1,'0000-00-00','new',1,0,'both',NULL,0,'2019-02-25 19:21:27','2022-03-11 19:23:25',3),(20,1,2,0,0,4,0,1,0,0,0,0.000000,1,1,1.500000,0.000000,NULL,0.000000,0.00,0,0,0,1,'',0,1,'0000-00-00','new',1,0,'both',NULL,0,'2019-02-25 19:21:27','2022-03-25 09:28:12',3),(21,1,2,NULL,NULL,4,0,0,0,0,0,0.000000,1,1,2.000000,0.000000,NULL,0.000000,0.00,0,0,0,1,'',0,1,'0000-00-00','new',1,0,'both',NULL,0,'2019-02-25 19:21:27','2019-02-25 19:21:27',3),(22,1,2,NULL,NULL,4,0,0,0,0,0,0.000000,1,1,2.500000,0.000000,NULL,0.000000,0.00,0,0,0,0,'',0,1,'0000-00-00','new',1,0,'both',NULL,0,'2019-02-25 19:21:27','2019-02-25 19:21:27',3),(23,1,2,0,0,4,0,0,0,1,0,0.000000,1,1,2.500000,0.265000,NULL,0.000000,0.00,0,0,0,1,'',0,1,'0000-00-00','new',1,0,'both',NULL,0,'2019-02-25 19:21:27','2021-09-09 11:29:20',3),(24,1,2,0,449,4,0,0,0,1,0,0.000000,1,1,2.500000,0.240000,NULL,0.000000,0.00,0,0,0,1,'',0,1,'0000-00-00','new',1,0,'both',NULL,0,'2019-02-25 19:21:27','2021-09-09 11:45:39',3),(25,1,2,0,0,4,0,0,0,1,0,0.000000,1,1,3.000000,0.550000,NULL,0.000000,0.00,0,0,0,1,'',0,1,'0000-00-00','new',1,0,'both',NULL,0,'2019-02-25 19:21:27','2021-09-09 11:32:25',3),(26,1,2,NULL,NULL,4,0,0,0,0,0,0.000000,1,1,1.500000,0.000000,NULL,0.000000,0.00,0,0,0,0,'',0,1,'0000-00-00','new',1,0,'both',NULL,0,'2019-02-25 19:21:27','2019-02-25 19:21:27',3),(27,1,2,NULL,NULL,4,0,0,0,0,0,0.000000,1,1,2.500000,0.000000,NULL,0.000000,0.00,0,0,0,0,'',0,1,'0000-00-00','new',1,0,'both',NULL,0,'2019-02-25 19:21:27','2019-02-25 19:21:27',3),(28,1,2,NULL,NULL,4,0,0,0,0,0,0.000000,1,1,2.000000,0.000000,NULL,0.000000,0.00,0,0,0,0,'',0,1,'0000-00-00','new',1,0,'both',NULL,0,'2019-02-25 19:21:27','2019-02-25 19:21:27',3),(29,1,2,0,0,4,0,0,0,0,0,0.000000,1,1,2.000000,0.000000,NULL,0.000000,0.00,0,0,0,1,'',0,1,'0000-00-00','new',1,0,'both',NULL,0,'2019-02-25 19:21:27','2022-09-30 10:11:04',3),(30,1,2,NULL,NULL,4,0,0,0,0,0,0.000000,1,1,9.000000,0.000000,NULL,0.000000,0.00,0,0,0,1,'',0,1,'0000-00-00','new',1,0,'both',NULL,0,'2019-02-25 19:21:27','2019-02-25 19:21:27',3),(31,1,2,NULL,NULL,4,0,0,0,0,0,0.000000,1,1,12.000000,0.000000,NULL,0.000000,0.00,0,0,0,0,'',0,1,'0000-00-00','new',1,0,'both',NULL,0,'2019-02-25 19:21:27','2019-02-25 19:21:27',3),(32,1,2,NULL,NULL,4,0,0,0,0,0,0.000000,1,1,2.200000,0.000000,NULL,0.000000,0.00,0,0,0,0,'',0,1,'0000-00-00','new',1,0,'both',NULL,0,'2019-02-25 19:21:27','2019-02-25 19:21:27',3),(33,1,2,0,0,4,0,1,0,0,0,0.000000,1,1,7.500000,1.714600,NULL,0.000000,0.00,0,0,0,1,'',0,1,'0000-00-00','new',1,0,'both',NULL,0,'2019-02-25 19:21:27','2022-06-16 15:38:05',3),(34,1,2,0,0,4,0,0,0,1,0,0.000000,1,1,1.500000,0.316800,NULL,0.000000,0.00,0,0,0,0,'',0,1,'0000-00-00','new',1,0,'both',NULL,0,'2019-02-25 19:21:27','2021-09-09 11:30:28',3),(35,1,2,0,0,4,0,0,0,1,0,0.000000,1,1,2.500000,0.520000,NULL,0.000000,0.00,0,0,0,1,'',0,1,'0000-00-00','new',1,0,'both',NULL,0,'2019-02-25 19:21:27','2022-09-30 10:04:56',3),(36,1,2,NULL,NULL,4,0,0,0,0,0,0.000000,1,1,2.500000,0.000000,NULL,0.000000,0.00,0,0,0,0,'',0,1,'0000-00-00','new',1,0,'both',NULL,0,'2019-02-25 19:21:27','2019-02-25 19:21:27',3),(37,1,2,NULL,NULL,4,0,0,0,0,0,0.000000,1,1,1.800000,0.000000,NULL,0.000000,0.00,0,0,0,0,'',0,1,'0000-00-00','new',1,0,'both',NULL,0,'2019-02-25 19:21:27','2019-03-29 19:21:46',3),(38,1,2,NULL,NULL,4,0,0,0,0,0,0.000000,1,1,2.600000,0.000000,NULL,0.000000,0.00,0,0,0,0,'',0,1,'0000-00-00','new',1,0,'both',NULL,0,'2019-02-25 19:21:27','2019-02-25 19:21:27',3),(39,1,2,NULL,NULL,4,0,0,0,0,0,0.000000,1,1,2.000000,0.000000,NULL,0.000000,0.00,0,0,0,0,'',0,1,'0000-00-00','new',1,0,'both',NULL,0,'2019-02-25 19:21:27','2019-02-25 19:21:27',3),(40,1,2,NULL,NULL,4,0,0,0,0,0,0.000000,1,1,2.500000,0.000000,NULL,0.000000,0.00,0,0,0,0,'',0,1,'0000-00-00','new',1,0,'both',NULL,0,'2019-02-25 19:21:27','2019-02-25 19:21:27',3),(41,1,2,NULL,NULL,4,0,0,0,0,0,0.000000,1,1,2.000000,0.000000,NULL,0.000000,0.00,0,0,0,0,'',0,1,'0000-00-00','new',1,0,'both',NULL,0,'2019-02-25 19:21:27','2019-02-25 19:21:27',3),(42,1,2,0,0,4,0,1,0,0,0,0.000000,1,1,3.000000,0.630000,NULL,0.000000,0.00,0,0,0,1,'',0,1,'0000-00-00','new',1,0,'both',NULL,0,'2019-02-25 19:21:27','2022-03-25 09:27:03',3),(43,1,2,NULL,NULL,4,0,0,0,0,0,0.000000,1,1,1.300000,0.000000,NULL,0.000000,0.00,0,0,0,0,'',0,1,'0000-00-00','new',1,0,'both',NULL,0,'2019-02-25 19:21:27','2019-02-25 19:21:27',3),(44,1,2,0,0,4,0,0,0,0,0,0.000000,1,1,9.900000,0.000000,NULL,0.000000,0.00,0,0,0,1,'',0,1,'0000-00-00','new',1,0,'both',NULL,0,'2019-02-25 19:21:27','2022-09-30 10:05:42',3),(45,1,2,NULL,NULL,4,0,0,0,0,0,0.000000,1,1,15.000000,0.000000,NULL,0.000000,0.00,0,0,0,0,'',0,1,'0000-00-00','new',1,0,'both',NULL,0,'2019-02-25 19:21:27','2019-02-25 19:21:27',3),(46,1,2,NULL,NULL,4,0,0,0,0,0,0.000000,1,1,3.500000,0.000000,NULL,0.000000,0.00,0,0,0,0,'',0,1,'0000-00-00','new',1,0,'both',NULL,0,'2019-02-25 19:21:27','2019-02-25 19:21:27',3),(47,1,2,0,0,4,0,0,0,0,0,0.000000,1,1,2.500000,0.393600,NULL,0.000000,0.00,0,0,0,0,'',0,1,'0000-00-00','new',1,0,'both',NULL,0,'2019-02-25 19:21:27','2021-05-24 13:04:18',3),(48,1,2,NULL,NULL,4,0,0,0,0,0,0.000000,1,1,3.000000,0.000000,NULL,0.000000,0.00,0,0,0,0,'',0,1,'0000-00-00','new',1,0,'both',NULL,0,'2019-02-25 19:21:27','2019-02-25 19:21:27',3),(49,1,2,NULL,NULL,4,0,0,0,0,0,0.000000,1,1,12.000000,0.000000,NULL,0.000000,0.00,0,0,0,0,'',0,1,'0000-00-00','new',1,0,'both',NULL,0,'2019-02-25 19:21:27','2019-02-25 19:21:27',3),(50,1,2,0,0,4,0,1,0,0,0,0.000000,1,1,2.500000,0.173300,NULL,0.000000,0.00,0,0,0,1,'',0,1,'0000-00-00','new',1,0,'both',NULL,0,'2019-02-25 19:21:27','2023-03-23 08:35:56',3),(51,1,2,NULL,NULL,4,0,0,0,0,0,0.000000,1,1,3.000000,0.000000,NULL,0.000000,0.00,0,0,0,0,'',0,1,'0000-00-00','new',1,0,'both',NULL,0,'2019-02-25 19:21:27','2019-02-25 19:21:27',3),(52,1,2,0,0,4,0,0,0,0,0,0.000000,1,1,2.000000,0.393600,NULL,0.000000,0.00,0,0,0,0,'',0,1,'0000-00-00','new',1,0,'both',NULL,0,'2019-02-25 19:21:27','2020-01-25 10:07:55',3),(53,1,2,NULL,NULL,4,0,0,0,0,0,0.000000,1,1,2.500000,0.000000,NULL,0.000000,0.00,0,0,0,0,'',0,1,'0000-00-00','new',1,0,'both',NULL,0,'2019-02-25 19:21:27','2019-03-29 19:19:27',3),(54,1,2,NULL,NULL,4,0,0,0,0,0,0.000000,1,1,2.500000,0.000000,NULL,0.000000,0.00,0,0,0,0,'',0,1,'0000-00-00','new',1,0,'both',NULL,0,'2019-02-25 19:21:27','2019-02-25 19:21:27',3),(55,1,2,0,0,4,0,0,0,0,0,0.000000,1,1,1.500000,0.316800,NULL,0.000000,0.00,0,0,0,0,'',0,1,'0000-00-00','new',1,0,'both',NULL,0,'2019-02-25 19:21:27','2022-09-30 10:04:29',3),(56,1,2,NULL,NULL,4,0,0,0,0,0,0.000000,1,1,2.500000,0.000000,NULL,0.000000,0.00,0,0,0,0,'',0,1,'0000-00-00','new',1,0,'both',NULL,0,'2019-02-25 19:21:28','2019-02-25 19:21:28',3),(57,1,2,0,0,4,0,0,0,1,0,0.000000,1,1,2.000000,0.670000,NULL,0.000000,0.00,0,0,0,1,'',0,1,'0000-00-00','new',1,0,'both',NULL,0,'2019-02-25 19:21:28','2021-09-09 11:27:16',3),(58,1,2,0,0,4,0,0,0,1,0,0.000000,1,1,30.000000,3.570480,NULL,0.000000,0.00,0,0,0,1,'',0,1,'0000-00-00','new',1,0,'both',NULL,0,'2019-02-25 19:21:28','2021-09-09 11:33:35',3),(59,1,2,NULL,NULL,4,0,0,0,0,0,0.000000,1,1,2.500000,0.000000,NULL,0.000000,0.00,0,0,0,0,'',0,1,'0000-00-00','new',1,0,'both',NULL,0,'2019-02-25 19:21:28','2019-02-25 19:21:28',3),(60,1,2,NULL,NULL,4,0,0,0,0,0,0.000000,1,1,2.000000,0.000000,NULL,0.000000,0.00,0,0,0,0,'',0,1,'0000-00-00','new',1,0,'both',NULL,0,'2019-02-25 19:21:28','2019-02-25 19:21:28',3),(61,1,2,NULL,NULL,4,0,0,0,0,0,0.000000,1,1,2.500000,0.000000,NULL,0.000000,0.00,0,0,0,0,'',0,1,'0000-00-00','new',1,0,'both',NULL,0,'2019-02-25 19:21:28','2019-02-25 19:21:28',3),(62,1,2,NULL,NULL,4,0,0,0,0,0,0.000000,1,1,2.500000,0.000000,NULL,0.000000,0.00,0,0,0,0,'',0,1,'0000-00-00','new',1,0,'both',NULL,0,'2019-02-25 19:21:28','2019-02-25 19:21:28',3),(63,1,2,NULL,NULL,4,0,0,0,0,0,0.000000,1,1,2.000000,0.000000,NULL,0.000000,0.00,0,0,0,0,'',0,1,'0000-00-00','new',1,0,'both',NULL,0,'2019-02-25 19:21:28','2019-02-25 19:21:28',3),(64,1,2,NULL,NULL,4,0,0,0,0,0,0.000000,1,1,2.500000,0.000000,NULL,0.000000,0.00,0,0,0,0,'',0,1,'0000-00-00','new',1,0,'both',NULL,0,'2019-02-25 19:21:28','2019-02-25 19:21:28',3),(65,1,2,NULL,NULL,4,0,0,0,0,0,0.000000,1,1,6.000000,0.000000,NULL,0.000000,0.00,0,0,0,0,'',0,1,'0000-00-00','new',1,0,'both',NULL,0,'2019-02-25 19:21:28','2019-02-25 19:21:28',3),(66,1,2,NULL,NULL,4,0,0,0,0,0,0.000000,1,1,6.500000,0.000000,NULL,0.000000,0.00,0,0,0,1,'',0,1,'0000-00-00','new',1,0,'both',NULL,0,'2019-02-25 19:21:28','2019-02-25 19:21:28',3),(67,1,2,0,449,4,0,0,0,1,0,0.000000,1,1,2.000000,0.216700,NULL,0.000000,0.00,0,0,0,1,'',0,1,'0000-00-00','new',1,0,'both',NULL,0,'2019-02-25 19:21:28','2021-09-09 11:28:43',3),(68,1,2,NULL,NULL,4,0,0,0,0,0,0.000000,1,1,3.000000,0.000000,NULL,0.000000,0.00,0,0,0,0,'',0,1,'0000-00-00','new',1,0,'both',NULL,0,'2019-02-25 19:21:28','2019-02-25 19:21:28',3),(69,1,2,NULL,NULL,4,0,0,0,0,0,0.000000,1,1,7.000000,0.000000,NULL,0.000000,0.00,0,0,0,0,'',0,1,'0000-00-00','new',1,0,'both',NULL,0,'2019-02-25 19:21:28','2019-02-25 19:21:28',3),(70,1,2,NULL,NULL,4,0,0,0,0,0,0.000000,1,1,2.000000,0.000000,NULL,0.000000,0.00,0,0,0,0,'',0,1,'0000-00-00','new',1,0,'both',NULL,0,'2019-02-25 19:21:28','2019-03-29 19:20:16',3),(71,1,2,NULL,NULL,4,0,0,0,0,0,0.000000,1,1,13.000000,0.000000,NULL,0.000000,0.00,0,0,0,0,'',0,1,'0000-00-00','new',1,0,'both',NULL,0,'2019-02-25 19:21:28','2019-02-25 19:21:28',3),(72,1,2,NULL,NULL,4,0,0,0,0,0,0.000000,1,1,6.000000,0.000000,NULL,0.000000,0.00,0,0,0,0,'',0,1,'0000-00-00','new',1,0,'both',NULL,0,'2019-02-25 19:21:28','2019-02-25 19:21:28',3),(73,1,2,NULL,NULL,4,0,0,0,0,0,0.000000,1,1,2.500000,0.000000,NULL,0.000000,0.00,0,0,0,0,'',0,1,'0000-00-00','new',1,0,'both',NULL,0,'2019-02-25 19:21:28','2019-02-25 19:21:28',3),(74,1,2,NULL,NULL,4,0,0,0,0,0,0.000000,1,1,4.500000,0.000000,NULL,0.000000,0.00,0,0,0,0,'',0,1,'0000-00-00','new',1,0,'both',NULL,0,'2019-02-25 19:21:28','2019-02-25 19:21:28',3),(75,1,2,0,0,4,0,0,0,0,0,0.000000,1,1,1.500000,0.316800,NULL,0.000000,0.00,0,0,0,1,'',0,1,'0000-00-00','new',1,0,'both',NULL,0,'2019-02-25 19:21:28','2022-09-30 10:06:26',3),(76,1,2,NULL,NULL,4,0,0,0,0,0,0.000000,1,1,7.900000,0.000000,NULL,0.000000,0.00,0,0,0,1,'',0,1,'0000-00-00','new',1,0,'both',NULL,0,'2019-02-25 19:21:28','2019-03-29 19:19:48',3),(77,1,2,NULL,NULL,4,0,0,0,0,0,0.000000,1,1,1.000000,0.000000,NULL,0.000000,0.00,0,0,0,0,'',0,1,'0000-00-00','new',1,0,'both',NULL,0,'2019-02-25 19:21:28','2019-03-29 19:20:01',3),(78,1,2,NULL,NULL,4,0,0,0,0,0,0.000000,1,1,1.500000,0.000000,NULL,0.000000,0.00,0,0,0,0,'',0,1,'0000-00-00','new',1,0,'both',NULL,0,'2019-02-25 19:21:28','2022-09-22 14:45:18',3),(79,1,2,NULL,NULL,4,0,0,0,0,0,0.000000,1,1,1.500000,0.000000,NULL,0.000000,0.00,0,0,0,0,'',0,1,'0000-00-00','new',1,0,'both',NULL,0,'2019-02-25 19:21:28','2019-02-25 19:21:28',3),(80,1,2,NULL,NULL,4,0,0,0,0,0,0.000000,1,1,2.500000,0.000000,NULL,0.000000,0.00,0,0,0,0,'',0,1,'0000-00-00','new',1,0,'both',NULL,0,'2019-02-25 19:21:28','2019-02-25 19:21:28',3),(81,1,2,NULL,NULL,4,0,0,0,0,0,0.000000,1,1,1.000000,0.000000,NULL,0.000000,0.00,0,0,0,0,'',0,1,'0000-00-00','new',1,0,'both',NULL,0,'2019-02-25 19:21:28','2019-02-25 19:21:28',3),(82,1,2,0,448,4,0,0,0,0,0,0.000000,1,1,2.000000,0.000000,NULL,0.000000,0.00,0,0,0,1,'',0,1,'0000-00-00','new',1,0,'both',NULL,0,'2019-02-25 19:21:28','2022-09-30 10:03:01',3),(83,1,2,NULL,NULL,4,0,0,0,0,0,0.000000,1,1,2.500000,0.000000,NULL,0.000000,0.00,0,0,0,0,'',0,1,'0000-00-00','new',1,0,'both',NULL,0,'2019-02-25 19:21:28','2019-02-25 19:21:28',3),(84,1,2,NULL,NULL,4,0,0,0,0,0,0.000000,1,1,2.000000,0.000000,NULL,0.000000,0.00,0,0,0,0,'',0,1,'0000-00-00','new',1,0,'both',NULL,0,'2019-02-25 19:21:28','2019-02-25 19:21:28',3),(85,1,2,NULL,NULL,4,0,0,0,0,0,0.000000,1,1,1.500000,0.000000,NULL,0.000000,0.00,0,0,0,0,'',0,1,'0000-00-00','new',1,0,'both',NULL,0,'2019-02-25 19:21:28','2019-02-25 19:21:28',3),(86,1,2,NULL,NULL,4,0,0,0,0,0,0.000000,1,1,1.500000,0.000000,NULL,0.000000,0.00,0,0,0,0,'',0,1,'0000-00-00','new',1,0,'both',NULL,0,'2019-02-25 19:21:28','2019-02-25 19:21:28',3),(87,1,2,NULL,NULL,4,0,0,0,0,0,0.000000,1,1,1.500000,0.000000,NULL,0.000000,0.00,0,0,0,0,'',0,1,'0000-00-00','new',1,0,'both',NULL,0,'2019-02-25 19:21:28','2019-02-25 19:21:28',3),(88,1,2,NULL,NULL,4,0,0,0,0,0,0.000000,1,1,2.000000,0.000000,NULL,0.000000,0.00,0,0,0,0,'',0,1,'0000-00-00','new',1,0,'both',NULL,0,'2019-02-25 19:21:28','2019-02-25 19:21:28',3),(89,1,2,0,449,4,0,1,0,0,0,0.000000,1,1,1.800000,0.100000,NULL,0.000000,0.00,0,0,0,1,'',0,1,'0000-00-00','new',1,0,'both',NULL,0,'2019-02-25 19:21:28','2022-12-27 16:38:47',3),(90,1,2,NULL,NULL,4,0,0,0,0,0,0.000000,1,1,1.500000,0.000000,NULL,0.000000,0.00,0,0,0,0,'',0,1,'0000-00-00','new',1,0,'both',NULL,0,'2019-02-25 19:21:28','2019-02-25 19:21:28',3),(91,1,2,NULL,NULL,4,0,0,0,0,0,0.000000,1,1,2.000000,0.000000,NULL,0.000000,0.00,0,0,0,0,'',0,1,'0000-00-00','new',1,0,'both',NULL,0,'2019-02-25 19:21:28','2019-02-25 19:21:28',3),(92,1,2,0,0,4,0,0,0,0,0,0.000000,1,1,2.500000,0.556800,NULL,0.000000,0.00,0,0,0,1,'',0,1,'0000-00-00','new',1,0,'both',NULL,0,'2019-02-25 19:21:28','2022-09-30 10:06:47',3),(93,1,2,0,0,4,0,0,0,0,0,0.000000,1,1,1.500000,0.000000,NULL,0.000000,0.00,0,0,0,0,'',0,1,'0000-00-00','new',1,0,'both',NULL,0,'2019-02-25 19:21:28','2021-09-16 15:42:29',3),(94,1,2,NULL,NULL,4,0,0,0,0,0,0.000000,1,1,1.500000,0.000000,NULL,0.000000,0.00,0,0,0,0,'',0,1,'0000-00-00','new',1,0,'both',NULL,0,'2019-02-25 19:21:28','2019-02-25 19:21:28',3),(95,1,2,NULL,NULL,4,0,0,0,0,0,0.000000,1,1,1.500000,0.000000,NULL,0.000000,0.00,0,0,0,0,'',0,1,'0000-00-00','new',1,0,'both',NULL,0,'2019-02-25 19:21:28','2019-02-25 19:21:28',3),(96,1,2,0,0,4,0,0,0,0,0,0.000000,1,1,1.500000,0.316800,NULL,0.000000,0.00,0,0,0,1,'',0,1,'0000-00-00','new',1,0,'both',NULL,0,'2019-02-25 19:21:28','2022-09-30 10:06:40',3),(97,1,2,NULL,NULL,4,0,0,0,0,0,0.000000,1,1,1.500000,0.000000,NULL,0.000000,0.00,0,0,0,0,'',0,1,'0000-00-00','new',1,0,'both',NULL,0,'2019-02-25 19:21:28','2019-02-25 19:21:28',3),(98,1,2,NULL,NULL,4,0,0,0,0,0,0.000000,1,1,1.500000,0.000000,NULL,0.000000,0.00,0,0,0,0,'',0,1,'0000-00-00','new',1,0,'both',NULL,0,'2019-02-25 19:21:28','2019-02-25 19:21:28',3),(99,1,2,0,0,4,0,1,0,0,0,0.000000,1,1,2.000000,0.393600,NULL,0.000000,0.00,0,0,0,1,'',0,1,'0000-00-00','new',1,0,'both',NULL,0,'2019-02-25 19:21:28','2022-03-25 09:27:23',3),(100,1,2,NULL,NULL,4,0,0,0,0,0,0.000000,1,1,2.000000,0.000000,NULL,0.000000,0.00,0,0,0,0,'',0,1,'0000-00-00','new',1,0,'both',NULL,0,'2019-02-25 19:21:28','2019-02-25 19:21:28',3),(101,1,2,0,0,4,0,0,0,0,0,0.000000,1,1,1.500000,0.316800,NULL,0.000000,0.00,0,0,0,1,'',0,1,'0000-00-00','new',1,0,'both',NULL,0,'2019-02-25 19:21:29','2022-09-30 10:05:20',3),(102,1,2,NULL,NULL,4,0,0,0,0,0,0.000000,1,1,2.000000,0.000000,NULL,0.000000,0.00,0,0,0,0,'',0,1,'0000-00-00','new',1,0,'both',NULL,0,'2019-02-25 19:21:29','2019-02-25 19:21:29',3),(103,1,2,NULL,NULL,4,0,0,0,0,0,0.000000,1,1,2.000000,0.000000,NULL,0.000000,0.00,0,0,0,1,'',0,1,'0000-00-00','new',1,0,'both',NULL,0,'2019-02-25 19:21:29','2019-02-25 19:21:29',3),(104,1,2,0,0,4,0,0,0,0,0,0.000000,1,1,2.500000,0.390000,NULL,0.000000,0.00,0,0,0,0,'',0,1,'0000-00-00','new',1,0,'both',NULL,0,'2019-02-25 19:21:29','2023-01-19 12:24:15',3),(105,1,2,0,0,4,0,0,0,0,0,0.000000,1,1,1.500000,0.000000,NULL,0.000000,0.00,0,0,0,0,'',0,1,'0000-00-00','new',1,0,'both',NULL,0,'2019-02-25 19:21:29','2020-07-31 16:47:24',3),(106,1,2,NULL,NULL,4,0,0,0,0,0,0.000000,1,1,1.500000,0.000000,NULL,0.000000,0.00,0,0,0,0,'',0,1,'0000-00-00','new',1,0,'both',NULL,0,'2019-02-25 19:21:29','2019-02-25 19:21:29',3),(107,1,2,NULL,NULL,4,0,0,0,0,0,0.000000,1,1,1.500000,0.000000,NULL,0.000000,0.00,0,0,0,0,'',0,1,'0000-00-00','new',1,0,'both',NULL,0,'2019-02-25 19:21:29','2019-02-25 19:21:29',3),(109,1,2,NULL,NULL,4,0,0,0,0,0,0.000000,1,1,2.000000,0.000000,NULL,0.000000,0.00,0,0,0,0,'',0,1,'0000-00-00','new',1,0,'both',NULL,0,'2019-02-25 19:21:29','2019-02-25 19:21:29',3),(110,1,2,0,0,4,0,1,0,1,0,0.000000,1,1,1.800000,0.190440,NULL,0.000000,0.00,0,0,0,1,'',0,1,'0000-00-00','new',1,0,'both',NULL,0,'2019-02-25 19:21:29','2022-09-30 10:09:28',3),(111,1,2,0,0,4,0,0,0,1,0,0.000000,1,1,1.800000,0.190440,NULL,0.000000,0.00,0,0,0,1,'',0,1,'0000-00-00','new',1,0,'both',NULL,0,'2019-02-25 19:21:29','2022-09-30 10:05:56',3),(112,1,2,0,448,4,0,1,0,0,0,0.000000,1,1,2.500000,0.000000,NULL,0.000000,0.00,0,0,0,1,'',0,1,'0000-00-00','new',1,0,'both',NULL,0,'2019-02-25 19:21:29','2022-11-03 09:47:04',3),(113,1,2,NULL,NULL,4,0,0,0,0,0,0.000000,1,1,2.000000,0.000000,NULL,0.000000,0.00,0,0,0,0,'',0,1,'0000-00-00','new',1,0,'both',NULL,0,'2019-02-25 19:21:29','2019-03-29 19:19:11',3),(114,1,2,0,0,4,0,0,0,0,0,0.000000,1,1,1.500000,0.316800,NULL,0.000000,0.00,0,0,0,0,'',0,1,'0000-00-00','new',1,0,'both',NULL,0,'2019-02-25 19:21:29','2020-01-25 10:20:02',3),(115,1,2,0,0,4,0,0,0,0,0,0.000000,1,1,4.000000,0.450000,NULL,0.000000,0.00,0,0,0,1,'',0,1,'0000-00-00','new',1,0,'both',NULL,0,'2019-02-25 19:21:29','2022-09-30 10:09:18',3),(116,1,2,NULL,NULL,4,0,0,0,0,0,0.000000,1,1,2.500000,0.000000,NULL,0.000000,0.00,0,0,0,0,'',0,1,'0000-00-00','new',1,0,'both',NULL,0,'2019-02-25 19:21:29','2019-03-29 19:18:45',3),(117,1,2,0,0,4,0,0,0,1,0,0.000000,1,1,1.800000,0.297000,NULL,0.000000,0.00,0,0,0,1,'',0,1,'0000-00-00','new',1,0,'both',NULL,0,'2019-02-25 19:21:29','2022-08-29 15:14:43',3),(118,1,2,0,0,4,0,0,0,1,0,0.000000,1,1,2.500000,0.300000,NULL,0.000000,0.00,0,0,0,1,'',0,1,'0000-00-00','new',1,0,'both',NULL,0,'2019-02-25 19:21:29','2021-09-09 11:29:42',3),(119,1,2,0,0,4,0,0,0,0,0,0.000000,1,1,2.500000,0.000000,NULL,0.000000,0.00,0,0,0,0,'',0,1,'0000-00-00','new',1,0,'both',NULL,0,'2019-02-25 19:21:29','2021-05-24 13:04:05',3),(120,1,2,NULL,NULL,4,0,0,0,0,0,0.000000,1,1,16.000000,0.000000,NULL,0.000000,0.00,0,0,0,0,'',0,1,'0000-00-00','new',1,0,'both',NULL,0,'2019-02-25 19:21:29','2022-09-22 14:43:38',3),(121,1,2,0,449,4,0,0,0,1,0,0.000000,1,1,2.500000,0.450000,NULL,0.000000,0.00,0,0,0,1,'',0,1,'0000-00-00','new',1,0,'both',NULL,0,'2019-09-19 17:43:22','2021-09-09 11:29:08',3),(122,1,2,0,448,4,0,0,0,0,0,0.000000,1,1,16.000000,5.000000,NULL,0.000000,0.00,0,0,0,0,'',0,1,'0000-00-00','new',1,0,'both',NULL,0,'2019-10-03 16:39:57','2019-10-03 16:40:40',3),(123,1,2,0,0,4,0,0,0,1,0,0.000000,1,1,3.000000,0.400000,NULL,0.000000,0.00,0,0,0,1,'',0,1,'0000-00-00','new',1,0,'both',NULL,0,'2019-10-26 10:02:15','2021-09-09 11:28:56',3),(124,1,2,0,449,4,0,0,0,1,0,0.000000,1,1,1.500000,0.156700,NULL,0.000000,0.00,0,0,0,1,'',0,1,'0000-00-00','new',1,0,'both',NULL,0,'2019-12-11 10:04:50','2021-09-09 11:48:12',3),(125,1,2,0,0,4,0,0,0,1,0,0.000000,1,1,1.500000,0.156700,NULL,0.000000,0.00,0,0,0,1,'',0,1,'0000-00-00','new',1,0,'both',NULL,0,'2020-02-17 17:16:49','2021-09-09 11:43:13',3),(126,1,2,0,449,4,0,0,0,1,0,0.000000,1,1,2.000000,0.250000,NULL,0.000000,0.00,0,0,0,1,'',0,1,'0000-00-00','new',1,0,'both',NULL,0,'2020-06-25 12:21:09','2021-09-09 12:37:25',3),(127,1,2,0,449,4,0,0,0,1,0,0.000000,1,1,2.500000,0.380000,NULL,0.000000,0.00,0,0,0,1,'',0,1,'0000-00-00','new',1,0,'both',NULL,0,'2020-07-31 14:38:50','2021-09-09 12:39:39',3),(128,1,2,0,448,4,0,0,0,0,0,0.000000,1,1,16.000000,4.350000,NULL,0.000000,0.00,0,0,0,0,'',0,1,'0000-00-00','new',1,0,'both',NULL,0,'2020-08-06 09:33:40','2020-08-27 08:57:48',3),(129,1,2,0,449,4,0,1,0,1,0,0.000000,1,1,3.000000,0.453300,NULL,0.000000,0.00,0,0,0,1,'',0,1,'0000-00-00','new',1,0,'both',NULL,0,'2020-09-28 09:37:44','2022-09-30 10:07:13',3),(130,1,2,0,449,4,0,0,0,1,0,0.000000,1,1,2.500000,0.190000,NULL,0.000000,0.00,0,0,0,1,'',0,1,'0000-00-00','new',1,0,'both',NULL,0,'2021-05-24 13:04:42','2021-09-09 11:50:13',3),(131,1,2,0,448,4,0,0,0,1,0,0.000000,1,1,16.000000,3.800000,NULL,0.000000,0.00,0,0,0,0,'',0,1,'0000-00-00','new',1,0,'both',NULL,0,'2021-05-24 13:06:04','2022-06-14 19:29:11',3),(132,1,2,0,449,4,0,0,0,1,0,0.000000,1,1,2.500000,0.300000,NULL,0.000000,0.00,0,0,0,1,'',0,1,'0000-00-00','new',1,0,'both',NULL,0,'2021-09-29 12:54:22','2022-03-11 19:23:44',3),(133,1,2,0,448,4,0,0,0,1,0,0.000000,1,1,18.000000,3.960000,NULL,0.000000,0.00,0,0,0,1,'',0,1,'0000-00-00','new',1,0,'both',NULL,0,'2022-02-14 16:24:00','2022-11-05 12:06:48',3),(134,1,2,0,449,4,0,0,0,1,0,0.000000,1,1,1.800000,0.200000,NULL,0.000000,0.00,0,0,0,1,'',0,1,'0000-00-00','new',1,0,'both',NULL,0,'2022-11-23 18:40:39','2022-11-28 08:50:58',3),(135,1,2,NULL,NULL,1,0,0,0,0,0,0.000000,1,1,0.000000,0.000000,NULL,0.000000,0.00,0,0,0,0,'',0,1,'0000-00-00','new',1,0,'both',NULL,0,'2023-02-01 15:50:49','2023-02-01 15:50:49',3);

--
-- Table structure for table `ps_product_supplier`
--

CREATE TABLE `ps_product_supplier` (
  `id_product_supplier` int(11) unsigned NOT NULL AUTO_INCREMENT,
  `id_product` int(11) unsigned NOT NULL,
  `id_product_attribute` int(11) unsigned NOT NULL DEFAULT '0',
  `id_supplier` int(11) unsigned NOT NULL,
  `product_supplier_reference` varchar(32) DEFAULT NULL,
  `product_supplier_price_te` decimal(20,6) NOT NULL DEFAULT '0.000000',
  `id_currency` int(11) unsigned NOT NULL,
  PRIMARY KEY (`id_product_supplier`),
  UNIQUE KEY `id_product` (`id_product`,`id_product_attribute`,`id_supplier`),
  KEY `id_supplier` (`id_supplier`,`id_product`)
) ENGINE=InnoDB AUTO_INCREMENT=3214 DEFAULT CHARSET=utf8;

--
-- Dumping data for table `ps_product_supplier`
--

INSERT INTO `ps_product_supplier` VALUES (1,1,0,0,NULL,0.000000,1),(8,8,0,0,NULL,0.000000,1),(157,41,0,0,NULL,0.000000,1),(167,51,0,0,NULL,0.000000,1),(306,79,0,0,NULL,0.000000,1),(335,108,0,0,NULL,0.000000,1),(358,14,0,0,NULL,0.000000,1),(405,68,0,0,NULL,0.000000,1),(418,83,0,0,NULL,0.000000,1),(427,93,0,0,NULL,0.000000,1),(433,100,0,0,NULL,0.000000,1),(441,109,0,0,NULL,0.000000,1),(460,12,0,0,NULL,0.000000,1),(462,16,0,0,NULL,0.000000,1),(487,45,0,0,NULL,0.000000,1),(505,69,0,0,NULL,0.000000,1),(545,23,0,53,NULL,0.000000,1),(547,115,0,53,NULL,0.000000,1),(717,33,0,115,NULL,0.000000,1),(926,76,0,0,NULL,0.000000,1),(933,96,0,53,NULL,0.000000,1),(935,75,0,53,NULL,0.000000,1),(937,114,0,53,NULL,0.000000,1),(938,34,0,53,NULL,0.000000,1),(939,101,0,53,NULL,0.000000,1),(940,13,0,53,NULL,0.000000,1),(941,55,0,53,NULL,0.000000,1),(942,19,0,53,NULL,0.000000,1),(943,35,0,53,NULL,0.000000,1),(944,47,0,53,NULL,0.000000,1),(945,50,0,53,NULL,0.000000,1),(946,52,0,53,NULL,0.000000,1),(947,99,0,53,NULL,0.000000,1),(948,92,0,53,NULL,0.000000,1),(980,3,0,0,NULL,0.000000,1),(1012,39,0,0,NULL,0.000000,1),(1121,58,0,116,NULL,0.000000,1),(1122,0,0,116,NULL,0.000000,1),(1125,25,0,115,NULL,0.000000,1),(1126,121,0,115,NULL,0.000000,1),(1223,61,0,0,NULL,0.000000,1),(1246,43,0,0,NULL,0.000000,1),(1261,78,0,0,NULL,0.000000,1),(1294,123,0,115,NULL,0.000000,1),(1358,37,0,0,NULL,0.000000,1),(1364,53,0,0,NULL,0.000000,1),(1413,122,0,53,NULL,0.000000,1),(1414,57,0,53,NULL,0.000000,1),(1415,0,0,53,NULL,0.000000,1),(1459,81,0,0,NULL,0.000000,1),(1616,120,0,0,NULL,0.000000,1),(1624,22,0,0,NULL,0.000000,1),(1685,67,0,53,NULL,0.000000,1),(1686,118,0,115,NULL,0.000000,1),(1687,125,0,115,NULL,0.000000,1),(1742,27,0,0,NULL,0.000000,1),(1749,73,0,0,NULL,0.000000,1),(1754,107,0,0,NULL,0.000000,1),(1858,126,0,53,NULL,0.000000,1),(1876,91,0,0,NULL,0.000000,1),(2000,28,0,0,NULL,0.000000,1),(2038,127,0,115,NULL,0.000000,1),(2081,128,0,53,NULL,0.000000,1),(2135,59,0,0,NULL,0.000000,1),(2152,42,0,53,NULL,0.000000,1),(2175,86,0,0,NULL,0.000000,1),(2176,87,0,0,NULL,0.000000,1),(2204,80,0,0,NULL,0.000000,1),(2214,129,0,115,NULL,0.000000,1),(2219,122,0,126,NULL,0.000000,1),(2241,84,0,0,NULL,0.000000,1),(2254,2,0,0,NULL,0.000000,1),(2267,122,0,0,NULL,0.000000,1),(2269,31,0,0,NULL,0.000000,1),(2289,95,0,0,NULL,0.000000,1),(2294,105,0,0,NULL,0.000000,1),(2351,90,0,0,NULL,0.000000,1),(2372,32,0,0,NULL,0.000000,1),(2375,36,0,0,NULL,0.000000,1),(2378,48,0,0,NULL,0.000000,1),(2385,85,0,0,NULL,0.000000,1),(2387,98,0,0,NULL,0.000000,1),(2399,110,0,115,NULL,0.000000,1),(2405,18,0,0,NULL,0.000000,1),(2448,24,0,53,NULL,0.000000,1),(2455,124,0,53,NULL,0.000000,1),(2456,125,0,53,NULL,0.000000,1),(2460,130,0,53,NULL,0.000000,1),(2463,125,0,126,NULL,0.000000,1),(2464,124,0,126,NULL,0.000000,1),(2466,128,0,126,NULL,0.000000,1),(2471,128,0,0,NULL,0.000000,1),(2473,111,0,107,NULL,0.000000,1),(2573,131,0,127,NULL,0.000000,1),(2599,129,0,53,NULL,0.000000,1),(2614,94,0,0,NULL,0.000000,1),(2617,29,0,0,NULL,0.000000,1),(2655,63,0,0,NULL,0.000000,1),(2687,0,0,0,NULL,0.000000,1),(2716,132,0,53,NULL,0.000000,1),(2727,46,0,0,NULL,0.000000,1),(2734,88,0,0,NULL,0.000000,1),(2739,104,0,0,NULL,0.000000,1),(2759,30,0,0,NULL,0.000000,1),(2768,65,0,0,NULL,0.000000,1),(2772,82,0,0,NULL,0.000000,1),(2775,96,0,0,NULL,0.000000,1),(2778,102,0,0,NULL,0.000000,1),(2794,125,0,125,NULL,0.000000,1),(2795,124,0,125,NULL,0.000000,1),(2796,24,0,125,NULL,0.000000,1),(2797,125,0,128,NULL,0.000000,1),(2798,124,0,128,NULL,0.000000,1),(2799,24,0,128,NULL,0.000000,1),(2813,77,0,0,NULL,0.000000,1),(2827,0,0,127,NULL,0.000000,1),(2829,19,0,0,NULL,0.000000,1),(2842,64,0,0,NULL,0.000000,1),(2853,111,0,53,NULL,0.000000,1),(2854,110,0,53,NULL,0.000000,1),(2855,117,0,53,NULL,0.000000,1),(2857,26,0,0,NULL,0.000000,1),(2861,33,0,129,NULL,0.000000,1),(2862,133,0,127,NULL,0.000000,1),(2897,23,0,126,NULL,0.000000,1),(2898,24,0,126,NULL,0.000000,1),(2899,126,0,126,NULL,0.000000,1),(2900,38,0,126,NULL,0.000000,1),(2901,71,0,126,NULL,0.000000,1),(2902,67,0,126,NULL,0.000000,1),(2903,116,0,126,NULL,0.000000,1),(2904,52,0,126,NULL,0.000000,1),(2905,49,0,126,NULL,0.000000,1),(2906,66,0,126,NULL,0.000000,1),(2907,132,0,126,NULL,0.000000,1),(2908,127,0,126,NULL,0.000000,1),(2909,34,0,126,NULL,0.000000,1),(2910,118,0,126,NULL,0.000000,1),(2911,25,0,126,NULL,0.000000,1),(2912,21,0,126,NULL,0.000000,1),(2913,44,0,126,NULL,0.000000,1),(2914,114,0,126,NULL,0.000000,1),(2915,89,0,126,NULL,0.000000,1),(2916,74,0,126,NULL,0.000000,1),(2917,13,0,126,NULL,0.000000,1),(2918,17,0,126,NULL,0.000000,1),(2919,20,0,126,NULL,0.000000,1),(2920,129,0,126,NULL,0.000000,1),(2921,113,0,126,NULL,0.000000,1),(2922,103,0,126,NULL,0.000000,1),(2923,60,0,126,NULL,0.000000,1),(2924,123,0,126,NULL,0.000000,1),(2925,117,0,126,NULL,0.000000,1),(2926,47,0,126,NULL,0.000000,1),(2927,119,0,126,NULL,0.000000,1),(2928,131,0,126,NULL,0.000000,1),(2961,23,0,129,NULL,0.000000,1),(2969,52,0,0,NULL,0.000000,1),(2970,49,0,0,NULL,0.000000,1),(2992,119,0,0,NULL,0.000000,1),(2997,38,0,0,NULL,0.000000,1),(2998,71,0,0,NULL,0.000000,1),(3010,74,0,0,NULL,0.000000,1),(3011,13,0,0,NULL,0.000000,1),(3015,113,0,0,NULL,0.000000,1),(3042,34,0,0,NULL,0.000000,1),(3067,116,0,0,NULL,0.000000,1),(3071,25,0,0,NULL,0.000000,1),(3074,103,0,0,NULL,0.000000,1),(3076,47,0,0,NULL,0.000000,1),(3077,131,0,0,NULL,0.000000,1),(3089,9,0,0,NULL,0.000000,1),(3091,15,0,0,NULL,0.000000,1),(3103,56,0,0,NULL,0.000000,1),(3105,62,0,0,NULL,0.000000,1),(3106,66,0,0,NULL,0.000000,1),(3108,72,0,0,NULL,0.000000,1),(3110,92,0,0,NULL,0.000000,1),(3111,99,0,0,NULL,0.000000,1),(3112,101,0,0,NULL,0.000000,1),(3124,11,0,0,NULL,0.000000,1),(3126,20,0,0,NULL,0.000000,1),(3129,54,0,0,NULL,0.000000,1),(3135,114,0,0,NULL,0.000000,1),(3150,50,0,129,NULL,0.000000,1),(3151,104,0,129,NULL,0.000000,1),(3155,89,0,129,NULL,0.000000,1),(3165,134,0,0,NULL,0.000000,1),(3166,134,0,129,NULL,0.000000,1),(3169,4,0,0,NULL,0.000000,1),(3170,5,0,0,NULL,0.000000,1),(3171,6,0,0,NULL,0.000000,1),(3172,7,0,0,NULL,0.000000,1),(3173,10,0,0,NULL,0.000000,1),(3174,17,0,0,NULL,0.000000,1),(3175,21,0,0,NULL,0.000000,1),(3176,124,0,0,NULL,0.000000,1),(3177,23,0,0,NULL,0.000000,1),(3178,24,0,0,NULL,0.000000,1),(3179,121,0,0,NULL,0.000000,1),(3180,130,0,0,NULL,0.000000,1),(3181,125,0,0,NULL,0.000000,1),(3182,33,0,0,NULL,0.000000,1),(3183,35,0,0,NULL,0.000000,1),(3184,40,0,0,NULL,0.000000,1),(3185,42,0,0,NULL,0.000000,1),(3186,44,0,0,NULL,0.000000,1),(3187,50,0,0,NULL,0.000000,1),(3188,55,0,0,NULL,0.000000,1),(3191,60,0,0,NULL,0.000000,1),(3192,67,0,0,NULL,0.000000,1),(3193,70,0,0,NULL,0.000000,1),(3194,75,0,0,NULL,0.000000,1),(3195,89,0,0,NULL,0.000000,1),(3196,97,0,0,NULL,0.000000,1),(3197,127,0,0,NULL,0.000000,1),(3198,106,0,0,NULL,0.000000,1),(3199,110,0,0,NULL,0.000000,1),(3200,111,0,0,NULL,0.000000,1),(3201,112,0,0,NULL,0.000000,1),(3202,123,0,0,NULL,0.000000,1),(3203,115,0,0,NULL,0.000000,1),(3204,117,0,0,NULL,0.000000,1),(3205,118,0,0,NULL,0.000000,1),(3207,129,0,0,NULL,0.000000,1),(3208,133,0,0,NULL,0.000000,1),(3209,126,0,0,NULL,0.000000,1),(3210,132,0,0,NULL,0.000000,1),(3211,57,0,0,NULL,0.000000,1),(3212,58,0,0,NULL,0.000000,1),(3213,17,0,53,NULL,0.000000,1);

--
-- Table structure for table `ps_product_tag`
--

CREATE TABLE `ps_product_tag` (
  `id_product` int(10) unsigned NOT NULL,
  `id_tag` int(10) unsigned NOT NULL,
  `id_lang` int(10) unsigned NOT NULL,
  PRIMARY KEY (`id_product`,`id_tag`),
  KEY `id_tag` (`id_tag`),
  KEY `id_lang` (`id_lang`,`id_tag`)
) ENGINE=InnoDB DEFAULT CHARSET=utf8;

--
-- Dumping data for table `ps_product_tag`
--

INSERT INTO `ps_product_tag` VALUES (367,1,1),(535,14,1),(535,15,1),(536,15,1),(535,16,1),(536,16,1),(535,17,1),(536,19,1),(537,23,1),(538,23,1),(537,24,1),(537,25,1),(538,28,1),(538,29,1),(540,39,1),(541,39,1),(542,39,1),(543,39,1),(557,39,1),(540,40,1),(541,40,1),(542,40,1),(543,40,1),(540,41,1),(541,41,1),(542,41,1),(543,41,1),(557,41,1),(541,42,1),(542,44,1),(543,46,1),(550,47,1),(550,48,1),(550,49,1),(549,50,1),(550,50,1),(549,51,1),(549,52,1),(549,53,1),(551,58,1),(551,59,1),(551,60,1),(551,61,1),(540,62,1),(557,65,1),(558,65,1),(557,66,1),(558,69,1),(558,70,1),(413,71,1),(413,72,1);

--
-- Table structure for table `ps_profile`
--

CREATE TABLE `ps_profile` (
  `id_profile` int(10) unsigned NOT NULL AUTO_INCREMENT,
  PRIMARY KEY (`id_profile`)
) ENGINE=InnoDB AUTO_INCREMENT=5 DEFAULT CHARSET=utf8;

--
-- Dumping data for table `ps_profile`
--

INSERT INTO `ps_profile` VALUES (1),(2),(3),(4);

--
-- Table structure for table `ps_profile_lang`
--

CREATE TABLE `ps_profile_lang` (
  `id_lang` int(10) unsigned NOT NULL,
  `id_profile` int(10) unsigned NOT NULL,
  `name` varchar(128) NOT NULL,
  PRIMARY KEY (`id_profile`,`id_lang`)
) ENGINE=InnoDB DEFAULT CHARSET=utf8;

--
-- Dumping data for table `ps_profile_lang`
--

INSERT INTO `ps_profile_lang` VALUES (1,1,'SuperAmmin'),(1,2,'Responsabile logistica'),(1,3,'Traduttore'),(1,4,'Commesso');

--
-- Table structure for table `ps_quick_access`
--

CREATE TABLE `ps_quick_access` (
  `id_quick_access` int(10) unsigned NOT NULL AUTO_INCREMENT,
  `new_window` tinyint(1) NOT NULL DEFAULT '0',
  `link` varchar(255) NOT NULL,
  PRIMARY KEY (`id_quick_access`)
) ENGINE=InnoDB AUTO_INCREMENT=4 DEFAULT CHARSET=utf8;

--
-- Dumping data for table `ps_quick_access`
--

INSERT INTO `ps_quick_access` VALUES (1,0,'index.php?controller=AdminCategories&addcategory'),(2,0,'index.php?controller=AdminProducts&addproduct'),(3,0,'index.php?controller=AdminCartRules&addcart_rule');

--
-- Table structure for table `ps_quick_access_lang`
--

CREATE TABLE `ps_quick_access_lang` (
  `id_quick_access` int(10) unsigned NOT NULL,
  `id_lang` int(10) unsigned NOT NULL,
  `name` varchar(32) NOT NULL,
  PRIMARY KEY (`id_quick_access`,`id_lang`)
) ENGINE=InnoDB DEFAULT CHARSET=utf8;

--
-- Dumping data for table `ps_quick_access_lang`
--

INSERT INTO `ps_quick_access_lang` VALUES (1,1,'Nuova categoria'),(2,1,'Nuovo prodotto'),(3,1,'Nuovo voucher');

--
-- Table structure for table `ps_range_price`
--

CREATE TABLE `ps_range_price` (
  `id_range_price` int(10) unsigned NOT NULL AUTO_INCREMENT,
  `id_carrier` int(10) unsigned NOT NULL,
  `delimiter1` decimal(20,6) NOT NULL,
  `delimiter2` decimal(20,6) NOT NULL,
  PRIMARY KEY (`id_range_price`),
  UNIQUE KEY `id_carrier` (`id_carrier`,`delimiter1`,`delimiter2`)
) ENGINE=InnoDB AUTO_INCREMENT=11 DEFAULT CHARSET=utf8;

--
-- Dumping data for table `ps_range_price`
--

INSERT INTO `ps_range_price` VALUES (1,2,0.000000,10000.000000),(3,5,50.000000,0.000000),(6,11,0.000000,10.000000),(7,18,0.000000,150.000000),(8,21,0.000000,5.000000),(5,26,0.000000,10.000000),(9,37,0.000000,0.000000),(10,40,0.000000,4.000000),(4,42,0.000000,10.000000),(2,43,0.000000,150.000000);

--
-- Table structure for table `ps_range_weight`
--

CREATE TABLE `ps_range_weight` (
  `id_range_weight` int(10) unsigned NOT NULL AUTO_INCREMENT,
  `id_carrier` int(10) unsigned NOT NULL,
  `delimiter1` decimal(20,6) NOT NULL,
  `delimiter2` decimal(20,6) NOT NULL,
  PRIMARY KEY (`id_range_weight`),
  UNIQUE KEY `id_carrier` (`id_carrier`,`delimiter1`,`delimiter2`)
) ENGINE=InnoDB AUTO_INCREMENT=3 DEFAULT CHARSET=utf8;

--
-- Dumping data for table `ps_range_weight`
--

INSERT INTO `ps_range_weight` VALUES (1,2,0.000000,10000.000000),(2,15,10.000000,0.000000);

--
-- Table structure for table `ps_referrer`
--

CREATE TABLE `ps_referrer` (
  `id_referrer` int(10) unsigned NOT NULL AUTO_INCREMENT,
  `name` varchar(64) NOT NULL,
  `passwd` varchar(32) DEFAULT NULL,
  `http_referer_regexp` varchar(64) DEFAULT NULL,
  `http_referer_like` varchar(64) DEFAULT NULL,
  `request_uri_regexp` varchar(64) DEFAULT NULL,
  `request_uri_like` varchar(64) DEFAULT NULL,
  `http_referer_regexp_not` varchar(64) DEFAULT NULL,
  `http_referer_like_not` varchar(64) DEFAULT NULL,
  `request_uri_regexp_not` varchar(64) DEFAULT NULL,
  `request_uri_like_not` varchar(64) DEFAULT NULL,
  `base_fee` decimal(5,2) NOT NULL DEFAULT '0.00',
  `percent_fee` decimal(5,2) NOT NULL DEFAULT '0.00',
  `click_fee` decimal(5,2) NOT NULL DEFAULT '0.00',
  `date_add` datetime NOT NULL,
  PRIMARY KEY (`id_referrer`)
) ENGINE=InnoDB DEFAULT CHARSET=utf8;

--
-- Dumping data for table `ps_referrer`
--


--
-- Table structure for table `ps_referrer_cache`
--

CREATE TABLE `ps_referrer_cache` (
  `id_connections_source` int(11) unsigned NOT NULL,
  `id_referrer` int(11) unsigned NOT NULL,
  PRIMARY KEY (`id_connections_source`,`id_referrer`)
) ENGINE=InnoDB DEFAULT CHARSET=utf8;

--
-- Dumping data for table `ps_referrer_cache`
--


--
-- Table structure for table `ps_referrer_shop`
--

CREATE TABLE `ps_referrer_shop` (
  `id_referrer` int(10) unsigned NOT NULL AUTO_INCREMENT,
  `id_shop` int(10) unsigned NOT NULL DEFAULT '1',
  `cache_visitors` int(11) DEFAULT NULL,
  `cache_visits` int(11) DEFAULT NULL,
  `cache_pages` int(11) DEFAULT NULL,
  `cache_registrations` int(11) DEFAULT NULL,
  `cache_orders` int(11) DEFAULT NULL,
  `cache_sales` decimal(17,2) DEFAULT NULL,
  `cache_reg_rate` decimal(5,4) DEFAULT NULL,
  `cache_order_rate` decimal(5,4) DEFAULT NULL,
  PRIMARY KEY (`id_referrer`,`id_shop`)
) ENGINE=InnoDB DEFAULT CHARSET=utf8;

--
-- Dumping data for table `ps_referrer_shop`
--


--
-- Table structure for table `ps_request_sql`
--

CREATE TABLE `ps_request_sql` (
  `id_request_sql` int(11) NOT NULL AUTO_INCREMENT,
  `name` varchar(200) NOT NULL,
  `sql` text NOT NULL,
  PRIMARY KEY (`id_request_sql`)
) ENGINE=InnoDB DEFAULT CHARSET=utf8;

--
-- Dumping data for table `ps_request_sql`
--


--
-- Table structure for table `ps_required_field`
--

CREATE TABLE `ps_required_field` (
  `id_required_field` int(11) NOT NULL AUTO_INCREMENT,
  `object_name` varchar(32) NOT NULL,
  `field_name` varchar(32) NOT NULL,
  PRIMARY KEY (`id_required_field`),
  KEY `object_name` (`object_name`)
) ENGINE=InnoDB DEFAULT CHARSET=utf8;

--
-- Dumping data for table `ps_required_field`
--


--
-- Table structure for table `ps_risk`
--

CREATE TABLE `ps_risk` (
  `id_risk` int(11) unsigned NOT NULL AUTO_INCREMENT,
  `percent` tinyint(3) NOT NULL,
  `color` varchar(32) DEFAULT NULL,
  PRIMARY KEY (`id_risk`)
) ENGINE=InnoDB AUTO_INCREMENT=5 DEFAULT CHARSET=utf8;

--
-- Dumping data for table `ps_risk`
--

INSERT INTO `ps_risk` VALUES (1,0,'#32CD32'),(2,35,'#FF8C00'),(3,75,'#DC143C'),(4,100,'#ec2e15');

--
-- Table structure for table `ps_risk_lang`
--

CREATE TABLE `ps_risk_lang` (
  `id_risk` int(10) unsigned NOT NULL,
  `id_lang` int(10) unsigned NOT NULL,
  `name` varchar(20) NOT NULL,
  PRIMARY KEY (`id_risk`,`id_lang`),
  KEY `id_risk` (`id_risk`)
) ENGINE=InnoDB DEFAULT CHARSET=utf8;

--
-- Dumping data for table `ps_risk_lang`
--

INSERT INTO `ps_risk_lang` VALUES (1,1,'None'),(2,1,'Low'),(3,1,'Medium'),(4,1,'High');

--
-- Table structure for table `ps_scene`
--

CREATE TABLE `ps_scene` (
  `id_scene` int(10) unsigned NOT NULL AUTO_INCREMENT,
  `active` tinyint(1) NOT NULL DEFAULT '1',
  PRIMARY KEY (`id_scene`)
) ENGINE=InnoDB DEFAULT CHARSET=utf8;

--
-- Dumping data for table `ps_scene`
--


--
-- Table structure for table `ps_scene_category`
--

CREATE TABLE `ps_scene_category` (
  `id_scene` int(10) unsigned NOT NULL,
  `id_category` int(10) unsigned NOT NULL,
  PRIMARY KEY (`id_scene`,`id_category`)
) ENGINE=InnoDB DEFAULT CHARSET=utf8;

--
-- Dumping data for table `ps_scene_category`
--


--
-- Table structure for table `ps_scene_lang`
--

CREATE TABLE `ps_scene_lang` (
  `id_scene` int(10) unsigned NOT NULL,
  `id_lang` int(10) unsigned NOT NULL,
  `name` varchar(100) NOT NULL,
  PRIMARY KEY (`id_scene`,`id_lang`)
) ENGINE=InnoDB DEFAULT CHARSET=utf8;

--
-- Dumping data for table `ps_scene_lang`
--


--
-- Table structure for table `ps_scene_products`
--

CREATE TABLE `ps_scene_products` (
  `id_scene` int(10) unsigned NOT NULL,
  `id_product` int(10) unsigned NOT NULL,
  `x_axis` int(4) NOT NULL,
  `y_axis` int(4) NOT NULL,
  `zone_width` int(3) NOT NULL,
  `zone_height` int(3) NOT NULL,
  PRIMARY KEY (`id_scene`,`id_product`,`x_axis`,`y_axis`)
) ENGINE=InnoDB DEFAULT CHARSET=utf8;

--
-- Dumping data for table `ps_scene_products`
--


--
-- Table structure for table `ps_scene_shop`
--

CREATE TABLE `ps_scene_shop` (
  `id_scene` int(11) unsigned NOT NULL,
  `id_shop` int(11) unsigned NOT NULL,
  PRIMARY KEY (`id_scene`,`id_shop`),
  KEY `id_shop` (`id_shop`)
) ENGINE=InnoDB DEFAULT CHARSET=utf8;

--
-- Dumping data for table `ps_scene_shop`
--


--
-- Table structure for table `ps_search_engine`
--

CREATE TABLE `ps_search_engine` (
  `id_search_engine` int(10) unsigned NOT NULL AUTO_INCREMENT,
  `server` varchar(64) NOT NULL,
  `getvar` varchar(16) NOT NULL,
  PRIMARY KEY (`id_search_engine`)
) ENGINE=InnoDB AUTO_INCREMENT=39 DEFAULT CHARSET=utf8;

--
-- Dumping data for table `ps_search_engine`
--

INSERT INTO `ps_search_engine` VALUES (1,'google','q'),(2,'aol','q'),(3,'yandex','text'),(4,'ask.com','q'),(5,'nhl.com','q'),(6,'yahoo','p'),(7,'baidu','wd'),(8,'lycos','query'),(9,'exalead','q'),(10,'search.live','q'),(11,'voila','rdata'),(12,'altavista','q'),(13,'bing','q'),(14,'daum','q'),(15,'eniro','search_word'),(16,'naver','query'),(17,'msn','q'),(18,'netscape','query'),(19,'cnn','query'),(20,'about','terms'),(21,'mamma','query'),(22,'alltheweb','q'),(23,'virgilio','qs'),(24,'alice','qs'),(25,'najdi','q'),(26,'mama','query'),(27,'seznam','q'),(28,'onet','qt'),(29,'szukacz','q'),(30,'yam','k'),(31,'pchome','q'),(32,'kvasir','q'),(33,'sesam','q'),(34,'ozu','q'),(35,'terra','query'),(36,'mynet','q'),(37,'ekolay','q'),(38,'rambler','words');

--
-- Table structure for table `ps_search_index`
--

CREATE TABLE `ps_search_index` (
  `id_product` int(11) unsigned NOT NULL,
  `id_word` int(11) unsigned NOT NULL,
  `weight` smallint(4) unsigned NOT NULL DEFAULT '1',
  PRIMARY KEY (`id_word`,`id_product`),
  KEY `id_product` (`id_product`)
) ENGINE=InnoDB DEFAULT CHARSET=utf8;

--
-- Dumping data for table `ps_search_index`
--


--
-- Table structure for table `ps_search_word`
--

CREATE TABLE `ps_search_word` (
  `id_word` int(10) unsigned NOT NULL AUTO_INCREMENT,
  `id_shop` int(11) unsigned NOT NULL DEFAULT '1',
  `id_lang` int(10) unsigned NOT NULL,
  `word` varchar(15) NOT NULL,
  PRIMARY KEY (`id_word`),
  UNIQUE KEY `id_lang` (`id_lang`,`id_shop`,`word`)
) ENGINE=InnoDB DEFAULT CHARSET=utf8;

--
-- Dumping data for table `ps_search_word`
--


--
-- Table structure for table `ps_sekeyword`
--

CREATE TABLE `ps_sekeyword` (
  `id_sekeyword` int(10) unsigned NOT NULL AUTO_INCREMENT,
  `id_shop` int(10) unsigned NOT NULL DEFAULT '1',
  `id_shop_group` int(10) unsigned NOT NULL DEFAULT '1',
  `keyword` varchar(256) NOT NULL,
  `date_add` datetime NOT NULL,
  PRIMARY KEY (`id_sekeyword`)
) ENGINE=InnoDB AUTO_INCREMENT=16 DEFAULT CHARSET=utf8;

--
-- Dumping data for table `ps_sekeyword`
--

INSERT INTO `ps_sekeyword` VALUES (1,1,1,'x540la-xx002d','2016-05-08 22:58:40'),(2,1,1,'endoscopio smartphone','2016-05-10 20:15:58'),(3,1,1,'hard disk w10','2016-05-21 13:31:13'),(4,1,1,'endoscopio usb android','2016-06-09 21:38:43'),(5,1,1,'htc one m9 tasto accensione','2016-06-11 14:10:01'),(6,1,1,'ricambi store shop lcd touch','2016-06-24 10:46:46'),(7,1,1,'desktopstore','2016-07-15 00:34:51'),(8,1,1,'immagini hd per cellulare','2016-08-06 23:17:05'),(9,1,1,'lente per s7edge','2016-08-09 00:21:02'),(10,1,1,'endoscopio per cellulari samsung','2016-08-11 09:42:48'),(11,1,1,'multipresa 8 usb','2016-08-16 12:14:16'),(12,1,1,'microcamera per samsung','2016-08-20 00:21:48'),(13,1,1,'vetro fotocamera samsung a7','2016-09-02 00:24:20'),(14,1,1,'sensore luminosita s7 edge','2016-09-05 05:47:29'),(15,1,1,'sensore prossimita s7 edge','2016-09-05 05:48:49');

--
-- Table structure for table `ps_shop`
--

CREATE TABLE `ps_shop` (
  `id_shop` int(11) unsigned NOT NULL AUTO_INCREMENT,
  `id_shop_group` int(11) unsigned NOT NULL,
  `name` varchar(64) NOT NULL,
  `id_category` int(11) unsigned NOT NULL DEFAULT '1',
  `id_theme` int(1) unsigned NOT NULL,
  `active` tinyint(1) NOT NULL DEFAULT '1',
  `deleted` tinyint(1) NOT NULL DEFAULT '0',
  PRIMARY KEY (`id_shop`),
  KEY `id_shop_group` (`id_shop_group`,`deleted`),
  KEY `id_category` (`id_category`),
  KEY `id_theme` (`id_theme`)
) ENGINE=InnoDB AUTO_INCREMENT=2 DEFAULT CHARSET=utf8;

--
-- Dumping data for table `ps_shop`
--

INSERT INTO `ps_shop` VALUES (1,1,'Desktop Store',2,2,1,0);

--
-- Table structure for table `ps_shop_group`
--

CREATE TABLE `ps_shop_group` (
  `id_shop_group` int(11) unsigned NOT NULL AUTO_INCREMENT,
  `name` varchar(64) NOT NULL,
  `share_customer` tinyint(1) NOT NULL,
  `share_order` tinyint(1) NOT NULL,
  `share_stock` tinyint(1) NOT NULL,
  `active` tinyint(1) NOT NULL DEFAULT '1',
  `deleted` tinyint(1) NOT NULL DEFAULT '0',
  PRIMARY KEY (`id_shop_group`),
  KEY `deleted` (`deleted`,`name`)
) ENGINE=InnoDB AUTO_INCREMENT=2 DEFAULT CHARSET=utf8;

--
-- Dumping data for table `ps_shop_group`
--

INSERT INTO `ps_shop_group` VALUES (1,'Default',0,0,0,1,0);

--
-- Table structure for table `ps_shop_url`
--

CREATE TABLE `ps_shop_url` (
  `id_shop_url` int(11) unsigned NOT NULL AUTO_INCREMENT,
  `id_shop` int(11) unsigned NOT NULL,
  `domain` varchar(150) NOT NULL,
  `domain_ssl` varchar(150) NOT NULL,
  `physical_uri` varchar(64) NOT NULL,
  `virtual_uri` varchar(64) NOT NULL,
  `main` tinyint(1) NOT NULL,
  `active` tinyint(1) NOT NULL,
  PRIMARY KEY (`id_shop_url`),
  UNIQUE KEY `full_shop_url` (`domain`,`physical_uri`,`virtual_uri`),
  UNIQUE KEY `full_shop_url_ssl` (`domain_ssl`,`physical_uri`,`virtual_uri`),
  KEY `id_shop` (`id_shop`,`main`)
) ENGINE=InnoDB AUTO_INCREMENT=2 DEFAULT CHARSET=utf8;

--
-- Dumping data for table `ps_shop_url`
--

INSERT INTO `ps_shop_url` VALUES (1,1,'localhost','localhost','/presta-pcdesktop.it','',1,1);

--
-- Table structure for table `ps_smarty_cache`
--

CREATE TABLE `ps_smarty_cache` (
  `id_smarty_cache` char(40) NOT NULL,
  `name` char(40) NOT NULL,
  `cache_id` varchar(254) DEFAULT NULL,
  `modified` timestamp NOT NULL DEFAULT CURRENT_TIMESTAMP,
  `content` longtext NOT NULL,
  PRIMARY KEY (`id_smarty_cache`),
  KEY `name` (`name`),
  KEY `cache_id` (`cache_id`),
  KEY `modified` (`modified`)
) ENGINE=InnoDB DEFAULT CHARSET=utf8;

--
-- Dumping data for table `ps_smarty_cache`
--


--
-- Table structure for table `ps_smarty_last_flush`
--

CREATE TABLE `ps_smarty_last_flush` (
  `type` enum('compile','template') NOT NULL DEFAULT 'compile',
  `last_flush` datetime NOT NULL DEFAULT '0000-00-00 00:00:00',
  PRIMARY KEY (`type`)
) ENGINE=InnoDB DEFAULT CHARSET=utf8;

--
-- Dumping data for table `ps_smarty_last_flush`
--

INSERT INTO `ps_smarty_last_flush` VALUES ('compile','2016-08-12 19:14:27'),('template','2016-08-12 19:14:27');

--
-- Table structure for table `ps_smarty_lazy_cache`
--

CREATE TABLE `ps_smarty_lazy_cache` (
  `template_hash` varchar(32) NOT NULL DEFAULT '',
  `cache_id` varchar(255) NOT NULL DEFAULT '',
  `compile_id` varchar(32) NOT NULL DEFAULT '',
  `filepath` varchar(255) NOT NULL DEFAULT '',
  `last_update` datetime NOT NULL DEFAULT '0000-00-00 00:00:00',
  PRIMARY KEY (`template_hash`,`cache_id`,`compile_id`)
) ENGINE=InnoDB DEFAULT CHARSET=utf8;

--
-- Dumping data for table `ps_smarty_lazy_cache`
--


--
-- Table structure for table `ps_specific_price`
--

CREATE TABLE `ps_specific_price` (
  `id_specific_price` int(10) unsigned NOT NULL AUTO_INCREMENT,
  `id_specific_price_rule` int(11) unsigned NOT NULL,
  `id_cart` int(11) unsigned NOT NULL,
  `id_product` int(10) unsigned NOT NULL,
  `id_shop` int(11) unsigned NOT NULL DEFAULT '1',
  `id_shop_group` int(11) unsigned NOT NULL,
  `id_currency` int(10) unsigned NOT NULL,
  `id_country` int(10) unsigned NOT NULL,
  `id_group` int(10) unsigned NOT NULL,
  `id_customer` int(10) unsigned NOT NULL,
  `id_product_attribute` int(10) unsigned NOT NULL,
  `price` decimal(20,6) NOT NULL,
  `from_quantity` mediumint(8) unsigned NOT NULL,
  `reduction` decimal(20,6) NOT NULL,
  `reduction_tax` tinyint(1) NOT NULL DEFAULT '1',
  `reduction_type` enum('amount','percentage') NOT NULL,
  `from` datetime NOT NULL,
  `to` datetime NOT NULL,
  PRIMARY KEY (`id_specific_price`),
  UNIQUE KEY `id_product_2` (`id_product`,`id_product_attribute`,`id_customer`,`id_cart`,`from`,`to`,`id_shop`,`id_shop_group`,`id_currency`,`id_country`,`id_group`,`from_quantity`,`id_specific_price_rule`),
  KEY `id_product` (`id_product`,`id_shop`,`id_currency`,`id_country`,`id_group`,`id_customer`,`from_quantity`,`from`,`to`),
  KEY `from_quantity` (`from_quantity`),
  KEY `id_specific_price_rule` (`id_specific_price_rule`),
  KEY `id_cart` (`id_cart`),
  KEY `id_product_attribute` (`id_product_attribute`),
  KEY `id_shop` (`id_shop`),
  KEY `id_customer` (`id_customer`),
  KEY `from` (`from`),
  KEY `to` (`to`)
) ENGINE=InnoDB AUTO_INCREMENT=474 DEFAULT CHARSET=utf8;

--
-- Dumping data for table `ps_specific_price`
--

INSERT INTO `ps_specific_price` VALUES (2,0,0,106,1,0,0,0,0,0,0,-1.000000,1,0.150000,1,'percentage','0000-00-00 00:00:00','0000-00-00 00:00:00'),(9,0,0,1043,1,0,0,0,0,0,0,-1.000000,1,0.150000,1,'percentage','0000-00-00 00:00:00','0000-00-00 00:00:00'),(11,0,0,1045,1,0,0,0,0,0,0,-1.000000,1,0.150000,1,'percentage','0000-00-00 00:00:00','0000-00-00 00:00:00'),(12,0,0,1046,1,0,0,0,0,0,0,-1.000000,1,0.150000,1,'percentage','0000-00-00 00:00:00','0000-00-00 00:00:00'),(13,0,0,1047,1,0,0,0,0,0,0,-1.000000,1,0.150000,1,'percentage','0000-00-00 00:00:00','0000-00-00 00:00:00'),(16,0,0,1050,1,0,0,0,0,0,0,-1.000000,1,0.150000,1,'percentage','0000-00-00 00:00:00','0000-00-00 00:00:00'),(18,0,0,1052,1,0,0,0,0,0,0,-1.000000,1,0.150000,1,'percentage','0000-00-00 00:00:00','0000-00-00 00:00:00'),(23,0,0,1057,1,0,0,0,0,0,0,-1.000000,1,0.150000,1,'percentage','0000-00-00 00:00:00','0000-00-00 00:00:00'),(39,0,0,2570,1,0,0,0,0,0,0,-1.000000,1,0.150000,1,'percentage','0000-00-00 00:00:00','0000-00-00 00:00:00'),(40,0,0,2571,1,0,0,0,0,0,0,-1.000000,1,0.150000,1,'percentage','0000-00-00 00:00:00','0000-00-00 00:00:00'),(65,0,0,5457,1,0,0,0,0,0,0,-1.000000,1,0.150000,1,'percentage','0000-00-00 00:00:00','0000-00-00 00:00:00'),(66,0,0,5458,1,0,0,0,0,0,0,-1.000000,1,0.150000,1,'percentage','0000-00-00 00:00:00','0000-00-00 00:00:00'),(79,0,0,7552,1,0,0,0,0,0,0,-1.000000,1,0.150000,1,'percentage','0000-00-00 00:00:00','0000-00-00 00:00:00'),(81,0,0,7909,1,0,0,0,0,0,0,-1.000000,1,0.150000,1,'percentage','0000-00-00 00:00:00','0000-00-00 00:00:00'),(82,0,0,7910,1,0,0,0,0,0,0,-1.000000,1,0.150000,1,'percentage','0000-00-00 00:00:00','0000-00-00 00:00:00'),(83,0,0,7911,1,0,0,0,0,0,0,-1.000000,1,0.150000,1,'percentage','0000-00-00 00:00:00','0000-00-00 00:00:00'),(84,0,0,7912,1,0,0,0,0,0,0,-1.000000,1,0.150000,1,'percentage','0000-00-00 00:00:00','0000-00-00 00:00:00'),(85,0,0,7914,1,0,0,0,0,0,0,-1.000000,1,0.150000,1,'percentage','0000-00-00 00:00:00','0000-00-00 00:00:00'),(86,0,0,7916,1,0,0,0,0,0,0,-1.000000,1,0.150000,1,'percentage','0000-00-00 00:00:00','0000-00-00 00:00:00'),(87,0,0,7917,1,0,0,0,0,0,0,-1.000000,1,0.150000,1,'percentage','0000-00-00 00:00:00','0000-00-00 00:00:00'),(88,0,0,7918,1,0,0,0,0,0,0,-1.000000,1,0.150000,1,'percentage','0000-00-00 00:00:00','0000-00-00 00:00:00'),(89,0,0,7919,1,0,0,0,0,0,0,-1.000000,1,0.150000,1,'percentage','0000-00-00 00:00:00','0000-00-00 00:00:00'),(90,0,0,7920,1,0,0,0,0,0,0,-1.000000,1,0.150000,1,'percentage','0000-00-00 00:00:00','0000-00-00 00:00:00'),(91,0,0,7921,1,0,0,0,0,0,0,-1.000000,1,0.150000,1,'percentage','0000-00-00 00:00:00','0000-00-00 00:00:00'),(92,0,0,7922,1,0,0,0,0,0,0,-1.000000,1,0.150000,1,'percentage','0000-00-00 00:00:00','0000-00-00 00:00:00'),(93,0,0,7923,1,0,0,0,0,0,0,-1.000000,1,0.150000,1,'percentage','0000-00-00 00:00:00','0000-00-00 00:00:00'),(94,0,0,7924,1,0,0,0,0,0,0,-1.000000,1,0.150000,1,'percentage','0000-00-00 00:00:00','0000-00-00 00:00:00'),(95,0,0,7925,1,0,0,0,0,0,0,-1.000000,1,0.150000,1,'percentage','0000-00-00 00:00:00','0000-00-00 00:00:00'),(96,0,0,7926,1,0,0,0,0,0,0,-1.000000,1,0.150000,1,'percentage','0000-00-00 00:00:00','0000-00-00 00:00:00'),(97,0,0,7927,1,0,0,0,0,0,0,-1.000000,1,0.150000,1,'percentage','0000-00-00 00:00:00','0000-00-00 00:00:00'),(98,0,0,7928,1,0,0,0,0,0,0,-1.000000,1,0.150000,1,'percentage','0000-00-00 00:00:00','0000-00-00 00:00:00'),(99,0,0,7929,1,0,0,0,0,0,0,-1.000000,1,0.150000,1,'percentage','0000-00-00 00:00:00','0000-00-00 00:00:00'),(100,0,0,7930,1,0,0,0,0,0,0,-1.000000,1,0.150000,1,'percentage','0000-00-00 00:00:00','0000-00-00 00:00:00'),(101,0,0,7931,1,0,0,0,0,0,0,-1.000000,1,0.150000,1,'percentage','0000-00-00 00:00:00','0000-00-00 00:00:00'),(107,0,0,7937,1,0,0,0,0,0,0,-1.000000,1,0.150000,1,'percentage','0000-00-00 00:00:00','0000-00-00 00:00:00'),(108,0,0,7938,1,0,0,0,0,0,0,-1.000000,1,0.150000,1,'percentage','0000-00-00 00:00:00','0000-00-00 00:00:00'),(109,0,0,7939,1,0,0,0,0,0,0,-1.000000,1,0.150000,1,'percentage','0000-00-00 00:00:00','0000-00-00 00:00:00'),(110,0,0,7940,1,0,0,0,0,0,0,-1.000000,1,0.150000,1,'percentage','0000-00-00 00:00:00','0000-00-00 00:00:00'),(111,0,0,7941,1,0,0,0,0,0,0,-1.000000,1,0.150000,1,'percentage','0000-00-00 00:00:00','0000-00-00 00:00:00'),(112,0,0,7942,1,0,0,0,0,0,0,-1.000000,1,0.150000,1,'percentage','0000-00-00 00:00:00','0000-00-00 00:00:00'),(113,0,0,7943,1,0,0,0,0,0,0,-1.000000,1,0.150000,1,'percentage','0000-00-00 00:00:00','0000-00-00 00:00:00'),(133,0,0,8855,1,0,0,0,0,0,0,-1.000000,1,0.150000,1,'percentage','0000-00-00 00:00:00','0000-00-00 00:00:00'),(134,0,0,8856,1,0,0,0,0,0,0,-1.000000,1,0.150000,1,'percentage','0000-00-00 00:00:00','0000-00-00 00:00:00'),(135,0,0,8974,1,0,0,0,0,0,0,-1.000000,1,0.150000,1,'percentage','0000-00-00 00:00:00','0000-00-00 00:00:00'),(136,0,0,8984,1,0,0,0,0,0,0,-1.000000,1,0.150000,1,'percentage','0000-00-00 00:00:00','0000-00-00 00:00:00'),(138,0,0,9675,1,0,0,0,0,0,0,-1.000000,1,0.150000,1,'percentage','0000-00-00 00:00:00','0000-00-00 00:00:00'),(152,0,0,11191,1,0,0,0,0,0,0,-1.000000,1,0.150000,1,'percentage','0000-00-00 00:00:00','0000-00-00 00:00:00'),(153,0,0,11192,1,0,0,0,0,0,0,-1.000000,1,0.150000,1,'percentage','0000-00-00 00:00:00','0000-00-00 00:00:00'),(171,0,0,9253,1,0,0,0,0,0,0,-1.000000,1,0.100000,1,'percentage','0000-00-00 00:00:00','0000-00-00 00:00:00'),(173,0,0,523,1,0,0,0,0,0,0,-1.000000,1,0.150000,1,'percentage','0000-00-00 00:00:00','0000-00-00 00:00:00'),(175,0,0,1001,1,0,0,0,0,0,0,-1.000000,1,0.150000,1,'percentage','0000-00-00 00:00:00','0000-00-00 00:00:00'),(176,0,0,1002,1,0,0,0,0,0,0,-1.000000,1,0.150000,1,'percentage','0000-00-00 00:00:00','0000-00-00 00:00:00'),(177,0,0,1003,1,0,0,0,0,0,0,-1.000000,1,0.150000,1,'percentage','0000-00-00 00:00:00','0000-00-00 00:00:00'),(178,0,0,1829,1,0,0,0,0,0,0,-1.000000,1,0.150000,1,'percentage','0000-00-00 00:00:00','0000-00-00 00:00:00'),(179,0,0,1833,1,0,0,0,0,0,0,-1.000000,1,0.150000,1,'percentage','0000-00-00 00:00:00','0000-00-00 00:00:00'),(180,0,0,1872,1,0,0,0,0,0,0,-1.000000,1,0.150000,1,'percentage','0000-00-00 00:00:00','0000-00-00 00:00:00'),(181,0,0,1873,1,0,0,0,0,0,0,-1.000000,1,0.150000,1,'percentage','0000-00-00 00:00:00','0000-00-00 00:00:00'),(182,0,0,1874,1,0,0,0,0,0,0,-1.000000,1,0.150000,1,'percentage','0000-00-00 00:00:00','0000-00-00 00:00:00'),(183,0,0,1882,1,0,0,0,0,0,0,-1.000000,1,0.150000,1,'percentage','0000-00-00 00:00:00','0000-00-00 00:00:00'),(184,0,0,1883,1,0,0,0,0,0,0,-1.000000,1,0.150000,1,'percentage','0000-00-00 00:00:00','0000-00-00 00:00:00'),(186,0,0,2448,1,0,0,0,0,0,0,-1.000000,1,0.150000,1,'percentage','0000-00-00 00:00:00','0000-00-00 00:00:00'),(187,0,0,2869,1,0,0,0,0,0,0,-1.000000,1,0.150000,1,'percentage','0000-00-00 00:00:00','0000-00-00 00:00:00'),(188,0,0,2880,1,0,0,0,0,0,0,-1.000000,1,0.150000,1,'percentage','0000-00-00 00:00:00','0000-00-00 00:00:00'),(190,0,0,3443,1,0,0,0,0,0,0,-1.000000,1,0.150000,1,'percentage','0000-00-00 00:00:00','0000-00-00 00:00:00'),(191,0,0,3511,1,0,0,0,0,0,0,-1.000000,1,0.150000,1,'percentage','0000-00-00 00:00:00','0000-00-00 00:00:00'),(192,0,0,3978,1,0,0,0,0,0,0,-1.000000,1,0.150000,1,'percentage','0000-00-00 00:00:00','0000-00-00 00:00:00'),(194,0,0,4155,1,0,0,0,0,0,0,-1.000000,1,0.150000,1,'percentage','0000-00-00 00:00:00','0000-00-00 00:00:00'),(195,0,0,4393,1,0,0,0,0,0,0,-1.000000,1,0.150000,1,'percentage','0000-00-00 00:00:00','0000-00-00 00:00:00'),(196,0,0,4396,1,0,0,0,0,0,0,-1.000000,1,0.150000,1,'percentage','0000-00-00 00:00:00','0000-00-00 00:00:00'),(197,0,0,4494,1,0,0,0,0,0,0,-1.000000,1,0.150000,1,'percentage','0000-00-00 00:00:00','0000-00-00 00:00:00'),(198,0,0,4394,1,0,0,0,0,0,0,-1.000000,1,0.150000,1,'percentage','0000-00-00 00:00:00','0000-00-00 00:00:00'),(199,0,0,4397,1,0,0,0,0,0,0,-1.000000,1,0.150000,1,'percentage','0000-00-00 00:00:00','0000-00-00 00:00:00'),(200,0,0,4495,1,0,0,0,0,0,0,-1.000000,1,0.150000,1,'percentage','0000-00-00 00:00:00','0000-00-00 00:00:00'),(201,0,0,4479,1,0,0,0,0,0,0,-1.000000,1,0.150000,1,'percentage','0000-00-00 00:00:00','0000-00-00 00:00:00'),(202,0,0,4480,1,0,0,0,0,0,0,-1.000000,1,0.150000,1,'percentage','0000-00-00 00:00:00','0000-00-00 00:00:00'),(204,0,0,5446,1,0,0,0,0,0,0,-1.000000,1,0.150000,1,'percentage','0000-00-00 00:00:00','0000-00-00 00:00:00'),(205,0,0,11183,1,0,0,0,0,0,0,-1.000000,1,0.150000,1,'percentage','0000-00-00 00:00:00','0000-00-00 00:00:00'),(206,0,0,9677,1,0,0,0,0,0,0,-1.000000,1,0.150000,1,'percentage','0000-00-00 00:00:00','0000-00-00 00:00:00'),(207,0,0,5545,1,0,0,0,0,0,0,-1.000000,1,0.150000,1,'percentage','0000-00-00 00:00:00','0000-00-00 00:00:00'),(208,0,0,5546,1,0,0,0,0,0,0,-1.000000,1,0.150000,1,'percentage','0000-00-00 00:00:00','0000-00-00 00:00:00'),(209,0,0,5547,1,0,0,0,0,0,0,-1.000000,1,0.150000,1,'percentage','0000-00-00 00:00:00','0000-00-00 00:00:00'),(210,0,0,5548,1,0,0,0,0,0,0,-1.000000,1,0.150000,1,'percentage','0000-00-00 00:00:00','0000-00-00 00:00:00'),(211,0,0,5643,1,0,0,0,0,0,0,-1.000000,1,0.150000,1,'percentage','0000-00-00 00:00:00','0000-00-00 00:00:00'),(212,0,0,5644,1,0,0,0,0,0,0,-1.000000,1,0.150000,1,'percentage','0000-00-00 00:00:00','0000-00-00 00:00:00'),(213,0,0,5645,1,0,0,0,0,0,0,-1.000000,1,0.150000,1,'percentage','0000-00-00 00:00:00','0000-00-00 00:00:00'),(215,0,0,6629,1,0,0,0,0,0,0,-1.000000,1,0.150000,1,'percentage','0000-00-00 00:00:00','0000-00-00 00:00:00'),(216,0,0,7407,1,0,0,0,0,0,0,-1.000000,1,0.150000,1,'percentage','0000-00-00 00:00:00','0000-00-00 00:00:00'),(217,0,0,7543,1,0,0,0,0,0,0,-1.000000,1,0.150000,1,'percentage','0000-00-00 00:00:00','0000-00-00 00:00:00'),(218,0,0,7824,1,0,0,0,0,0,0,-1.000000,1,0.150000,1,'percentage','0000-00-00 00:00:00','0000-00-00 00:00:00'),(220,0,0,8243,1,0,0,0,0,0,0,-1.000000,1,0.150000,1,'percentage','0000-00-00 00:00:00','0000-00-00 00:00:00'),(221,0,0,8254,1,0,0,0,0,0,0,-1.000000,1,0.150000,1,'percentage','0000-00-00 00:00:00','0000-00-00 00:00:00'),(222,0,0,8408,1,0,0,0,0,0,0,-1.000000,1,0.150000,1,'percentage','0000-00-00 00:00:00','0000-00-00 00:00:00'),(223,0,0,8409,1,0,0,0,0,0,0,-1.000000,1,0.150000,1,'percentage','0000-00-00 00:00:00','0000-00-00 00:00:00'),(224,0,0,8422,1,0,0,0,0,0,0,-1.000000,1,0.150000,1,'percentage','0000-00-00 00:00:00','0000-00-00 00:00:00'),(225,0,0,8423,1,0,0,0,0,0,0,-1.000000,1,0.150000,1,'percentage','0000-00-00 00:00:00','0000-00-00 00:00:00'),(226,0,0,8424,1,0,0,0,0,0,0,-1.000000,1,0.150000,1,'percentage','0000-00-00 00:00:00','0000-00-00 00:00:00'),(228,0,0,8489,1,0,0,0,0,0,0,-1.000000,1,0.150000,1,'percentage','0000-00-00 00:00:00','0000-00-00 00:00:00'),(229,0,0,8509,1,0,0,0,0,0,0,-1.000000,1,0.150000,1,'percentage','0000-00-00 00:00:00','0000-00-00 00:00:00'),(230,0,0,8510,1,0,0,0,0,0,0,-1.000000,1,0.150000,1,'percentage','0000-00-00 00:00:00','0000-00-00 00:00:00'),(231,0,0,8511,1,0,0,0,0,0,0,-1.000000,1,0.150000,1,'percentage','0000-00-00 00:00:00','0000-00-00 00:00:00'),(232,0,0,8513,1,0,0,0,0,0,0,-1.000000,1,0.150000,1,'percentage','0000-00-00 00:00:00','0000-00-00 00:00:00'),(233,0,0,8514,1,0,0,0,0,0,0,-1.000000,1,0.150000,1,'percentage','0000-00-00 00:00:00','0000-00-00 00:00:00'),(234,0,0,8515,1,0,0,0,0,0,0,-1.000000,1,0.150000,1,'percentage','0000-00-00 00:00:00','0000-00-00 00:00:00'),(249,0,0,12843,1,0,0,0,0,0,0,-1.000000,1,0.150000,1,'percentage','0000-00-00 00:00:00','0000-00-00 00:00:00'),(250,0,0,2680,1,0,0,0,0,0,0,-1.000000,1,0.150000,1,'percentage','0000-00-00 00:00:00','0000-00-00 00:00:00'),(251,0,0,2679,1,0,0,0,0,0,0,-1.000000,1,0.150000,1,'percentage','0000-00-00 00:00:00','0000-00-00 00:00:00'),(252,0,0,6718,1,0,0,0,0,0,0,-1.000000,1,0.150000,1,'percentage','0000-00-00 00:00:00','0000-00-00 00:00:00'),(254,0,0,8318,1,0,0,0,0,0,0,-1.000000,1,0.150000,1,'percentage','0000-00-00 00:00:00','0000-00-00 00:00:00'),(257,0,0,8710,1,0,0,0,0,0,0,-1.000000,1,0.150000,1,'percentage','0000-00-00 00:00:00','0000-00-00 00:00:00'),(258,0,0,9970,1,0,0,0,0,0,0,-1.000000,1,0.150000,1,'percentage','0000-00-00 00:00:00','0000-00-00 00:00:00'),(260,0,0,9996,1,0,0,0,0,0,0,-1.000000,1,0.150000,1,'percentage','0000-00-00 00:00:00','0000-00-00 00:00:00'),(261,0,0,10364,1,0,0,0,0,0,0,-1.000000,1,0.150000,1,'percentage','0000-00-00 00:00:00','0000-00-00 00:00:00'),(264,0,0,11097,1,0,0,0,0,0,0,-1.000000,1,0.150000,1,'percentage','0000-00-00 00:00:00','0000-00-00 00:00:00'),(266,0,0,11102,1,0,0,0,0,0,0,-1.000000,1,0.150000,1,'percentage','0000-00-00 00:00:00','0000-00-00 00:00:00'),(268,0,0,11103,1,0,0,0,0,0,0,-1.000000,1,0.150000,1,'percentage','0000-00-00 00:00:00','0000-00-00 00:00:00'),(270,0,0,11104,1,0,0,0,0,0,0,-1.000000,1,0.150000,1,'percentage','0000-00-00 00:00:00','0000-00-00 00:00:00'),(271,0,0,11105,1,0,0,0,0,0,0,-1.000000,1,0.150000,1,'percentage','0000-00-00 00:00:00','0000-00-00 00:00:00'),(273,0,0,11376,1,0,0,0,0,0,0,-1.000000,1,0.150000,1,'percentage','0000-00-00 00:00:00','0000-00-00 00:00:00'),(274,0,0,11426,1,0,0,0,0,0,0,-1.000000,1,0.150000,1,'percentage','0000-00-00 00:00:00','0000-00-00 00:00:00'),(276,0,0,12812,1,0,0,0,0,0,0,-1.000000,1,0.150000,1,'percentage','0000-00-00 00:00:00','0000-00-00 00:00:00'),(277,0,0,3433,1,0,0,0,0,0,0,-1.000000,1,0.150000,1,'percentage','0000-00-00 00:00:00','0000-00-00 00:00:00'),(278,0,0,5312,1,0,0,0,0,0,0,-1.000000,1,0.150000,1,'percentage','0000-00-00 00:00:00','0000-00-00 00:00:00'),(283,0,0,12355,1,0,0,0,0,0,0,-1.000000,1,0.150000,1,'percentage','0000-00-00 00:00:00','0000-00-00 00:00:00'),(284,0,0,514,1,0,0,0,0,0,0,-1.000000,1,0.500000,1,'percentage','0000-00-00 00:00:00','0000-00-00 00:00:00'),(289,0,0,8226,1,0,0,0,0,0,0,-1.000000,1,0.500000,1,'percentage','0000-00-00 00:00:00','0000-00-00 00:00:00'),(290,0,0,3333,1,0,0,0,0,0,0,-1.000000,1,0.500000,1,'percentage','0000-00-00 00:00:00','0000-00-00 00:00:00'),(292,0,0,5550,1,0,0,0,0,0,0,-1.000000,1,10.570000,1,'amount','0000-00-00 00:00:00','0000-00-00 00:00:00'),(293,0,0,8425,1,0,0,0,0,0,0,-1.000000,1,10.570000,1,'amount','0000-00-00 00:00:00','0000-00-00 00:00:00'),(294,0,0,8522,1,0,0,0,0,0,0,-1.000000,1,4.330000,1,'amount','0000-00-00 00:00:00','0000-00-00 00:00:00'),(296,0,0,11202,1,0,0,0,0,0,0,-1.000000,1,0.100000,1,'percentage','0000-00-00 00:00:00','0000-00-00 00:00:00'),(297,0,0,11278,1,0,0,0,0,0,0,-1.000000,1,0.100000,1,'percentage','0000-00-00 00:00:00','0000-00-00 00:00:00'),(298,0,0,11233,1,0,0,0,0,0,0,-1.000000,1,0.100000,1,'percentage','0000-00-00 00:00:00','0000-00-00 00:00:00'),(299,0,0,11193,1,0,0,0,0,0,0,-1.000000,1,0.100000,1,'percentage','0000-00-00 00:00:00','0000-00-00 00:00:00'),(300,0,0,9676,1,0,0,0,0,0,0,-1.000000,1,0.100000,1,'percentage','0000-00-00 00:00:00','0000-00-00 00:00:00'),(301,0,0,5559,1,0,0,0,0,0,0,-1.000000,1,0.100000,1,'percentage','0000-00-00 00:00:00','0000-00-00 00:00:00'),(302,0,0,5444,1,0,0,0,0,0,0,-1.000000,1,0.100000,1,'percentage','0000-00-00 00:00:00','0000-00-00 00:00:00'),(303,0,0,5435,1,0,0,0,0,0,0,-1.000000,1,0.100000,1,'percentage','0000-00-00 00:00:00','0000-00-00 00:00:00'),(304,0,0,1820,1,0,0,0,0,0,0,-1.000000,1,0.100000,1,'percentage','0000-00-00 00:00:00','0000-00-00 00:00:00'),(305,0,0,7915,1,0,0,0,0,0,0,-1.000000,1,0.150000,1,'percentage','0000-00-00 00:00:00','0000-00-00 00:00:00'),(307,0,0,7933,1,0,0,0,0,0,0,-1.000000,1,0.150000,1,'percentage','0000-00-00 00:00:00','0000-00-00 00:00:00'),(308,0,0,7934,1,0,0,0,0,0,0,-1.000000,1,0.150000,1,'percentage','0000-00-00 00:00:00','0000-00-00 00:00:00'),(309,0,0,7935,1,0,0,0,0,0,0,-1.000000,1,0.150000,1,'percentage','0000-00-00 00:00:00','0000-00-00 00:00:00'),(310,0,0,7936,1,0,0,0,0,0,0,-1.000000,1,0.150000,1,'percentage','0000-00-00 00:00:00','0000-00-00 00:00:00'),(311,0,0,7932,1,0,0,0,0,0,0,-1.000000,1,0.150000,1,'percentage','0000-00-00 00:00:00','0000-00-00 00:00:00'),(314,0,0,4154,1,0,0,0,0,0,0,-1.000000,1,0.150000,1,'percentage','0000-00-00 00:00:00','0000-00-00 00:00:00'),(315,0,0,13397,1,0,0,0,0,0,0,-1.000000,1,0.150000,1,'percentage','0000-00-00 00:00:00','0000-00-00 00:00:00'),(316,0,0,1379,1,0,0,0,0,0,0,-1.000000,1,0.150000,1,'percentage','0000-00-00 00:00:00','0000-00-00 00:00:00'),(317,0,0,12819,1,0,0,0,0,0,0,-1.000000,1,0.150000,1,'percentage','0000-00-00 00:00:00','0000-00-00 00:00:00'),(322,0,0,13137,1,0,0,0,0,0,0,-1.000000,1,0.150000,1,'percentage','0000-00-00 00:00:00','0000-00-00 00:00:00'),(323,0,0,13956,1,0,0,0,0,0,0,-1.000000,1,0.150000,1,'percentage','0000-00-00 00:00:00','0000-00-00 00:00:00'),(331,0,0,8488,1,0,0,0,0,0,0,-1.000000,1,0.150000,1,'percentage','0000-00-00 00:00:00','0000-00-00 00:00:00'),(334,0,0,14032,1,0,0,0,0,0,0,-1.000000,1,0.150000,1,'percentage','0000-00-00 00:00:00','0000-00-00 00:00:00'),(335,0,0,14031,1,0,0,0,0,0,0,-1.000000,1,0.150000,1,'percentage','0000-00-00 00:00:00','0000-00-00 00:00:00'),(336,0,0,14030,1,0,0,0,0,0,0,-1.000000,1,0.150000,1,'percentage','0000-00-00 00:00:00','0000-00-00 00:00:00'),(337,0,0,14029,1,0,0,0,0,0,0,-1.000000,1,0.150000,1,'percentage','0000-00-00 00:00:00','0000-00-00 00:00:00'),(338,0,0,107,1,0,0,0,0,0,0,-1.000000,1,0.150000,1,'percentage','0000-00-00 00:00:00','0000-00-00 00:00:00'),(339,0,0,1044,1,0,0,0,0,0,0,-1.000000,1,0.150000,1,'percentage','0000-00-00 00:00:00','0000-00-00 00:00:00'),(340,0,0,1049,1,0,0,0,0,0,0,-1.000000,1,0.150000,1,'percentage','0000-00-00 00:00:00','0000-00-00 00:00:00'),(341,0,0,12854,1,0,0,0,0,0,0,-1.000000,1,0.150000,1,'percentage','0000-00-00 00:00:00','0000-00-00 00:00:00'),(342,0,0,12853,1,0,0,0,0,0,0,-1.000000,1,0.150000,1,'percentage','0000-00-00 00:00:00','0000-00-00 00:00:00'),(343,0,0,1051,1,0,0,0,0,0,0,-1.000000,1,0.150000,1,'percentage','0000-00-00 00:00:00','0000-00-00 00:00:00'),(344,0,0,1053,1,0,0,0,0,0,0,-1.000000,1,0.150000,1,'percentage','0000-00-00 00:00:00','0000-00-00 00:00:00'),(345,0,0,1054,1,0,0,0,0,0,0,-1.000000,1,0.150000,1,'percentage','0000-00-00 00:00:00','0000-00-00 00:00:00'),(346,0,0,1055,1,0,0,0,0,0,0,-1.000000,1,0.150000,1,'percentage','0000-00-00 00:00:00','0000-00-00 00:00:00'),(347,0,0,1056,1,0,0,0,0,0,0,-1.000000,1,0.150000,1,'percentage','0000-00-00 00:00:00','0000-00-00 00:00:00'),(348,0,0,1058,1,0,0,0,0,0,0,-1.000000,1,0.150000,1,'percentage','0000-00-00 00:00:00','0000-00-00 00:00:00'),(349,0,0,1059,1,0,0,0,0,0,0,-1.000000,1,0.150000,1,'percentage','0000-00-00 00:00:00','0000-00-00 00:00:00'),(350,0,0,1060,1,0,0,0,0,0,0,-1.000000,1,0.150000,1,'percentage','0000-00-00 00:00:00','0000-00-00 00:00:00'),(351,0,0,1061,1,0,0,0,0,0,0,-1.000000,1,0.150000,1,'percentage','0000-00-00 00:00:00','0000-00-00 00:00:00'),(352,0,0,12813,1,0,0,0,0,0,0,-1.000000,1,0.150000,1,'percentage','0000-00-00 00:00:00','0000-00-00 00:00:00'),(354,0,0,14260,1,0,0,0,0,0,0,-1.000000,1,0.150000,1,'percentage','0000-00-00 00:00:00','0000-00-00 00:00:00'),(355,0,0,12255,1,0,0,0,0,0,0,-1.000000,1,0.150000,1,'percentage','0000-00-00 00:00:00','0000-00-00 00:00:00'),(357,0,0,12842,1,0,0,0,0,0,0,-1.000000,1,0.150000,1,'percentage','0000-00-00 00:00:00','0000-00-00 00:00:00'),(359,0,0,12814,1,0,0,0,0,0,0,-1.000000,1,0.150000,1,'percentage','0000-00-00 00:00:00','0000-00-00 00:00:00'),(360,0,0,12815,1,0,0,0,0,0,0,-1.000000,1,0.150000,1,'percentage','0000-00-00 00:00:00','0000-00-00 00:00:00'),(361,0,0,12816,1,0,0,0,0,0,0,-1.000000,1,0.150000,1,'percentage','0000-00-00 00:00:00','0000-00-00 00:00:00'),(362,0,0,12817,1,0,0,0,0,0,0,-1.000000,1,0.150000,1,'percentage','0000-00-00 00:00:00','0000-00-00 00:00:00'),(363,0,0,12818,1,0,0,0,0,0,0,-1.000000,1,0.150000,1,'percentage','0000-00-00 00:00:00','0000-00-00 00:00:00'),(364,0,0,12849,1,0,0,0,0,0,0,-1.000000,1,0.150000,1,'percentage','0000-00-00 00:00:00','0000-00-00 00:00:00'),(365,0,0,10688,1,0,0,0,0,0,0,-1.000000,1,0.150000,1,'percentage','0000-00-00 00:00:00','0000-00-00 00:00:00'),(366,0,0,14223,1,0,0,0,0,0,0,-1.000000,1,0.150000,1,'percentage','0000-00-00 00:00:00','0000-00-00 00:00:00'),(367,0,0,11308,1,0,0,0,0,0,0,-1.000000,1,0.150000,1,'percentage','0000-00-00 00:00:00','0000-00-00 00:00:00'),(370,0,0,13505,1,0,0,0,0,0,0,-1.000000,1,0.000000,1,'percentage','0000-00-00 00:00:00','0000-00-00 00:00:00'),(373,0,0,1886,1,0,0,0,0,0,0,-1.000000,1,0.150000,1,'percentage','0000-00-00 00:00:00','0000-00-00 00:00:00'),(374,0,0,10645,1,0,0,0,0,0,0,-1.000000,1,0.150000,1,'percentage','0000-00-00 00:00:00','0000-00-00 00:00:00'),(375,0,0,1048,1,0,0,0,0,0,0,-1.000000,1,0.150000,1,'percentage','0000-00-00 00:00:00','0000-00-00 00:00:00'),(376,0,0,12253,1,0,0,0,0,0,0,-1.000000,1,0.150000,1,'percentage','0000-00-00 00:00:00','0000-00-00 00:00:00'),(377,0,0,5251,1,0,0,0,0,0,0,-1.000000,1,0.150000,1,'percentage','0000-00-00 00:00:00','0000-00-00 00:00:00'),(379,0,0,15019,1,0,0,0,0,0,0,-1.000000,1,0.150000,1,'percentage','0000-00-00 00:00:00','0000-00-00 00:00:00'),(381,0,0,15020,1,0,0,0,0,0,0,-1.000000,1,0.150000,1,'percentage','0000-00-00 00:00:00','0000-00-00 00:00:00'),(383,0,0,15030,1,0,0,0,0,0,0,-1.000000,1,0.150000,1,'percentage','0000-00-00 00:00:00','0000-00-00 00:00:00'),(384,0,0,15115,1,0,0,0,0,0,0,-1.000000,1,0.150000,1,'percentage','0000-00-00 00:00:00','0000-00-00 00:00:00'),(385,0,0,11312,1,0,0,0,0,0,0,-1.000000,1,0.150000,1,'percentage','0000-00-00 00:00:00','0000-00-00 00:00:00'),(386,0,0,15271,1,0,0,0,0,0,0,-1.000000,1,0.150000,1,'percentage','0000-00-00 00:00:00','0000-00-00 00:00:00'),(390,0,0,57,1,0,0,0,0,0,0,-1.000000,1,0.050000,1,'percentage','0000-00-00 00:00:00','0000-00-00 00:00:00'),(397,0,0,67,1,0,0,0,0,0,0,-1.000000,1,0.050000,1,'percentage','0000-00-00 00:00:00','0000-00-00 00:00:00'),(398,0,0,123,1,0,0,0,0,0,0,-1.000000,1,0.050000,1,'percentage','0000-00-00 00:00:00','0000-00-00 00:00:00'),(399,0,0,121,1,0,0,0,0,0,0,-1.000000,1,0.050000,1,'percentage','0000-00-00 00:00:00','0000-00-00 00:00:00'),(400,0,0,23,1,0,0,0,0,0,0,-1.000000,1,0.050000,1,'percentage','0000-00-00 00:00:00','0000-00-00 00:00:00'),(402,0,0,118,1,0,0,0,0,0,0,-1.000000,1,0.050000,1,'percentage','0000-00-00 00:00:00','0000-00-00 00:00:00'),(404,0,0,34,1,0,0,0,0,0,0,-1.000000,1,0.050000,1,'percentage','0000-00-00 00:00:00','0000-00-00 00:00:00'),(409,0,0,25,1,0,0,0,0,0,0,-1.000000,1,0.050000,1,'percentage','0000-00-00 00:00:00','0000-00-00 00:00:00'),(414,0,0,58,1,0,0,0,0,0,0,-1.000000,1,0.050000,1,'percentage','0000-00-00 00:00:00','0000-00-00 00:00:00'),(419,0,0,125,1,0,0,0,0,0,0,-1.000000,1,0.050000,1,'percentage','0000-00-00 00:00:00','0000-00-00 00:00:00'),(420,0,0,24,1,0,0,0,0,0,0,-1.000000,1,0.050000,1,'percentage','0000-00-00 00:00:00','0000-00-00 00:00:00'),(421,0,0,124,1,0,0,0,0,0,0,-1.000000,1,0.050000,1,'percentage','0000-00-00 00:00:00','0000-00-00 00:00:00'),(422,0,0,130,1,0,0,0,0,0,0,-1.000000,1,0.050000,1,'percentage','0000-00-00 00:00:00','0000-00-00 00:00:00'),(423,0,0,126,1,0,0,0,0,0,0,-1.000000,1,0.050000,1,'percentage','0000-00-00 00:00:00','0000-00-00 00:00:00'),(424,0,0,127,1,0,0,0,0,0,0,-1.000000,1,0.050000,1,'percentage','0000-00-00 00:00:00','0000-00-00 00:00:00'),(433,0,0,19,1,0,0,0,0,0,0,-1.000000,1,0.050000,1,'percentage','0000-00-00 00:00:00','0000-00-00 00:00:00'),(435,0,0,42,1,0,0,0,0,0,0,-1.000000,1,0.050000,1,'percentage','0000-00-00 00:00:00','0000-00-00 00:00:00'),(436,0,0,99,1,0,0,0,0,0,0,-1.000000,1,0.050000,1,'percentage','0000-00-00 00:00:00','0000-00-00 00:00:00'),(438,0,0,20,1,0,0,0,0,0,0,-1.000000,1,0.050000,1,'percentage','0000-00-00 00:00:00','0000-00-00 00:00:00'),(445,0,0,131,1,0,0,0,0,0,0,-1.000000,1,0.050000,1,'percentage','0000-00-00 00:00:00','0000-00-00 00:00:00'),(446,0,0,33,1,0,0,0,0,0,0,-1.000000,1,0.050000,1,'percentage','0000-00-00 00:00:00','0000-00-00 00:00:00'),(449,0,0,117,1,0,0,0,0,0,0,-1.000000,1,0.050000,1,'percentage','0000-00-00 00:00:00','0000-00-00 00:00:00'),(450,0,0,82,1,0,0,0,0,0,0,-1.000000,1,0.050000,1,'percentage','0000-00-00 00:00:00','0000-00-00 00:00:00'),(451,0,0,13,1,0,0,0,0,0,0,-1.000000,1,0.050000,1,'percentage','0000-00-00 00:00:00','0000-00-00 00:00:00'),(452,0,0,55,1,0,0,0,0,0,0,-1.000000,1,0.050000,1,'percentage','0000-00-00 00:00:00','0000-00-00 00:00:00'),(453,0,0,35,1,0,0,0,0,0,0,-1.000000,1,0.050000,1,'percentage','0000-00-00 00:00:00','0000-00-00 00:00:00'),(454,0,0,101,1,0,0,0,0,0,0,-1.000000,1,0.050000,1,'percentage','0000-00-00 00:00:00','0000-00-00 00:00:00'),(455,0,0,44,1,0,0,0,0,0,0,-1.000000,1,0.050000,1,'percentage','0000-00-00 00:00:00','0000-00-00 00:00:00'),(456,0,0,111,1,0,0,0,0,0,0,-1.000000,1,0.050000,1,'percentage','0000-00-00 00:00:00','0000-00-00 00:00:00'),(458,0,0,75,1,0,0,0,0,0,0,-1.000000,1,0.050000,1,'percentage','0000-00-00 00:00:00','0000-00-00 00:00:00'),(459,0,0,96,1,0,0,0,0,0,0,-1.000000,1,0.050000,1,'percentage','0000-00-00 00:00:00','0000-00-00 00:00:00'),(460,0,0,92,1,0,0,0,0,0,0,-1.000000,1,0.050000,1,'percentage','0000-00-00 00:00:00','0000-00-00 00:00:00'),(461,0,0,129,1,0,0,0,0,0,0,-1.000000,1,0.050000,1,'percentage','0000-00-00 00:00:00','0000-00-00 00:00:00'),(463,0,0,115,1,0,0,0,0,0,0,-1.000000,1,0.050000,1,'percentage','0000-00-00 00:00:00','0000-00-00 00:00:00'),(464,0,0,110,1,0,0,0,0,0,0,-1.000000,1,0.050000,1,'percentage','0000-00-00 00:00:00','0000-00-00 00:00:00'),(465,0,0,29,1,0,0,0,0,0,0,-1.000000,1,0.050000,1,'percentage','0000-00-00 00:00:00','0000-00-00 00:00:00'),(466,0,0,9,1,0,0,0,0,0,0,-1.000000,1,0.050000,1,'percentage','0000-00-00 00:00:00','0000-00-00 00:00:00'),(467,0,0,112,1,0,0,0,0,0,0,-1.000000,1,0.050000,1,'percentage','0000-00-00 00:00:00','0000-00-00 00:00:00'),(468,0,0,133,1,0,0,0,0,0,0,-1.000000,1,0.050000,1,'percentage','0000-00-00 00:00:00','0000-00-00 00:00:00'),(470,0,0,134,1,0,0,0,0,0,0,-1.000000,1,0.050000,1,'percentage','0000-00-00 00:00:00','0000-00-00 00:00:00'),(471,0,0,89,1,0,0,0,0,0,0,-1.000000,1,0.050000,1,'percentage','0000-00-00 00:00:00','0000-00-00 00:00:00'),(472,0,0,17,1,0,0,0,0,0,0,-1.000000,1,0.050000,1,'percentage','0000-00-00 00:00:00','0000-00-00 00:00:00'),(473,0,0,50,1,0,0,0,0,0,0,-1.000000,1,0.050000,1,'percentage','0000-00-00 00:00:00','0000-00-00 00:00:00');

--
-- Table structure for table `ps_specific_price_priority`
--

CREATE TABLE `ps_specific_price_priority` (
  `id_specific_price_priority` int(11) NOT NULL AUTO_INCREMENT,
  `id_product` int(11) NOT NULL,
  `priority` varchar(80) NOT NULL,
  PRIMARY KEY (`id_specific_price_priority`,`id_product`),
  UNIQUE KEY `id_product` (`id_product`)
) ENGINE=InnoDB AUTO_INCREMENT=1840 DEFAULT CHARSET=utf8;

--
-- Dumping data for table `ps_specific_price_priority`
--

INSERT INTO `ps_specific_price_priority` VALUES (1,1,'id_shop;id_currency;id_country;id_group'),(3,2,'id_shop;id_currency;id_country;id_group'),(6,3,'id_shop;id_currency;id_country;id_group'),(9,4,'id_shop;id_currency;id_country;id_group'),(10,5,'id_shop;id_currency;id_country;id_group'),(12,6,'id_shop;id_currency;id_country;id_group'),(13,7,'id_shop;id_currency;id_country;id_group'),(16,8,'id_shop;id_currency;id_country;id_group'),(17,9,'id_shop;id_currency;id_country;id_group'),(19,10,'id_shop;id_currency;id_country;id_group'),(22,11,'id_shop;id_currency;id_country;id_group'),(24,12,'id_shop;id_currency;id_country;id_group'),(25,13,'id_shop;id_currency;id_country;id_group'),(27,14,'id_shop;id_currency;id_country;id_group'),(28,15,'id_shop;id_currency;id_country;id_group'),(29,17,'id_shop;id_currency;id_country;id_group'),(31,18,'id_shop;id_currency;id_country;id_group'),(33,19,'id_shop;id_currency;id_country;id_group'),(34,20,'id_shop;id_currency;id_country;id_group'),(36,21,'id_shop;id_currency;id_country;id_group'),(37,22,'id_shop;id_currency;id_country;id_group'),(38,23,'id_shop;id_currency;id_country;id_group'),(39,24,'id_shop;id_currency;id_country;id_group'),(40,25,'id_shop;id_currency;id_country;id_group'),(42,26,'id_shop;id_currency;id_country;id_group'),(44,27,'id_shop;id_currency;id_country;id_group'),(45,28,'id_shop;id_currency;id_country;id_group'),(46,29,'id_shop;id_currency;id_country;id_group'),(47,30,'id_shop;id_currency;id_country;id_group'),(49,31,'id_shop;id_currency;id_country;id_group'),(50,32,'id_shop;id_currency;id_country;id_group'),(51,33,'id_shop;id_currency;id_country;id_group'),(52,34,'id_shop;id_currency;id_country;id_group'),(54,35,'id_shop;id_currency;id_country;id_group'),(55,36,'id_shop;id_currency;id_country;id_group'),(57,37,'id_shop;id_currency;id_country;id_group'),(59,38,'id_shop;id_currency;id_country;id_group'),(61,40,'id_shop;id_currency;id_country;id_group'),(62,41,'id_shop;id_currency;id_country;id_group'),(63,42,'id_shop;id_currency;id_country;id_group'),(64,43,'id_shop;id_currency;id_country;id_group'),(65,45,'id_shop;id_currency;id_country;id_group'),(67,46,'id_shop;id_currency;id_country;id_group'),(69,47,'id_shop;id_currency;id_country;id_group'),(70,48,'id_shop;id_currency;id_country;id_group'),(73,49,'id_shop;id_currency;id_country;id_group'),(74,50,'id_shop;id_currency;id_country;id_group'),(75,51,'id_shop;id_currency;id_country;id_group'),(81,52,'id_shop;id_currency;id_country;id_group'),(82,53,'id_shop;id_currency;id_country;id_group'),(85,54,'id_shop;id_currency;id_country;id_group'),(86,55,'id_shop;id_currency;id_country;id_group'),(87,56,'id_shop;id_currency;id_country;id_group'),(88,58,'id_shop;id_currency;id_country;id_group'),(89,59,'id_shop;id_currency;id_country;id_group'),(90,60,'id_shop;id_currency;id_country;id_group'),(91,61,'id_shop;id_currency;id_country;id_group'),(93,63,'id_shop;id_currency;id_country;id_group'),(94,64,'id_shop;id_currency;id_country;id_group'),(95,65,'id_shop;id_currency;id_country;id_group'),(96,66,'id_shop;id_currency;id_country;id_group'),(97,67,'id_shop;id_currency;id_country;id_group'),(100,68,'id_shop;id_currency;id_country;id_group'),(101,69,'id_shop;id_currency;id_country;id_group'),(102,70,'id_shop;id_currency;id_country;id_group'),(103,71,'id_shop;id_currency;id_country;id_group'),(104,73,'id_shop;id_currency;id_country;id_group'),(105,72,'id_shop;id_currency;id_country;id_group'),(106,74,'id_shop;id_currency;id_country;id_group'),(107,75,'id_shop;id_currency;id_country;id_group'),(108,76,'id_shop;id_currency;id_country;id_group'),(109,77,'id_shop;id_currency;id_country;id_group'),(112,78,'id_shop;id_currency;id_country;id_group'),(114,79,'id_shop;id_currency;id_country;id_group'),(115,80,'id_shop;id_currency;id_country;id_group'),(116,81,'id_shop;id_currency;id_country;id_group'),(117,82,'id_shop;id_currency;id_country;id_group'),(119,83,'id_shop;id_currency;id_country;id_group'),(126,44,'id_shop;id_currency;id_country;id_group'),(127,85,'id_shop;id_currency;id_country;id_group'),(129,86,'id_shop;id_currency;id_country;id_group'),(133,87,'id_shop;id_currency;id_country;id_group'),(134,88,'id_shop;id_currency;id_country;id_group'),(137,89,'id_shop;id_currency;id_country;id_group'),(139,90,'id_shop;id_currency;id_country;id_group'),(144,91,'id_shop;id_currency;id_country;id_group'),(148,92,'id_shop;id_currency;id_country;id_group'),(152,93,'id_shop;id_currency;id_country;id_group'),(159,94,'id_shop;id_currency;id_country;id_group'),(161,95,'id_shop;id_currency;id_country;id_group'),(163,97,'id_shop;id_currency;id_country;id_group'),(164,96,'id_shop;id_currency;id_country;id_group'),(165,98,'id_shop;id_currency;id_country;id_group'),(172,99,'id_shop;id_currency;id_country;id_group'),(173,100,'id_shop;id_currency;id_country;id_group'),(176,101,'id_shop;id_currency;id_country;id_group'),(177,102,'id_shop;id_currency;id_country;id_group'),(178,103,'id_shop;id_currency;id_country;id_group'),(179,104,'id_shop;id_currency;id_country;id_group'),(180,105,'id_shop;id_currency;id_country;id_group'),(181,106,'id_shop;id_currency;id_country;id_group'),(182,107,'id_shop;id_currency;id_country;id_group'),(184,108,'id_shop;id_currency;id_country;id_group'),(186,109,'id_shop;id_currency;id_country;id_group'),(188,110,'id_shop;id_currency;id_country;id_group'),(189,111,'id_shop;id_currency;id_country;id_group'),(191,112,'id_shop;id_currency;id_country;id_group'),(193,113,'id_shop;id_currency;id_country;id_group'),(194,114,'id_shop;id_currency;id_country;id_group'),(195,115,'id_shop;id_currency;id_country;id_group'),(196,116,'id_shop;id_currency;id_country;id_group'),(199,117,'id_shop;id_currency;id_country;id_group'),(200,118,'id_shop;id_currency;id_country;id_group'),(203,119,'id_shop;id_currency;id_country;id_group'),(206,120,'id_shop;id_currency;id_country;id_group'),(207,121,'id_shop;id_currency;id_country;id_group'),(209,122,'id_shop;id_currency;id_country;id_group'),(210,123,'id_shop;id_currency;id_country;id_group'),(211,124,'id_shop;id_currency;id_country;id_group'),(212,125,'id_shop;id_currency;id_country;id_group'),(213,126,'id_shop;id_currency;id_country;id_group'),(214,127,'id_shop;id_currency;id_country;id_group'),(215,128,'id_shop;id_currency;id_country;id_group'),(218,129,'id_shop;id_currency;id_country;id_group'),(219,130,'id_shop;id_currency;id_country;id_group'),(221,131,'id_shop;id_currency;id_country;id_group'),(222,132,'id_shop;id_currency;id_country;id_group'),(223,133,'id_shop;id_currency;id_country;id_group'),(224,134,'id_shop;id_currency;id_country;id_group'),(227,135,'id_shop;id_currency;id_country;id_group'),(229,136,'id_shop;id_currency;id_country;id_group'),(230,137,'id_shop;id_currency;id_country;id_group'),(231,138,'id_shop;id_currency;id_country;id_group'),(232,139,'id_shop;id_currency;id_country;id_group'),(234,140,'id_shop;id_currency;id_country;id_group'),(235,141,'id_shop;id_currency;id_country;id_group'),(237,142,'id_shop;id_currency;id_country;id_group'),(238,143,'id_shop;id_currency;id_country;id_group'),(240,144,'id_shop;id_currency;id_country;id_group'),(241,145,'id_shop;id_currency;id_country;id_group'),(242,146,'id_shop;id_currency;id_country;id_group'),(243,147,'id_shop;id_currency;id_country;id_group'),(245,148,'id_shop;id_currency;id_country;id_group'),(247,150,'id_shop;id_currency;id_country;id_group'),(252,151,'id_shop;id_currency;id_country;id_group'),(253,152,'id_shop;id_currency;id_country;id_group'),(256,153,'id_shop;id_currency;id_country;id_group'),(259,154,'id_shop;id_currency;id_country;id_group'),(260,155,'id_shop;id_currency;id_country;id_group'),(261,156,'id_shop;id_currency;id_country;id_group'),(262,157,'id_shop;id_currency;id_country;id_group'),(263,158,'id_shop;id_currency;id_country;id_group'),(264,159,'id_shop;id_currency;id_country;id_group'),(265,160,'id_shop;id_currency;id_country;id_group'),(266,161,'id_shop;id_currency;id_country;id_group'),(267,162,'id_shop;id_currency;id_country;id_group'),(268,163,'id_shop;id_currency;id_country;id_group'),(269,164,'id_shop;id_currency;id_country;id_group'),(270,165,'id_shop;id_currency;id_country;id_group'),(271,166,'id_shop;id_currency;id_country;id_group'),(272,167,'id_shop;id_currency;id_country;id_group'),(273,168,'id_shop;id_currency;id_country;id_group'),(274,169,'id_shop;id_currency;id_country;id_group'),(276,212,'id_shop;id_currency;id_country;id_group'),(277,213,'id_shop;id_currency;id_country;id_group'),(278,214,'id_shop;id_currency;id_country;id_group'),(279,215,'id_shop;id_currency;id_country;id_group'),(280,216,'id_shop;id_currency;id_country;id_group'),(281,217,'id_shop;id_currency;id_country;id_group'),(282,218,'id_shop;id_currency;id_country;id_group'),(283,219,'id_shop;id_currency;id_country;id_group'),(284,220,'id_shop;id_currency;id_country;id_group'),(285,221,'id_shop;id_currency;id_country;id_group'),(286,222,'id_shop;id_currency;id_country;id_group'),(287,223,'id_shop;id_currency;id_country;id_group'),(288,224,'id_shop;id_currency;id_country;id_group'),(289,225,'id_shop;id_currency;id_country;id_group'),(290,226,'id_shop;id_currency;id_country;id_group'),(291,227,'id_shop;id_currency;id_country;id_group'),(293,228,'id_shop;id_currency;id_country;id_group'),(294,229,'id_shop;id_currency;id_country;id_group'),(295,230,'id_shop;id_currency;id_country;id_group'),(296,231,'id_shop;id_currency;id_country;id_group'),(297,232,'id_shop;id_currency;id_country;id_group'),(298,233,'id_shop;id_currency;id_country;id_group'),(299,234,'id_shop;id_currency;id_country;id_group'),(300,235,'id_shop;id_currency;id_country;id_group'),(301,236,'id_shop;id_currency;id_country;id_group'),(302,237,'id_shop;id_currency;id_country;id_group'),(304,238,'id_shop;id_currency;id_country;id_group'),(305,239,'id_shop;id_currency;id_country;id_group'),(306,240,'id_shop;id_currency;id_country;id_group'),(307,241,'id_shop;id_currency;id_country;id_group'),(308,242,'id_shop;id_currency;id_country;id_group'),(309,243,'id_shop;id_currency;id_country;id_group'),(310,244,'id_shop;id_currency;id_country;id_group'),(311,245,'id_shop;id_currency;id_country;id_group'),(312,258,'id_shop;id_currency;id_country;id_group'),(313,259,'id_shop;id_currency;id_country;id_group'),(314,260,'id_shop;id_currency;id_country;id_group'),(315,261,'id_shop;id_currency;id_country;id_group'),(316,262,'id_shop;id_currency;id_country;id_group'),(359,263,'id_shop;id_currency;id_country;id_group'),(469,264,'id_shop;id_currency;id_country;id_group'),(481,265,'id_shop;id_currency;id_country;id_group'),(482,266,'id_shop;id_currency;id_country;id_group'),(484,267,'id_shop;id_currency;id_country;id_group'),(490,268,'id_shop;id_currency;id_country;id_group'),(492,269,'id_shop;id_currency;id_country;id_group'),(494,270,'id_shop;id_currency;id_country;id_group'),(495,271,'id_shop;id_currency;id_country;id_group'),(496,272,'id_shop;id_currency;id_country;id_group'),(497,273,'id_shop;id_currency;id_country;id_group'),(498,274,'id_shop;id_currency;id_country;id_group'),(501,275,'id_shop;id_currency;id_country;id_group'),(502,276,'id_shop;id_currency;id_country;id_group'),(503,277,'id_shop;id_currency;id_country;id_group'),(504,278,'id_shop;id_currency;id_country;id_group'),(505,279,'id_shop;id_currency;id_country;id_group'),(506,280,'id_shop;id_currency;id_country;id_group'),(507,281,'id_shop;id_currency;id_country;id_group'),(508,282,'id_shop;id_currency;id_country;id_group'),(535,283,'id_shop;id_currency;id_country;id_group'),(544,284,'id_shop;id_currency;id_country;id_group'),(646,285,'id_shop;id_currency;id_country;id_group'),(648,286,'id_shop;id_currency;id_country;id_group'),(650,287,'id_shop;id_currency;id_country;id_group'),(652,288,'id_shop;id_currency;id_country;id_group'),(653,289,'id_shop;id_currency;id_country;id_group'),(655,290,'id_shop;id_currency;id_country;id_group'),(668,291,'id_shop;id_currency;id_country;id_group'),(677,320,'id_shop;id_currency;id_country;id_group'),(678,321,'id_shop;id_currency;id_country;id_group'),(679,319,'id_shop;id_currency;id_country;id_group'),(682,322,'id_shop;id_currency;id_country;id_group'),(684,323,'id_shop;id_currency;id_country;id_group'),(694,324,'id_shop;id_currency;id_country;id_group'),(702,312,'id_shop;id_currency;id_country;id_group'),(703,311,'id_shop;id_currency;id_country;id_group'),(704,310,'id_shop;id_currency;id_country;id_group'),(705,305,'id_shop;id_currency;id_country;id_group'),(706,304,'id_shop;id_currency;id_country;id_group'),(708,303,'id_shop;id_currency;id_country;id_group'),(710,301,'id_shop;id_currency;id_country;id_group'),(711,302,'id_shop;id_currency;id_country;id_group'),(712,297,'id_shop;id_currency;id_country;id_group'),(714,300,'id_shop;id_currency;id_country;id_group'),(715,294,'id_shop;id_currency;id_country;id_group'),(716,295,'id_shop;id_currency;id_country;id_group'),(728,325,'id_shop;id_currency;id_country;id_group'),(731,296,'id_shop;id_currency;id_country;id_group'),(732,298,'id_shop;id_currency;id_country;id_group'),(733,293,'id_shop;id_currency;id_country;id_group'),(734,292,'id_shop;id_currency;id_country;id_group'),(735,299,'id_shop;id_currency;id_country;id_group'),(741,306,'id_shop;id_currency;id_country;id_group'),(742,308,'id_shop;id_currency;id_country;id_group'),(743,309,'id_shop;id_currency;id_country;id_group'),(744,307,'id_shop;id_currency;id_country;id_group'),(757,326,'id_shop;id_currency;id_country;id_group'),(758,327,'id_shop;id_currency;id_country;id_group'),(760,328,'id_shop;id_currency;id_country;id_group'),(761,329,'id_shop;id_currency;id_country;id_group'),(762,330,'id_shop;id_currency;id_country;id_group'),(763,331,'id_shop;id_currency;id_country;id_group'),(765,332,'id_shop;id_currency;id_country;id_group'),(767,333,'id_shop;id_currency;id_country;id_group'),(771,334,'id_shop;id_currency;id_country;id_group'),(922,369,'id_shop;id_currency;id_country;id_group'),(923,367,'id_shop;id_currency;id_country;id_group'),(924,366,'id_shop;id_currency;id_country;id_group'),(925,365,'id_shop;id_currency;id_country;id_group'),(926,364,'id_shop;id_currency;id_country;id_group'),(927,363,'id_shop;id_currency;id_country;id_group'),(928,371,'id_shop;id_currency;id_country;id_group'),(931,370,'id_shop;id_currency;id_country;id_group'),(932,335,'id_shop;id_currency;id_country;id_group'),(933,336,'id_shop;id_currency;id_country;id_group'),(934,337,'id_shop;id_currency;id_country;id_group'),(935,338,'id_shop;id_currency;id_country;id_group'),(936,339,'id_shop;id_currency;id_country;id_group'),(938,340,'id_shop;id_currency;id_country;id_group'),(939,341,'id_shop;id_currency;id_country;id_group'),(940,342,'id_shop;id_currency;id_country;id_group'),(942,343,'id_shop;id_currency;id_country;id_group'),(943,344,'id_shop;id_currency;id_country;id_group'),(944,345,'id_shop;id_currency;id_country;id_group'),(945,346,'id_shop;id_currency;id_country;id_group'),(946,347,'id_shop;id_currency;id_country;id_group'),(947,348,'id_shop;id_currency;id_country;id_group'),(949,349,'id_shop;id_currency;id_country;id_group'),(950,350,'id_shop;id_currency;id_country;id_group'),(951,351,'id_shop;id_currency;id_country;id_group'),(952,352,'id_shop;id_currency;id_country;id_group'),(953,353,'id_shop;id_currency;id_country;id_group'),(954,354,'id_shop;id_currency;id_country;id_group'),(955,355,'id_shop;id_currency;id_country;id_group'),(956,356,'id_shop;id_currency;id_country;id_group'),(957,357,'id_shop;id_currency;id_country;id_group'),(958,358,'id_shop;id_currency;id_country;id_group'),(961,372,'id_shop;id_currency;id_country;id_group'),(1054,359,'id_shop;id_currency;id_country;id_group'),(1055,360,'id_shop;id_currency;id_country;id_group'),(1056,361,'id_shop;id_currency;id_country;id_group'),(1057,362,'id_shop;id_currency;id_country;id_group'),(1069,368,'id_shop;id_currency;id_country;id_group'),(1070,373,'id_shop;id_currency;id_country;id_group'),(1071,374,'id_shop;id_currency;id_country;id_group'),(1074,375,'id_shop;id_currency;id_country;id_group'),(1075,376,'id_shop;id_currency;id_country;id_group'),(1076,380,'id_shop;id_currency;id_country;id_group'),(1077,379,'id_shop;id_currency;id_country;id_group'),(1079,378,'id_shop;id_currency;id_country;id_group'),(1080,377,'id_shop;id_currency;id_country;id_group'),(1127,249,'id_shop;id_currency;id_country;id_group'),(1128,254,'id_shop;id_currency;id_country;id_group'),(1129,250,'id_shop;id_currency;id_country;id_group'),(1130,253,'id_shop;id_currency;id_country;id_group'),(1131,252,'id_shop;id_currency;id_country;id_group'),(1132,251,'id_shop;id_currency;id_country;id_group'),(1134,381,'id_shop;id_currency;id_country;id_group'),(1137,382,'id_shop;id_currency;id_country;id_group'),(1138,383,'id_shop;id_currency;id_country;id_group'),(1139,384,'id_shop;id_currency;id_country;id_group'),(1140,385,'id_shop;id_currency;id_country;id_group'),(1141,386,'id_shop;id_currency;id_country;id_group'),(1142,387,'id_shop;id_currency;id_country;id_group'),(1144,388,'id_shop;id_currency;id_country;id_group'),(1145,389,'id_shop;id_currency;id_country;id_group'),(1147,390,'id_shop;id_currency;id_country;id_group'),(1148,391,'id_shop;id_currency;id_country;id_group'),(1149,392,'id_shop;id_currency;id_country;id_group'),(1150,393,'id_shop;id_currency;id_country;id_group'),(1151,394,'id_shop;id_currency;id_country;id_group'),(1152,395,'id_shop;id_currency;id_country;id_group'),(1153,396,'id_shop;id_currency;id_country;id_group'),(1154,397,'id_shop;id_currency;id_country;id_group'),(1155,398,'id_shop;id_currency;id_country;id_group'),(1174,399,'id_shop;id_currency;id_country;id_group'),(1175,400,'id_shop;id_currency;id_country;id_group'),(1176,401,'id_shop;id_currency;id_country;id_group'),(1177,402,'id_shop;id_currency;id_country;id_group'),(1178,403,'id_shop;id_currency;id_country;id_group'),(1179,404,'id_shop;id_currency;id_country;id_group'),(1180,405,'id_shop;id_currency;id_country;id_group'),(1181,406,'id_shop;id_currency;id_country;id_group'),(1183,407,'id_shop;id_currency;id_country;id_group'),(1184,408,'id_shop;id_currency;id_country;id_group'),(1185,409,'id_shop;id_currency;id_country;id_group'),(1186,410,'id_shop;id_currency;id_country;id_group'),(1190,411,'id_shop;id_currency;id_country;id_group'),(1191,412,'id_shop;id_currency;id_country;id_group'),(1192,413,'id_shop;id_currency;id_country;id_group'),(1193,414,'id_shop;id_currency;id_country;id_group'),(1194,415,'id_shop;id_currency;id_country;id_group'),(1195,416,'id_shop;id_currency;id_country;id_group'),(1196,417,'id_shop;id_currency;id_country;id_group'),(1197,418,'id_shop;id_currency;id_country;id_group'),(1198,419,'id_shop;id_currency;id_country;id_group'),(1199,420,'id_shop;id_currency;id_country;id_group'),(1201,421,'id_shop;id_currency;id_country;id_group'),(1202,422,'id_shop;id_currency;id_country;id_group'),(1203,423,'id_shop;id_currency;id_country;id_group'),(1204,424,'id_shop;id_currency;id_country;id_group'),(1205,425,'id_shop;id_currency;id_country;id_group'),(1206,426,'id_shop;id_currency;id_country;id_group'),(1207,427,'id_shop;id_currency;id_country;id_group'),(1209,428,'id_shop;id_currency;id_country;id_group'),(1210,429,'id_shop;id_currency;id_country;id_group'),(1211,431,'id_shop;id_currency;id_country;id_group'),(1212,432,'id_shop;id_currency;id_country;id_group'),(1214,433,'id_shop;id_currency;id_country;id_group'),(1215,434,'id_shop;id_currency;id_country;id_group'),(1216,435,'id_shop;id_currency;id_country;id_group'),(1217,436,'id_shop;id_currency;id_country;id_group'),(1218,437,'id_shop;id_currency;id_country;id_group'),(1219,438,'id_shop;id_currency;id_country;id_group'),(1220,439,'id_shop;id_currency;id_country;id_group'),(1221,440,'id_shop;id_currency;id_country;id_group'),(1222,441,'id_shop;id_currency;id_country;id_group'),(1223,442,'id_shop;id_currency;id_country;id_group'),(1224,443,'id_shop;id_currency;id_country;id_group'),(1225,444,'id_shop;id_currency;id_country;id_group'),(1227,445,'id_shop;id_currency;id_country;id_group'),(1228,446,'id_shop;id_currency;id_country;id_group'),(1229,447,'id_shop;id_currency;id_country;id_group'),(1231,448,'id_shop;id_currency;id_country;id_group'),(1232,450,'id_shop;id_currency;id_country;id_group'),(1233,449,'id_shop;id_currency;id_country;id_group'),(1234,451,'id_shop;id_currency;id_country;id_group'),(1236,452,'id_shop;id_currency;id_country;id_group'),(1237,453,'id_shop;id_currency;id_country;id_group'),(1238,456,'id_shop;id_currency;id_country;id_group'),(1240,457,'id_shop;id_currency;id_country;id_group'),(1242,458,'id_shop;id_currency;id_country;id_group'),(1243,469,'id_shop;id_currency;id_country;id_group'),(1244,470,'id_shop;id_currency;id_country;id_group'),(1245,459,'id_shop;id_currency;id_country;id_group'),(1246,471,'id_shop;id_currency;id_country;id_group'),(1248,468,'id_shop;id_currency;id_country;id_group'),(1250,460,'id_shop;id_currency;id_country;id_group'),(1251,467,'id_shop;id_currency;id_country;id_group'),(1252,466,'id_shop;id_currency;id_country;id_group'),(1253,465,'id_shop;id_currency;id_country;id_group'),(1254,463,'id_shop;id_currency;id_country;id_group'),(1255,464,'id_shop;id_currency;id_country;id_group'),(1256,461,'id_shop;id_currency;id_country;id_group'),(1257,462,'id_shop;id_currency;id_country;id_group'),(1259,455,'id_shop;id_currency;id_country;id_group'),(1260,454,'id_shop;id_currency;id_country;id_group'),(1296,472,'id_shop;id_currency;id_country;id_group'),(1299,473,'id_shop;id_currency;id_country;id_group'),(1360,430,'id_shop;id_currency;id_country;id_group'),(1510,475,'id_shop;id_currency;id_country;id_group'),(1511,476,'id_shop;id_currency;id_country;id_group'),(1512,477,'id_shop;id_currency;id_country;id_group'),(1513,478,'id_shop;id_currency;id_country;id_group'),(1514,479,'id_shop;id_currency;id_country;id_group'),(1516,480,'id_shop;id_currency;id_country;id_group'),(1518,481,'id_shop;id_currency;id_country;id_group'),(1522,482,'id_shop;id_currency;id_country;id_group'),(1527,483,'id_shop;id_currency;id_country;id_group'),(1547,484,'id_shop;id_currency;id_country;id_group'),(1548,485,'id_shop;id_currency;id_country;id_group'),(1549,486,'id_shop;id_currency;id_country;id_group'),(1550,487,'id_shop;id_currency;id_country;id_group'),(1551,488,'id_shop;id_currency;id_country;id_group'),(1552,489,'id_shop;id_currency;id_country;id_group'),(1553,490,'id_shop;id_currency;id_country;id_group'),(1554,491,'id_shop;id_currency;id_country;id_group'),(1556,492,'id_shop;id_currency;id_country;id_group'),(1557,494,'id_shop;id_currency;id_country;id_group'),(1558,495,'id_shop;id_currency;id_country;id_group'),(1559,496,'id_shop;id_currency;id_country;id_group'),(1563,497,'id_shop;id_currency;id_country;id_group'),(1564,498,'id_shop;id_currency;id_country;id_group'),(1565,499,'id_shop;id_currency;id_country;id_group'),(1589,504,'id_shop;id_currency;id_country;id_group'),(1608,493,'id_shop;id_currency;id_country;id_group'),(1630,512,'id_shop;id_currency;id_country;id_group'),(1633,513,'id_shop;id_currency;id_country;id_group'),(1634,500,'id_shop;id_currency;id_country;id_group'),(1638,501,'id_shop;id_currency;id_country;id_group'),(1639,502,'id_shop;id_currency;id_country;id_group'),(1641,503,'id_shop;id_currency;id_country;id_group'),(1642,510,'id_shop;id_currency;id_country;id_group'),(1644,505,'id_shop;id_currency;id_country;id_group'),(1645,511,'id_shop;id_currency;id_country;id_group'),(1648,509,'id_shop;id_currency;id_country;id_group'),(1650,506,'id_shop;id_currency;id_country;id_group'),(1651,514,'id_shop;id_currency;id_country;id_group'),(1653,507,'id_shop;id_currency;id_country;id_group'),(1655,508,'id_shop;id_currency;id_country;id_group'),(1663,515,'id_shop;id_currency;id_country;id_group'),(1730,474,'id_shop;id_currency;id_country;id_group'),(1733,517,'id_shop;id_currency;id_country;id_group'),(1734,518,'id_shop;id_currency;id_country;id_group'),(1736,519,'id_shop;id_currency;id_country;id_group'),(1739,520,'id_shop;id_currency;id_country;id_group'),(1758,521,'id_shop;id_currency;id_country;id_group'),(1759,522,'id_shop;id_currency;id_country;id_group'),(1761,523,'id_shop;id_currency;id_country;id_group'),(1766,524,'id_shop;id_currency;id_country;id_group'),(1767,525,'id_shop;id_currency;id_country;id_group'),(1768,526,'id_shop;id_currency;id_country;id_group'),(1769,527,'id_shop;id_currency;id_country;id_group'),(1770,528,'id_shop;id_currency;id_country;id_group'),(1772,529,'id_shop;id_currency;id_country;id_group'),(1773,530,'id_shop;id_currency;id_country;id_group'),(1774,531,'id_shop;id_currency;id_country;id_group'),(1777,532,'id_shop;id_currency;id_country;id_group'),(1778,533,'id_shop;id_currency;id_country;id_group'),(1779,534,'id_shop;id_currency;id_country;id_group'),(1780,535,'id_shop;id_currency;id_country;id_group'),(1783,536,'id_shop;id_currency;id_country;id_group'),(1784,537,'id_shop;id_currency;id_country;id_group'),(1785,538,'id_shop;id_currency;id_country;id_group'),(1787,539,'id_shop;id_currency;id_country;id_group'),(1788,540,'id_shop;id_currency;id_country;id_group'),(1790,541,'id_shop;id_currency;id_country;id_group'),(1792,542,'id_shop;id_currency;id_country;id_group'),(1794,543,'id_shop;id_currency;id_country;id_group'),(1796,544,'id_shop;id_currency;id_country;id_group'),(1798,545,'id_shop;id_currency;id_country;id_group'),(1799,546,'id_shop;id_currency;id_country;id_group'),(1801,547,'id_shop;id_currency;id_country;id_group'),(1806,548,'id_shop;id_currency;id_country;id_group'),(1807,549,'id_shop;id_currency;id_country;id_group'),(1808,550,'id_shop;id_currency;id_country;id_group'),(1810,551,'id_shop;id_currency;id_country;id_group'),(1812,552,'id_shop;id_currency;id_country;id_group'),(1813,553,'id_shop;id_currency;id_country;id_group'),(1818,554,'id_shop;id_currency;id_country;id_group'),(1819,555,'id_shop;id_currency;id_country;id_group'),(1821,556,'id_shop;id_currency;id_country;id_group'),(1837,557,'id_shop;id_currency;id_country;id_group'),(1838,558,'id_shop;id_currency;id_country;id_group'),(1839,560,'id_shop;id_currency;id_country;id_group');

--
-- Table structure for table `ps_specific_price_rule`
--

CREATE TABLE `ps_specific_price_rule` (
  `id_specific_price_rule` int(10) unsigned NOT NULL AUTO_INCREMENT,
  `name` varchar(255) NOT NULL,
  `id_shop` int(11) unsigned NOT NULL DEFAULT '1',
  `id_currency` int(10) unsigned NOT NULL,
  `id_country` int(10) unsigned NOT NULL,
  `id_group` int(10) unsigned NOT NULL,
  `from_quantity` mediumint(8) unsigned NOT NULL,
  `price` decimal(20,6) DEFAULT NULL,
  `reduction` decimal(20,6) NOT NULL,
  `reduction_tax` tinyint(1) NOT NULL DEFAULT '1',
  `reduction_type` enum('amount','percentage') NOT NULL,
  `from` datetime NOT NULL,
  `to` datetime NOT NULL,
  PRIMARY KEY (`id_specific_price_rule`),
  KEY `id_product` (`id_shop`,`id_currency`,`id_country`,`id_group`,`from_quantity`,`from`,`to`)
) ENGINE=InnoDB DEFAULT CHARSET=utf8;

--
-- Dumping data for table `ps_specific_price_rule`
--


--
-- Table structure for table `ps_specific_price_rule_condition`
--

CREATE TABLE `ps_specific_price_rule_condition` (
  `id_specific_price_rule_condition` int(11) unsigned NOT NULL AUTO_INCREMENT,
  `id_specific_price_rule_condition_group` int(11) unsigned NOT NULL,
  `type` varchar(255) NOT NULL,
  `value` varchar(255) NOT NULL,
  PRIMARY KEY (`id_specific_price_rule_condition`),
  KEY `id_specific_price_rule_condition_group` (`id_specific_price_rule_condition_group`)
) ENGINE=InnoDB DEFAULT CHARSET=utf8;

--
-- Dumping data for table `ps_specific_price_rule_condition`
--


--
-- Table structure for table `ps_specific_price_rule_condition_group`
--

CREATE TABLE `ps_specific_price_rule_condition_group` (
  `id_specific_price_rule_condition_group` int(11) unsigned NOT NULL AUTO_INCREMENT,
  `id_specific_price_rule` int(11) unsigned NOT NULL,
  PRIMARY KEY (`id_specific_price_rule_condition_group`,`id_specific_price_rule`)
) ENGINE=InnoDB DEFAULT CHARSET=utf8;

--
-- Dumping data for table `ps_specific_price_rule_condition_group`
--


--
-- Table structure for table `ps_state`
--

CREATE TABLE `ps_state` (
  `id_state` int(10) unsigned NOT NULL AUTO_INCREMENT,
  `id_country` int(11) unsigned NOT NULL,
  `id_zone` int(11) unsigned NOT NULL,
  `name` varchar(64) NOT NULL,
  `iso_code` varchar(7) NOT NULL,
  `tax_behavior` smallint(1) NOT NULL DEFAULT '0',
  `active` tinyint(1) NOT NULL DEFAULT '0',
  PRIMARY KEY (`id_state`),
  KEY `id_country` (`id_country`),
  KEY `name` (`name`),
  KEY `id_zone` (`id_zone`)
) ENGINE=InnoDB AUTO_INCREMENT=314 DEFAULT CHARSET=utf8;

--
-- Dumping data for table `ps_state`
--

INSERT INTO `ps_state` VALUES (1,21,2,'Alabama','AL',0,1),(2,21,2,'Alaska','AK',0,1),(3,21,2,'Arizona','AZ',0,1),(4,21,2,'Arkansas','AR',0,1),(5,21,2,'California','CA',0,1),(6,21,2,'Colorado','CO',0,1),(7,21,2,'Connecticut','CT',0,1),(8,21,2,'Delaware','DE',0,1),(9,21,2,'Florida','FL',0,1),(10,21,2,'Georgia','GA',0,1),(11,21,2,'Hawaii','HI',0,1),(12,21,2,'Idaho','ID',0,1),(13,21,2,'Illinois','IL',0,1),(14,21,2,'Indiana','IN',0,1),(15,21,2,'Iowa','IA',0,1),(16,21,2,'Kansas','KS',0,1),(17,21,2,'Kentucky','KY',0,1),(18,21,2,'Louisiana','LA',0,1),(19,21,2,'Maine','ME',0,1),(20,21,2,'Maryland','MD',0,1),(21,21,2,'Massachusetts','MA',0,1),(22,21,2,'Michigan','MI',0,1),(23,21,2,'Minnesota','MN',0,1),(24,21,2,'Mississippi','MS',0,1),(25,21,2,'Missouri','MO',0,1),(26,21,2,'Montana','MT',0,1),(27,21,2,'Nebraska','NE',0,1),(28,21,2,'Nevada','NV',0,1),(29,21,2,'New Hampshire','NH',0,1),(30,21,2,'New Jersey','NJ',0,1),(31,21,2,'New Mexico','NM',0,1),(32,21,2,'New York','NY',0,1),(33,21,2,'North Carolina','NC',0,1),(34,21,2,'North Dakota','ND',0,1),(35,21,2,'Ohio','OH',0,1),(36,21,2,'Oklahoma','OK',0,1),(37,21,2,'Oregon','OR',0,1),(38,21,2,'Pennsylvania','PA',0,1),(39,21,2,'Rhode Island','RI',0,1),(40,21,2,'South Carolina','SC',0,1),(41,21,2,'South Dakota','SD',0,1),(42,21,2,'Tennessee','TN',0,1),(43,21,2,'Texas','TX',0,1),(44,21,2,'Utah','UT',0,1),(45,21,2,'Vermont','VT',0,1),(46,21,2,'Virginia','VA',0,1),(47,21,2,'Washington','WA',0,1),(48,21,2,'West Virginia','WV',0,1),(49,21,2,'Wisconsin','WI',0,1),(50,21,2,'Wyoming','WY',0,1),(51,21,2,'Puerto Rico','PR',0,1),(52,21,2,'US Virgin Islands','VI',0,1),(53,21,2,'District of Columbia','DC',0,1),(54,145,2,'Aguascalientes','AGS',0,1),(55,145,2,'Baja California','BCN',0,1),(56,145,2,'Baja California Sur','BCS',0,1),(57,145,2,'Campeche','CAM',0,1),(58,145,2,'Chiapas','CHP',0,1),(59,145,2,'Chihuahua','CHH',0,1),(60,145,2,'Coahuila','COA',0,1),(61,145,2,'Colima','COL',0,1),(62,145,2,'Distrito Federal','DIF',0,1),(63,145,2,'Durango','DUR',0,1),(64,145,2,'Guanajuato','GUA',0,1),(65,145,2,'Guerrero','GRO',0,1),(66,145,2,'Hidalgo','HID',0,1),(67,145,2,'Jalisco','JAL',0,1),(68,145,2,'Estado de México','MEX',0,1),(69,145,2,'Michoacán','MIC',0,1),(70,145,2,'Morelos','MOR',0,1),(71,145,2,'Nayarit','NAY',0,1),(72,145,2,'Nuevo León','NLE',0,1),(73,145,2,'Oaxaca','OAX',0,1),(74,145,2,'Puebla','PUE',0,1),(75,145,2,'Querétaro','QUE',0,1),(76,145,2,'Quintana Roo','ROO',0,1),(77,145,2,'San Luis Potosí','SLP',0,1),(78,145,2,'Sinaloa','SIN',0,1),(79,145,2,'Sonora','SON',0,1),(80,145,2,'Tabasco','TAB',0,1),(81,145,2,'Tamaulipas','TAM',0,1),(82,145,2,'Tlaxcala','TLA',0,1),(83,145,2,'Veracruz','VER',0,1),(84,145,2,'Yucatán','YUC',0,1),(85,145,2,'Zacatecas','ZAC',0,1),(86,4,2,'Ontario','ON',0,1),(87,4,2,'Quebec','QC',0,1),(88,4,2,'British Columbia','BC',0,1),(89,4,2,'Alberta','AB',0,1),(90,4,2,'Manitoba','MB',0,1),(91,4,2,'Saskatchewan','SK',0,1),(92,4,2,'Nova Scotia','NS',0,1),(93,4,2,'New Brunswick','NB',0,1),(94,4,2,'Newfoundland and Labrador','NL',0,1),(95,4,2,'Prince Edward Island','PE',0,1),(96,4,2,'Northwest Territories','NT',0,1),(97,4,2,'Yukon','YT',0,1),(98,4,2,'Nunavut','NU',0,1),(99,44,6,'Buenos Aires','B',0,1),(100,44,6,'Catamarca','K',0,1),(101,44,6,'Chaco','H',0,1),(102,44,6,'Chubut','U',0,1),(103,44,6,'Ciudad de Buenos Aires','C',0,1),(104,44,6,'Córdoba','X',0,1),(105,44,6,'Corrientes','W',0,1),(106,44,6,'Entre Ríos','E',0,1),(107,44,6,'Formosa','P',0,1),(108,44,6,'Jujuy','Y',0,1),(109,44,6,'La Pampa','L',0,1),(110,44,6,'La Rioja','F',0,1),(111,44,6,'Mendoza','M',0,1),(112,44,6,'Misiones','N',0,1),(113,44,6,'Neuquén','Q',0,1),(114,44,6,'Río Negro','R',0,1),(115,44,6,'Salta','A',0,1),(116,44,6,'San Juan','J',0,1),(117,44,6,'San Luis','D',0,1),(118,44,6,'Santa Cruz','Z',0,1),(119,44,6,'Santa Fe','S',0,1),(120,44,6,'Santiago del Estero','G',0,1),(121,44,6,'Tierra del Fuego','V',0,1),(122,44,6,'Tucumán','T',0,1),(123,10,1,'Agrigento','AG',0,1),(124,10,1,'Alessandria','AL',0,1),(125,10,1,'Ancona','AN',0,1),(126,10,1,'Aosta','AO',0,1),(127,10,1,'Arezzo','AR',0,1),(128,10,1,'Ascoli Piceno','AP',0,1),(129,10,1,'Asti','AT',0,1),(130,10,1,'Avellino','AV',0,1),(131,10,1,'Bari','BA',0,1),(132,10,1,'Barletta-Andria-Trani','BT',0,1),(133,10,1,'Belluno','BL',0,1),(134,10,1,'Benevento','BN',0,1),(135,10,1,'Bergamo','BG',0,1),(136,10,1,'Biella','BI',0,1),(137,10,1,'Bologna','BO',0,1),(138,10,1,'Bolzano','BZ',0,1),(139,10,1,'Brescia','BS',0,1),(140,10,1,'Brindisi','BR',0,1),(141,10,1,'Cagliari','CA',0,1),(142,10,1,'Caltanissetta','CL',0,1),(143,10,1,'Campobasso','CB',0,1),(144,10,1,'Carbonia-Iglesias','CI',0,1),(145,10,1,'Caserta','CE',0,1),(146,10,1,'Catania','CT',0,1),(147,10,1,'Catanzaro','CZ',0,1),(148,10,1,'Chieti','CH',0,1),(149,10,1,'Como','CO',0,1),(150,10,1,'Cosenza','CS',0,1),(151,10,1,'Cremona','CR',0,1),(152,10,1,'Crotone','KR',0,1),(153,10,1,'Cuneo','CN',0,1),(154,10,1,'Enna','EN',0,1),(155,10,1,'Fermo','FM',0,1),(156,10,1,'Ferrara','FE',0,1),(157,10,1,'Firenze','FI',0,1),(158,10,1,'Foggia','FG',0,1),(159,10,1,'Forlì-Cesena','FC',0,1),(160,10,1,'Frosinone','FR',0,1),(161,10,1,'Genova','GE',0,1),(162,10,1,'Gorizia','GO',0,1),(163,10,1,'Grosseto','GR',0,1),(164,10,1,'Imperia','IM',0,1),(165,10,1,'Isernia','IS',0,1),(166,10,1,'L\'Aquila','AQ',0,1),(167,10,1,'La Spezia','SP',0,1),(168,10,1,'Latina','LT',0,1),(169,10,1,'Lecce','LE',0,1),(170,10,1,'Lecco','LC',0,1),(171,10,1,'Livorno','LI',0,1),(172,10,1,'Lodi','LO',0,1),(173,10,1,'Lucca','LU',0,1),(174,10,1,'Macerata','MC',0,1),(175,10,1,'Mantova','MN',0,1),(176,10,1,'Massa','MS',0,1),(177,10,1,'Matera','MT',0,1),(178,10,1,'Medio Campidano','VS',0,1),(179,10,1,'Messina','ME',0,1),(180,10,1,'Milano','MI',0,1),(181,10,1,'Modena','MO',0,1),(182,10,1,'Monza e della Brianza','MB',0,1),(183,10,1,'Napoli','NA',0,1),(184,10,1,'Novara','NO',0,1),(185,10,1,'Nuoro','NU',0,1),(186,10,1,'Ogliastra','OG',0,1),(187,10,1,'Olbia-Tempio','OT',0,1),(188,10,1,'Oristano','OR',0,1),(189,10,1,'Padova','PD',0,1),(190,10,1,'Palermo','PA',0,1),(191,10,1,'Parma','PR',0,1),(192,10,1,'Pavia','PV',0,1),(193,10,1,'Perugia','PG',0,1),(194,10,1,'Pesaro-Urbino','PU',0,1),(195,10,1,'Pescara','PE',0,1),(196,10,1,'Piacenza','PC',0,1),(197,10,1,'Pisa','PI',0,1),(198,10,1,'Pistoia','PT',0,1),(199,10,1,'Pordenone','PN',0,1),(200,10,1,'Potenza','PZ',0,1),(201,10,1,'Prato','PO',0,1),(202,10,1,'Ragusa','RG',0,1),(203,10,1,'Ravenna','RA',0,1),(204,10,1,'Reggio Calabria','RC',0,1),(205,10,1,'Reggio Emilia','RE',0,1),(206,10,1,'Rieti','RI',0,1),(207,10,1,'Rimini','RN',0,1),(208,10,1,'Roma','RM',0,1),(209,10,1,'Rovigo','RO',0,1),(210,10,1,'Salerno','SA',0,1),(211,10,1,'Sassari','SS',0,1),(212,10,1,'Savona','SV',0,1),(213,10,1,'Siena','SI',0,1),(214,10,1,'Siracusa','SR',0,1),(215,10,1,'Sondrio','SO',0,1),(216,10,1,'Taranto','TA',0,1),(217,10,1,'Teramo','TE',0,1),(218,10,1,'Terni','TR',0,1),(219,10,1,'Torino','TO',0,1),(220,10,1,'Trapani','TP',0,1),(221,10,1,'Trento','TN',0,1),(222,10,1,'Treviso','TV',0,1),(223,10,1,'Trieste','TS',0,1),(224,10,1,'Udine','UD',0,1),(225,10,1,'Varese','VA',0,1),(226,10,1,'Venezia','VE',0,1),(227,10,1,'Verbano-Cusio-Ossola','VB',0,1),(228,10,1,'Vercelli','VC',0,1),(229,10,1,'Verona','VR',0,1),(230,10,1,'Vibo Valentia','VV',0,1),(231,10,1,'Vicenza','VI',0,1),(232,10,1,'Viterbo','VT',0,1),(233,111,3,'Aceh','AC',0,1),(234,111,3,'Bali','BA',0,1),(235,111,3,'Bangka','BB',0,1),(236,111,3,'Banten','BT',0,1),(237,111,3,'Bengkulu','BE',0,1),(238,111,3,'Central Java','JT',0,1),(239,111,3,'Central Kalimantan','KT',0,1),(240,111,3,'Central Sulawesi','ST',0,1),(241,111,3,'Coat of arms of East Java','JI',0,1),(242,111,3,'East kalimantan','KI',0,1),(243,111,3,'East Nusa Tenggara','NT',0,1),(244,111,3,'Lambang propinsi','GO',0,1),(245,111,3,'Jakarta','JK',0,1),(246,111,3,'Jambi','JA',0,1),(247,111,3,'Lampung','LA',0,1),(248,111,3,'Maluku','MA',0,1),(249,111,3,'North Maluku','MU',0,1),(250,111,3,'North Sulawesi','SA',0,1),(251,111,3,'North Sumatra','SU',0,1),(252,111,3,'Papua','PA',0,1),(253,111,3,'Riau','RI',0,1),(254,111,3,'Lambang Riau','KR',0,1),(255,111,3,'Southeast Sulawesi','SG',0,1),(256,111,3,'South Kalimantan','KS',0,1),(257,111,3,'South Sulawesi','SN',0,1),(258,111,3,'South Sumatra','SS',0,1),(259,111,3,'West Java','JB',0,1),(260,111,3,'West Kalimantan','KB',0,1),(261,111,3,'West Nusa Tenggara','NB',0,1),(262,111,3,'Lambang Provinsi Papua Barat','PB',0,1),(263,111,3,'West Sulawesi','SR',0,1),(264,111,3,'West Sumatra','SB',0,1),(265,111,3,'Yogyakarta','YO',0,1),(266,11,3,'Aichi','23',0,1),(267,11,3,'Akita','05',0,1),(268,11,3,'Aomori','02',0,1),(269,11,3,'Chiba','12',0,1),(270,11,3,'Ehime','38',0,1),(271,11,3,'Fukui','18',0,1),(272,11,3,'Fukuoka','40',0,1),(273,11,3,'Fukushima','07',0,1),(274,11,3,'Gifu','21',0,1),(275,11,3,'Gunma','10',0,1),(276,11,3,'Hiroshima','34',0,1),(277,11,3,'Hokkaido','01',0,1),(278,11,3,'Hyogo','28',0,1),(279,11,3,'Ibaraki','08',0,1),(280,11,3,'Ishikawa','17',0,1),(281,11,3,'Iwate','03',0,1),(282,11,3,'Kagawa','37',0,1),(283,11,3,'Kagoshima','46',0,1),(284,11,3,'Kanagawa','14',0,1),(285,11,3,'Kochi','39',0,1),(286,11,3,'Kumamoto','43',0,1),(287,11,3,'Kyoto','26',0,1),(288,11,3,'Mie','24',0,1),(289,11,3,'Miyagi','04',0,1),(290,11,3,'Miyazaki','45',0,1),(291,11,3,'Nagano','20',0,1),(292,11,3,'Nagasaki','42',0,1),(293,11,3,'Nara','29',0,1),(294,11,3,'Niigata','15',0,1),(295,11,3,'Oita','44',0,1),(296,11,3,'Okayama','33',0,1),(297,11,3,'Okinawa','47',0,1),(298,11,3,'Osaka','27',0,1),(299,11,3,'Saga','41',0,1),(300,11,3,'Saitama','11',0,1),(301,11,3,'Shiga','25',0,1),(302,11,3,'Shimane','32',0,1),(303,11,3,'Shizuoka','22',0,1),(304,11,3,'Tochigi','09',0,1),(305,11,3,'Tokushima','36',0,1),(306,11,3,'Tokyo','13',0,1),(307,11,3,'Tottori','31',0,1),(308,11,3,'Toyama','16',0,1),(309,11,3,'Wakayama','30',0,1),(310,11,3,'Yamagata','06',0,1),(311,11,3,'Yamaguchi','35',0,1),(312,11,3,'Yamanashi','19',0,1),(313,10,1,'Sud Sardegna','SU',0,1);

--
-- Table structure for table `ps_statssearch`
--

CREATE TABLE `ps_statssearch` (
  `id_statssearch` int(10) unsigned NOT NULL AUTO_INCREMENT,
  `id_shop` int(10) unsigned NOT NULL DEFAULT '1',
  `id_shop_group` int(10) unsigned NOT NULL DEFAULT '1',
  `keywords` varchar(255) NOT NULL,
  `results` int(6) NOT NULL DEFAULT '0',
  `date_add` datetime NOT NULL,
  PRIMARY KEY (`id_statssearch`)
) ENGINE=InnoDB AUTO_INCREMENT=713 DEFAULT CHARSET=utf8;

--
-- Dumping data for table `ps_statssearch`
--

INSERT INTO `ps_statssearch` VALUES (1,1,1,'125',5,'2016-02-29 21:54:03'),(2,1,1,'125',5,'2016-02-29 21:54:05'),(3,1,1,'125 ',5,'2016-02-29 21:54:11'),(4,1,1,'123',5,'2016-02-29 21:55:46'),(5,1,1,'123 ',5,'2016-02-29 21:55:46'),(6,1,1,'829',0,'2016-02-29 21:57:59'),(7,1,1,'526 ',4,'2016-02-29 21:58:00'),(8,1,1,'*85',0,'2016-02-29 21:59:26'),(9,1,1,'985 ',5,'2016-02-29 21:59:30'),(10,1,1,'980',5,'2016-02-29 22:00:58'),(11,1,1,'980 ',5,'2016-02-29 22:00:59'),(12,1,1,'900 ',5,'2016-02-29 22:03:41'),(13,1,1,'900',5,'2016-02-29 22:03:41'),(14,1,1,'985',5,'2016-02-29 22:05:04'),(15,1,1,'rj4',1,'2016-03-24 16:48:56'),(16,1,1,'RJ',0,'2016-03-24 16:48:57'),(17,1,1,'rj4',1,'2016-03-24 16:49:00'),(18,1,1,'microsoft ',1,'2016-03-25 04:21:14'),(19,1,1,'microsoft ',1,'2016-03-25 04:23:48'),(20,1,1,'microsoft ',1,'2016-03-25 04:24:11'),(21,1,1,'endoscopica',0,'2016-03-31 17:18:02'),(22,1,1,'endoscopi',0,'2016-03-31 17:18:09'),(23,1,1,'telecamera',2,'2016-03-31 17:18:14'),(24,1,1,'android',4,'2016-03-31 17:19:22'),(25,1,1,'android',4,'2016-03-31 17:19:41'),(26,1,1,'camera',3,'2016-03-31 17:19:44'),(27,1,1,'camera',3,'2016-03-31 17:20:21'),(28,1,1,'endoscop',0,'2016-03-31 17:20:23'),(29,1,1,'endoscopi',0,'2016-03-31 17:20:24'),(30,1,1,'endoscopio',0,'2016-03-31 17:20:29'),(31,1,1,'endoscopio',0,'2016-03-31 17:20:34'),(32,1,1,'endoscopio',0,'2016-03-31 17:24:42'),(33,1,1,'microcamera',0,'2016-03-31 17:24:45'),(34,1,1,'micr',10,'2016-03-31 17:26:30'),(35,1,1,'micro',10,'2016-03-31 17:26:30'),(36,1,1,'micro ca',10,'2016-03-31 17:26:32'),(37,1,1,'micro came',2,'2016-03-31 17:26:33'),(38,1,1,'micro camer',2,'2016-03-31 17:26:33'),(39,1,1,'Micro camera usb per android smartphone pc endoscopio samsung cellulare led',1,'2016-03-31 17:26:39'),(40,1,1,'micro camera',2,'2016-03-31 17:27:16'),(41,1,1,'micro',10,'2016-03-31 17:57:16'),(42,1,1,'micro u',10,'2016-03-31 17:57:17'),(43,1,1,'micro us',10,'2016-03-31 17:57:18'),(44,1,1,'micro usb',4,'2016-03-31 17:57:20'),(45,1,1,'micro usb endosco',1,'2016-03-31 17:57:26'),(46,1,1,'micro usb endoscopio',1,'2016-03-31 17:57:27'),(47,1,1,'Micro camera usb per android smartphone pc endoscopio samsung cellulare led',1,'2016-03-31 17:57:34'),(48,1,1,'Micro camera usb per android smartphone pc endoscopio samsung cellulare led',1,'2016-03-31 17:57:38'),(49,1,1,'micro',10,'2016-04-01 00:13:45'),(50,1,1,'microca',0,'2016-04-01 00:13:53'),(51,1,1,'microca',0,'2016-04-01 00:13:55'),(52,1,1,'microca',0,'2016-04-01 00:13:55'),(53,1,1,'endo',1,'2016-04-01 00:13:57'),(54,1,1,'endos',1,'2016-04-01 00:13:58'),(55,1,1,'Micro camera usb per android smartphone pc endoscopio samsung cellulare led',1,'2016-04-01 00:14:02'),(56,1,1,'drone',1,'2016-04-01 18:09:46'),(57,1,1,'DRONE',1,'2016-04-01 18:09:48'),(58,1,1,'telecamer',3,'2016-04-01 18:13:23'),(59,1,1,'telecamerau',0,'2016-04-01 18:13:24'),(60,1,1,'telecamerau',0,'2016-04-01 18:13:25'),(61,1,1,'TELECAMERAu',0,'2016-04-01 18:13:25'),(62,1,1,'telecamera',2,'2016-04-01 18:13:31'),(63,1,1,'TELECAMERA',2,'2016-04-01 18:13:32'),(64,1,1,'telecamera',2,'2016-04-01 18:13:39'),(65,1,1,'dro',1,'2016-04-01 19:43:07'),(66,1,1,'droni',0,'2016-04-01 19:43:07'),(67,1,1,'droni',0,'2016-04-01 19:43:10'),(68,1,1,'dron',1,'2016-04-01 19:43:17'),(69,1,1,'drone',1,'2016-04-01 19:43:17'),(70,1,1,'drone',1,'2016-04-01 19:43:20'),(71,1,1,'go p',0,'2016-04-02 16:25:18'),(72,1,1,'go pr',0,'2016-04-02 16:25:19'),(73,1,1,'go pro ',38,'2016-04-02 16:25:21'),(74,1,1,'ssdf',0,'2016-04-13 10:07:54'),(75,1,1,'ssd',7,'2016-04-13 10:07:56'),(76,1,1,'ssd',7,'2016-04-13 10:07:57'),(77,1,1,'ssd',7,'2016-04-13 10:08:29'),(78,1,1,'ssd',7,'2016-04-13 10:08:29'),(79,1,1,'hd',0,'2016-04-13 10:08:32'),(80,1,1,'hard ',10,'2016-04-13 10:08:39'),(81,1,1,'113',1,'2016-04-13 12:00:12'),(82,1,1,'buzzer',2,'2016-04-13 20:04:34'),(83,1,1,'buzzer',2,'2016-04-13 20:04:34'),(84,1,1,'S3',0,'2016-04-14 21:54:21'),(85,1,1,'lumia 619',0,'2016-04-14 21:54:29'),(86,1,1,'lumia 61',5,'2016-04-14 21:54:29'),(87,1,1,'LUMIA 610',0,'2016-04-14 21:54:30'),(88,1,1,'lumia 610',0,'2016-04-14 21:54:30'),(89,1,1,'lumia ',5,'2016-04-14 21:54:34'),(90,1,1,'LUMIA ',5,'2016-04-14 21:54:34'),(91,1,1,'LUMIA ',5,'2016-04-14 21:56:45'),(92,1,1,'cassa s',7,'2016-04-16 16:45:21'),(93,1,1,'cassa s6',7,'2016-04-16 16:45:21'),(94,1,1,'cassa s6 ',7,'2016-04-16 16:45:22'),(95,1,1,'lenovo',0,'2016-04-19 12:18:18'),(96,1,1,'lenovo',0,'2016-04-19 12:18:20'),(97,1,1,'i93',2,'2016-04-26 18:42:06'),(98,1,1,'i9300',2,'2016-04-26 18:42:06'),(99,1,1,'i9300',2,'2016-04-26 18:42:07'),(100,1,1,'i9300',2,'2016-04-26 18:42:11'),(101,1,1,'iphon',10,'2016-04-26 18:42:13'),(102,1,1,'iphone 5',10,'2016-04-26 18:42:14'),(103,1,1,'iphone 5',15,'2016-04-26 18:42:14'),(104,1,1,'carica iphone 5',6,'2016-04-26 18:42:21'),(105,1,1,'carica iphone 5',6,'2016-04-26 18:42:21'),(106,1,1,'ipho',10,'2016-05-03 21:48:22'),(107,1,1,'iphon',10,'2016-05-03 21:48:23'),(108,1,1,'iphone ',10,'2016-05-03 21:48:24'),(109,1,1,'iphone 6 ',10,'2016-05-03 21:48:25'),(110,1,1,'iphone 6 ',15,'2016-05-03 21:48:26'),(111,1,1,'iphone 6 ',15,'2016-05-03 21:48:41'),(112,1,1,'displ',10,'2016-05-03 21:51:26'),(113,1,1,'display',10,'2016-05-03 21:51:27'),(114,1,1,'display iphone',1,'2016-05-03 21:51:28'),(115,1,1,'Display iphone',1,'2016-05-03 21:51:28'),(116,1,1,'iphone',10,'2016-05-03 21:55:47'),(117,1,1,'iPhone',15,'2016-05-03 21:55:48'),(118,1,1,'iphone ',10,'2016-05-04 18:53:57'),(119,1,1,'iPhone 5',15,'2016-05-04 18:53:58'),(120,1,1,'iPhone 5',15,'2016-05-04 18:54:09'),(121,1,1,'iPhone 5',15,'2016-05-04 18:54:18'),(122,1,1,'Display ',10,'2016-05-04 18:54:35'),(123,1,1,'p31',2,'2016-05-05 16:46:36'),(124,1,1,'S4',0,'2016-05-06 14:42:26'),(125,1,1,'vetro v',10,'2016-05-09 00:17:37'),(126,1,1,'vetro ve',10,'2016-05-09 00:17:38'),(127,1,1,'vetro vetr',10,'2016-05-09 00:17:39'),(128,1,1,'vetro vetri',10,'2016-05-09 00:17:40'),(129,1,1,'vetro vetrino',10,'2016-05-09 00:17:41'),(130,1,1,'vetro vetrino ',10,'2016-05-09 00:17:41'),(131,1,1,'vetro vetrino fot',3,'2016-05-09 00:17:50'),(132,1,1,'vetro vetrino fotocamera ',3,'2016-05-09 00:17:51'),(133,1,1,'vetro vetrino fotocamera po',3,'2016-05-09 00:17:53'),(134,1,1,'vetro vetrino fotocamera posteriore ',3,'2016-05-09 00:17:55'),(135,1,1,'vetro vetrino fotocamera posteriore samsung ',3,'2016-05-09 00:17:56'),(136,1,1,'vetro vetrino fotocamera posteriore samsung galaxy ',3,'2016-05-09 00:17:56'),(137,1,1,'vetro vetrino fotocamera posteriore samsung galaxy s ',3,'2016-05-09 00:17:57'),(138,1,1,'vetro vetrino fotocamera posteriore samsung galaxy s 6',3,'2016-05-09 00:17:58'),(139,1,1,'vetro vetrino fotocamera posteriore samsung galaxy s 6 ',3,'2016-05-09 00:17:59'),(140,1,1,'vetro vetrino fotocamera posteriore samsung galaxy s 6 pl',3,'2016-05-09 00:18:00'),(141,1,1,'vetro vetrino fotocamera posteriore samsung galaxy s 6 plat',0,'2016-05-09 00:18:01'),(142,1,1,'Vetro vetrino fotocamera posteriore samsung galaxy s 6 platino',0,'2016-05-09 00:18:03'),(143,1,1,'grand neo',1,'2016-05-09 19:14:55'),(144,1,1,'s4 s',0,'2016-05-10 12:31:32'),(145,1,1,'s4 si',0,'2016-05-10 12:31:32'),(146,1,1,'s4 sim',12,'2016-05-10 12:31:35'),(147,1,1,'LCD Samsung Galaxy J1',0,'2016-05-13 19:13:34'),(148,1,1,'iphone ',10,'2016-05-15 12:51:22'),(149,1,1,'iphone 5',10,'2016-05-15 12:51:22'),(150,1,1,'iphone 5c',10,'2016-05-15 12:51:23'),(151,1,1,'Iphone 5c',26,'2016-05-15 12:51:24'),(152,1,1,'Iphone 5c',26,'2016-05-15 12:51:40'),(153,1,1,'Iphone 5c',26,'2016-05-15 12:52:01'),(154,1,1,'Iphone 5c',26,'2016-05-15 12:52:20'),(155,1,1,'fotocamera iphone ',2,'2016-05-15 13:05:50'),(156,1,1,'fotocamera iphone 5',2,'2016-05-15 13:05:51'),(157,1,1,'4s',0,'2016-05-17 18:05:52'),(158,1,1,'iphone 4',10,'2016-05-17 18:06:01'),(159,1,1,'iphone 4s',10,'2016-05-17 18:06:02'),(160,1,1,'iphone 4s',26,'2016-05-17 18:06:02'),(161,1,1,'iphone 4s',26,'2016-05-17 18:06:23'),(162,1,1,'s5',0,'2016-05-18 12:11:40'),(163,1,1,'s5',0,'2016-05-18 12:11:41'),(164,1,1,'display ',10,'2016-05-18 13:09:26'),(165,1,1,'display iphone ',1,'2016-05-18 13:09:29'),(166,1,1,'DISPLAY IPHONE ',1,'2016-05-18 13:09:30'),(167,1,1,'display iphone ',1,'2016-05-18 13:09:35'),(168,1,1,'display iphone',1,'2016-05-18 13:09:38'),(169,1,1,'display ',10,'2016-05-18 13:09:39'),(170,1,1,'g900',10,'2016-05-18 13:23:32'),(171,1,1,'G900',13,'2016-05-18 13:23:32'),(172,1,1,'G900',13,'2016-05-18 13:23:40'),(173,1,1,'iphone 5c',10,'2016-05-18 19:09:19'),(174,1,1,'IPHONE 5C',26,'2016-05-18 19:09:20'),(175,1,1,'IPHONE 5C',26,'2016-05-18 19:09:45'),(176,1,1,'smart',10,'2016-05-20 19:05:37'),(177,1,1,'smart ',10,'2016-05-20 19:05:38'),(178,1,1,'smart pr',10,'2016-05-20 19:05:39'),(179,1,1,'smart prim',0,'2016-05-20 19:05:40'),(180,1,1,'smart prime',0,'2016-05-20 19:05:41'),(181,1,1,'smart prim',0,'2016-05-20 19:06:04'),(182,1,1,'vf-',0,'2016-05-20 19:06:09'),(183,1,1,'vf-9',0,'2016-05-20 19:06:12'),(184,1,1,'vf-',0,'2016-05-20 19:06:13'),(185,1,1,'vf-89',0,'2016-05-20 19:06:14'),(186,1,1,'vf-895',1,'2016-05-20 19:06:16'),(187,1,1,'vf-895n',0,'2016-05-20 19:06:17'),(188,1,1,'vf-895n',0,'2016-05-20 19:06:17'),(189,1,1,'4s',0,'2016-05-20 23:43:46'),(190,1,1,'lente fotocamera',9,'2016-05-23 15:39:02'),(191,1,1,'lente fotocamera',9,'2016-05-23 15:39:02'),(192,1,1,'lente fotocamera',9,'2016-05-23 16:34:22'),(193,1,1,'lente fotocamera',9,'2016-05-23 16:34:22'),(194,1,1,'flat 4s',10,'2016-05-23 17:30:14'),(195,1,1,'flat 4s',38,'2016-05-23 17:30:26'),(196,1,1,'tappo',1,'2016-05-25 16:07:34'),(197,1,1,'Flat flex plug carica dati per samsung galaxy s5 ',0,'2016-05-30 09:57:59'),(198,1,1,'sam',10,'2016-06-06 16:46:37'),(199,1,1,'samsung a',10,'2016-06-06 16:46:38'),(200,1,1,'samsung a5',56,'2016-06-06 16:46:39'),(201,1,1,'samsung a5',56,'2016-06-06 16:46:52'),(202,1,1,'len',10,'2016-06-08 07:33:49'),(203,1,1,'lent',10,'2016-06-08 07:33:49'),(204,1,1,'lente',10,'2016-06-08 07:33:50'),(205,1,1,'lente ',10,'2016-06-08 07:33:51'),(206,1,1,'lente v',10,'2016-06-08 07:33:53'),(207,1,1,'lente vetr',10,'2016-06-08 07:33:54'),(208,1,1,'lente vetrino',10,'2016-06-08 07:33:55'),(209,1,1,'lente vetrino ',10,'2016-06-08 07:33:56'),(210,1,1,'lente vetrino w',10,'2016-06-08 07:34:03'),(211,1,1,'lente vetrino wi',10,'2016-06-08 07:34:04'),(212,1,1,'lente vetrino wik',0,'2016-06-08 07:34:05'),(213,1,1,'lente vetrino wiko',0,'2016-06-08 07:34:05'),(214,1,1,'lente vetrino wiko ',0,'2016-06-08 07:34:07'),(215,1,1,'lente vetrino wiko r',0,'2016-06-08 07:34:08'),(216,1,1,'lente vetrino wiko ra',0,'2016-06-08 07:34:09'),(217,1,1,'lente vetrino wiko rain',0,'2016-06-08 07:34:10'),(218,1,1,'lente vetrino wiko rainbo',0,'2016-06-08 07:34:12'),(219,1,1,'lente vetrino wiko rainbow',0,'2016-06-08 07:34:15'),(220,1,1,'FANLESS',3,'2016-06-11 23:13:32'),(221,1,1,'FANLESS',3,'2016-06-12 00:24:04'),(222,1,1,'FANLESS',3,'2016-06-12 00:29:36'),(223,1,1,'FANLESS',3,'2016-06-12 00:30:54'),(224,1,1,'wii',0,'2016-06-15 15:46:57'),(225,1,1,'wifi',10,'2016-06-15 15:46:58'),(226,1,1,'WIFI',16,'2016-06-15 15:46:59'),(227,1,1,'wifi',10,'2016-06-15 15:49:12'),(228,1,1,'WIFI',16,'2016-06-15 15:49:12'),(229,1,1,'antenna s3',7,'2016-06-15 15:52:28'),(230,1,1,'antenna s3u',0,'2016-06-15 15:52:28'),(231,1,1,'antenna s3',7,'2016-06-15 15:52:29'),(232,1,1,'wifi',10,'2016-06-15 16:02:54'),(233,1,1,'antenn',7,'2016-06-15 16:02:56'),(234,1,1,'antenna',7,'2016-06-15 16:02:57'),(235,1,1,'ANTENNA S3',7,'2016-06-15 16:03:04'),(236,1,1,'antenna s3',7,'2016-06-15 16:03:04'),(237,1,1,'a3',0,'2016-06-15 16:28:13'),(238,1,1,'antenna s3',7,'2016-06-15 16:28:16'),(239,1,1,'antenna s3',7,'2016-06-15 16:28:16'),(240,1,1,'A3',0,'2016-06-15 16:28:16'),(241,1,1,'on off a3',10,'2016-06-15 16:28:19'),(242,1,1,'on off a3',25,'2016-06-15 16:28:20'),(243,1,1,'acce',10,'2016-06-15 16:28:25'),(244,1,1,'accensione',4,'2016-06-15 16:28:26'),(245,1,1,'buzzer ',10,'2016-06-15 16:30:43'),(246,1,1,'buzzer g3',10,'2016-06-15 16:30:44'),(247,1,1,'buzzer g3',11,'2016-06-15 16:30:44'),(248,1,1,'speaker s',10,'2016-06-15 16:31:59'),(249,1,1,'speaker s6',10,'2016-06-15 16:31:59'),(250,1,1,'speaker s6',13,'2016-06-15 16:32:00'),(251,1,1,'speaker s6',13,'2016-06-15 16:32:13'),(252,1,1,'suoneria s6',10,'2016-06-15 16:32:23'),(253,1,1,'suoneria s6',10,'2016-06-15 16:32:23'),(254,1,1,'anteriore',5,'2016-06-15 16:35:31'),(255,1,1,'anteriore ',5,'2016-06-15 16:35:31'),(256,1,1,'anteriore g',5,'2016-06-15 16:35:34'),(257,1,1,'anteriore g2',5,'2016-06-15 16:35:34'),(258,1,1,'anteriore g2',5,'2016-06-15 16:35:35'),(259,1,1,'anteriore lg g2',5,'2016-06-15 16:35:53'),(260,1,1,'anteriore lg g2',5,'2016-06-15 16:35:53'),(261,1,1,'anteriore lg g2 d',5,'2016-06-15 16:36:11'),(262,1,1,'anteriore lg g2 d800',0,'2016-06-15 16:36:12'),(263,1,1,'anteriore lg g2 d800',0,'2016-06-15 16:36:13'),(264,1,1,'anteriored800',0,'2016-06-15 16:36:18'),(265,1,1,'anteriore d800',0,'2016-06-15 16:36:19'),(266,1,1,'fotocamera ',10,'2016-06-15 16:36:26'),(267,1,1,'fotocamera lg',10,'2016-06-15 16:36:28'),(268,1,1,'fotocamera lg',22,'2016-06-15 16:36:28'),(269,1,1,'fotocamera lg',22,'2016-06-15 16:36:40'),(270,1,1,'accensios3ne',0,'2016-06-15 17:15:32'),(271,1,1,'ACCENSIOS3NE',0,'2016-06-15 17:15:32'),(272,1,1,'S3',0,'2016-06-15 17:15:37'),(273,1,1,'antenna',7,'2016-06-15 17:15:43'),(274,1,1,'FANLESS',3,'2016-06-16 14:35:20'),(275,1,1,'FANLESS',3,'2016-06-16 16:14:37'),(276,1,1,'i9505',7,'2016-06-16 17:56:27'),(277,1,1,'i9505',7,'2016-06-16 17:56:27'),(278,1,1,'t110',2,'2016-06-17 12:35:25'),(279,1,1,'T110',2,'2016-06-17 12:35:25'),(280,1,1,'t11',6,'2016-06-21 09:44:00'),(281,1,1,'t116',2,'2016-06-21 09:44:00'),(282,1,1,'T116',2,'2016-06-21 09:44:01'),(283,1,1,'fanless',3,'2016-06-21 12:59:32'),(284,1,1,'fanless',3,'2016-06-21 12:59:38'),(285,1,1,'fanless',3,'2016-06-21 13:00:44'),(286,1,1,'fanless',3,'2016-06-21 13:00:44'),(287,1,1,'fanles',3,'2016-06-21 13:00:51'),(288,1,1,'fanles',3,'2016-06-21 13:00:52'),(289,1,1,'fanless',3,'2016-06-21 13:01:00'),(290,1,1,'fanless',3,'2016-06-21 13:01:01'),(291,1,1,'fanles',3,'2016-06-21 13:01:05'),(292,1,1,'fanless',3,'2016-06-21 13:02:27'),(293,1,1,'MINI PC DESKTOP FANLESS MINI ITX QUAD CORE SSD 240GB 8GB RAM FISSO ASSEMBLATO',1,'2016-06-21 13:02:49'),(294,1,1,'lg ',0,'2016-06-21 19:35:02'),(295,1,1,'lg p',0,'2016-06-21 19:35:03'),(296,1,1,'lg p760',0,'2016-06-21 19:35:05'),(297,1,1,'lg p760',0,'2016-06-21 19:35:05'),(298,1,1,'330',7,'2016-06-25 12:59:15'),(299,1,1,'300',10,'2016-06-25 12:59:21'),(300,1,1,'300',11,'2016-06-25 12:59:23'),(301,1,1,'300f',0,'2016-06-25 12:59:36'),(302,1,1,'300f',0,'2016-06-25 12:59:37'),(303,1,1,'300f',0,'2016-06-25 13:00:09'),(304,1,1,'s300f',0,'2016-06-25 13:00:10'),(305,1,1,'sm 300f',0,'2016-06-25 13:00:12'),(306,1,1,'sm a300f',4,'2016-06-25 13:00:13'),(307,1,1,'sm a300f',4,'2016-06-25 13:00:13'),(308,1,1,'a5',0,'2016-06-28 18:13:33'),(309,1,1,'sams',10,'2016-06-28 18:13:40'),(310,1,1,'samsung a',10,'2016-06-28 18:13:41'),(311,1,1,'samsung a5',10,'2016-06-28 18:13:42'),(312,1,1,'samsung a5',77,'2016-06-28 18:13:42'),(313,1,1,'samsung a5',77,'2016-06-28 18:13:51'),(314,1,1,'samsung a5',77,'2016-06-28 18:13:58'),(315,1,1,'samsung a5',77,'2016-06-28 18:14:06'),(316,1,1,'samsung a5',77,'2016-06-28 18:14:14'),(317,1,1,'3d',0,'2016-06-29 23:36:36'),(318,1,1,'t111',1,'2016-07-01 17:52:26'),(319,1,1,'t111',1,'2016-07-01 17:52:26'),(320,1,1,'digiya',0,'2016-07-02 00:29:41'),(321,1,1,'digitale ',3,'2016-07-02 00:29:42'),(322,1,1,'Digitale ',3,'2016-07-02 00:29:44'),(323,1,1,'Digitale ',3,'2016-07-02 00:29:47'),(324,1,1,'FLAT FLEX CONNETTORE CARICA DOCK DI RICARICA SAMSUNG GALAXY S6 EDGE  PLUS ',0,'2016-07-03 11:57:50'),(325,1,1,'sm-',0,'2016-07-04 13:10:54'),(326,1,1,'sm-t',0,'2016-07-04 13:10:55'),(327,1,1,'SM-T111',1,'2016-07-04 13:10:58'),(328,1,1,'t311',2,'2016-07-05 17:40:36'),(329,1,1,'t311',2,'2016-07-05 17:40:36'),(330,1,1,'fone',0,'2016-07-06 21:16:51'),(331,1,1,'fonepad',0,'2016-07-06 21:16:52'),(332,1,1,'fotocamera ip',10,'2016-07-07 19:08:24'),(333,1,1,'fotocamera iphone 5',3,'2016-07-07 19:08:25'),(334,1,1,'fotocamera iphone 5',3,'2016-07-07 19:08:27'),(335,1,1,'adesivo ',2,'2016-07-08 09:28:27'),(336,1,1,'adesivo sm',2,'2016-07-08 09:28:27'),(337,1,1,'adesivo sm-',2,'2016-07-08 09:28:28'),(338,1,1,'adesivo sm-t805',0,'2016-07-08 09:28:31'),(339,1,1,'adesivo sm-t805',0,'2016-07-08 09:28:31'),(340,1,1,'i940',0,'2016-07-11 08:49:57'),(341,1,1,'i9500',9,'2016-07-11 08:50:00'),(342,1,1,'i9500',9,'2016-07-11 08:53:41'),(343,1,1,'i9190',5,'2016-07-11 08:53:44'),(344,1,1,'i9190',5,'2016-07-11 08:53:44'),(345,1,1,'i9500',9,'2016-07-11 08:55:36'),(346,1,1,'i9190',5,'2016-07-11 08:56:03'),(347,1,1,'5s',0,'2016-07-11 08:56:05'),(348,1,1,'iphon',10,'2016-07-11 08:56:13'),(349,1,1,'iphone',10,'2016-07-11 08:56:13'),(350,1,1,'iphone',55,'2016-07-11 08:56:14'),(351,1,1,'iphone',55,'2016-07-11 08:56:44'),(352,1,1,'iphone',55,'2016-07-11 08:56:56'),(353,1,1,'iphone',55,'2016-07-11 08:57:04'),(354,1,1,'iphone',10,'2016-07-11 09:21:57'),(355,1,1,'s-s',0,'2016-07-11 09:21:57'),(356,1,1,'IPHONE',55,'2016-07-11 09:22:47'),(357,1,1,'IPHONE',55,'2016-07-11 09:22:55'),(358,1,1,'IPHONE',55,'2016-07-11 09:23:00'),(359,1,1,'IPHONE',55,'2016-07-11 09:23:06'),(360,1,1,'G900',14,'2016-07-11 09:27:10'),(361,1,1,'iphone',10,'2016-07-11 09:27:10'),(362,1,1,'g900',10,'2016-07-11 09:27:11'),(363,1,1,'G900',14,'2016-07-11 09:27:19'),(364,1,1,'g900',10,'2016-07-11 10:55:48'),(365,1,1,'s5',0,'2016-07-11 10:55:52'),(366,1,1,'s5',0,'2016-07-12 11:35:57'),(367,1,1,'s5 e',0,'2016-07-12 11:36:06'),(368,1,1,'s5 e',0,'2016-07-12 11:36:07'),(369,1,1,'s5 ',0,'2016-07-12 11:36:09'),(370,1,1,'s5 ',0,'2016-07-12 11:36:11'),(371,1,1,'batteria ',10,'2016-07-12 21:20:26'),(372,1,1,'batteria ',11,'2016-07-12 21:20:26'),(373,1,1,'etro Posteriore Samsung Galaxy S6 G920f',0,'2016-07-13 08:55:07'),(374,1,1,'vetro posteriore samsung galaxy s6 g920f',0,'2016-07-13 08:55:16'),(375,1,1,'Vetro Posteriore Samsung Galaxy S6 G920f',0,'2016-07-13 08:55:17'),(376,1,1,'samsung galaxy s6 g920f back',0,'2016-07-13 08:55:36'),(377,1,1,'Samsung Galaxy S6 G920f back',0,'2016-07-13 08:55:38'),(378,1,1,'samsung galaxy s6  back',0,'2016-07-13 08:55:43'),(379,1,1,'Samsung Galaxy S6 back',0,'2016-07-13 08:55:43'),(380,1,1,'galaxy s6 back',0,'2016-07-13 08:55:55'),(381,1,1,'Galaxy S6 back',0,'2016-07-13 08:55:56'),(382,1,1,'galaxy s6 ',4,'2016-07-13 08:56:01'),(383,1,1,'Galaxy S6',4,'2016-07-13 08:56:03'),(384,1,1,'Galaxy S6',4,'2016-07-13 08:56:04'),(385,1,1,'sonda',0,'2016-07-13 19:45:29'),(386,1,1,'sonda',0,'2016-07-13 19:45:29'),(387,1,1,'sonda',0,'2016-07-13 19:45:34'),(388,1,1,'311',0,'2016-07-13 22:21:42'),(389,1,1,'311',0,'2016-07-13 22:21:44'),(390,1,1,'311',0,'2016-07-13 22:21:46'),(391,1,1,'t311',2,'2016-07-13 22:21:50'),(392,1,1,'T311',2,'2016-07-13 22:21:51'),(393,1,1,'pelli',7,'2016-07-14 02:04:45'),(394,1,1,'pellicola',7,'2016-07-14 02:04:46'),(395,1,1,'Pellicola',7,'2016-07-14 02:04:47'),(396,1,1,'alcatel ',0,'2016-07-14 12:39:41'),(397,1,1,'alcatel 7041',0,'2016-07-14 12:39:42'),(398,1,1,'alcatel 7041d',0,'2016-07-14 12:39:43'),(399,1,1,'3ds',1,'2016-07-15 11:05:06'),(400,1,1,'3ds',1,'2016-07-15 11:05:08'),(401,1,1,'fotocamera',3,'2016-07-15 11:16:43'),(402,1,1,'dtm09',2,'2016-07-15 11:23:28'),(403,1,1,'DTM09',2,'2016-07-15 11:23:29'),(404,1,1,'dtm09',2,'2016-07-15 11:29:38'),(405,1,1,'s5 g900f',4,'2016-07-15 11:29:39'),(406,1,1,'S5 G900F',4,'2016-07-15 11:29:40'),(407,1,1,'g900f',4,'2016-07-15 11:29:51'),(408,1,1,'G900F',4,'2016-07-15 11:29:51'),(409,1,1,'g900f',4,'2016-07-15 11:29:56'),(410,1,1,'s5 g900f',4,'2016-07-15 11:29:57'),(411,1,1,'S5',0,'2016-07-15 11:29:59'),(412,1,1,'s5 g900f',4,'2016-07-15 11:30:05'),(413,1,1,'s5 g900f',4,'2016-07-15 11:30:05'),(414,1,1,'s5 g900',6,'2016-07-15 11:30:08'),(415,1,1,'S5 G900',6,'2016-07-15 11:30:09'),(416,1,1,'s5 g900f',4,'2016-07-15 11:30:28'),(417,1,1,'S5 G900f',4,'2016-07-15 11:30:29'),(418,1,1,'s5 g900f',4,'2016-07-15 11:30:43'),(419,1,1,'S5 G900F',4,'2016-07-15 11:30:44'),(420,1,1,'s5 g900f',4,'2016-07-15 11:30:50'),(421,1,1,'g900f',4,'2016-07-15 11:30:51'),(422,1,1,'G900F',4,'2016-07-15 11:30:52'),(423,1,1,'s5 s',0,'2016-07-15 11:30:57'),(424,1,1,'s5 sv g900f',4,'2016-07-15 11:30:59'),(425,1,1,'s5 sv g900f',4,'2016-07-15 11:30:59'),(426,1,1,'g900f',4,'2016-07-15 11:31:04'),(427,1,1,'s5 sv g900f',4,'2016-07-15 11:31:04'),(428,1,1,'G900F',4,'2016-07-15 11:31:04'),(429,1,1,'s5 sv g900f',4,'2016-07-15 11:31:04'),(430,1,1,'g900',6,'2016-07-15 11:31:05'),(431,1,1,'g900f',4,'2016-07-15 11:31:06'),(432,1,1,'g900f',4,'2016-07-15 11:31:06'),(433,1,1,'g900',6,'2016-07-15 11:31:07'),(434,1,1,'g900f',4,'2016-07-15 11:31:08'),(435,1,1,'g900f',4,'2016-07-15 11:31:08'),(436,1,1,'g900',6,'2016-07-15 11:31:12'),(437,1,1,'g900',6,'2016-07-15 11:31:13'),(438,1,1,'g900',6,'2016-07-15 11:31:15'),(439,1,1,'G900',6,'2016-07-15 11:31:16'),(440,1,1,'g900',6,'2016-07-15 11:31:23'),(441,1,1,'fot',9,'2016-07-15 11:31:25'),(442,1,1,'foto',9,'2016-07-15 11:31:31'),(443,1,1,'g900',6,'2016-07-15 11:31:35'),(444,1,1,'fotocamera',3,'2016-07-15 11:31:36'),(445,1,1,'fotocamera s5',3,'2016-07-15 11:31:37'),(446,1,1,'foto',9,'2016-07-15 11:31:43'),(447,1,1,'fot',9,'2016-07-15 11:31:44'),(448,1,1,'s65',0,'2016-07-15 11:31:45'),(449,1,1,'fotocamera',3,'2016-07-15 11:31:48'),(450,1,1,'fotocamera',3,'2016-07-15 11:31:48'),(451,1,1,'fotocamera',3,'2016-07-15 11:31:53'),(452,1,1,'s5',0,'2016-07-15 11:31:55'),(453,1,1,'s5 g900f',4,'2016-07-15 11:32:17'),(454,1,1,'s5 g900f',4,'2016-07-15 11:32:18'),(455,1,1,'900f',0,'2016-07-15 11:32:19'),(456,1,1,'flat dock flex connettore carica di ricarica samsung galaxy s5 sv g900f',0,'2016-07-15 11:32:20'),(457,1,1,'flat dock flex connettore carica di ricarica samsung galaxy s5 sv g900f',0,'2016-07-15 11:32:21'),(458,1,1,'flat dock flex connettore carica di ricarica samsung galaxy s5 sv g900f',0,'2016-07-15 11:32:21'),(459,1,1,'g900f',4,'2016-07-15 11:32:28'),(460,1,1,'G900F',4,'2016-07-15 11:32:29'),(461,1,1,'flat fotocamera',1,'2016-07-15 11:32:33'),(462,1,1,'flat fotocamera',1,'2016-07-15 11:32:33'),(463,1,1,'flat fotocamera',2,'2016-07-15 11:34:58'),(464,1,1,'g900',7,'2016-07-15 11:35:00'),(465,1,1,'g900f',5,'2016-07-15 11:35:00'),(466,1,1,'g900f',5,'2016-07-15 11:35:00'),(467,1,1,'g900',7,'2016-07-15 11:38:39'),(468,1,1,'g900f',5,'2016-07-15 11:38:41'),(469,1,1,'g900f',5,'2016-07-15 11:38:41'),(470,1,1,'a300f',7,'2016-07-15 11:39:35'),(471,1,1,'a300f',7,'2016-07-15 11:39:36'),(472,1,1,'a300f',7,'2016-07-15 11:44:08'),(473,1,1,'d855 ',3,'2016-07-15 11:44:09'),(474,1,1,'D855 ',3,'2016-07-15 11:44:09'),(475,1,1,'g900',7,'2016-07-15 11:54:58'),(476,1,1,'g900f',5,'2016-07-15 11:54:58'),(477,1,1,'g900f',5,'2016-07-15 11:55:00'),(478,1,1,'S5',0,'2016-07-17 18:45:50'),(479,1,1,'samsung i8260',0,'2016-07-17 21:45:30'),(480,1,1,'pellicla',0,'2016-07-18 15:13:53'),(481,1,1,'pellicla',0,'2016-07-18 15:13:53'),(482,1,1,'pellicola',7,'2016-07-18 15:13:59'),(483,1,1,'pellicola',7,'2016-07-18 15:14:00'),(484,1,1,'pellicola ',7,'2016-07-18 15:14:12'),(485,1,1,'pellicola ht',7,'2016-07-18 15:14:13'),(486,1,1,'pellicola htc ',0,'2016-07-18 15:14:14'),(487,1,1,'pellicola htc o',0,'2016-07-18 15:14:16'),(488,1,1,'pellicola htc one s',0,'2016-07-18 15:14:18'),(489,1,1,'pellicola htc one s',0,'2016-07-18 15:14:22'),(490,1,1,' htc one s',4,'2016-07-18 15:14:24'),(491,1,1,' htc one s',4,'2016-07-18 15:14:25'),(492,1,1,'cover',10,'2016-07-18 15:15:17'),(493,1,1,'cover',10,'2016-07-18 15:15:17'),(494,1,1,'iph',10,'2016-07-19 19:54:40'),(495,1,1,'Iphone 5',56,'2016-07-19 19:54:49'),(496,1,1,'n910',2,'2016-07-20 09:26:57'),(497,1,1,'n910f',2,'2016-07-20 09:26:58'),(498,1,1,'n910f',2,'2016-07-20 09:26:59'),(499,1,1,'n910f',2,'2016-07-20 09:27:39'),(500,1,1,'g900',7,'2016-07-20 09:27:43'),(501,1,1,'g900',7,'2016-07-20 09:27:43'),(502,1,1,'g900',7,'2016-07-20 09:35:22'),(503,1,1,'ps3',1,'2016-07-20 09:35:24'),(504,1,1,'ps3',1,'2016-07-20 09:35:24'),(505,1,1,'G3',0,'2016-07-20 12:14:13'),(506,1,1,'nexus 5',0,'2016-07-20 14:09:09'),(507,1,1,'nexus 5',0,'2016-07-20 14:09:10'),(508,1,1,'nexus',0,'2016-07-20 14:09:14'),(509,1,1,'nexus',0,'2016-07-20 14:09:15'),(510,1,1,'batteria ',10,'2016-07-20 18:19:36'),(511,1,1,'batteria u',10,'2016-07-20 18:19:37'),(512,1,1,'batteria hu',10,'2016-07-20 18:19:40'),(513,1,1,'batteria hua',2,'2016-07-20 18:19:41'),(514,1,1,'huawei ascend p8 lite',1,'2016-07-20 18:19:59'),(515,1,1,'huawei ascend p8 lite',1,'2016-07-20 18:19:59'),(516,1,1,'huawei ascend p8 lite ',1,'2016-07-20 18:20:00'),(517,1,1,'huawei ascend p8 lite batteria',1,'2016-07-20 18:20:03'),(518,1,1,'HUAWEI Ascend p8 LITE batteria',1,'2016-07-20 18:20:04'),(519,1,1,'sf ',0,'2016-07-22 08:40:30'),(520,1,1,'sf a',0,'2016-07-22 08:40:31'),(521,1,1,'sf a3',0,'2016-07-22 08:40:32'),(522,1,1,'Sf A3',0,'2016-07-22 08:40:32'),(523,1,1,'iphp',0,'2016-07-22 11:39:02'),(524,1,1,'iph',10,'2016-07-22 11:39:02'),(525,1,1,'vetr',10,'2016-07-22 13:48:51'),(526,1,1,'vetrino ',1,'2016-07-22 13:48:52'),(527,1,1,'vetrino f',1,'2016-07-22 13:48:52'),(528,1,1,'vetrino fot',1,'2016-07-22 13:48:53'),(529,1,1,'vetrino foto',1,'2016-07-22 13:48:54'),(530,1,1,'vetrino fotoca',1,'2016-07-22 13:48:55'),(531,1,1,'vetrino fotocamera ',1,'2016-07-22 13:48:56'),(532,1,1,'vetrino fotocamera poster',1,'2016-07-22 13:48:58'),(533,1,1,'vetrino fotocamera posterio',1,'2016-07-22 13:48:59'),(534,1,1,'vetrino fotocamera posteriore',1,'2016-07-22 13:48:59'),(535,1,1,'vetrino fotocamera posteriore',1,'2016-07-22 13:49:01'),(536,1,1,'cust',6,'2016-07-25 10:13:23'),(537,1,1,'custodi',6,'2016-07-25 10:13:24'),(538,1,1,'custodia',6,'2016-07-25 10:13:25'),(539,1,1,'custodia',6,'2016-07-25 10:13:25'),(540,1,1,'wifi',10,'2016-07-25 10:24:12'),(541,1,1,'wifi',19,'2016-07-25 10:24:12'),(542,1,1,'wifi',19,'2016-07-25 10:24:18'),(543,1,1,'s6 ',0,'2016-07-25 11:21:44'),(544,1,1,'s6 b',0,'2016-07-25 11:21:45'),(545,1,1,'s6 b',0,'2016-07-25 11:21:46'),(546,1,1,'s6 sim',10,'2016-07-25 11:21:48'),(547,1,1,'s6 sim',22,'2016-07-25 11:21:48'),(548,1,1,'s6 sim',10,'2016-07-25 11:24:41'),(549,1,1,'s6 sim',10,'2016-07-25 11:24:41'),(550,1,1,'s5r',0,'2016-07-25 11:24:42'),(551,1,1,'s5',0,'2016-07-25 11:24:46'),(552,1,1,'a7',0,'2016-07-25 11:28:27'),(553,1,1,'s6 edge',9,'2016-07-27 09:27:00'),(554,1,1,'s6 edge',9,'2016-07-27 09:27:00'),(555,1,1,'s6 edge',9,'2016-07-27 09:28:09'),(556,1,1,'s6 edge',9,'2016-07-27 09:28:09'),(557,1,1,'6s ',0,'2016-07-27 09:28:13'),(558,1,1,'6s ip',0,'2016-07-27 09:28:14'),(559,1,1,'6s iphon',10,'2016-07-27 09:28:15'),(560,1,1,'6s iphone',10,'2016-07-27 09:28:16'),(561,1,1,'6s iphone',57,'2016-07-27 09:28:16'),(562,1,1,'6s iphone',57,'2016-07-27 09:28:23'),(563,1,1,'6s iphone',10,'2016-07-27 09:28:26'),(564,1,1,'6s iphone',10,'2016-07-27 09:28:27'),(565,1,1,'biadesi',10,'2016-07-27 09:28:30'),(566,1,1,'biadesivo',10,'2016-07-27 09:28:30'),(567,1,1,'biadesivo',15,'2016-07-27 09:28:31'),(568,1,1,'biadesivo',10,'2016-07-27 09:30:20'),(569,1,1,'lente',6,'2016-07-27 09:30:22'),(570,1,1,'lente',6,'2016-07-27 09:30:23'),(571,1,1,'iex',0,'2016-07-28 12:29:15'),(572,1,1,'iex',0,'2016-07-28 12:29:21'),(573,1,1,'ifl',0,'2016-07-28 12:29:25'),(574,1,1,'iflex',0,'2016-07-28 12:29:27'),(575,1,1,'Id l\'ex',0,'2016-07-28 12:29:28'),(576,1,1,'Id l\'ex',0,'2016-07-28 12:29:33'),(577,1,1,'ifl',0,'2016-07-28 12:29:40'),(578,1,1,'ifle',0,'2016-07-28 12:29:41'),(579,1,1,'iflex',0,'2016-07-28 12:29:41'),(580,1,1,'iflexs',0,'2016-07-28 12:29:44'),(581,1,1,'Iflex ',0,'2016-07-28 12:29:47'),(582,1,1,'N910f ',8,'2016-08-02 07:59:06'),(583,1,1,'flat',10,'2016-08-02 14:05:57'),(584,1,1,'flat ',10,'2016-08-02 14:05:57'),(585,1,1,'flat sa',10,'2016-08-02 14:05:58'),(586,1,1,'flat sam',10,'2016-08-02 14:06:00'),(587,1,1,'flat samsung ',10,'2016-08-02 14:06:01'),(588,1,1,'flat samsung s',10,'2016-08-02 14:06:02'),(589,1,1,'flat samsung s6',10,'2016-08-02 14:06:04'),(590,1,1,'Flat samsung s6',29,'2016-08-02 14:06:05'),(591,1,1,'ipad',6,'2016-08-03 12:08:45'),(592,1,1,'Ipad 2',6,'2016-08-03 12:08:46'),(593,1,1,'lente ',10,'2016-08-12 22:57:01'),(594,1,1,'lente s',10,'2016-08-12 22:57:01'),(595,1,1,'lente s5',10,'2016-08-12 22:57:02'),(596,1,1,'s6 ',0,'2016-08-14 20:22:21'),(597,1,1,'s6 lente',10,'2016-08-14 20:22:22'),(598,1,1,'v36',0,'2016-08-16 21:14:50'),(599,1,1,'v360',0,'2016-08-16 21:14:52'),(600,1,1,'v360 ',0,'2016-08-16 21:14:53'),(601,1,1,'v360 s',0,'2016-08-16 21:14:55'),(602,1,1,'v360 sma',0,'2016-08-16 21:14:56'),(603,1,1,'v360 smart ',0,'2016-08-16 21:14:59'),(604,1,1,'v360 smart wa',0,'2016-08-16 21:15:01'),(605,1,1,'v360 smart wat',0,'2016-08-16 21:15:02'),(606,1,1,'v360 smart watch',0,'2016-08-16 21:15:03'),(607,1,1,'V360 Smart watch',0,'2016-08-16 21:15:04'),(608,1,1,'sma',10,'2016-08-16 21:15:48'),(609,1,1,'smar',10,'2016-08-16 21:15:48'),(610,1,1,'smart',10,'2016-08-16 21:15:56'),(611,1,1,'smart ',10,'2016-08-16 21:15:59'),(612,1,1,'smart wa',10,'2016-08-16 21:16:00'),(613,1,1,'smart wat',3,'2016-08-16 21:16:02'),(614,1,1,'smart watc',2,'2016-08-16 21:16:03'),(615,1,1,'smart watch',2,'2016-08-16 21:16:03'),(616,1,1,'Smart watch',2,'2016-08-16 21:16:05'),(617,1,1,'htc m',5,'2016-08-17 14:21:49'),(618,1,1,'htc m8',5,'2016-08-17 14:21:50'),(619,1,1,'Htc m8',5,'2016-08-17 14:21:50'),(620,1,1,'htc m',5,'2016-08-17 14:24:43'),(621,1,1,'6s',0,'2016-08-17 14:24:50'),(622,1,1,'sam',6,'2016-08-17 19:10:51'),(623,1,1,'samsung',0,'2016-08-17 19:10:51'),(624,1,1,'samsung s',0,'2016-08-17 19:10:54'),(625,1,1,'samsung s5',0,'2016-08-17 19:10:55'),(626,1,1,'Samsung s5',0,'2016-08-17 19:10:56'),(627,1,1,'lett',10,'2016-08-17 22:51:31'),(628,1,1,'letto',10,'2016-08-17 22:51:32'),(629,1,1,'lettore',10,'2016-08-17 22:51:32'),(630,1,1,'lettore ',10,'2016-08-17 22:51:33'),(631,1,1,'lettore s',10,'2016-08-17 22:51:33'),(632,1,1,'lettore si',10,'2016-08-17 22:51:34'),(633,1,1,'lettore sim',10,'2016-08-17 22:51:35'),(634,1,1,'lettore sim ',10,'2016-08-17 22:51:35'),(635,1,1,'lettore sim s',10,'2016-08-17 22:51:35'),(636,1,1,'lettore sim s4',10,'2016-08-17 22:51:42'),(637,1,1,'lettore sim ss4',0,'2016-08-17 22:51:59'),(638,1,1,'lettore sim sas4',0,'2016-08-17 22:52:00'),(639,1,1,'lettore sim sams4',0,'2016-08-17 22:52:00'),(640,1,1,'lettore sim samss4',0,'2016-08-17 22:52:01'),(641,1,1,'lettore sim samsus4',0,'2016-08-17 22:52:01'),(642,1,1,'lettore sim samsung s4',0,'2016-08-17 22:52:03'),(643,1,1,'Lettore sim Samsung s4',0,'2016-08-17 22:52:05'),(644,1,1,'cos',3,'2016-08-19 18:40:23'),(645,1,1,'costi spedi',0,'2016-08-19 18:40:25'),(646,1,1,'costi spedizione',0,'2016-08-19 18:40:28'),(647,1,1,'costi spedizione',0,'2016-08-19 18:40:29'),(648,1,1,'d855',5,'2016-08-22 13:04:42'),(649,1,1,'625',1,'2016-08-22 18:13:15'),(650,1,1,'625',1,'2016-08-22 18:13:15'),(651,1,1,'625',1,'2016-08-22 18:13:35'),(652,1,1,'nokia ',8,'2016-08-22 18:15:28'),(653,1,1,'nokia 625',0,'2016-08-22 18:15:29'),(654,1,1,'nokia 625',0,'2016-08-22 18:15:29'),(655,1,1,'nokia 625',0,'2016-08-22 18:15:32'),(656,1,1,'nokia 625',0,'2016-08-22 18:15:32'),(657,1,1,'g3 lente',10,'2016-08-24 11:32:50'),(658,1,1,'s4 vetro fotoamer',0,'2016-08-24 11:34:24'),(659,1,1,'s4 vetro fotoame',0,'2016-08-24 11:34:24'),(660,1,1,'s4 vetro foto',0,'2016-08-24 11:34:24'),(661,1,1,'s4 vetro foto',0,'2016-08-24 11:34:25'),(662,1,1,'s4 vetro foto',0,'2016-08-24 11:34:25'),(663,1,1,'s4 vetro',0,'2016-08-24 11:34:28'),(664,1,1,'s3 ',0,'2016-08-24 12:15:13'),(665,1,1,'s3 lente',10,'2016-08-24 12:15:15'),(666,1,1,'s3 lente',13,'2016-08-24 12:15:16'),(667,1,1,'s3 lente',10,'2016-08-24 12:15:35'),(668,1,1,'s3 lente',10,'2016-08-24 12:15:35'),(669,1,1,'400',4,'2016-08-24 12:15:37'),(670,1,1,'400',4,'2016-08-24 12:15:37'),(671,1,1,'i92',2,'2016-08-24 14:54:34'),(672,1,1,'i920',0,'2016-08-24 14:54:35'),(673,1,1,'i9205',0,'2016-08-24 14:54:38'),(674,1,1,'n800',3,'2016-08-24 18:27:24'),(675,1,1,'n800',3,'2016-08-24 18:27:24'),(676,1,1,'iph',10,'2016-08-24 18:30:37'),(677,1,1,'ipho',10,'2016-08-24 18:30:37'),(678,1,1,'iphon',10,'2016-08-24 18:30:37'),(679,1,1,'iphone 6',57,'2016-08-24 18:30:40'),(680,1,1,'iphone 6',57,'2016-08-24 18:31:04'),(681,1,1,'iphone 6',57,'2016-08-24 18:31:20'),(682,1,1,'iphone 6',57,'2016-08-24 18:31:42'),(683,1,1,'iphone 6',57,'2016-08-24 18:32:13'),(684,1,1,'ass',10,'2016-08-26 16:20:11'),(685,1,1,'assi',1,'2016-08-26 16:20:12'),(686,1,1,'assis',0,'2016-08-26 16:20:13'),(687,1,1,'assiste',0,'2016-08-26 16:20:14'),(688,1,1,'assisten',0,'2016-08-26 16:20:15'),(689,1,1,'assistenza ',0,'2016-08-26 16:20:17'),(690,1,1,'assistenza i',0,'2016-08-26 16:20:18'),(691,1,1,'assistenza iphon',0,'2016-08-26 16:20:20'),(692,1,1,'assistenza iphone',0,'2016-08-26 16:20:20'),(693,1,1,'Assistenza iphone',0,'2016-08-26 16:20:21'),(694,1,1,'iph',10,'2016-08-26 16:20:32'),(695,1,1,'ipho',10,'2016-08-26 16:20:32'),(696,1,1,'iphon',10,'2016-08-26 16:20:33'),(697,1,1,'buzzer s4 min',1,'2016-08-26 20:10:09'),(698,1,1,'buzzer ',10,'2016-08-26 20:10:09'),(699,1,1,'buzzer s4 mini',1,'2016-08-26 20:10:09'),(700,1,1,'buzzer s4 mini',1,'2016-08-26 20:10:11'),(701,1,1,'nokia 1020',0,'2016-08-30 09:47:57'),(702,1,1,'nokia 1020',0,'2016-08-30 09:47:57'),(703,1,1,'1020',0,'2016-08-30 09:48:02'),(704,1,1,'1020',0,'2016-08-30 09:48:02'),(705,1,1,'y53',2,'2016-08-31 13:39:11'),(706,1,1,'y53',2,'2016-08-31 13:39:45'),(707,1,1,'y53',2,'2016-08-31 13:39:58'),(708,1,1,'i950',3,'2016-08-31 16:49:06'),(709,1,1,'dvr',1,'2016-08-31 18:17:52'),(710,1,1,'tele',10,'2016-08-31 18:21:25'),(711,1,1,'asus',9,'2016-09-02 13:43:24'),(712,1,1,'asus ',9,'2016-09-02 13:43:25');

--
-- Table structure for table `ps_stock`
--

CREATE TABLE `ps_stock` (
  `id_stock` int(11) unsigned NOT NULL AUTO_INCREMENT,
  `id_warehouse` int(11) unsigned NOT NULL,
  `id_product` int(11) unsigned NOT NULL,
  `id_product_attribute` int(11) unsigned NOT NULL,
  `reference` varchar(32) NOT NULL,
  `ean13` varchar(13) DEFAULT NULL,
  `upc` varchar(12) DEFAULT NULL,
  `physical_quantity` int(11) unsigned NOT NULL,
  `usable_quantity` int(11) unsigned NOT NULL,
  `price_te` decimal(20,6) DEFAULT '0.000000',
  PRIMARY KEY (`id_stock`),
  KEY `id_warehouse` (`id_warehouse`),
  KEY `id_product` (`id_product`),
  KEY `id_product_attribute` (`id_product_attribute`)
) ENGINE=InnoDB DEFAULT CHARSET=utf8;

--
-- Dumping data for table `ps_stock`
--


--
-- Table structure for table `ps_stock_available`
--

CREATE TABLE `ps_stock_available` (
  `id_stock_available` int(11) unsigned NOT NULL AUTO_INCREMENT,
  `id_product` int(11) unsigned NOT NULL,
  `id_product_attribute` int(11) unsigned NOT NULL,
  `id_shop` int(11) unsigned NOT NULL,
  `id_shop_group` int(11) unsigned NOT NULL,
  `quantity` int(10) NOT NULL DEFAULT '0',
  `depends_on_stock` tinyint(1) unsigned NOT NULL DEFAULT '0',
  `out_of_stock` tinyint(1) unsigned NOT NULL DEFAULT '0',
  PRIMARY KEY (`id_stock_available`),
  UNIQUE KEY `product_sqlstock` (`id_product`,`id_product_attribute`,`id_shop`,`id_shop_group`),
  KEY `id_shop` (`id_shop`),
  KEY `id_shop_group` (`id_shop_group`),
  KEY `id_product` (`id_product`),
  KEY `id_product_attribute` (`id_product_attribute`)
) ENGINE=InnoDB AUTO_INCREMENT=136 DEFAULT CHARSET=utf8;

--
-- Dumping data for table `ps_stock_available`
--

INSERT INTO `ps_stock_available` VALUES (1,1,0,1,0,0,0,0),(2,2,0,1,0,15,0,0),(3,3,0,1,0,0,0,0),(4,4,0,1,0,29,0,0),(5,5,0,1,0,27,0,0),(6,6,0,1,0,25,0,0),(7,7,0,1,0,29,0,0),(8,8,0,1,0,0,0,0),(9,9,0,1,0,46,0,0),(10,10,0,1,0,20,0,0),(11,11,0,1,0,163,0,0),(12,12,0,1,0,32,0,0),(13,13,0,1,0,46,0,0),(14,14,0,1,0,0,0,0),(15,15,0,1,0,0,0,0),(16,16,0,1,0,39,0,0),(17,17,0,1,0,24,0,0),(18,18,0,1,0,17,0,0),(19,19,0,1,0,0,0,0),(20,20,0,1,0,334,0,0),(21,21,0,1,0,93,0,0),(22,22,0,1,0,37,0,0),(23,23,0,1,0,0,0,0),(24,24,0,1,0,0,0,0),(25,25,0,1,0,18,0,0),(26,26,0,1,0,11,0,0),(27,27,0,1,0,43,0,0),(28,28,0,1,0,44,0,0),(29,29,0,1,0,190,0,0),(30,30,0,1,0,90,0,0),(31,31,0,1,0,9,0,0),(32,32,0,1,0,39,0,0),(33,33,0,1,0,5,0,0),(34,34,0,1,0,14,0,0),(35,35,0,1,0,59,0,0),(36,36,0,1,0,40,0,0),(37,37,0,1,0,4,0,0),(38,38,0,1,0,43,0,0),(39,39,0,1,0,44,0,0),(40,40,0,1,0,44,0,0),(41,41,0,1,0,0,0,0),(42,42,0,1,0,35,0,0),(43,43,0,1,0,98,0,0),(44,44,0,1,0,102,0,0),(45,45,0,1,0,17,0,0),(46,46,0,1,0,24,0,0),(47,47,0,1,0,0,0,0),(48,48,0,1,0,86,0,0),(49,49,0,1,0,4,0,0),(50,50,0,1,0,252,0,0),(51,51,0,1,0,0,0,0),(52,52,0,1,0,101,0,0),(53,53,0,1,0,23,0,0),(54,54,0,1,0,50,0,0),(55,55,0,1,0,91,0,0),(56,56,0,1,0,50,0,0),(57,57,0,1,0,0,0,0),(58,58,0,1,0,0,0,0),(59,59,0,1,0,85,0,0),(60,60,0,1,0,2,0,0),(61,61,0,1,0,49,0,0),(62,62,0,1,0,50,0,0),(63,63,0,1,0,82,0,0),(64,64,0,1,0,102,0,0),(65,65,0,1,0,40,0,0),(66,66,0,1,0,106,0,0),(67,67,0,1,0,0,0,0),(68,68,0,1,0,0,0,0),(69,69,0,1,0,44,0,0),(70,70,0,1,0,75,0,0),(71,71,0,1,0,1,0,0),(72,72,0,1,0,50,0,0),(73,73,0,1,0,38,0,0),(74,74,0,1,0,45,0,0),(75,75,0,1,0,165,0,0),(76,76,0,1,0,15,0,0),(77,77,0,1,0,24,0,0),(78,78,0,1,0,15,0,0),(79,79,0,1,0,0,0,0),(80,80,0,1,0,66,0,0),(81,81,0,1,0,0,0,0),(82,82,0,1,0,141,0,0),(83,83,0,1,0,0,0,0),(84,84,0,1,0,0,0,0),(85,85,0,1,0,37,0,0),(86,86,0,1,0,18,0,0),(87,87,0,1,0,5,0,0),(88,88,0,1,0,165,0,0),(89,89,0,1,0,141,0,0),(90,90,0,1,0,104,0,0),(91,91,0,1,0,121,0,0),(92,92,0,1,0,7,0,0),(93,93,0,1,0,0,0,0),(94,94,0,1,0,190,0,0),(95,95,0,1,0,188,0,0),(96,96,0,1,0,96,0,0),(97,97,0,1,0,0,0,0),(98,98,0,1,0,76,0,0),(99,99,0,1,0,43,0,0),(100,100,0,1,0,0,0,0),(101,101,0,1,0,276,0,0),(102,102,0,1,0,49,0,0),(103,103,0,1,0,30,0,0),(104,104,0,1,0,236,0,0),(105,105,0,1,0,15,0,0),(106,106,0,1,0,39,0,0),(107,107,0,1,0,47,0,0),(109,109,0,1,0,0,0,0),(110,110,0,1,0,95,0,0),(111,111,0,1,0,194,0,0),(112,112,0,1,0,89,0,0),(113,113,0,1,0,1,0,0),(114,114,0,1,0,0,0,0),(115,115,0,1,0,5,0,0),(116,116,0,1,0,150,0,0),(117,117,0,1,0,106,0,0),(118,118,0,1,0,11,0,0),(119,119,0,1,0,191,0,0),(120,120,0,1,0,2,0,0),(121,121,0,1,0,0,0,0),(122,122,0,1,0,66,0,0),(123,123,0,1,0,0,0,0),(124,124,0,1,0,0,0,0),(125,125,0,1,0,0,0,0),(126,126,0,1,0,0,0,0),(127,127,0,1,0,0,0,0),(128,128,0,1,0,144,0,0),(129,129,0,1,0,0,0,0),(130,130,0,1,0,0,0,0),(131,131,0,1,0,0,0,0),(132,132,0,1,0,0,0,0),(133,133,0,1,0,0,0,0),(134,134,0,1,0,0,0,0),(135,135,0,1,0,0,0,0);

--
-- Table structure for table `ps_stock_mvt`
--

CREATE TABLE `ps_stock_mvt` (
  `id_stock_mvt` bigint(20) unsigned NOT NULL AUTO_INCREMENT,
  `id_stock` int(11) unsigned NOT NULL,
  `id_order` int(11) unsigned DEFAULT NULL,
  `id_supply_order` int(11) unsigned DEFAULT NULL,
  `id_stock_mvt_reason` int(11) unsigned NOT NULL,
  `id_employee` int(11) unsigned NOT NULL,
  `employee_lastname` varchar(32) DEFAULT '',
  `employee_firstname` varchar(32) DEFAULT '',
  `physical_quantity` int(11) unsigned NOT NULL,
  `date_add` datetime NOT NULL,
  `sign` tinyint(1) NOT NULL DEFAULT '1',
  `price_te` decimal(20,6) DEFAULT '0.000000',
  `last_wa` decimal(20,6) DEFAULT '0.000000',
  `current_wa` decimal(20,6) DEFAULT '0.000000',
  `referer` bigint(20) unsigned DEFAULT NULL,
  PRIMARY KEY (`id_stock_mvt`),
  KEY `id_stock` (`id_stock`),
  KEY `id_stock_mvt_reason` (`id_stock_mvt_reason`)
) ENGINE=InnoDB DEFAULT CHARSET=utf8;

--
-- Dumping data for table `ps_stock_mvt`
--


--
-- Table structure for table `ps_stock_mvt_reason`
--

CREATE TABLE `ps_stock_mvt_reason` (
  `id_stock_mvt_reason` int(11) unsigned NOT NULL AUTO_INCREMENT,
  `sign` tinyint(1) NOT NULL DEFAULT '1',
  `date_add` datetime NOT NULL,
  `date_upd` datetime NOT NULL,
  `deleted` tinyint(1) unsigned NOT NULL DEFAULT '0',
  PRIMARY KEY (`id_stock_mvt_reason`)
) ENGINE=InnoDB AUTO_INCREMENT=9 DEFAULT CHARSET=utf8;

--
-- Dumping data for table `ps_stock_mvt_reason`
--

INSERT INTO `ps_stock_mvt_reason` VALUES (1,1,'2016-02-15 10:48:01','2016-02-15 10:48:01',0),(2,-1,'2016-02-15 10:48:01','2016-02-15 10:48:01',0),(3,-1,'2016-02-15 10:48:01','2016-02-15 10:48:01',0),(4,-1,'2016-02-15 10:48:01','2016-02-15 10:48:01',0),(5,1,'2016-02-15 10:48:01','2016-02-15 10:48:01',0),(6,-1,'2016-02-15 10:48:01','2016-02-15 10:48:01',0),(7,1,'2016-02-15 10:48:01','2016-02-15 10:48:01',0),(8,1,'2016-02-15 10:48:01','2016-02-15 10:48:01',0);

--
-- Table structure for table `ps_stock_mvt_reason_lang`
--

CREATE TABLE `ps_stock_mvt_reason_lang` (
  `id_stock_mvt_reason` int(11) unsigned NOT NULL,
  `id_lang` int(11) unsigned NOT NULL,
  `name` varchar(255) NOT NULL,
  PRIMARY KEY (`id_stock_mvt_reason`,`id_lang`)
) ENGINE=InnoDB DEFAULT CHARSET=utf8;

--
-- Dumping data for table `ps_stock_mvt_reason_lang`
--

INSERT INTO `ps_stock_mvt_reason_lang` VALUES (1,1,'Aumento'),(2,1,'Diminuzione'),(3,1,'Ordine cliente'),(4,1,'Adeguamento in seguito a un inventario delle scorte'),(5,1,'Adeguamento in seguito a un inventario delle scorte'),(6,1,'Trasferimento a un altro magazzino'),(7,1,'Trasferimento da un altro magazzino'),(8,1,'Ordine di fornitura');

--
-- Table structure for table `ps_store`
--

CREATE TABLE `ps_store` (
  `id_store` int(10) unsigned NOT NULL AUTO_INCREMENT,
  `id_country` int(10) unsigned NOT NULL,
  `id_state` int(10) unsigned DEFAULT NULL,
  `name` varchar(128) NOT NULL,
  `address1` varchar(128) NOT NULL,
  `address2` varchar(128) DEFAULT NULL,
  `city` varchar(64) NOT NULL,
  `postcode` varchar(12) NOT NULL,
  `latitude` decimal(13,8) DEFAULT NULL,
  `longitude` decimal(13,8) DEFAULT NULL,
  `hours` varchar(254) DEFAULT NULL,
  `phone` varchar(16) DEFAULT NULL,
  `fax` varchar(16) DEFAULT NULL,
  `email` varchar(128) DEFAULT NULL,
  `note` text,
  `active` tinyint(1) unsigned NOT NULL DEFAULT '0',
  `date_add` datetime NOT NULL,
  `date_upd` datetime NOT NULL,
  PRIMARY KEY (`id_store`)
) ENGINE=InnoDB AUTO_INCREMENT=7 DEFAULT CHARSET=utf8;

--
-- Dumping data for table `ps_store`
--

INSERT INTO `ps_store` VALUES (6,10,210,'NewPeople','Via Vittorio Emanuele, 24','','Pellezzano','84080',40.71880490,14.76415760,'a:7:{i:0;s:0:\"\";i:1;s:0:\"\";i:2;s:0:\"\";i:3;s:0:\"\";i:4;s:0:\"\";i:5;s:0:\"\";i:6;s:0:\"\";}','089566944','089566944','info@desktopstore.it','',1,'2016-03-05 14:29:54','2016-03-05 14:29:54');

--
-- Table structure for table `ps_store_shop`
--

CREATE TABLE `ps_store_shop` (
  `id_store` int(11) unsigned NOT NULL,
  `id_shop` int(11) unsigned NOT NULL,
  PRIMARY KEY (`id_store`,`id_shop`),
  KEY `id_shop` (`id_shop`)
) ENGINE=InnoDB DEFAULT CHARSET=utf8;

--
-- Dumping data for table `ps_store_shop`
--

INSERT INTO `ps_store_shop` VALUES (6,1);

--
-- Table structure for table `ps_supplier`
--

CREATE TABLE `ps_supplier` (
  `id_supplier` int(10) unsigned NOT NULL AUTO_INCREMENT,
  `name` varchar(64) NOT NULL,
  `email` varchar(128) DEFAULT NULL,
  `date_add` datetime NOT NULL,
  `date_upd` datetime NOT NULL,
  `active` tinyint(1) NOT NULL DEFAULT '0',
  PRIMARY KEY (`id_supplier`),
  KEY `email` (`email`)
) ENGINE=InnoDB AUTO_INCREMENT=131 DEFAULT CHARSET=utf8;

--
-- Dumping data for table `ps_supplier`
--

INSERT INTO `ps_supplier` VALUES (9,'GRAFICHE CAPOZZOLI','info@grafichecapozzoli.com','2016-12-27 03:41:09','2016-12-27 03:41:09',0),(53,'ARGO STUDIO S.R.L.','info@argostudioadv.it','2016-12-27 03:41:20','2022-08-29 15:11:19',0),(107,'BYBLOS GROUP DISTRIBUZIONE s.r.l.','','2018-01-22 12:35:38','2018-01-22 12:38:06',0),(115,'VALSELE TIPOGRAFIA Srl','amministratorevalsele@netlab.it','2018-05-18 11:01:28','2019-02-21 10:42:27',0),(116,'FOL-BO S.R.L.','info@folbo.it','2019-09-06 14:30:04','2019-10-01 17:00:47',0),(117,'FOL-BO S.R.L.','info@folbo.it','2019-09-06 14:33:18','2019-09-06 14:35:11',0),(118,'prova','','2019-09-06 14:35:35','2019-09-06 17:36:25',0),(119,'FOL-BO S.R.L.','info@folbo.it','2019-09-06 17:57:50','2019-09-06 17:58:57',0),(120,'FOL-BO S.R.L.','info@folbo.it','2019-09-06 17:59:29','2019-09-06 17:59:55',0),(121,'CARTESAR','','2019-10-01 16:55:07','2020-11-12 19:31:25',0),(122,'CARTESAR','','2020-11-12 19:33:20','2020-11-12 19:33:36',0),(123,'CARTESAR','','2020-11-12 19:35:33','2020-11-12 19:36:02',0),(124,'CARTESAR','','2020-11-12 19:36:57','2020-11-13 08:48:48',0),(125,'CARTESAR','','2020-11-13 08:49:19','2020-11-13 08:49:34',0),(126,'CARTESAR','','2020-11-13 08:50:12','2020-11-13 15:34:41',0),(127,'EDITRICE VELAR SRL','velar@velar.it','2021-10-08 12:38:35','2021-10-08 12:46:55',0),(128,'GRAFICA METELLIANA SPA','info@graficametelliana.com','2022-07-04 18:33:57','2022-07-04 18:37:17',0),(129,'PRINTì srl','','2022-07-20 15:11:36','2022-07-20 15:12:49',0),(130,'','','2022-07-26 11:06:53','2022-07-26 11:06:53',0);

--
-- Table structure for table `ps_supplier_lang`
--

CREATE TABLE `ps_supplier_lang` (
  `id_supplier` int(10) unsigned NOT NULL,
  `id_lang` int(10) unsigned NOT NULL,
  `description` text,
  `meta_title` varchar(128) DEFAULT NULL,
  `meta_keywords` varchar(255) DEFAULT NULL,
  `meta_description` varchar(255) DEFAULT NULL,
  PRIMARY KEY (`id_supplier`,`id_lang`)
) ENGINE=InnoDB DEFAULT CHARSET=utf8;

--
-- Dumping data for table `ps_supplier_lang`
--

INSERT INTO `ps_supplier_lang` VALUES (9,1,'',NULL,NULL,NULL),(53,1,'','',NULL,''),(107,1,'SEDE OPERATIVA: VIA ERCOLE RAMARINI, 31/33 - 00015 MONTEROTONDO  RM','',NULL,''),(115,1,'','',NULL,''),(116,1,'','',NULL,''),(126,1,'','',NULL,''),(127,1,'','',NULL,''),(128,1,'','',NULL,''),(129,1,'','',NULL,''),(130,1,NULL,NULL,NULL,NULL);

--
-- Table structure for table `ps_supplier_shop`
--

CREATE TABLE `ps_supplier_shop` (
  `id_supplier` int(11) unsigned NOT NULL,
  `id_shop` int(11) unsigned NOT NULL,
  PRIMARY KEY (`id_supplier`,`id_shop`),
  KEY `id_shop` (`id_shop`)
) ENGINE=InnoDB DEFAULT CHARSET=utf8;

--
-- Dumping data for table `ps_supplier_shop`
--

INSERT INTO `ps_supplier_shop` VALUES (1,1),(2,1),(3,1),(4,1),(5,1),(6,1),(7,1),(8,1),(9,1),(10,1),(11,1),(12,1),(13,1),(14,1),(15,1),(16,1),(17,1),(18,1),(19,1),(20,1),(21,1),(22,1),(23,1),(24,1),(25,1),(26,1),(27,1),(28,1),(29,1),(30,1),(31,1),(32,1),(33,1),(34,1),(35,1),(36,1),(37,1),(38,1),(39,1),(40,1),(41,1),(42,1),(43,1),(44,1),(45,1),(46,1),(47,1),(48,1),(49,1),(50,1),(51,1),(52,1),(53,1),(54,1),(55,1),(56,1),(57,1),(58,1),(59,1),(60,1),(61,1),(62,1),(63,1),(64,1),(65,1),(66,1),(67,1),(68,1),(69,1),(70,1),(71,1),(72,1),(73,1),(74,1),(75,1),(76,1),(77,1),(78,1),(79,1),(80,1),(81,1),(82,1),(83,1),(84,1),(85,1),(86,1),(87,1),(88,1),(89,1),(90,1),(91,1),(92,1),(93,1),(94,1),(95,1),(96,1),(97,1),(98,1),(99,1),(100,1),(101,1),(102,1),(103,1),(104,1),(105,1),(106,1),(107,1),(108,1),(109,1),(110,1),(111,1),(112,1),(113,1),(114,1),(115,1),(116,1),(117,1),(118,1),(119,1),(120,1),(121,1),(122,1),(123,1),(124,1),(125,1),(126,1),(127,1),(128,1),(129,1),(130,1);

--
-- Table structure for table `ps_supply_order`
--

CREATE TABLE `ps_supply_order` (
  `id_supply_order` int(11) unsigned NOT NULL AUTO_INCREMENT,
  `id_supplier` int(11) unsigned NOT NULL,
  `supplier_name` varchar(64) NOT NULL,
  `id_lang` int(11) unsigned NOT NULL,
  `id_warehouse` int(11) unsigned NOT NULL,
  `id_supply_order_state` int(11) unsigned NOT NULL,
  `id_currency` int(11) unsigned NOT NULL,
  `id_ref_currency` int(11) unsigned NOT NULL,
  `reference` varchar(64) NOT NULL,
  `date_add` datetime NOT NULL,
  `date_upd` datetime NOT NULL,
  `date_delivery_expected` datetime DEFAULT NULL,
  `total_te` decimal(20,6) DEFAULT '0.000000',
  `total_with_discount_te` decimal(20,6) DEFAULT '0.000000',
  `total_tax` decimal(20,6) DEFAULT '0.000000',
  `total_ti` decimal(20,6) DEFAULT '0.000000',
  `discount_rate` decimal(20,6) DEFAULT '0.000000',
  `discount_value_te` decimal(20,6) DEFAULT '0.000000',
  `is_template` tinyint(1) DEFAULT '0',
  PRIMARY KEY (`id_supply_order`),
  KEY `id_supplier` (`id_supplier`),
  KEY `id_warehouse` (`id_warehouse`),
  KEY `reference` (`reference`)
) ENGINE=InnoDB DEFAULT CHARSET=utf8;

--
-- Dumping data for table `ps_supply_order`
--


--
-- Table structure for table `ps_supply_order_detail`
--

CREATE TABLE `ps_supply_order_detail` (
  `id_supply_order_detail` int(11) unsigned NOT NULL AUTO_INCREMENT,
  `id_supply_order` int(11) unsigned NOT NULL,
  `id_currency` int(11) unsigned NOT NULL,
  `id_product` int(11) unsigned NOT NULL,
  `id_product_attribute` int(11) unsigned NOT NULL,
  `reference` varchar(32) NOT NULL,
  `supplier_reference` varchar(32) NOT NULL,
  `name` varchar(128) NOT NULL,
  `ean13` varchar(13) DEFAULT NULL,
  `upc` varchar(12) DEFAULT NULL,
  `exchange_rate` decimal(20,6) DEFAULT '0.000000',
  `unit_price_te` decimal(20,6) DEFAULT '0.000000',
  `quantity_expected` int(11) unsigned NOT NULL,
  `quantity_received` int(11) unsigned NOT NULL,
  `price_te` decimal(20,6) DEFAULT '0.000000',
  `discount_rate` decimal(20,6) DEFAULT '0.000000',
  `discount_value_te` decimal(20,6) DEFAULT '0.000000',
  `price_with_discount_te` decimal(20,6) DEFAULT '0.000000',
  `tax_rate` decimal(20,6) DEFAULT '0.000000',
  `tax_value` decimal(20,6) DEFAULT '0.000000',
  `price_ti` decimal(20,6) DEFAULT '0.000000',
  `tax_value_with_order_discount` decimal(20,6) DEFAULT '0.000000',
  `price_with_order_discount_te` decimal(20,6) DEFAULT '0.000000',
  PRIMARY KEY (`id_supply_order_detail`),
  KEY `id_supply_order` (`id_supply_order`,`id_product`),
  KEY `id_product_attribute` (`id_product_attribute`),
  KEY `id_product_product_attribute` (`id_product`,`id_product_attribute`)
) ENGINE=InnoDB DEFAULT CHARSET=utf8;

--
-- Dumping data for table `ps_supply_order_detail`
--


--
-- Table structure for table `ps_supply_order_history`
--

CREATE TABLE `ps_supply_order_history` (
  `id_supply_order_history` int(11) unsigned NOT NULL AUTO_INCREMENT,
  `id_supply_order` int(11) unsigned NOT NULL,
  `id_employee` int(11) unsigned NOT NULL,
  `employee_lastname` varchar(32) DEFAULT '',
  `employee_firstname` varchar(32) DEFAULT '',
  `id_state` int(11) unsigned NOT NULL,
  `date_add` datetime NOT NULL,
  PRIMARY KEY (`id_supply_order_history`),
  KEY `id_supply_order` (`id_supply_order`),
  KEY `id_employee` (`id_employee`),
  KEY `id_state` (`id_state`)
) ENGINE=InnoDB DEFAULT CHARSET=utf8;

--
-- Dumping data for table `ps_supply_order_history`
--


--
-- Table structure for table `ps_supply_order_receipt_history`
--

CREATE TABLE `ps_supply_order_receipt_history` (
  `id_supply_order_receipt_history` int(11) unsigned NOT NULL AUTO_INCREMENT,
  `id_supply_order_detail` int(11) unsigned NOT NULL,
  `id_employee` int(11) unsigned NOT NULL,
  `employee_lastname` varchar(32) DEFAULT '',
  `employee_firstname` varchar(32) DEFAULT '',
  `id_supply_order_state` int(11) unsigned NOT NULL,
  `quantity` int(11) unsigned NOT NULL,
  `date_add` datetime NOT NULL,
  PRIMARY KEY (`id_supply_order_receipt_history`),
  KEY `id_supply_order_detail` (`id_supply_order_detail`),
  KEY `id_supply_order_state` (`id_supply_order_state`)
) ENGINE=InnoDB DEFAULT CHARSET=utf8;

--
-- Dumping data for table `ps_supply_order_receipt_history`
--


--
-- Table structure for table `ps_supply_order_state`
--

CREATE TABLE `ps_supply_order_state` (
  `id_supply_order_state` int(11) unsigned NOT NULL AUTO_INCREMENT,
  `delivery_note` tinyint(1) NOT NULL DEFAULT '0',
  `editable` tinyint(1) NOT NULL DEFAULT '0',
  `receipt_state` tinyint(1) NOT NULL DEFAULT '0',
  `pending_receipt` tinyint(1) NOT NULL DEFAULT '0',
  `enclosed` tinyint(1) NOT NULL DEFAULT '0',
  `color` varchar(32) DEFAULT NULL,
  PRIMARY KEY (`id_supply_order_state`)
) ENGINE=InnoDB AUTO_INCREMENT=7 DEFAULT CHARSET=utf8;

--
-- Dumping data for table `ps_supply_order_state`
--

INSERT INTO `ps_supply_order_state` VALUES (1,0,1,0,0,0,'#faab00'),(2,1,0,0,0,0,'#273cff'),(3,0,0,0,1,0,'#ff37f5'),(4,0,0,1,1,0,'#ff3e33'),(5,0,0,1,0,1,'#00d60c'),(6,0,0,0,0,1,'#666666');

--
-- Table structure for table `ps_supply_order_state_lang`
--

CREATE TABLE `ps_supply_order_state_lang` (
  `id_supply_order_state` int(11) unsigned NOT NULL,
  `id_lang` int(11) unsigned NOT NULL,
  `name` varchar(128) DEFAULT NULL,
  PRIMARY KEY (`id_supply_order_state`,`id_lang`)
) ENGINE=InnoDB DEFAULT CHARSET=utf8;

--
-- Dumping data for table `ps_supply_order_state_lang`
--

INSERT INTO `ps_supply_order_state_lang` VALUES (1,1,'1 - Creazione in corso'),(2,1,'2 - Ordine convalidato'),(3,1,'3 - In attesa di ricevimento'),(4,1,'4 - Ordine ricevuto in parte'),(5,1,'5 - Ordine ricevuto completamente'),(6,1,'6 - Ordine annullato');

--
-- Table structure for table `ps_tab`
--

CREATE TABLE `ps_tab` (
  `id_tab` int(10) unsigned NOT NULL AUTO_INCREMENT,
  `id_parent` int(11) NOT NULL,
  `class_name` varchar(64) NOT NULL,
  `module` varchar(64) DEFAULT NULL,
  `position` int(10) unsigned NOT NULL,
  `active` tinyint(1) NOT NULL DEFAULT '1',
  `hide_host_mode` tinyint(1) NOT NULL DEFAULT '0',
  PRIMARY KEY (`id_tab`),
  KEY `class_name` (`class_name`),
  KEY `id_parent` (`id_parent`)
) ENGINE=InnoDB AUTO_INCREMENT=108 DEFAULT CHARSET=utf8;

--
-- Dumping data for table `ps_tab`
--

INSERT INTO `ps_tab` VALUES (1,0,'AdminDashboard',NULL,0,1,0),(2,-1,'AdminCms',NULL,0,1,0),(3,-1,'AdminCmsCategories',NULL,1,1,0),(4,-1,'AdminAttributeGenerator',NULL,2,1,0),(5,-1,'AdminSearch',NULL,3,1,0),(6,-1,'AdminLogin',NULL,4,1,0),(7,-1,'AdminShop',NULL,5,1,0),(8,-1,'AdminShopUrl',NULL,6,1,0),(9,0,'AdminCatalog',NULL,1,1,0),(10,0,'AdminParentOrders',NULL,2,1,0),(11,0,'AdminParentCustomer',NULL,3,1,0),(12,0,'AdminPriceRule',NULL,4,1,0),(13,0,'AdminParentModules',NULL,5,1,0),(14,0,'AdminParentShipping',NULL,6,1,0),(15,0,'AdminParentLocalization',NULL,7,1,0),(16,0,'AdminParentPreferences',NULL,8,1,0),(17,0,'AdminTools',NULL,9,1,0),(18,0,'AdminAdmin',NULL,10,1,0),(19,0,'AdminParentStats',NULL,11,1,0),(20,0,'AdminStock',NULL,12,1,0),(21,9,'AdminProducts',NULL,0,1,0),(22,9,'AdminCategories',NULL,1,1,0),(23,9,'AdminTracking',NULL,2,1,0),(24,9,'AdminAttributesGroups',NULL,3,1,0),(25,9,'AdminFeatures',NULL,4,1,0),(26,9,'AdminManufacturers',NULL,5,1,0),(27,9,'AdminSuppliers',NULL,6,1,0),(28,9,'AdminTags',NULL,7,1,0),(29,9,'AdminAttachments',NULL,8,1,0),(30,10,'AdminOrders',NULL,0,1,0),(31,10,'AdminInvoices',NULL,1,1,0),(32,10,'AdminReturn',NULL,2,1,0),(33,10,'AdminDeliverySlip',NULL,3,1,0),(34,10,'AdminSlip',NULL,4,1,0),(35,10,'AdminStatuses',NULL,5,1,0),(36,10,'AdminOrderMessage',NULL,6,1,0),(37,11,'AdminCustomers',NULL,0,1,0),(38,11,'AdminAddresses',NULL,1,1,0),(39,11,'AdminGroups',NULL,2,1,0),(40,11,'AdminCarts',NULL,3,1,0),(41,11,'AdminCustomerThreads',NULL,4,1,0),(42,11,'AdminContacts',NULL,5,1,0),(43,11,'AdminGenders',NULL,6,1,0),(44,11,'AdminOutstanding',NULL,7,0,0),(45,12,'AdminCartRules',NULL,0,1,0),(46,12,'AdminSpecificPriceRule',NULL,1,1,0),(47,12,'AdminMarketing',NULL,2,1,0),(48,14,'AdminCarriers',NULL,0,1,0),(49,14,'AdminShipping',NULL,1,1,0),(50,14,'AdminCarrierWizard',NULL,2,1,0),(51,15,'AdminLocalization',NULL,0,1,0),(52,15,'AdminLanguages',NULL,1,1,0),(53,15,'AdminZones',NULL,2,1,0),(54,15,'AdminCountries',NULL,3,1,0),(55,15,'AdminStates',NULL,4,1,0),(56,15,'AdminCurrencies',NULL,5,1,0),(57,15,'AdminTaxes',NULL,6,1,0),(58,15,'AdminTaxRulesGroup',NULL,7,1,0),(59,15,'AdminTranslations',NULL,8,1,0),(60,13,'AdminModules',NULL,0,1,0),(61,13,'AdminAddonsCatalog',NULL,1,1,0),(62,13,'AdminModulesPositions',NULL,2,1,0),(63,13,'AdminPayment',NULL,3,1,0),(64,16,'AdminPreferences',NULL,0,1,0),(65,16,'AdminOrderPreferences',NULL,1,1,0),(66,16,'AdminPPreferences',NULL,2,1,0),(67,16,'AdminCustomerPreferences',NULL,3,1,0),(68,16,'AdminThemes',NULL,4,1,0),(69,16,'AdminMeta',NULL,5,1,0),(70,16,'AdminCmsContent',NULL,6,1,0),(71,16,'AdminImages',NULL,7,1,0),(72,16,'AdminStores',NULL,8,1,0),(73,16,'AdminSearchConf',NULL,9,1,0),(74,16,'AdminMaintenance',NULL,10,1,0),(75,16,'AdminGeolocation',NULL,11,1,0),(76,17,'AdminInformation',NULL,0,1,0),(77,17,'AdminPerformance',NULL,1,1,0),(78,17,'AdminEmails',NULL,2,1,0),(79,17,'AdminShopGroup',NULL,3,0,0),(80,17,'AdminImport',NULL,4,1,0),(81,17,'AdminBackup',NULL,5,1,0),(82,17,'AdminRequestSql',NULL,6,1,0),(83,17,'AdminLogs',NULL,7,1,0),(84,17,'AdminWebservice',NULL,8,1,0),(85,18,'AdminAdminPreferences',NULL,0,1,0),(86,18,'AdminQuickAccesses',NULL,1,1,0),(87,18,'AdminEmployees',NULL,2,1,0),(88,18,'AdminProfiles',NULL,3,1,0),(89,18,'AdminAccess',NULL,4,1,0),(90,18,'AdminTabs',NULL,5,1,0),(91,19,'AdminStats',NULL,0,1,0),(92,19,'AdminSearchEngines',NULL,1,1,0),(93,19,'AdminReferrers',NULL,2,1,0),(94,20,'AdminWarehouses',NULL,0,1,0),(95,20,'AdminStockManagement',NULL,1,1,0),(96,20,'AdminStockMvt',NULL,2,1,0),(97,20,'AdminStockInstantState',NULL,3,1,0),(98,20,'AdminStockCover',NULL,4,1,0),(99,20,'AdminSupplyOrders',NULL,5,1,0),(100,20,'AdminStockConfiguration',NULL,6,1,0),(101,-1,'AdminBlockCategories','blockcategories',7,1,0),(102,-1,'AdminDashgoals','dashgoals',8,1,0),(103,-1,'AdminThemeConfigurator','themeconfigurator',9,1,0),(104,18,'AdminGamification','gamification',6,1,0),(105,-1,'AdminCronJobs','cronjobs',10,1,0),(107,-1,'AdminGanalyticsAjax','ganalytics',11,0,0);

--
-- Table structure for table `ps_tab_advice`
--

CREATE TABLE `ps_tab_advice` (
  `id_tab` int(11) NOT NULL,
  `id_advice` int(11) NOT NULL,
  PRIMARY KEY (`id_tab`,`id_advice`)
) ENGINE=InnoDB DEFAULT CHARSET=utf8;

--
-- Dumping data for table `ps_tab_advice`
--

INSERT INTO `ps_tab_advice` VALUES (0,9),(0,50),(0,91),(0,132),(0,173),(0,214),(0,255),(0,296),(0,337),(0,378),(0,419),(0,458),(0,495),(0,532),(0,569),(0,606),(0,643),(0,680),(0,717),(0,755),(0,793),(0,831),(0,870),(0,909),(0,948),(0,987),(0,1026),(0,1068),(0,1110),(0,1152),(0,1194),(0,1236),(0,1278),(0,1320),(0,1362),(0,1404),(0,1447),(0,1493),(0,1539),(0,1585),(0,1631),(0,1707),(0,1723),(0,1769),(0,1815),(0,1861),(0,1906),(0,1951),(0,1996),(0,2040),(0,2084),(0,2128),(0,2172),(0,2216),(0,2260),(0,2304),(0,2348),(0,2392),(0,2436),(0,2480),(0,2524),(0,2568),(0,2613),(0,2658),(0,2703),(0,2748),(0,2794),(0,2840),(0,2886),(0,2932),(0,2978),(0,3024),(0,3070),(0,3116),(0,3162),(0,3203),(0,3244),(0,3285),(0,3326),(0,3367),(0,3408),(0,3449),(0,3490),(0,3531),(0,3572),(0,3613),(0,3654),(0,3695),(0,3736),(0,3780),(0,3824),(1,1),(1,4),(1,10),(1,12),(1,13),(1,14),(1,15),(1,17),(1,20),(1,23),(1,24),(1,25),(1,26),(1,27),(1,29),(1,30),(1,31),(1,32),(1,33),(1,34),(1,35),(1,36),(1,37),(1,38),(1,39),(1,40),(1,41),(1,42),(1,45),(1,51),(1,53),(1,54),(1,55),(1,56),(1,58),(1,61),(1,64),(1,65),(1,66),(1,67),(1,68),(1,70),(1,71),(1,72),(1,73),(1,74),(1,75),(1,76),(1,77),(1,78),(1,79),(1,80),(1,81),(1,82),(1,83),(1,86),(1,92),(1,94),(1,95),(1,96),(1,97),(1,99),(1,102),(1,105),(1,106),(1,107),(1,108),(1,109),(1,111),(1,112),(1,113),(1,114),(1,115),(1,116),(1,117),(1,118),(1,119),(1,120),(1,121),(1,122),(1,123),(1,124),(1,127),(1,133),(1,135),(1,136),(1,137),(1,138),(1,140),(1,143),(1,146),(1,147),(1,148),(1,149),(1,150),(1,152),(1,153),(1,154),(1,155),(1,156),(1,157),(1,158),(1,159),(1,160),(1,161),(1,162),(1,163),(1,164),(1,165),(1,168),(1,174),(1,176),(1,177),(1,178),(1,179),(1,181),(1,184),(1,187),(1,188),(1,189),(1,190),(1,191),(1,193),(1,194),(1,195),(1,196),(1,197),(1,198),(1,199),(1,200),(1,201),(1,202),(1,203),(1,204),(1,205),(1,206),(1,209),(1,215),(1,217),(1,218),(1,219),(1,220),(1,222),(1,225),(1,228),(1,229),(1,230),(1,231),(1,232),(1,234),(1,235),(1,236),(1,237),(1,238),(1,239),(1,240),(1,241),(1,242),(1,243),(1,244),(1,245),(1,246),(1,247),(1,250),(1,256),(1,258),(1,259),(1,260),(1,261),(1,263),(1,266),(1,269),(1,270),(1,271),(1,272),(1,273),(1,275),(1,276),(1,277),(1,278),(1,279),(1,280),(1,281),(1,282),(1,283),(1,284),(1,285),(1,286),(1,287),(1,288),(1,291),(1,297),(1,299),(1,300),(1,301),(1,302),(1,304),(1,307),(1,310),(1,311),(1,312),(1,313),(1,314),(1,316),(1,317),(1,318),(1,319),(1,320),(1,321),(1,322),(1,323),(1,324),(1,325),(1,326),(1,327),(1,328),(1,329),(1,332),(1,338),(1,340),(1,341),(1,342),(1,343),(1,345),(1,348),(1,351),(1,352),(1,353),(1,354),(1,355),(1,357),(1,358),(1,359),(1,360),(1,361),(1,362),(1,363),(1,364),(1,365),(1,366),(1,367),(1,368),(1,369),(1,370),(1,373),(1,379),(1,381),(1,382),(1,383),(1,384),(1,386),(1,389),(1,392),(1,393),(1,394),(1,395),(1,396),(1,398),(1,399),(1,400),(1,401),(1,402),(1,403),(1,404),(1,405),(1,406),(1,407),(1,408),(1,409),(1,410),(1,411),(1,414),(1,420),(1,422),(1,423),(1,424),(1,425),(1,427),(1,430),(1,433),(1,434),(1,435),(1,436),(1,437),(1,439),(1,440),(1,441),(1,442),(1,443),(1,444),(1,445),(1,446),(1,447),(1,448),(1,449),(1,450),(1,451),(1,452),(1,454),(1,459),(1,461),(1,462),(1,463),(1,464),(1,466),(1,471),(1,472),(1,473),(1,474),(1,475),(1,477),(1,478),(1,479),(1,480),(1,481),(1,482),(1,483),(1,484),(1,485),(1,486),(1,487),(1,488),(1,489),(1,491),(1,496),(1,498),(1,499),(1,500),(1,501),(1,503),(1,508),(1,509),(1,510),(1,511),(1,512),(1,514),(1,515),(1,516),(1,517),(1,518),(1,519),(1,520),(1,521),(1,522),(1,523),(1,524),(1,525),(1,526),(1,528),(1,533),(1,535),(1,536),(1,537),(1,538),(1,540),(1,545),(1,546),(1,547),(1,548),(1,549),(1,551),(1,552),(1,553),(1,554),(1,555),(1,556),(1,557),(1,558),(1,559),(1,560),(1,561),(1,562),(1,563),(1,565),(1,570),(1,572),(1,573),(1,574),(1,575),(1,577),(1,582),(1,583),(1,584),(1,585),(1,586),(1,588),(1,589),(1,590),(1,591),(1,592),(1,593),(1,594),(1,595),(1,596),(1,597),(1,598),(1,599),(1,600),(1,602),(1,607),(1,609),(1,610),(1,611),(1,612),(1,614),(1,619),(1,620),(1,621),(1,622),(1,623),(1,625),(1,626),(1,627),(1,628),(1,629),(1,630),(1,631),(1,632),(1,633),(1,634),(1,635),(1,636),(1,637),(1,639),(1,644),(1,646),(1,647),(1,648),(1,649),(1,651),(1,656),(1,657),(1,658),(1,659),(1,660),(1,662),(1,663),(1,664),(1,665),(1,666),(1,667),(1,668),(1,669),(1,670),(1,671),(1,672),(1,673),(1,674),(1,676),(1,681),(1,683),(1,684),(1,685),(1,686),(1,688),(1,693),(1,694),(1,695),(1,696),(1,697),(1,699),(1,700),(1,701),(1,702),(1,703),(1,704),(1,705),(1,706),(1,707),(1,708),(1,709),(1,710),(1,711),(1,713),(1,718),(1,720),(1,721),(1,722),(1,723),(1,725),(1,730),(1,731),(1,732),(1,733),(1,734),(1,736),(1,737),(1,738),(1,739),(1,740),(1,741),(1,742),(1,743),(1,744),(1,745),(1,746),(1,747),(1,748),(1,749),(1,751),(1,756),(1,758),(1,759),(1,760),(1,761),(1,763),(1,768),(1,769),(1,770),(1,771),(1,772),(1,774),(1,775),(1,776),(1,777),(1,778),(1,779),(1,780),(1,781),(1,782),(1,783),(1,784),(1,785),(1,786),(1,787),(1,789),(1,794),(1,796),(1,797),(1,798),(1,799),(1,801),(1,806),(1,807),(1,808),(1,809),(1,810),(1,812),(1,813),(1,814),(1,815),(1,816),(1,817),(1,818),(1,819),(1,820),(1,821),(1,822),(1,823),(1,824),(1,825),(1,827),(1,832),(1,834),(1,835),(1,836),(1,837),(1,839),(1,844),(1,845),(1,846),(1,847),(1,849),(1,850),(1,851),(1,852),(1,853),(1,854),(1,855),(1,856),(1,857),(1,858),(1,859),(1,860),(1,861),(1,862),(1,863),(1,864),(1,866),(1,871),(1,873),(1,874),(1,875),(1,876),(1,878),(1,883),(1,884),(1,885),(1,886),(1,888),(1,889),(1,890),(1,891),(1,892),(1,893),(1,894),(1,895),(1,896),(1,897),(1,898),(1,899),(1,900),(1,901),(1,902),(1,903),(1,905),(1,910),(1,912),(1,913),(1,914),(1,915),(1,917),(1,922),(1,923),(1,924),(1,925),(1,927),(1,928),(1,929),(1,930),(1,931),(1,932),(1,933),(1,934),(1,935),(1,936),(1,937),(1,938),(1,939),(1,940),(1,941),(1,942),(1,944),(1,949),(1,951),(1,952),(1,953),(1,954),(1,956),(1,961),(1,962),(1,963),(1,964),(1,966),(1,967),(1,968),(1,969),(1,970),(1,971),(1,972),(1,973),(1,974),(1,975),(1,976),(1,977),(1,978),(1,979),(1,980),(1,981),(1,983),(1,988),(1,990),(1,991),(1,992),(1,993),(1,995),(1,1000),(1,1001),(1,1002),(1,1003),(1,1005),(1,1006),(1,1007),(1,1008),(1,1009),(1,1010),(1,1011),(1,1012),(1,1013),(1,1014),(1,1015),(1,1016),(1,1017),(1,1018),(1,1019),(1,1020),(1,1022),(1,1027),(1,1029),(1,1030),(1,1031),(1,1032),(1,1034),(1,1039),(1,1040),(1,1041),(1,1042),(1,1044),(1,1045),(1,1046),(1,1047),(1,1048),(1,1049),(1,1050),(1,1051),(1,1052),(1,1053),(1,1054),(1,1055),(1,1056),(1,1057),(1,1058),(1,1059),(1,1060),(1,1061),(1,1062),(1,1064),(1,1069),(1,1071),(1,1072),(1,1073),(1,1074),(1,1076),(1,1081),(1,1082),(1,1083),(1,1084),(1,1086),(1,1087),(1,1088),(1,1089),(1,1090),(1,1091),(1,1092),(1,1093),(1,1094),(1,1095),(1,1096),(1,1097),(1,1098),(1,1099),(1,1100),(1,1101),(1,1102),(1,1103),(1,1104),(1,1106),(1,1111),(1,1113),(1,1114),(1,1115),(1,1116),(1,1118),(1,1123),(1,1124),(1,1125),(1,1126),(1,1128),(1,1129),(1,1130),(1,1131),(1,1132),(1,1133),(1,1134),(1,1135),(1,1136),(1,1137),(1,1138),(1,1139),(1,1140),(1,1141),(1,1142),(1,1143),(1,1144),(1,1145),(1,1146),(1,1148),(1,1153),(1,1155),(1,1156),(1,1157),(1,1158),(1,1160),(1,1165),(1,1166),(1,1167),(1,1168),(1,1170),(1,1171),(1,1172),(1,1173),(1,1174),(1,1175),(1,1176),(1,1177),(1,1178),(1,1179),(1,1180),(1,1181),(1,1182),(1,1183),(1,1184),(1,1185),(1,1186),(1,1187),(1,1188),(1,1190),(1,1195),(1,1197),(1,1198),(1,1199),(1,1200),(1,1202),(1,1207),(1,1208),(1,1209),(1,1210),(1,1212),(1,1213),(1,1214),(1,1215),(1,1216),(1,1217),(1,1218),(1,1219),(1,1220),(1,1221),(1,1222),(1,1223),(1,1224),(1,1225),(1,1226),(1,1227),(1,1228),(1,1229),(1,1230),(1,1232),(1,1237),(1,1239),(1,1240),(1,1241),(1,1242),(1,1244),(1,1249),(1,1250),(1,1251),(1,1252),(1,1254),(1,1255),(1,1256),(1,1257),(1,1258),(1,1259),(1,1260),(1,1261),(1,1262),(1,1263),(1,1264),(1,1265),(1,1266),(1,1267),(1,1268),(1,1269),(1,1270),(1,1271),(1,1272),(1,1274),(1,1279),(1,1281),(1,1282),(1,1283),(1,1284),(1,1286),(1,1291),(1,1292),(1,1293),(1,1294),(1,1296),(1,1297),(1,1298),(1,1299),(1,1300),(1,1301),(1,1302),(1,1303),(1,1304),(1,1305),(1,1306),(1,1307),(1,1308),(1,1309),(1,1310),(1,1311),(1,1312),(1,1313),(1,1314),(1,1316),(1,1321),(1,1323),(1,1324),(1,1325),(1,1326),(1,1328),(1,1333),(1,1334),(1,1335),(1,1336),(1,1338),(1,1339),(1,1340),(1,1341),(1,1342),(1,1343),(1,1344),(1,1345),(1,1346),(1,1347),(1,1348),(1,1349),(1,1350),(1,1351),(1,1352),(1,1353),(1,1354),(1,1355),(1,1356),(1,1358),(1,1363),(1,1365),(1,1366),(1,1367),(1,1368),(1,1370),(1,1375),(1,1376),(1,1377),(1,1378),(1,1380),(1,1381),(1,1382),(1,1383),(1,1384),(1,1385),(1,1386),(1,1387),(1,1388),(1,1389),(1,1390),(1,1391),(1,1392),(1,1393),(1,1394),(1,1395),(1,1396),(1,1397),(1,1398),(1,1400),(1,1405),(1,1407),(1,1408),(1,1409),(1,1410),(1,1412),(1,1417),(1,1418),(1,1419),(1,1420),(1,1422),(1,1423),(1,1424),(1,1425),(1,1426),(1,1427),(1,1428),(1,1429),(1,1430),(1,1431),(1,1432),(1,1433),(1,1434),(1,1435),(1,1436),(1,1437),(1,1438),(1,1439),(1,1440),(1,1441),(1,1443),(1,1448),(1,1450),(1,1451),(1,1452),(1,1453),(1,1455),(1,1460),(1,1461),(1,1462),(1,1463),(1,1465),(1,1466),(1,1467),(1,1468),(1,1469),(1,1470),(1,1471),(1,1472),(1,1473),(1,1474),(1,1475),(1,1476),(1,1477),(1,1478),(1,1479),(1,1480),(1,1481),(1,1482),(1,1483),(1,1484),(1,1485),(1,1486),(1,1487),(1,1489),(1,1494),(1,1496),(1,1497),(1,1498),(1,1499),(1,1501),(1,1506),(1,1507),(1,1508),(1,1509),(1,1511),(1,1512),(1,1513),(1,1514),(1,1515),(1,1516),(1,1517),(1,1518),(1,1519),(1,1520),(1,1521),(1,1522),(1,1523),(1,1524),(1,1525),(1,1526),(1,1527),(1,1528),(1,1529),(1,1530),(1,1531),(1,1532),(1,1533),(1,1535),(1,1540),(1,1542),(1,1543),(1,1544),(1,1545),(1,1547),(1,1552),(1,1553),(1,1554),(1,1555),(1,1557),(1,1558),(1,1559),(1,1560),(1,1561),(1,1562),(1,1563),(1,1564),(1,1565),(1,1566),(1,1567),(1,1568),(1,1569),(1,1570),(1,1571),(1,1572),(1,1573),(1,1574),(1,1575),(1,1576),(1,1577),(1,1578),(1,1579),(1,1581),(1,1586),(1,1588),(1,1589),(1,1590),(1,1591),(1,1593),(1,1598),(1,1599),(1,1600),(1,1601),(1,1603),(1,1604),(1,1605),(1,1606),(1,1607),(1,1608),(1,1609),(1,1610),(1,1611),(1,1612),(1,1613),(1,1614),(1,1615),(1,1616),(1,1617),(1,1618),(1,1619),(1,1620),(1,1621),(1,1622),(1,1623),(1,1624),(1,1625),(1,1627),(1,1632),(1,1634),(1,1635),(1,1636),(1,1637),(1,1639),(1,1644),(1,1645),(1,1646),(1,1647),(1,1649),(1,1650),(1,1651),(1,1652),(1,1653),(1,1654),(1,1655),(1,1656),(1,1657),(1,1658),(1,1659),(1,1660),(1,1661),(1,1662),(1,1664),(1,1665),(1,1667),(1,1669),(1,1670),(1,1671),(1,1672),(1,1673),(1,1674),(1,1675),(1,1676),(1,1678),(1,1679),(1,1680),(1,1681),(1,1682),(1,1683),(1,1684),(1,1685),(1,1686),(1,1687),(1,1688),(1,1689),(1,1690),(1,1691),(1,1692),(1,1693),(1,1694),(1,1695),(1,1696),(1,1697),(1,1698),(1,1699),(1,1700),(1,1701),(1,1703),(1,1708),(1,1710),(1,1711),(1,1712),(1,1713),(1,1715),(1,1717),(1,1719),(1,1724),(1,1726),(1,1727),(1,1728),(1,1729),(1,1731),(1,1736),(1,1737),(1,1738),(1,1739),(1,1741),(1,1742),(1,1743),(1,1744),(1,1745),(1,1746),(1,1747),(1,1748),(1,1749),(1,1750),(1,1751),(1,1752),(1,1753),(1,1754),(1,1755),(1,1756),(1,1757),(1,1758),(1,1759),(1,1760),(1,1761),(1,1762),(1,1763),(1,1765),(1,1770),(1,1772),(1,1773),(1,1774),(1,1775),(1,1777),(1,1782),(1,1783),(1,1784),(1,1785),(1,1787),(1,1788),(1,1789),(1,1790),(1,1791),(1,1792),(1,1793),(1,1794),(1,1795),(1,1796),(1,1797),(1,1798),(1,1799),(1,1800),(1,1801),(1,1802),(1,1803),(1,1804),(1,1805),(1,1806),(1,1807),(1,1808),(1,1809),(1,1811),(1,1816),(1,1818),(1,1819),(1,1820),(1,1821),(1,1823),(1,1828),(1,1829),(1,1830),(1,1831),(1,1833),(1,1834),(1,1835),(1,1836),(1,1837),(1,1838),(1,1839),(1,1840),(1,1841),(1,1842),(1,1843),(1,1844),(1,1845),(1,1846),(1,1847),(1,1848),(1,1849),(1,1850),(1,1851),(1,1852),(1,1853),(1,1854),(1,1855),(1,1857),(1,1863),(1,1864),(1,1865),(1,1866),(1,1868),(1,1873),(1,1874),(1,1875),(1,1876),(1,1878),(1,1879),(1,1880),(1,1881),(1,1882),(1,1883),(1,1884),(1,1885),(1,1886),(1,1887),(1,1888),(1,1889),(1,1890),(1,1891),(1,1892),(1,1893),(1,1894),(1,1895),(1,1896),(1,1897),(1,1898),(1,1899),(1,1900),(1,1902),(1,1908),(1,1909),(1,1910),(1,1911),(1,1913),(1,1918),(1,1919),(1,1920),(1,1921),(1,1923),(1,1924),(1,1925),(1,1926),(1,1927),(1,1928),(1,1929),(1,1930),(1,1931),(1,1932),(1,1933),(1,1934),(1,1935),(1,1936),(1,1937),(1,1938),(1,1939),(1,1940),(1,1941),(1,1942),(1,1943),(1,1944),(1,1945),(1,1947),(1,1953),(1,1954),(1,1955),(1,1956),(1,1958),(1,1963),(1,1964),(1,1965),(1,1966),(1,1968),(1,1969),(1,1970),(1,1971),(1,1972),(1,1973),(1,1974),(1,1975),(1,1976),(1,1977),(1,1978),(1,1979),(1,1980),(1,1981),(1,1982),(1,1983),(1,1984),(1,1985),(1,1986),(1,1987),(1,1988),(1,1989),(1,1990),(1,1992),(1,1998),(1,1999),(1,2000),(1,2001),(1,2003),(1,2007),(1,2008),(1,2009),(1,2010),(1,2012),(1,2013),(1,2014),(1,2015),(1,2016),(1,2017),(1,2018),(1,2019),(1,2020),(1,2021),(1,2022),(1,2023),(1,2024),(1,2025),(1,2026),(1,2027),(1,2028),(1,2029),(1,2030),(1,2031),(1,2032),(1,2033),(1,2034),(1,2036),(1,2042),(1,2043),(1,2044),(1,2045),(1,2047),(1,2051),(1,2052),(1,2053),(1,2054),(1,2056),(1,2057),(1,2058),(1,2059),(1,2060),(1,2061),(1,2062),(1,2063),(1,2064),(1,2065),(1,2066),(1,2067),(1,2068),(1,2069),(1,2070),(1,2071),(1,2072),(1,2073),(1,2074),(1,2075),(1,2076),(1,2077),(1,2078),(1,2080),(1,2086),(1,2087),(1,2088),(1,2089),(1,2091),(1,2095),(1,2096),(1,2097),(1,2098),(1,2100),(1,2101),(1,2102),(1,2103),(1,2104),(1,2105),(1,2106),(1,2107),(1,2108),(1,2109),(1,2110),(1,2111),(1,2112),(1,2113),(1,2114),(1,2115),(1,2116),(1,2117),(1,2118),(1,2119),(1,2120),(1,2121),(1,2122),(1,2124),(1,2130),(1,2131),(1,2132),(1,2133),(1,2135),(1,2139),(1,2140),(1,2141),(1,2142),(1,2144),(1,2145),(1,2146),(1,2147),(1,2148),(1,2149),(1,2150),(1,2151),(1,2152),(1,2153),(1,2154),(1,2155),(1,2156),(1,2157),(1,2158),(1,2159),(1,2160),(1,2161),(1,2162),(1,2163),(1,2164),(1,2165),(1,2166),(1,2168),(1,2174),(1,2175),(1,2176),(1,2177),(1,2179),(1,2183),(1,2184),(1,2185),(1,2186),(1,2188),(1,2189),(1,2190),(1,2191),(1,2192),(1,2193),(1,2194),(1,2195),(1,2196),(1,2197),(1,2198),(1,2199),(1,2200),(1,2201),(1,2202),(1,2203),(1,2204),(1,2205),(1,2206),(1,2207),(1,2208),(1,2209),(1,2210),(1,2212),(1,2218),(1,2219),(1,2220),(1,2221),(1,2223),(1,2227),(1,2228),(1,2229),(1,2230),(1,2232),(1,2233),(1,2234),(1,2235),(1,2236),(1,2237),(1,2238),(1,2239),(1,2240),(1,2241),(1,2242),(1,2243),(1,2244),(1,2245),(1,2246),(1,2247),(1,2248),(1,2249),(1,2250),(1,2251),(1,2252),(1,2253),(1,2254),(1,2256),(1,2262),(1,2263),(1,2264),(1,2265),(1,2267),(1,2271),(1,2272),(1,2273),(1,2274),(1,2276),(1,2277),(1,2278),(1,2279),(1,2280),(1,2281),(1,2282),(1,2283),(1,2284),(1,2285),(1,2286),(1,2287),(1,2288),(1,2289),(1,2290),(1,2291),(1,2292),(1,2293),(1,2294),(1,2295),(1,2296),(1,2297),(1,2298),(1,2300),(1,2306),(1,2307),(1,2308),(1,2309),(1,2311),(1,2315),(1,2316),(1,2317),(1,2318),(1,2320),(1,2321),(1,2322),(1,2323),(1,2324),(1,2325),(1,2326),(1,2327),(1,2328),(1,2329),(1,2330),(1,2331),(1,2332),(1,2333),(1,2334),(1,2335),(1,2336),(1,2337),(1,2338),(1,2339),(1,2340),(1,2341),(1,2342),(1,2344),(1,2350),(1,2351),(1,2352),(1,2353),(1,2355),(1,2359),(1,2360),(1,2361),(1,2362),(1,2364),(1,2365),(1,2366),(1,2367),(1,2368),(1,2369),(1,2370),(1,2371),(1,2372),(1,2373),(1,2374),(1,2375),(1,2376),(1,2377),(1,2378),(1,2379),(1,2380),(1,2381),(1,2382),(1,2383),(1,2384),(1,2385),(1,2386),(1,2388),(1,2394),(1,2395),(1,2396),(1,2397),(1,2399),(1,2403),(1,2404),(1,2405),(1,2406),(1,2408),(1,2409),(1,2410),(1,2411),(1,2412),(1,2413),(1,2414),(1,2415),(1,2416),(1,2417),(1,2418),(1,2419),(1,2420),(1,2421),(1,2422),(1,2423),(1,2424),(1,2425),(1,2426),(1,2427),(1,2428),(1,2429),(1,2430),(1,2432),(1,2438),(1,2439),(1,2440),(1,2441),(1,2443),(1,2447),(1,2448),(1,2449),(1,2450),(1,2452),(1,2453),(1,2454),(1,2455),(1,2456),(1,2457),(1,2458),(1,2459),(1,2460),(1,2461),(1,2462),(1,2463),(1,2464),(1,2465),(1,2466),(1,2467),(1,2468),(1,2469),(1,2470),(1,2471),(1,2472),(1,2473),(1,2474),(1,2476),(1,2482),(1,2483),(1,2484),(1,2485),(1,2487),(1,2491),(1,2492),(1,2493),(1,2494),(1,2496),(1,2497),(1,2498),(1,2499),(1,2500),(1,2501),(1,2502),(1,2503),(1,2504),(1,2505),(1,2506),(1,2507),(1,2508),(1,2509),(1,2510),(1,2511),(1,2512),(1,2513),(1,2514),(1,2515),(1,2516),(1,2517),(1,2518),(1,2520),(1,2526),(1,2527),(1,2528),(1,2529),(1,2531),(1,2535),(1,2536),(1,2537),(1,2538),(1,2540),(1,2541),(1,2542),(1,2543),(1,2544),(1,2545),(1,2546),(1,2547),(1,2548),(1,2549),(1,2550),(1,2551),(1,2552),(1,2553),(1,2554),(1,2555),(1,2556),(1,2557),(1,2558),(1,2559),(1,2560),(1,2561),(1,2562),(1,2564),(1,2570),(1,2571),(1,2572),(1,2573),(1,2575),(1,2579),(1,2580),(1,2581),(1,2582),(1,2584),(1,2585),(1,2586),(1,2587),(1,2588),(1,2589),(1,2590),(1,2591),(1,2592),(1,2593),(1,2594),(1,2595),(1,2596),(1,2597),(1,2598),(1,2599),(1,2600),(1,2601),(1,2602),(1,2603),(1,2604),(1,2605),(1,2606),(1,2607),(1,2609),(1,2615),(1,2616),(1,2617),(1,2618),(1,2620),(1,2624),(1,2625),(1,2626),(1,2627),(1,2629),(1,2630),(1,2631),(1,2632),(1,2633),(1,2634),(1,2635),(1,2636),(1,2637),(1,2638),(1,2639),(1,2640),(1,2641),(1,2642),(1,2643),(1,2644),(1,2645),(1,2646),(1,2647),(1,2648),(1,2649),(1,2650),(1,2651),(1,2652),(1,2654),(1,2660),(1,2661),(1,2662),(1,2663),(1,2665),(1,2669),(1,2670),(1,2671),(1,2672),(1,2674),(1,2675),(1,2676),(1,2677),(1,2678),(1,2679),(1,2680),(1,2681),(1,2682),(1,2683),(1,2684),(1,2685),(1,2686),(1,2687),(1,2688),(1,2689),(1,2690),(1,2691),(1,2692),(1,2693),(1,2694),(1,2695),(1,2696),(1,2697),(1,2699),(1,2705),(1,2706),(1,2707),(1,2708),(1,2710),(1,2714),(1,2715),(1,2716),(1,2717),(1,2719),(1,2720),(1,2721),(1,2722),(1,2723),(1,2724),(1,2725),(1,2726),(1,2727),(1,2728),(1,2729),(1,2730),(1,2731),(1,2732),(1,2733),(1,2734),(1,2735),(1,2736),(1,2737),(1,2738),(1,2739),(1,2740),(1,2741),(1,2742),(1,2744),(1,2750),(1,2751),(1,2752),(1,2753),(1,2755),(1,2759),(1,2760),(1,2761),(1,2762),(1,2764),(1,2765),(1,2766),(1,2767),(1,2768),(1,2769),(1,2770),(1,2771),(1,2772),(1,2773),(1,2774),(1,2775),(1,2776),(1,2777),(1,2778),(1,2779),(1,2780),(1,2781),(1,2782),(1,2783),(1,2784),(1,2785),(1,2786),(1,2787),(1,2788),(1,2790),(1,2796),(1,2797),(1,2798),(1,2799),(1,2801),(1,2805),(1,2806),(1,2807),(1,2808),(1,2810),(1,2811),(1,2812),(1,2813),(1,2814),(1,2815),(1,2816),(1,2817),(1,2818),(1,2819),(1,2820),(1,2821),(1,2822),(1,2823),(1,2824),(1,2825),(1,2826),(1,2827),(1,2828),(1,2829),(1,2830),(1,2831),(1,2832),(1,2833),(1,2834),(1,2836),(1,2842),(1,2843),(1,2844),(1,2845),(1,2847),(1,2851),(1,2852),(1,2853),(1,2854),(1,2856),(1,2857),(1,2858),(1,2859),(1,2860),(1,2861),(1,2862),(1,2863),(1,2864),(1,2865),(1,2866),(1,2867),(1,2868),(1,2869),(1,2870),(1,2871),(1,2872),(1,2873),(1,2874),(1,2875),(1,2876),(1,2877),(1,2878),(1,2879),(1,2880),(1,2882),(1,2888),(1,2889),(1,2890),(1,2891),(1,2893),(1,2897),(1,2898),(1,2899),(1,2900),(1,2902),(1,2903),(1,2904),(1,2905),(1,2906),(1,2907),(1,2908),(1,2909),(1,2910),(1,2911),(1,2912),(1,2913),(1,2914),(1,2915),(1,2916),(1,2917),(1,2918),(1,2919),(1,2920),(1,2921),(1,2922),(1,2923),(1,2924),(1,2925),(1,2926),(1,2928),(1,2934),(1,2935),(1,2936),(1,2937),(1,2939),(1,2943),(1,2944),(1,2945),(1,2946),(1,2948),(1,2949),(1,2950),(1,2951),(1,2952),(1,2953),(1,2954),(1,2955),(1,2956),(1,2957),(1,2958),(1,2959),(1,2960),(1,2961),(1,2962),(1,2963),(1,2964),(1,2965),(1,2966),(1,2967),(1,2968),(1,2969),(1,2970),(1,2971),(1,2972),(1,2974),(1,2980),(1,2981),(1,2982),(1,2983),(1,2985),(1,2989),(1,2990),(1,2991),(1,2992),(1,2994),(1,2995),(1,2996),(1,2997),(1,2998),(1,2999),(1,3000),(1,3001),(1,3002),(1,3003),(1,3004),(1,3005),(1,3006),(1,3007),(1,3008),(1,3009),(1,3010),(1,3011),(1,3012),(1,3013),(1,3014),(1,3015),(1,3016),(1,3017),(1,3018),(1,3020),(1,3026),(1,3027),(1,3028),(1,3029),(1,3031),(1,3035),(1,3036),(1,3037),(1,3038),(1,3040),(1,3041),(1,3042),(1,3043),(1,3044),(1,3045),(1,3046),(1,3047),(1,3048),(1,3049),(1,3050),(1,3051),(1,3052),(1,3053),(1,3054),(1,3055),(1,3056),(1,3057),(1,3058),(1,3059),(1,3060),(1,3061),(1,3062),(1,3063),(1,3064),(1,3066),(1,3072),(1,3073),(1,3074),(1,3075),(1,3077),(1,3081),(1,3082),(1,3083),(1,3084),(1,3086),(1,3087),(1,3088),(1,3089),(1,3090),(1,3091),(1,3092),(1,3093),(1,3094),(1,3095),(1,3096),(1,3097),(1,3098),(1,3099),(1,3100),(1,3101),(1,3102),(1,3103),(1,3104),(1,3105),(1,3106),(1,3107),(1,3108),(1,3109),(1,3110),(1,3112),(1,3118),(1,3119),(1,3120),(1,3121),(1,3123),(1,3127),(1,3128),(1,3129),(1,3130),(1,3132),(1,3133),(1,3134),(1,3135),(1,3136),(1,3137),(1,3138),(1,3139),(1,3140),(1,3141),(1,3142),(1,3143),(1,3144),(1,3145),(1,3146),(1,3147),(1,3148),(1,3149),(1,3150),(1,3151),(1,3152),(1,3153),(1,3154),(1,3155),(1,3156),(1,3158),(1,3163),(1,3164),(1,3165),(1,3167),(1,3171),(1,3172),(1,3173),(1,3175),(1,3176),(1,3177),(1,3178),(1,3179),(1,3180),(1,3181),(1,3182),(1,3183),(1,3184),(1,3185),(1,3186),(1,3187),(1,3188),(1,3189),(1,3190),(1,3191),(1,3192),(1,3193),(1,3194),(1,3195),(1,3196),(1,3197),(1,3199),(1,3204),(1,3205),(1,3206),(1,3208),(1,3212),(1,3213),(1,3214),(1,3216),(1,3217),(1,3218),(1,3219),(1,3220),(1,3221),(1,3222),(1,3223),(1,3224),(1,3225),(1,3226),(1,3227),(1,3228),(1,3229),(1,3230),(1,3231),(1,3232),(1,3233),(1,3234),(1,3235),(1,3236),(1,3237),(1,3238),(1,3240),(1,3245),(1,3246),(1,3247),(1,3249),(1,3253),(1,3254),(1,3255),(1,3257),(1,3258),(1,3259),(1,3260),(1,3261),(1,3262),(1,3263),(1,3264),(1,3265),(1,3266),(1,3267),(1,3268),(1,3269),(1,3270),(1,3271),(1,3272),(1,3273),(1,3274),(1,3275),(1,3276),(1,3277),(1,3278),(1,3279),(1,3281),(1,3286),(1,3287),(1,3288),(1,3290),(1,3294),(1,3295),(1,3296),(1,3298),(1,3299),(1,3300),(1,3301),(1,3302),(1,3303),(1,3304),(1,3305),(1,3306),(1,3307),(1,3308),(1,3309),(1,3310),(1,3311),(1,3312),(1,3313),(1,3314),(1,3315),(1,3316),(1,3317),(1,3318),(1,3319),(1,3320),(1,3322),(1,3327),(1,3328),(1,3329),(1,3331),(1,3335),(1,3336),(1,3337),(1,3339),(1,3340),(1,3341),(1,3342),(1,3343),(1,3344),(1,3345),(1,3346),(1,3347),(1,3348),(1,3349),(1,3350),(1,3351),(1,3352),(1,3353),(1,3354),(1,3355),(1,3356),(1,3357),(1,3358),(1,3359),(1,3360),(1,3361),(1,3363),(1,3368),(1,3369),(1,3370),(1,3372),(1,3376),(1,3377),(1,3378),(1,3380),(1,3381),(1,3382),(1,3383),(1,3384),(1,3385),(1,3386),(1,3387),(1,3388),(1,3389),(1,3390),(1,3391),(1,3392),(1,3393),(1,3394),(1,3395),(1,3396),(1,3397),(1,3398),(1,3399),(1,3400),(1,3401),(1,3402),(1,3404),(1,3409),(1,3410),(1,3411),(1,3413),(1,3417),(1,3418),(1,3419),(1,3421),(1,3422),(1,3423),(1,3424),(1,3425),(1,3426),(1,3427),(1,3428),(1,3429),(1,3430),(1,3431),(1,3432),(1,3433),(1,3434),(1,3435),(1,3436),(1,3437),(1,3438),(1,3439),(1,3440),(1,3441),(1,3442),(1,3443),(1,3445),(1,3450),(1,3451),(1,3452),(1,3454),(1,3458),(1,3459),(1,3460),(1,3462),(1,3463),(1,3464),(1,3465),(1,3466),(1,3467),(1,3468),(1,3469),(1,3470),(1,3471),(1,3472),(1,3473),(1,3474),(1,3475),(1,3476),(1,3477),(1,3478),(1,3479),(1,3480),(1,3481),(1,3482),(1,3483),(1,3484),(1,3486),(1,3491),(1,3492),(1,3493),(1,3495),(1,3499),(1,3500),(1,3501),(1,3503),(1,3504),(1,3505),(1,3506),(1,3507),(1,3508),(1,3509),(1,3510),(1,3511),(1,3512),(1,3513),(1,3514),(1,3515),(1,3516),(1,3517),(1,3518),(1,3519),(1,3520),(1,3521),(1,3522),(1,3523),(1,3524),(1,3525),(1,3527),(1,3532),(1,3533),(1,3534),(1,3536),(1,3540),(1,3541),(1,3542),(1,3544),(1,3545),(1,3546),(1,3547),(1,3548),(1,3549),(1,3550),(1,3551),(1,3552),(1,3553),(1,3554),(1,3555),(1,3556),(1,3557),(1,3558),(1,3559),(1,3560),(1,3561),(1,3562),(1,3563),(1,3564),(1,3565),(1,3566),(1,3568),(1,3573),(1,3574),(1,3575),(1,3577),(1,3581),(1,3582),(1,3583),(1,3585),(1,3586),(1,3587),(1,3588),(1,3589),(1,3590),(1,3591),(1,3592),(1,3593),(1,3594),(1,3595),(1,3596),(1,3597),(1,3598),(1,3599),(1,3600),(1,3601),(1,3602),(1,3603),(1,3604),(1,3605),(1,3606),(1,3607),(1,3609),(1,3614),(1,3615),(1,3616),(1,3618),(1,3622),(1,3623),(1,3624),(1,3626),(1,3627),(1,3628),(1,3629),(1,3630),(1,3631),(1,3632),(1,3633),(1,3634),(1,3635),(1,3636),(1,3637),(1,3638),(1,3639),(1,3640),(1,3641),(1,3642),(1,3643),(1,3644),(1,3645),(1,3646),(1,3647),(1,3648),(1,3650),(1,3655),(1,3656),(1,3657),(1,3659),(1,3663),(1,3664),(1,3665),(1,3667),(1,3668),(1,3669),(1,3670),(1,3671),(1,3672),(1,3673),(1,3674),(1,3675),(1,3676),(1,3677),(1,3678),(1,3679),(1,3680),(1,3681),(1,3682),(1,3683),(1,3684),(1,3685),(1,3686),(1,3687),(1,3688),(1,3689),(1,3691),(1,3696),(1,3697),(1,3698),(1,3700),(1,3704),(1,3705),(1,3706),(1,3708),(1,3709),(1,3710),(1,3711),(1,3712),(1,3713),(1,3714),(1,3715),(1,3716),(1,3717),(1,3718),(1,3719),(1,3720),(1,3721),(1,3722),(1,3723),(1,3724),(1,3725),(1,3726),(1,3727),(1,3728),(1,3729),(1,3730),(1,3732),(1,3737),(1,3738),(1,3739),(1,3741),(1,3745),(1,3746),(1,3747),(1,3749),(1,3750),(1,3751),(1,3752),(1,3753),(1,3754),(1,3755),(1,3756),(1,3757),(1,3758),(1,3759),(1,3760),(1,3761),(1,3762),(1,3763),(1,3764),(1,3765),(1,3766),(1,3767),(1,3768),(1,3769),(1,3770),(1,3771),(1,3772),(1,3773),(1,3774),(1,3776),(1,3781),(1,3782),(1,3783),(1,3785),(1,3789),(1,3790),(1,3791),(1,3793),(1,3794),(1,3795),(1,3796),(1,3797),(1,3798),(1,3799),(1,3800),(1,3801),(1,3802),(1,3803),(1,3804),(1,3805),(1,3806),(1,3807),(1,3808),(1,3809),(1,3810),(1,3811),(1,3812),(1,3813),(1,3814),(1,3815),(1,3816),(1,3817),(1,3818),(1,3820),(1,3825),(1,3826),(1,3827),(1,3829),(1,3833),(1,3834),(1,3835),(1,3837),(1,3838),(1,3839),(1,3840),(1,3841),(1,3842),(1,3843),(1,3844),(1,3845),(1,3846),(1,3847),(1,3848),(1,3849),(1,3850),(1,3851),(1,3852),(1,3853),(1,3854),(1,3855),(1,3856),(1,3857),(1,3858),(1,3859),(1,3860),(1,3861),(9,22),(9,28),(9,63),(9,69),(9,104),(9,110),(9,145),(9,151),(9,186),(9,192),(9,227),(9,233),(9,268),(9,274),(9,309),(9,315),(9,350),(9,356),(9,391),(9,397),(9,432),(9,438),(9,470),(9,476),(9,507),(9,513),(9,544),(9,550),(9,581),(9,587),(9,618),(9,624),(9,655),(9,661),(9,692),(9,698),(9,729),(9,735),(9,767),(9,773),(9,805),(9,811),(9,843),(9,848),(9,882),(9,887),(9,921),(9,926),(9,960),(9,965),(9,999),(9,1004),(9,1038),(9,1043),(9,1080),(9,1085),(9,1122),(9,1127),(9,1164),(9,1169),(9,1206),(9,1211),(9,1248),(9,1253),(9,1290),(9,1295),(9,1332),(9,1337),(9,1374),(9,1379),(9,1416),(9,1421),(9,1459),(9,1464),(9,1505),(9,1510),(9,1551),(9,1556),(9,1597),(9,1602),(9,1643),(9,1648),(9,1668),(9,1677),(9,1735),(9,1740),(9,1781),(9,1786),(9,1827),(9,1832),(9,1872),(9,1877),(9,1917),(9,1922),(9,1962),(9,1967),(9,2011),(9,2055),(9,2099),(9,2143),(9,2187),(9,2231),(9,2275),(9,2319),(9,2363),(9,2407),(9,2451),(9,2495),(9,2539),(9,2583),(9,2628),(9,2673),(9,2718),(9,2763),(9,2809),(9,2855),(9,2901),(9,2947),(9,2993),(9,3039),(9,3085),(9,3131),(9,3174),(9,3215),(9,3256),(9,3297),(9,3338),(9,3379),(9,3420),(9,3461),(9,3502),(9,3543),(9,3584),(9,3625),(9,3666),(9,3707),(9,3748),(9,3792),(9,3836),(21,18),(21,19),(21,21),(21,59),(21,60),(21,62),(21,100),(21,101),(21,103),(21,141),(21,142),(21,144),(21,182),(21,183),(21,185),(21,223),(21,224),(21,226),(21,264),(21,265),(21,267),(21,305),(21,306),(21,308),(21,346),(21,347),(21,349),(21,387),(21,388),(21,390),(21,428),(21,429),(21,431),(21,467),(21,468),(21,469),(21,504),(21,505),(21,506),(21,541),(21,542),(21,543),(21,578),(21,579),(21,580),(21,615),(21,616),(21,617),(21,652),(21,653),(21,654),(21,689),(21,690),(21,691),(21,726),(21,727),(21,728),(21,764),(21,765),(21,766),(21,802),(21,803),(21,804),(21,840),(21,841),(21,842),(21,879),(21,880),(21,881),(21,918),(21,919),(21,920),(21,957),(21,958),(21,959),(21,996),(21,997),(21,998),(21,1035),(21,1036),(21,1037),(21,1077),(21,1078),(21,1079),(21,1119),(21,1120),(21,1121),(21,1161),(21,1162),(21,1163),(21,1203),(21,1204),(21,1205),(21,1245),(21,1246),(21,1247),(21,1287),(21,1288),(21,1289),(21,1329),(21,1330),(21,1331),(21,1371),(21,1372),(21,1373),(21,1413),(21,1414),(21,1415),(21,1456),(21,1457),(21,1458),(21,1502),(21,1503),(21,1504),(21,1548),(21,1549),(21,1550),(21,1594),(21,1595),(21,1596),(21,1640),(21,1641),(21,1642),(21,1663),(21,1666),(21,1716),(21,1732),(21,1733),(21,1734),(21,1778),(21,1779),(21,1780),(21,1824),(21,1825),(21,1826),(21,1869),(21,1870),(21,1871),(21,1914),(21,1915),(21,1916),(21,1959),(21,1960),(21,1961),(21,2004),(21,2005),(21,2006),(21,2048),(21,2049),(21,2050),(21,2092),(21,2093),(21,2094),(21,2136),(21,2137),(21,2138),(21,2180),(21,2181),(21,2182),(21,2224),(21,2225),(21,2226),(21,2268),(21,2269),(21,2270),(21,2312),(21,2313),(21,2314),(21,2356),(21,2357),(21,2358),(21,2400),(21,2401),(21,2402),(21,2444),(21,2445),(21,2446),(21,2488),(21,2489),(21,2490),(21,2532),(21,2533),(21,2534),(21,2576),(21,2577),(21,2578),(21,2621),(21,2622),(21,2623),(21,2666),(21,2667),(21,2668),(21,2711),(21,2712),(21,2713),(21,2756),(21,2757),(21,2758),(21,2802),(21,2803),(21,2804),(21,2848),(21,2849),(21,2850),(21,2894),(21,2895),(21,2896),(21,2940),(21,2941),(21,2942),(21,2986),(21,2987),(21,2988),(21,3032),(21,3033),(21,3034),(21,3078),(21,3079),(21,3080),(21,3124),(21,3125),(21,3126),(21,3168),(21,3169),(21,3170),(21,3209),(21,3210),(21,3211),(21,3250),(21,3251),(21,3252),(21,3291),(21,3292),(21,3293),(21,3332),(21,3333),(21,3334),(21,3373),(21,3374),(21,3375),(21,3414),(21,3415),(21,3416),(21,3455),(21,3456),(21,3457),(21,3496),(21,3497),(21,3498),(21,3537),(21,3538),(21,3539),(21,3578),(21,3579),(21,3580),(21,3619),(21,3620),(21,3621),(21,3660),(21,3661),(21,3662),(21,3701),(21,3702),(21,3703),(21,3742),(21,3743),(21,3744),(21,3786),(21,3787),(21,3788),(21,3830),(21,3831),(21,3832),(22,2),(22,5),(22,22),(22,43),(22,46),(22,63),(22,84),(22,87),(22,104),(22,125),(22,128),(22,145),(22,166),(22,169),(22,186),(22,207),(22,210),(22,227),(22,248),(22,251),(22,268),(22,289),(22,292),(22,309),(22,330),(22,333),(22,350),(22,371),(22,374),(22,391),(22,412),(22,415),(22,432),(22,470),(22,507),(22,544),(22,581),(22,618),(22,655),(22,692),(22,729),(22,767),(22,805),(22,843),(22,882),(22,921),(22,960),(22,999),(22,1038),(22,1080),(22,1122),(22,1164),(22,1206),(22,1248),(22,1290),(22,1332),(22,1374),(22,1416),(22,1459),(22,1505),(22,1551),(22,1597),(22,1643),(22,1668),(22,1735),(22,1781),(22,1827),(22,1872),(22,1917),(22,1962),(23,2),(23,5),(23,43),(23,46),(23,84),(23,87),(23,125),(23,128),(23,166),(23,169),(23,207),(23,210),(23,248),(23,251),(23,289),(23,292),(23,330),(23,333),(23,371),(23,374),(23,412),(23,415),(30,2),(30,5),(30,11),(30,18),(30,43),(30,46),(30,52),(30,59),(30,84),(30,87),(30,93),(30,100),(30,125),(30,128),(30,134),(30,141),(30,166),(30,169),(30,175),(30,182),(30,207),(30,210),(30,216),(30,223),(30,248),(30,251),(30,257),(30,264),(30,289),(30,292),(30,298),(30,305),(30,330),(30,333),(30,339),(30,346),(30,371),(30,374),(30,380),(30,387),(30,412),(30,415),(30,421),(30,428),(30,460),(30,467),(30,497),(30,504),(30,534),(30,541),(30,571),(30,578),(30,608),(30,615),(30,645),(30,652),(30,682),(30,689),(30,719),(30,726),(30,757),(30,764),(30,795),(30,802),(30,833),(30,840),(30,872),(30,879),(30,911),(30,918),(30,950),(30,957),(30,989),(30,996),(30,1028),(30,1035),(30,1070),(30,1077),(30,1112),(30,1119),(30,1154),(30,1161),(30,1196),(30,1203),(30,1238),(30,1245),(30,1280),(30,1287),(30,1322),(30,1329),(30,1364),(30,1371),(30,1406),(30,1413),(30,1449),(30,1456),(30,1495),(30,1502),(30,1541),(30,1548),(30,1587),(30,1594),(30,1633),(30,1640),(30,1709),(30,1716),(30,1725),(30,1732),(30,1771),(30,1778),(30,1817),(30,1824),(30,1862),(30,1869),(30,1907),(30,1914),(30,1952),(30,1959),(30,1997),(30,2004),(30,2041),(30,2048),(30,2085),(30,2092),(30,2129),(30,2136),(30,2173),(30,2180),(30,2217),(30,2224),(30,2261),(30,2268),(30,2305),(30,2312),(30,2349),(30,2356),(30,2393),(30,2400),(30,2437),(30,2444),(30,2481),(30,2488),(30,2525),(30,2532),(30,2569),(30,2576),(30,2614),(30,2621),(30,2659),(30,2666),(30,2704),(30,2711),(30,2749),(30,2756),(30,2795),(30,2802),(30,2841),(30,2848),(30,2887),(30,2894),(30,2933),(30,2940),(30,2979),(30,2986),(30,3025),(30,3032),(30,3071),(30,3078),(30,3117),(30,3124),(30,3168),(30,3209),(30,3250),(30,3291),(30,3332),(30,3373),(30,3414),(30,3455),(30,3496),(30,3537),(30,3578),(30,3619),(30,3660),(30,3701),(30,3742),(30,3786),(30,3830),(37,16),(37,28),(37,57),(37,69),(37,98),(37,110),(37,139),(37,151),(37,180),(37,192),(37,221),(37,233),(37,262),(37,274),(37,303),(37,315),(37,344),(37,356),(37,385),(37,397),(37,426),(37,438),(37,465),(37,476),(37,502),(37,513),(37,539),(37,550),(37,576),(37,587),(37,613),(37,624),(37,650),(37,661),(37,687),(37,698),(37,724),(37,735),(37,762),(37,773),(37,800),(37,811),(37,838),(37,848),(37,877),(37,887),(37,916),(37,926),(37,955),(37,965),(37,994),(37,1004),(37,1033),(37,1043),(37,1075),(37,1085),(37,1117),(37,1127),(37,1159),(37,1169),(37,1201),(37,1211),(37,1243),(37,1253),(37,1285),(37,1295),(37,1327),(37,1337),(37,1369),(37,1379),(37,1411),(37,1421),(37,1454),(37,1464),(37,1500),(37,1510),(37,1546),(37,1556),(37,1592),(37,1602),(37,1638),(37,1648),(37,1677),(37,1714),(37,1730),(37,1740),(37,1776),(37,1786),(37,1822),(37,1832),(37,1867),(37,1877),(37,1912),(37,1922),(37,1957),(37,1967),(37,2002),(37,2011),(37,2046),(37,2055),(37,2090),(37,2099),(37,2134),(37,2143),(37,2178),(37,2187),(37,2222),(37,2231),(37,2266),(37,2275),(37,2310),(37,2319),(37,2354),(37,2363),(37,2398),(37,2407),(37,2442),(37,2451),(37,2486),(37,2495),(37,2530),(37,2539),(37,2574),(37,2583),(37,2619),(37,2628),(37,2664),(37,2673),(37,2709),(37,2718),(37,2754),(37,2763),(37,2800),(37,2809),(37,2846),(37,2855),(37,2892),(37,2901),(37,2938),(37,2947),(37,2984),(37,2993),(37,3030),(37,3039),(37,3076),(37,3085),(37,3122),(37,3131),(37,3166),(37,3174),(37,3207),(37,3215),(37,3248),(37,3256),(37,3289),(37,3297),(37,3330),(37,3338),(37,3371),(37,3379),(37,3412),(37,3420),(37,3453),(37,3461),(37,3494),(37,3502),(37,3535),(37,3543),(37,3576),(37,3584),(37,3617),(37,3625),(37,3658),(37,3666),(37,3699),(37,3707),(37,3740),(37,3748),(37,3784),(37,3792),(37,3828),(37,3836),(39,28),(39,69),(39,110),(39,151),(39,192),(39,233),(39,274),(39,315),(39,356),(39,397),(39,438),(39,476),(39,513),(39,550),(39,587),(39,624),(39,661),(39,698),(39,735),(39,773),(39,811),(39,848),(39,887),(39,926),(39,965),(39,1004),(39,1043),(39,1085),(39,1127),(39,1169),(39,1211),(39,1253),(39,1295),(39,1337),(39,1379),(39,1421),(39,1464),(39,1510),(39,1556),(39,1602),(39,1648),(39,1677),(39,1740),(39,1786),(39,1832),(39,1877),(39,1922),(39,1967),(39,2011),(39,2055),(39,2099),(39,2143),(39,2187),(39,2231),(39,2275),(39,2319),(39,2363),(39,2407),(39,2451),(39,2495),(39,2539),(39,2583),(39,2628),(39,2673),(39,2718),(39,2763),(39,2809),(39,2855),(39,2901),(39,2947),(39,2993),(39,3039),(39,3085),(39,3131),(39,3174),(39,3215),(39,3256),(39,3297),(39,3338),(39,3379),(39,3420),(39,3461),(39,3502),(39,3543),(39,3584),(39,3625),(39,3666),(39,3707),(39,3748),(39,3792),(39,3836),(41,16),(41,57),(41,98),(41,139),(41,180),(41,221),(41,262),(41,303),(41,344),(41,385),(41,426),(41,465),(41,502),(41,539),(41,576),(41,613),(41,650),(41,687),(41,724),(41,762),(41,800),(41,838),(41,877),(41,916),(41,955),(41,994),(41,1033),(41,1075),(41,1117),(41,1159),(41,1201),(41,1243),(41,1285),(41,1327),(41,1369),(41,1411),(41,1454),(41,1500),(41,1546),(41,1592),(41,1638),(41,1714),(41,1730),(41,1776),(41,1822),(41,1867),(41,1912),(41,1957),(41,2002),(41,2046),(41,2090),(41,2134),(41,2178),(41,2222),(41,2266),(41,2310),(41,2354),(41,2398),(41,2442),(41,2486),(41,2530),(41,2574),(41,2619),(41,2664),(41,2709),(41,2754),(41,2800),(41,2846),(41,2892),(41,2938),(41,2984),(41,3030),(41,3076),(41,3122),(41,3166),(41,3207),(41,3248),(41,3289),(41,3330),(41,3371),(41,3412),(41,3453),(41,3494),(41,3535),(41,3576),(41,3617),(41,3658),(41,3699),(41,3740),(41,3784),(41,3828),(48,11),(48,52),(48,93),(48,134),(48,175),(48,216),(48,257),(48,298),(48,339),(48,380),(48,421),(48,460),(48,497),(48,534),(48,571),(48,608),(48,645),(48,682),(48,719),(48,757),(48,795),(48,833),(48,872),(48,911),(48,950),(48,989),(48,1028),(48,1070),(48,1112),(48,1154),(48,1196),(48,1238),(48,1280),(48,1322),(48,1364),(48,1406),(48,1449),(48,1495),(48,1541),(48,1587),(48,1633),(48,1709),(48,1725),(48,1771),(48,1817),(48,1862),(48,1907),(48,1952),(48,1997),(48,2041),(48,2085),(48,2129),(48,2173),(48,2217),(48,2261),(48,2305),(48,2349),(48,2393),(48,2437),(48,2481),(48,2525),(48,2569),(48,2614),(48,2659),(48,2704),(48,2749),(48,2795),(48,2841),(48,2887),(48,2933),(48,2979),(48,3025),(48,3071),(48,3117),(53,6),(53,47),(53,88),(53,129),(53,170),(53,211),(53,252),(53,293),(53,334),(53,375),(53,416),(53,455),(53,492),(53,529),(53,566),(53,603),(53,640),(53,677),(53,714),(53,752),(53,790),(53,828),(53,867),(53,906),(53,945),(53,984),(53,1023),(53,1065),(53,1107),(53,1149),(53,1191),(53,1233),(53,1275),(53,1317),(53,1359),(53,1401),(53,1444),(53,1490),(53,1536),(53,1582),(53,1628),(53,1704),(53,1720),(53,1766),(53,1812),(53,1858),(53,1903),(53,1948),(53,1993),(53,2037),(53,2081),(53,2125),(53,2169),(53,2213),(53,2257),(53,2301),(53,2345),(53,2389),(53,2433),(53,2477),(53,2521),(53,2565),(53,2610),(53,2655),(53,2700),(53,2745),(53,2791),(53,2837),(53,2883),(53,2929),(53,2975),(53,3021),(53,3067),(53,3113),(53,3159),(53,3200),(53,3241),(53,3282),(53,3323),(53,3364),(53,3405),(53,3446),(53,3487),(53,3528),(53,3569),(53,3610),(53,3651),(53,3692),(53,3733),(53,3777),(53,3821),(59,3),(59,44),(59,85),(59,126),(59,167),(59,208),(59,249),(59,290),(59,331),(59,372),(59,413),(59,453),(59,490),(59,527),(59,564),(59,601),(59,638),(59,675),(59,712),(59,750),(59,788),(59,826),(59,865),(59,904),(59,943),(59,982),(59,1021),(59,1063),(59,1105),(59,1147),(59,1189),(59,1231),(59,1273),(59,1315),(59,1357),(59,1399),(59,1442),(59,1488),(59,1534),(59,1580),(59,1626),(59,1702),(59,1718),(59,1764),(59,1810),(59,1856),(59,1901),(59,1946),(59,1991),(59,2035),(59,2079),(59,2123),(59,2167),(59,2211),(59,2255),(59,2299),(59,2343),(59,2387),(59,2431),(59,2475),(59,2519),(59,2563),(59,2608),(59,2653),(59,2698),(59,2743),(59,2789),(59,2835),(59,2881),(59,2927),(59,2973),(59,3019),(59,3065),(59,3111),(59,3157),(59,3198),(59,3239),(59,3280),(59,3321),(59,3362),(59,3403),(59,3444),(59,3485),(59,3526),(59,3567),(59,3608),(59,3649),(59,3690),(59,3731),(59,3775),(59,3819),(63,7),(63,48),(63,89),(63,130),(63,171),(63,212),(63,253),(63,294),(63,335),(63,376),(63,417),(63,456),(63,493),(63,530),(63,567),(63,604),(63,641),(63,678),(63,715),(63,753),(63,791),(63,829),(63,868),(63,907),(63,946),(63,985),(63,1024),(63,1066),(63,1108),(63,1150),(63,1192),(63,1234),(63,1276),(63,1318),(63,1360),(63,1402),(63,1445),(63,1491),(63,1537),(63,1583),(63,1629),(63,1705),(63,1721),(63,1767),(63,1813),(63,1859),(63,1904),(63,1949),(63,1994),(63,2038),(63,2082),(63,2126),(63,2170),(63,2214),(63,2258),(63,2302),(63,2346),(63,2390),(63,2434),(63,2478),(63,2522),(63,2566),(63,2611),(63,2656),(63,2701),(63,2746),(63,2792),(63,2838),(63,2884),(63,2930),(63,2976),(63,3022),(63,3068),(63,3114),(63,3160),(63,3201),(63,3242),(63,3283),(63,3324),(63,3365),(63,3406),(63,3447),(63,3488),(63,3529),(63,3570),(63,3611),(63,3652),(63,3693),(63,3734),(63,3778),(63,3822),(65,8),(65,49),(65,90),(65,131),(65,172),(65,213),(65,254),(65,295),(65,336),(65,377),(65,418),(65,457),(65,494),(65,531),(65,568),(65,605),(65,642),(65,679),(65,716),(65,754),(65,792),(65,830),(65,869),(65,908),(65,947),(65,986),(65,1025),(65,1067),(65,1109),(65,1151),(65,1193),(65,1235),(65,1277),(65,1319),(65,1361),(65,1403),(65,1446),(65,1492),(65,1538),(65,1584),(65,1630),(65,1706),(65,1722),(65,1768),(65,1814),(65,1860),(65,1905),(65,1950),(65,1995),(65,2039),(65,2083),(65,2127),(65,2171),(65,2215),(65,2259),(65,2303),(65,2347),(65,2391),(65,2435),(65,2479),(65,2523),(65,2567),(65,2612),(65,2657),(65,2702),(65,2747),(65,2793),(65,2839),(65,2885),(65,2931),(65,2977),(65,3023),(65,3069),(65,3115),(65,3161),(65,3202),(65,3243),(65,3284),(65,3325),(65,3366),(65,3407),(65,3448),(65,3489),(65,3530),(65,3571),(65,3612),(65,3653),(65,3694),(65,3735),(65,3779),(65,3823);

--
-- Table structure for table `ps_tab_lang`
--

CREATE TABLE `ps_tab_lang` (
  `id_tab` int(10) unsigned NOT NULL,
  `id_lang` int(10) unsigned NOT NULL,
  `name` varchar(64) DEFAULT NULL,
  PRIMARY KEY (`id_tab`,`id_lang`)
) ENGINE=InnoDB DEFAULT CHARSET=utf8;

--
-- Dumping data for table `ps_tab_lang`
--

INSERT INTO `ps_tab_lang` VALUES (1,1,'Dashboard'),(2,1,'Pagine CMS'),(3,1,'Categorie CMS'),(4,1,'Generatore di combinazioni'),(5,1,'Cerca'),(6,1,'Login'),(7,1,'Negozi associati'),(8,1,'URLs negozi'),(9,1,'Catalogo'),(10,1,'Ordini'),(11,1,'Clienti'),(12,1,'Regole Prezzi'),(13,1,'Moduli'),(14,1,'Spedizione'),(15,1,'Localizzazione'),(16,1,'Preferenze'),(17,1,'Parametri Avanzati'),(18,1,'Amministrazione'),(19,1,'Statistiche'),(20,1,'Magazzino'),(21,1,'Prodotti'),(22,1,'Categorie'),(23,1,'Monitoraggio'),(24,1,'Attributi e Valori'),(25,1,'Caratt.'),(26,1,'Produttori'),(27,1,'Fornitori'),(28,1,'Tag'),(29,1,'Documenti allegati'),(30,1,'Ordini'),(31,1,'Fatture'),(32,1,'Restituzione prodotto'),(33,1,'Note di Consegna'),(34,1,'Note di credito'),(35,1,'Stati'),(36,1,'Messaggi predefiniti'),(37,1,'Clienti'),(38,1,'Indirizzi'),(39,1,'Gruppi'),(40,1,'Carrello'),(41,1,'Servizio clienti'),(42,1,'Contatti'),(43,1,'Titoli'),(44,1,'In sospeso'),(45,1,'Regole carrello'),(46,1,'Regole Catalogo Prezzi'),(47,1,'Marketing'),(48,1,'Mezzi di spedizione'),(49,1,'Preferenze'),(50,1,'Carrier'),(51,1,'Localizzazione'),(52,1,'Lingue'),(53,1,'Zone'),(54,1,'Nazione'),(55,1,'Stati'),(56,1,'Valute'),(57,1,'Tasse'),(58,1,'Regole'),(59,1,'Traduzioni'),(60,1,'Moduli e Servizi'),(61,1,'Catalogo Moduli e temi'),(62,1,'Posizioni'),(63,1,'Pagamento'),(64,1,'Generale'),(65,1,'Ordini'),(66,1,'Prodotti'),(67,1,'Clienti'),(68,1,'Temi'),(69,1,'URL e SEO'),(70,1,'CMS'),(71,1,'Immagini'),(72,1,'Contatti del negozio'),(73,1,'Cerca'),(74,1,'Manutenzione'),(75,1,'Geolocalizzazione'),(76,1,'Informazioni'),(77,1,'Prestazioni'),(78,1,'E-mail'),(79,1,'Multi-negozio'),(80,1,'Importo CVS'),(81,1,'Backup DB'),(82,1,'Manager SQL'),(83,1,'Archivi'),(84,1,'Webservice'),(85,1,'Preferenze'),(86,1,'Accesso veloce'),(87,1,'Dipendenti'),(88,1,'Profili'),(89,1,'Permessi'),(90,1,'Tabs'),(91,1,'Statistiche'),(92,1,'Motori di ricerca'),(93,1,'Affiliati'),(94,1,'Magazzino'),(95,1,'Gestione dello Stock'),(96,1,'Movimento magazzino'),(97,1,'Stato dello stock Istantaneo'),(98,1,'Copertura Stock'),(99,1,'Ordini fornitura'),(100,1,'Configurazione'),(101,1,'BlockCategories'),(102,1,'Dashgoals'),(103,1,'themeconfigurator'),(104,1,'Merchant Expertise'),(105,1,'Cron Jobs'),(107,1,'Google Analytics Ajax');

--
-- Table structure for table `ps_tab_module_preference`
--

CREATE TABLE `ps_tab_module_preference` (
  `id_tab_module_preference` int(11) NOT NULL AUTO_INCREMENT,
  `id_employee` int(11) NOT NULL,
  `id_tab` int(11) NOT NULL,
  `module` varchar(255) NOT NULL,
  PRIMARY KEY (`id_tab_module_preference`),
  UNIQUE KEY `employee_module` (`id_employee`,`id_tab`,`module`)
) ENGINE=InnoDB DEFAULT CHARSET=utf8;

--
-- Dumping data for table `ps_tab_module_preference`
--


--
-- Table structure for table `ps_tag`
--

CREATE TABLE `ps_tag` (
  `id_tag` int(10) unsigned NOT NULL AUTO_INCREMENT,
  `id_lang` int(10) unsigned NOT NULL,
  `name` varchar(32) NOT NULL,
  PRIMARY KEY (`id_tag`),
  KEY `tag_name` (`name`),
  KEY `id_lang` (`id_lang`)
) ENGINE=InnoDB AUTO_INCREMENT=73 DEFAULT CHARSET=utf8;

--
-- Dumping data for table `ps_tag`
--

INSERT INTO `ps_tag` VALUES (1,1,'g900f'),(14,1,'Cassa note 3'),(15,1,'note 3'),(16,1,'note III'),(17,1,'samsung note 3'),(19,1,'antenna note 3'),(23,1,'s6 edge'),(24,1,'antenna s6 edge'),(25,1,'antenna g925f'),(28,1,'fotocamera s6 edge'),(29,1,'fotocamera frontale s6 edge'),(39,1,'s7'),(40,1,'samsung s7'),(41,1,'g930'),(42,1,'fotocamera s7'),(44,1,'altoparlante s7'),(46,1,'jack audio s7'),(47,1,'vibrazione note 2'),(48,1,'vibrazione note II'),(49,1,'N7100'),(50,1,'Note 2'),(51,1,'TASTO ACCENSIONE'),(52,1,'FLAT NOTE 2'),(53,1,'FLAT POWER'),(58,1,'FOTOCAMERA FRONTALE S2'),(59,1,'I9100'),(60,1,'S2'),(61,1,'SENSORE S2'),(62,1,'sensore prossimità s7'),(65,1,'biadesivo s7'),(66,1,'biadesivo g930'),(69,1,'biadesivo g935'),(70,1,'biadesivo s7 edge'),(71,1,'vibrazione s3'),(72,1,'i9300');

--
-- Table structure for table `ps_tag_count`
--

CREATE TABLE `ps_tag_count` (
  `id_group` int(10) unsigned NOT NULL DEFAULT '0',
  `id_tag` int(10) unsigned NOT NULL DEFAULT '0',
  `id_lang` int(10) unsigned NOT NULL DEFAULT '0',
  `id_shop` int(11) unsigned NOT NULL DEFAULT '0',
  `counter` int(10) unsigned NOT NULL DEFAULT '0',
  PRIMARY KEY (`id_group`,`id_tag`),
  KEY `id_group` (`id_group`,`id_lang`,`id_shop`,`counter`)
) ENGINE=InnoDB DEFAULT CHARSET=utf8;

--
-- Dumping data for table `ps_tag_count`
--

INSERT INTO `ps_tag_count` VALUES (0,1,1,1,1),(0,14,1,1,1),(0,17,1,1,1),(0,19,1,1,1),(0,24,1,1,1),(0,25,1,1,1),(0,28,1,1,1),(0,29,1,1,1),(0,42,1,1,1),(0,44,1,1,1),(0,46,1,1,1),(0,47,1,1,1),(0,48,1,1,1),(0,49,1,1,1),(0,51,1,1,1),(0,52,1,1,1),(0,53,1,1,1),(0,58,1,1,1),(0,59,1,1,1),(0,60,1,1,1),(0,61,1,1,1),(0,62,1,1,1),(0,66,1,1,1),(0,69,1,1,1),(0,70,1,1,1),(0,71,1,1,1),(0,72,1,1,1),(0,15,1,1,2),(0,16,1,1,2),(0,23,1,1,2),(0,50,1,1,2),(0,65,1,1,2),(0,40,1,1,4),(0,39,1,1,5),(0,41,1,1,5),(1,1,1,1,1),(1,14,1,1,1),(1,17,1,1,1),(1,19,1,1,1),(1,24,1,1,1),(1,25,1,1,1),(1,28,1,1,1),(1,29,1,1,1),(1,42,1,1,1),(1,44,1,1,1),(1,46,1,1,1),(1,47,1,1,1),(1,48,1,1,1),(1,49,1,1,1),(1,51,1,1,1),(1,52,1,1,1),(1,53,1,1,1),(1,58,1,1,1),(1,59,1,1,1),(1,60,1,1,1),(1,61,1,1,1),(1,62,1,1,1),(1,66,1,1,1),(1,69,1,1,1),(1,70,1,1,1),(1,71,1,1,1),(1,72,1,1,1),(1,15,1,1,2),(1,16,1,1,2),(1,23,1,1,2),(1,50,1,1,2),(1,65,1,1,2),(1,40,1,1,4),(1,39,1,1,5),(1,41,1,1,5),(2,1,1,1,1),(2,14,1,1,1),(2,17,1,1,1),(2,19,1,1,1),(2,24,1,1,1),(2,25,1,1,1),(2,28,1,1,1),(2,29,1,1,1),(2,42,1,1,1),(2,44,1,1,1),(2,46,1,1,1),(2,47,1,1,1),(2,48,1,1,1),(2,49,1,1,1),(2,51,1,1,1),(2,52,1,1,1),(2,53,1,1,1),(2,58,1,1,1),(2,59,1,1,1),(2,60,1,1,1),(2,61,1,1,1),(2,62,1,1,1),(2,66,1,1,1),(2,69,1,1,1),(2,70,1,1,1),(2,71,1,1,1),(2,72,1,1,1),(2,15,1,1,2),(2,16,1,1,2),(2,23,1,1,2),(2,50,1,1,2),(2,65,1,1,2),(2,40,1,1,4),(2,39,1,1,5),(2,41,1,1,5),(3,1,1,1,1),(3,14,1,1,1),(3,17,1,1,1),(3,19,1,1,1),(3,24,1,1,1),(3,25,1,1,1),(3,28,1,1,1),(3,29,1,1,1),(3,42,1,1,1),(3,44,1,1,1),(3,46,1,1,1),(3,47,1,1,1),(3,48,1,1,1),(3,49,1,1,1),(3,51,1,1,1),(3,52,1,1,1),(3,53,1,1,1),(3,58,1,1,1),(3,59,1,1,1),(3,60,1,1,1),(3,61,1,1,1),(3,62,1,1,1),(3,66,1,1,1),(3,69,1,1,1),(3,70,1,1,1),(3,71,1,1,1),(3,72,1,1,1),(3,15,1,1,2),(3,16,1,1,2),(3,23,1,1,2),(3,50,1,1,2),(3,65,1,1,2),(3,40,1,1,4),(3,39,1,1,5),(3,41,1,1,5);

--
-- Table structure for table `ps_tax`
--

CREATE TABLE `ps_tax` (
  `id_tax` int(10) unsigned NOT NULL AUTO_INCREMENT,
  `rate` decimal(10,3) NOT NULL,
  `active` tinyint(1) unsigned NOT NULL DEFAULT '1',
  `deleted` tinyint(1) unsigned NOT NULL DEFAULT '0',
  PRIMARY KEY (`id_tax`)
) ENGINE=InnoDB AUTO_INCREMENT=69 DEFAULT CHARSET=utf8;

--
-- Dumping data for table `ps_tax`
--

INSERT INTO `ps_tax` VALUES (1,22.000,1,0),(2,10.000,1,0),(3,4.000,1,0),(4,0.000,1,0),(5,21.000,1,0),(6,20.000,1,0),(7,19.000,1,0),(8,21.000,1,0),(9,19.000,1,0),(10,25.000,1,0),(11,20.000,1,0),(12,21.000,1,0),(13,24.000,1,0),(14,20.000,1,0),(15,20.000,1,0),(16,23.000,1,0),(17,25.000,1,0),(18,27.000,1,0),(19,23.000,1,0),(20,21.000,1,0),(21,17.000,1,0),(22,21.000,1,0),(23,18.000,1,0),(24,21.000,1,0),(25,23.000,1,0),(26,23.000,1,0),(27,24.000,1,0),(28,25.000,1,0),(29,22.000,1,0),(30,20.000,1,0),(31,0.000,0,0),(32,0.000,0,0),(33,6.000,1,0),(34,666.000,1,0),(35,2.000,1,0),(36,2.000,1,0),(37,1.000,1,0),(38,2.000,1,0),(39,2.000,1,0),(40,2.000,1,0),(41,2.000,1,0),(42,1.000,1,0),(43,1.000,1,0),(44,1.000,1,0),(45,1.000,1,0),(46,1.000,1,0),(47,1.000,1,0),(48,1.000,1,0),(49,2.000,1,0),(50,2.000,1,0),(51,1.000,1,0),(52,5.000,1,0),(53,1.000,1,0),(54,1.000,1,0),(55,1.000,1,0),(56,2.000,1,0),(57,2.000,1,0),(58,3.000,1,0),(59,3.000,1,0),(60,3.000,1,0),(61,1.000,1,0),(62,2.000,1,0),(63,3.000,1,0),(64,1.000,1,0),(65,2.000,1,0),(66,2.000,1,0),(68,0.000,1,0);

--
-- Table structure for table `ps_tax_lang`
--

CREATE TABLE `ps_tax_lang` (
  `id_tax` int(10) unsigned NOT NULL,
  `id_lang` int(10) unsigned NOT NULL,
  `name` varchar(32) NOT NULL,
  PRIMARY KEY (`id_tax`,`id_lang`)
) ENGINE=InnoDB DEFAULT CHARSET=utf8;

--
-- Dumping data for table `ps_tax_lang`
--

INSERT INTO `ps_tax_lang` VALUES (1,1,'Aliquota ordinaria (22%)'),(2,1,'Aliquota ridotta (10%)'),(3,1,'Aliquota minima (4%)'),(4,1,'Esente IVA Art.74'),(5,1,'TVA BE 21%'),(6,1,'ДДС BG 20%'),(7,1,'ΦΠΑ CY 19%'),(8,1,'DPH CZ 21%'),(9,1,'MwSt. DE 19%'),(10,1,'moms DK 25%'),(11,1,'km EE 20%'),(12,1,'IVA ES 21%'),(13,1,'ALV FI 24%'),(14,1,'TVA FR 20%'),(15,1,'VAT UK 20%'),(16,1,'ΦΠΑ GR 23%'),(17,1,'Croatia PDV 25%'),(18,1,'ÁFA HU 27%'),(19,1,'VAT IE 23%'),(20,1,'PVM LT 21%'),(21,1,'TVA LU 17%'),(22,1,'PVN LV 21%'),(23,1,'VAT MT 18%'),(24,1,'BTW NL 21%'),(25,1,'PTU PL 23%'),(26,1,'IVA PT 23%'),(27,1,'TVA RO 24%'),(28,1,'Moms SE 25%'),(29,1,'DDV SI 22%'),(30,1,'DPH SK 20%'),(31,1,''),(32,1,''),(33,1,'a1'),(34,1,'a1'),(35,1,'nome'),(36,1,'nome'),(37,1,'nome'),(38,1,'aaa'),(39,1,'aaa'),(40,1,'aaa'),(41,1,'aaa'),(42,1,'a1'),(43,1,'a1'),(44,1,'a1'),(45,1,'a1'),(46,1,'a1'),(47,1,'a1'),(48,1,'a1'),(49,1,'FireFoxII'),(50,1,'FireFoxII'),(51,1,'aaa'),(52,1,'a1'),(53,1,'a1'),(54,1,'aaa'),(55,1,'a1'),(56,1,'aaa'),(57,1,'aaa'),(58,1,'aaa'),(59,1,'aaa'),(60,1,'aaa'),(61,1,'a1'),(62,1,'aaa'),(63,1,'FireFoxII'),(64,1,'aaa'),(65,1,'FireFoxII'),(66,1,'aaa'),(67,1,''),(68,1,'Articolo 10 comma 8');

--
-- Table structure for table `ps_tax_rule`
--

CREATE TABLE `ps_tax_rule` (
  `id_tax_rule` int(11) NOT NULL AUTO_INCREMENT,
  `id_tax_rules_group` int(11) NOT NULL,
  `id_country` int(11) NOT NULL,
  `id_state` int(11) NOT NULL,
  `zipcode_from` varchar(12) NOT NULL,
  `zipcode_to` varchar(12) NOT NULL,
  `id_tax` int(11) NOT NULL,
  `behavior` int(11) NOT NULL,
  `description` varchar(100) NOT NULL,
  PRIMARY KEY (`id_tax_rule`),
  KEY `id_tax_rules_group` (`id_tax_rules_group`),
  KEY `id_tax` (`id_tax`),
  KEY `category_getproducts` (`id_tax_rules_group`,`id_country`,`id_state`,`zipcode_from`)
) ENGINE=InnoDB AUTO_INCREMENT=207 DEFAULT CHARSET=utf8;

--
-- Dumping data for table `ps_tax_rule`
--

INSERT INTO `ps_tax_rule` VALUES (1,1,3,0,'0','0',1,0,''),(2,1,236,0,'0','0',1,0,''),(3,1,16,0,'0','0',1,0,''),(4,1,20,0,'0','0',1,0,''),(5,1,1,0,'0','0',1,0,''),(6,1,86,0,'0','0',1,0,''),(7,1,9,0,'0','0',1,0,''),(8,1,6,0,'0','0',1,0,''),(9,1,8,0,'0','0',1,0,''),(10,1,26,0,'0','0',1,0,''),(11,1,10,0,'0','0',1,0,''),(12,1,76,0,'0','0',1,0,''),(13,1,125,0,'0','0',1,0,''),(14,1,131,0,'0','0',1,0,''),(15,1,12,0,'0','0',1,0,''),(16,1,143,0,'0','0',1,0,''),(17,1,139,0,'0','0',1,0,''),(18,1,13,0,'0','0',1,0,''),(19,1,2,0,'0','0',1,0,''),(20,1,14,0,'0','0',1,0,''),(21,1,15,0,'0','0',1,0,''),(22,1,36,0,'0','0',1,0,''),(23,1,193,0,'0','0',1,0,''),(24,1,37,0,'0','0',1,0,''),(25,1,7,0,'0','0',1,0,''),(26,1,18,0,'0','0',1,0,''),(27,1,17,0,'0','0',1,0,''),(28,1,74,0,'0','0',1,0,''),(29,2,3,0,'0','0',2,0,''),(30,2,236,0,'0','0',2,0,''),(31,2,16,0,'0','0',2,0,''),(32,2,20,0,'0','0',2,0,''),(33,2,1,0,'0','0',2,0,''),(34,2,86,0,'0','0',2,0,''),(35,2,9,0,'0','0',2,0,''),(36,2,6,0,'0','0',2,0,''),(37,2,8,0,'0','0',2,0,''),(38,2,26,0,'0','0',2,0,''),(39,2,10,0,'0','0',2,0,''),(40,2,76,0,'0','0',2,0,''),(41,2,125,0,'0','0',2,0,''),(42,2,131,0,'0','0',2,0,''),(43,2,12,0,'0','0',2,0,''),(44,2,143,0,'0','0',2,0,''),(45,2,139,0,'0','0',2,0,''),(46,2,13,0,'0','0',2,0,''),(47,2,2,0,'0','0',2,0,''),(48,2,14,0,'0','0',2,0,''),(49,2,15,0,'0','0',2,0,''),(50,2,36,0,'0','0',2,0,''),(51,2,193,0,'0','0',2,0,''),(52,2,37,0,'0','0',2,0,''),(53,2,7,0,'0','0',2,0,''),(54,2,18,0,'0','0',2,0,''),(55,2,17,0,'0','0',2,0,''),(56,2,74,0,'0','0',2,0,''),(57,3,3,0,'0','0',3,0,''),(58,3,236,0,'0','0',3,0,''),(59,3,16,0,'0','0',3,0,''),(60,3,20,0,'0','0',3,0,''),(61,3,1,0,'0','0',3,0,''),(62,3,86,0,'0','0',3,0,''),(63,3,9,0,'0','0',3,0,''),(64,3,6,0,'0','0',3,0,''),(65,3,8,0,'0','0',3,0,''),(66,3,26,0,'0','0',3,0,''),(67,3,10,0,'0','0',3,0,''),(68,3,76,0,'0','0',3,0,''),(69,3,125,0,'0','0',3,0,''),(70,3,131,0,'0','0',3,0,''),(71,3,12,0,'0','0',3,0,''),(72,3,143,0,'0','0',3,0,''),(73,3,139,0,'0','0',3,0,''),(74,3,13,0,'0','0',3,0,''),(75,3,2,0,'0','0',3,0,''),(76,3,14,0,'0','0',3,0,''),(77,3,15,0,'0','0',3,0,''),(78,3,36,0,'0','0',3,0,''),(79,3,193,0,'0','0',3,0,''),(80,3,37,0,'0','0',3,0,''),(81,3,7,0,'0','0',3,0,''),(82,3,18,0,'0','0',3,0,''),(83,3,17,0,'0','0',3,0,''),(84,3,74,0,'0','0',3,0,''),(85,4,3,0,'0','0',3,0,''),(86,4,236,0,'0','0',3,0,''),(87,4,16,0,'0','0',3,0,''),(88,4,20,0,'0','0',3,0,''),(89,4,1,0,'0','0',3,0,''),(90,4,86,0,'0','0',3,0,''),(91,4,9,0,'0','0',3,0,''),(92,4,6,0,'0','0',3,0,''),(93,4,8,0,'0','0',3,0,''),(94,4,26,0,'0','0',3,0,''),(95,4,10,0,'0','0',4,0,''),(96,4,76,0,'0','0',3,0,''),(97,4,125,0,'0','0',3,0,''),(98,4,131,0,'0','0',3,0,''),(99,4,12,0,'0','0',3,0,''),(100,4,143,0,'0','0',3,0,''),(101,4,139,0,'0','0',3,0,''),(102,4,13,0,'0','0',3,0,''),(103,4,2,0,'0','0',3,0,''),(104,4,14,0,'0','0',3,0,''),(105,4,15,0,'0','0',3,0,''),(106,4,36,0,'0','0',3,0,''),(107,4,193,0,'0','0',3,0,''),(108,4,37,0,'0','0',3,0,''),(109,4,7,0,'0','0',3,0,''),(110,4,18,0,'0','0',3,0,''),(111,4,17,0,'0','0',3,0,''),(112,4,74,0,'0','0',3,0,''),(113,5,3,0,'0','0',3,0,''),(114,5,236,0,'0','0',3,0,''),(115,5,16,0,'0','0',3,0,''),(116,5,20,0,'0','0',3,0,''),(117,5,1,0,'0','0',3,0,''),(118,5,86,0,'0','0',3,0,''),(119,5,9,0,'0','0',3,0,''),(120,5,6,0,'0','0',3,0,''),(121,5,8,0,'0','0',3,0,''),(122,5,26,0,'0','0',3,0,''),(124,5,76,0,'0','0',3,0,''),(125,5,125,0,'0','0',3,0,''),(126,5,131,0,'0','0',3,0,''),(127,5,12,0,'0','0',3,0,''),(128,5,143,0,'0','0',3,0,''),(129,5,139,0,'0','0',3,0,''),(130,5,13,0,'0','0',3,0,''),(131,5,2,0,'0','0',3,0,''),(132,5,14,0,'0','0',3,0,''),(133,5,15,0,'0','0',3,0,''),(134,5,36,0,'0','0',3,0,''),(135,5,193,0,'0','0',3,0,''),(136,5,37,0,'0','0',3,0,''),(137,5,7,0,'0','0',3,0,''),(138,5,18,0,'0','0',3,0,''),(139,5,17,0,'0','0',3,0,''),(140,5,74,0,'0','0',3,0,''),(141,6,10,0,'0','0',1,0,''),(142,6,2,0,'0','0',4,0,''),(143,6,3,0,'0','0',5,0,''),(144,6,236,0,'0','0',6,0,''),(145,6,76,0,'0','0',7,0,''),(146,6,16,0,'0','0',8,0,''),(147,6,1,0,'0','0',9,0,''),(148,6,20,0,'0','0',10,0,''),(149,6,86,0,'0','0',11,0,''),(150,6,6,0,'0','0',12,0,''),(151,6,7,0,'0','0',13,0,''),(152,6,8,0,'0','0',14,0,''),(153,6,17,0,'0','0',15,0,''),(154,6,9,0,'0','0',16,0,''),(155,6,74,0,'0','0',17,0,''),(156,6,143,0,'0','0',18,0,''),(157,6,26,0,'0','0',19,0,''),(158,6,131,0,'0','0',20,0,''),(159,6,12,0,'0','0',21,0,''),(160,6,125,0,'0','0',22,0,''),(161,6,139,0,'0','0',23,0,''),(162,6,13,0,'0','0',24,0,''),(163,6,14,0,'0','0',25,0,''),(164,6,15,0,'0','0',26,0,''),(165,6,36,0,'0','0',27,0,''),(166,6,18,0,'0','0',28,0,''),(167,6,193,0,'0','0',29,0,''),(168,6,37,0,'0','0',30,0,''),(169,7,10,0,'0','0',31,0,''),(170,8,10,0,'0','0',32,0,''),(171,9,10,0,'0','0',33,0,''),(172,10,10,0,'0','0',34,0,''),(173,11,10,0,'0','0',35,0,''),(174,12,10,0,'0','0',36,0,''),(175,13,10,0,'0','0',37,0,''),(176,14,10,0,'0','0',38,0,''),(177,15,10,0,'0','0',39,0,''),(178,16,10,0,'0','0',40,0,''),(179,17,10,0,'0','0',41,0,''),(180,18,10,0,'0','0',42,0,''),(181,19,10,0,'0','0',43,0,''),(182,20,10,0,'0','0',44,0,''),(183,21,10,0,'0','0',45,0,''),(184,22,10,0,'0','0',46,0,''),(185,23,10,0,'0','0',47,0,''),(186,24,10,0,'0','0',48,0,''),(187,25,10,0,'0','0',49,0,''),(188,26,10,0,'0','0',50,0,''),(189,27,10,0,'0','0',51,0,''),(190,28,10,0,'0','0',52,0,''),(191,29,10,0,'0','0',53,0,''),(192,30,10,0,'0','0',54,0,''),(193,31,10,0,'0','0',55,0,''),(194,32,10,0,'0','0',56,0,''),(195,33,10,0,'0','0',57,0,''),(196,34,10,0,'0','0',58,0,''),(197,35,10,0,'0','0',59,0,''),(198,36,10,0,'0','0',60,0,''),(199,37,10,0,'0','0',61,0,''),(200,38,10,0,'0','0',62,0,''),(201,39,10,0,'0','0',63,0,''),(202,40,10,0,'0','0',64,0,''),(203,41,10,0,'0','0',65,0,''),(204,42,10,0,'0','0',66,0,''),(205,43,10,0,'0','0',67,0,''),(206,5,10,0,'0','0',68,0,'');

--
-- Table structure for table `ps_tax_rules_group`
--

CREATE TABLE `ps_tax_rules_group` (
  `id_tax_rules_group` int(11) NOT NULL AUTO_INCREMENT,
  `name` varchar(50) NOT NULL,
  `active` int(11) NOT NULL,
  `deleted` tinyint(1) unsigned NOT NULL,
  `date_add` datetime NOT NULL,
  `date_upd` datetime NOT NULL,
  PRIMARY KEY (`id_tax_rules_group`)
) ENGINE=InnoDB AUTO_INCREMENT=6 DEFAULT CHARSET=utf8;

--
-- Dumping data for table `ps_tax_rules_group`
--

INSERT INTO `ps_tax_rules_group` VALUES (1,'Aliquota ordinaria (22%)',1,0,'2016-02-15 10:48:04','2016-12-28 09:41:05'),(2,'Aliquota ridotta (10%)',1,0,'2016-02-15 10:48:05','2016-12-27 10:52:25'),(3,'Aliquota minima (4%)',1,0,'2016-02-15 10:48:05','2016-12-27 10:52:35'),(4,'Esente IVA Art.74',1,0,'2016-02-15 10:48:05','2016-12-27 10:54:27'),(5,'Articolo 10 comma 8',1,0,'2017-01-31 11:50:36','2017-01-31 11:50:36');

--
-- Table structure for table `ps_tax_rules_group_shop`
--

CREATE TABLE `ps_tax_rules_group_shop` (
  `id_tax_rules_group` int(11) unsigned NOT NULL,
  `id_shop` int(11) unsigned NOT NULL,
  PRIMARY KEY (`id_tax_rules_group`,`id_shop`),
  KEY `id_shop` (`id_shop`)
) ENGINE=InnoDB DEFAULT CHARSET=utf8;

--
-- Dumping data for table `ps_tax_rules_group_shop`
--

INSERT INTO `ps_tax_rules_group_shop` VALUES (1,1),(2,1),(3,1),(4,1),(5,1);

--
-- Table structure for table `ps_theme`
--

CREATE TABLE `ps_theme` (
  `id_theme` int(11) NOT NULL AUTO_INCREMENT,
  `name` varchar(64) NOT NULL,
  `directory` varchar(64) NOT NULL,
  `responsive` tinyint(1) NOT NULL DEFAULT '0',
  `default_left_column` tinyint(1) NOT NULL DEFAULT '0',
  `default_right_column` tinyint(1) NOT NULL DEFAULT '0',
  `product_per_page` int(10) unsigned NOT NULL,
  PRIMARY KEY (`id_theme`)
) ENGINE=InnoDB AUTO_INCREMENT=3 DEFAULT CHARSET=utf8;

--
-- Dumping data for table `ps_theme`
--

INSERT INTO `ps_theme` VALUES (1,'default-bootstrap','default-bootstrap',1,1,0,12),(2,'PRS010001','PRS010001',0,1,1,12);

--
-- Table structure for table `ps_theme_meta`
--

CREATE TABLE `ps_theme_meta` (
  `id_theme_meta` int(11) NOT NULL AUTO_INCREMENT,
  `id_theme` int(11) NOT NULL,
  `id_meta` int(10) unsigned NOT NULL,
  `left_column` tinyint(1) NOT NULL DEFAULT '1',
  `right_column` tinyint(1) NOT NULL DEFAULT '1',
  PRIMARY KEY (`id_theme_meta`),
  UNIQUE KEY `id_theme_2` (`id_theme`,`id_meta`),
  KEY `id_theme` (`id_theme`),
  KEY `id_meta` (`id_meta`)
) ENGINE=InnoDB AUTO_INCREMENT=82 DEFAULT CHARSET=utf8;

--
-- Dumping data for table `ps_theme_meta`
--

INSERT INTO `ps_theme_meta` VALUES (1,1,1,0,0),(2,1,2,1,0),(3,1,3,0,0),(4,1,4,0,0),(5,1,5,1,0),(6,1,6,1,0),(7,1,7,0,0),(8,1,8,1,0),(9,1,9,1,0),(10,1,10,0,0),(11,1,11,0,0),(12,1,12,0,0),(13,1,13,0,0),(14,1,14,0,0),(15,1,15,0,0),(16,1,16,0,0),(17,1,17,0,0),(18,1,18,0,0),(19,1,19,0,0),(20,1,20,0,0),(21,1,21,0,0),(22,1,22,1,0),(23,1,23,0,0),(24,1,24,0,0),(25,1,25,0,0),(26,1,26,0,0),(27,1,28,1,0),(28,1,29,0,0),(29,1,27,0,0),(30,1,30,0,0),(31,1,31,0,0),(32,1,32,0,0),(33,1,33,0,0),(34,1,34,0,0),(35,1,36,1,0),(36,1,37,1,0),(37,1,38,1,0),(38,1,39,1,0),(39,2,11,1,1),(40,2,12,1,1),(41,2,13,1,1),(42,2,2,1,1),(43,2,14,1,1),(44,2,28,1,1),(45,2,29,1,1),(46,2,3,1,1),(47,2,15,1,1),(48,2,25,1,1),(49,2,16,1,1),(50,2,17,1,1),(51,2,4,1,1),(52,2,5,1,1),(53,2,33,1,1),(54,2,32,1,1),(55,2,36,1,1),(56,2,37,1,1),(57,2,38,1,1),(58,2,34,1,1),(59,2,30,1,1),(60,2,31,1,1),(61,2,39,1,1),(62,2,18,1,1),(63,2,6,1,1),(64,2,21,1,1),(65,2,26,1,1),(66,2,19,1,1),(67,2,24,1,1),(68,2,20,1,1),(69,2,1,1,1),(70,2,7,1,1),(71,2,8,1,1),(72,2,27,1,1),(73,2,35,1,1),(74,2,22,1,1),(75,2,9,1,1),(76,2,23,1,1),(77,2,10,1,1),(80,1,40,1,0),(81,2,40,1,1);

--
-- Table structure for table `ps_theme_specific`
--

CREATE TABLE `ps_theme_specific` (
  `id_theme` int(11) unsigned NOT NULL,
  `id_shop` int(11) unsigned NOT NULL,
  `entity` int(11) unsigned NOT NULL,
  `id_object` int(11) unsigned NOT NULL,
  PRIMARY KEY (`id_theme`,`id_shop`,`entity`,`id_object`)
) ENGINE=InnoDB DEFAULT CHARSET=utf8;

--
-- Dumping data for table `ps_theme_specific`
--


--
-- Table structure for table `ps_themeconfigurator`
--

CREATE TABLE `ps_themeconfigurator` (
  `id_item` int(10) unsigned NOT NULL AUTO_INCREMENT,
  `id_shop` int(10) unsigned NOT NULL,
  `id_lang` int(10) unsigned NOT NULL,
  `item_order` int(10) unsigned NOT NULL,
  `title` varchar(100) DEFAULT NULL,
  `title_use` tinyint(1) unsigned NOT NULL DEFAULT '0',
  `hook` varchar(100) DEFAULT NULL,
  `url` text,
  `target` tinyint(1) unsigned NOT NULL DEFAULT '0',
  `image` varchar(100) DEFAULT NULL,
  `image_w` varchar(10) DEFAULT NULL,
  `image_h` varchar(10) DEFAULT NULL,
  `html` text,
  `active` tinyint(1) unsigned NOT NULL DEFAULT '1',
  PRIMARY KEY (`id_item`)
) ENGINE=InnoDB AUTO_INCREMENT=8 DEFAULT CHARSET=utf8;

--
-- Dumping data for table `ps_themeconfigurator`
--

INSERT INTO `ps_themeconfigurator` VALUES (1,1,1,1,'',0,'home','http://www.prestashop.com/',0,'banner-img1.jpg','383','267','',1),(2,1,1,2,'',0,'home','http://www.prestashop.com/',0,'banner-img2.jpg','383','267','',1),(3,1,1,3,'',0,'home','http://www.prestashop.com/',0,'banner-img3.jpg','383','267','',1),(4,1,1,4,'',0,'home','http://www.prestashop.com/',0,'banner-img4.jpg','383','142','',1),(5,1,1,5,'',0,'home','http://www.prestashop.com/',0,'banner-img5.jpg','777','142','',1),(6,1,1,6,'',0,'top','http://www.prestashop.com/',0,'banner-img6.jpg','381','219','',1),(7,1,1,7,'',0,'top','http://www.prestashop.com/',0,'banner-img7.jpg','381','219','',1);

--
-- Table structure for table `ps_timezone`
--

CREATE TABLE `ps_timezone` (
  `id_timezone` int(10) unsigned NOT NULL AUTO_INCREMENT,
  `name` varchar(32) NOT NULL,
  PRIMARY KEY (`id_timezone`)
) ENGINE=InnoDB AUTO_INCREMENT=561 DEFAULT CHARSET=utf8;

--
-- Dumping data for table `ps_timezone`
--

INSERT INTO `ps_timezone` VALUES (1,'Africa/Abidjan'),(2,'Africa/Accra'),(3,'Africa/Addis_Ababa'),(4,'Africa/Algiers'),(5,'Africa/Asmara'),(6,'Africa/Asmera'),(7,'Africa/Bamako'),(8,'Africa/Bangui'),(9,'Africa/Banjul'),(10,'Africa/Bissau'),(11,'Africa/Blantyre'),(12,'Africa/Brazzaville'),(13,'Africa/Bujumbura'),(14,'Africa/Cairo'),(15,'Africa/Casablanca'),(16,'Africa/Ceuta'),(17,'Africa/Conakry'),(18,'Africa/Dakar'),(19,'Africa/Dar_es_Salaam'),(20,'Africa/Djibouti'),(21,'Africa/Douala'),(22,'Africa/El_Aaiun'),(23,'Africa/Freetown'),(24,'Africa/Gaborone'),(25,'Africa/Harare'),(26,'Africa/Johannesburg'),(27,'Africa/Kampala'),(28,'Africa/Khartoum'),(29,'Africa/Kigali'),(30,'Africa/Kinshasa'),(31,'Africa/Lagos'),(32,'Africa/Libreville'),(33,'Africa/Lome'),(34,'Africa/Luanda'),(35,'Africa/Lubumbashi'),(36,'Africa/Lusaka'),(37,'Africa/Malabo'),(38,'Africa/Maputo'),(39,'Africa/Maseru'),(40,'Africa/Mbabane'),(41,'Africa/Mogadishu'),(42,'Africa/Monrovia'),(43,'Africa/Nairobi'),(44,'Africa/Ndjamena'),(45,'Africa/Niamey'),(46,'Africa/Nouakchott'),(47,'Africa/Ouagadougou'),(48,'Africa/Porto-Novo'),(49,'Africa/Sao_Tome'),(50,'Africa/Timbuktu'),(51,'Africa/Tripoli'),(52,'Africa/Tunis'),(53,'Africa/Windhoek'),(54,'America/Adak'),(55,'America/Anchorage '),(56,'America/Anguilla'),(57,'America/Antigua'),(58,'America/Araguaina'),(59,'America/Argentina/Buenos_Aires'),(60,'America/Argentina/Catamarca'),(61,'America/Argentina/ComodRivadavia'),(62,'America/Argentina/Cordoba'),(63,'America/Argentina/Jujuy'),(64,'America/Argentina/La_Rioja'),(65,'America/Argentina/Mendoza'),(66,'America/Argentina/Rio_Gallegos'),(67,'America/Argentina/Salta'),(68,'America/Argentina/San_Juan'),(69,'America/Argentina/San_Luis'),(70,'America/Argentina/Tucuman'),(71,'America/Argentina/Ushuaia'),(72,'America/Aruba'),(73,'America/Asuncion'),(74,'America/Atikokan'),(75,'America/Atka'),(76,'America/Bahia'),(77,'America/Barbados'),(78,'America/Belem'),(79,'America/Belize'),(80,'America/Blanc-Sablon'),(81,'America/Boa_Vista'),(82,'America/Bogota'),(83,'America/Boise'),(84,'America/Buenos_Aires'),(85,'America/Cambridge_Bay'),(86,'America/Campo_Grande'),(87,'America/Cancun'),(88,'America/Caracas'),(89,'America/Catamarca'),(90,'America/Cayenne'),(91,'America/Cayman'),(92,'America/Chicago'),(93,'America/Chihuahua'),(94,'America/Coral_Harbour'),(95,'America/Cordoba'),(96,'America/Costa_Rica'),(97,'America/Cuiaba'),(98,'America/Curacao'),(99,'America/Danmarkshavn'),(100,'America/Dawson'),(101,'America/Dawson_Creek'),(102,'America/Denver'),(103,'America/Detroit'),(104,'America/Dominica'),(105,'America/Edmonton'),(106,'America/Eirunepe'),(107,'America/El_Salvador'),(108,'America/Ensenada'),(109,'America/Fort_Wayne'),(110,'America/Fortaleza'),(111,'America/Glace_Bay'),(112,'America/Godthab'),(113,'America/Goose_Bay'),(114,'America/Grand_Turk'),(115,'America/Grenada'),(116,'America/Guadeloupe'),(117,'America/Guatemala'),(118,'America/Guayaquil'),(119,'America/Guyana'),(120,'America/Halifax'),(121,'America/Havana'),(122,'America/Hermosillo'),(123,'America/Indiana/Indianapolis'),(124,'America/Indiana/Knox'),(125,'America/Indiana/Marengo'),(126,'America/Indiana/Petersburg'),(127,'America/Indiana/Tell_City'),(128,'America/Indiana/Vevay'),(129,'America/Indiana/Vincennes'),(130,'America/Indiana/Winamac'),(131,'America/Indianapolis'),(132,'America/Inuvik'),(133,'America/Iqaluit'),(134,'America/Jamaica'),(135,'America/Jujuy'),(136,'America/Juneau'),(137,'America/Kentucky/Louisville'),(138,'America/Kentucky/Monticello'),(139,'America/Knox_IN'),(140,'America/La_Paz'),(141,'America/Lima'),(142,'America/Los_Angeles'),(143,'America/Louisville'),(144,'America/Maceio'),(145,'America/Managua'),(146,'America/Manaus'),(147,'America/Marigot'),(148,'America/Martinique'),(149,'America/Mazatlan'),(150,'America/Mendoza'),(151,'America/Menominee'),(152,'America/Merida'),(153,'America/Mexico_City'),(154,'America/Miquelon'),(155,'America/Moncton'),(156,'America/Monterrey'),(157,'America/Montevideo'),(158,'America/Montreal'),(159,'America/Montserrat'),(160,'America/Nassau'),(161,'America/New_York'),(162,'America/Nipigon'),(163,'America/Nome'),(164,'America/Noronha'),(165,'America/North_Dakota/Center'),(166,'America/North_Dakota/New_Salem'),(167,'America/Panama'),(168,'America/Pangnirtung'),(169,'America/Paramaribo'),(170,'America/Phoenix'),(171,'America/Port-au-Prince'),(172,'America/Port_of_Spain'),(173,'America/Porto_Acre'),(174,'America/Porto_Velho'),(175,'America/Puerto_Rico'),(176,'America/Rainy_River'),(177,'America/Rankin_Inlet'),(178,'America/Recife'),(179,'America/Regina'),(180,'America/Resolute'),(181,'America/Rio_Branco'),(182,'America/Rosario'),(183,'America/Santarem'),(184,'America/Santiago'),(185,'America/Santo_Domingo'),(186,'America/Sao_Paulo'),(187,'America/Scoresbysund'),(188,'America/Shiprock'),(189,'America/St_Barthelemy'),(190,'America/St_Johns'),(191,'America/St_Kitts'),(192,'America/St_Lucia'),(193,'America/St_Thomas'),(194,'America/St_Vincent'),(195,'America/Swift_Current'),(196,'America/Tegucigalpa'),(197,'America/Thule'),(198,'America/Thunder_Bay'),(199,'America/Tijuana'),(200,'America/Toronto'),(201,'America/Tortola'),(202,'America/Vancouver'),(203,'America/Virgin'),(204,'America/Whitehorse'),(205,'America/Winnipeg'),(206,'America/Yakutat'),(207,'America/Yellowknife'),(208,'Antarctica/Casey'),(209,'Antarctica/Davis'),(210,'Antarctica/DumontDUrville'),(211,'Antarctica/Mawson'),(212,'Antarctica/McMurdo'),(213,'Antarctica/Palmer'),(214,'Antarctica/Rothera'),(215,'Antarctica/South_Pole'),(216,'Antarctica/Syowa'),(217,'Antarctica/Vostok'),(218,'Arctic/Longyearbyen'),(219,'Asia/Aden'),(220,'Asia/Almaty'),(221,'Asia/Amman'),(222,'Asia/Anadyr'),(223,'Asia/Aqtau'),(224,'Asia/Aqtobe'),(225,'Asia/Ashgabat'),(226,'Asia/Ashkhabad'),(227,'Asia/Baghdad'),(228,'Asia/Bahrain'),(229,'Asia/Baku'),(230,'Asia/Bangkok'),(231,'Asia/Beirut'),(232,'Asia/Bishkek'),(233,'Asia/Brunei'),(234,'Asia/Calcutta'),(235,'Asia/Choibalsan'),(236,'Asia/Chongqing'),(237,'Asia/Chungking'),(238,'Asia/Colombo'),(239,'Asia/Dacca'),(240,'Asia/Damascus'),(241,'Asia/Dhaka'),(242,'Asia/Dili'),(243,'Asia/Dubai'),(244,'Asia/Dushanbe'),(245,'Asia/Gaza'),(246,'Asia/Harbin'),(247,'Asia/Ho_Chi_Minh'),(248,'Asia/Hong_Kong'),(249,'Asia/Hovd'),(250,'Asia/Irkutsk'),(251,'Asia/Istanbul'),(252,'Asia/Jakarta'),(253,'Asia/Jayapura'),(254,'Asia/Jerusalem'),(255,'Asia/Kabul'),(256,'Asia/Kamchatka'),(257,'Asia/Karachi'),(258,'Asia/Kashgar'),(259,'Asia/Kathmandu'),(260,'Asia/Katmandu'),(261,'Asia/Kolkata'),(262,'Asia/Krasnoyarsk'),(263,'Asia/Kuala_Lumpur'),(264,'Asia/Kuching'),(265,'Asia/Kuwait'),(266,'Asia/Macao'),(267,'Asia/Macau'),(268,'Asia/Magadan'),(269,'Asia/Makassar'),(270,'Asia/Manila'),(271,'Asia/Muscat'),(272,'Asia/Nicosia'),(273,'Asia/Novosibirsk'),(274,'Asia/Omsk'),(275,'Asia/Oral'),(276,'Asia/Phnom_Penh'),(277,'Asia/Pontianak'),(278,'Asia/Pyongyang'),(279,'Asia/Qatar'),(280,'Asia/Qyzylorda'),(281,'Asia/Rangoon'),(282,'Asia/Riyadh'),(283,'Asia/Saigon'),(284,'Asia/Sakhalin'),(285,'Asia/Samarkand'),(286,'Asia/Seoul'),(287,'Asia/Shanghai'),(288,'Asia/Singapore'),(289,'Asia/Taipei'),(290,'Asia/Tashkent'),(291,'Asia/Tbilisi'),(292,'Asia/Tehran'),(293,'Asia/Tel_Aviv'),(294,'Asia/Thimbu'),(295,'Asia/Thimphu'),(296,'Asia/Tokyo'),(297,'Asia/Ujung_Pandang'),(298,'Asia/Ulaanbaatar'),(299,'Asia/Ulan_Bator'),(300,'Asia/Urumqi'),(301,'Asia/Vientiane'),(302,'Asia/Vladivostok'),(303,'Asia/Yakutsk'),(304,'Asia/Yekaterinburg'),(305,'Asia/Yerevan'),(306,'Atlantic/Azores'),(307,'Atlantic/Bermuda'),(308,'Atlantic/Canary'),(309,'Atlantic/Cape_Verde'),(310,'Atlantic/Faeroe'),(311,'Atlantic/Faroe'),(312,'Atlantic/Jan_Mayen'),(313,'Atlantic/Madeira'),(314,'Atlantic/Reykjavik'),(315,'Atlantic/South_Georgia'),(316,'Atlantic/St_Helena'),(317,'Atlantic/Stanley'),(318,'Australia/ACT'),(319,'Australia/Adelaide'),(320,'Australia/Brisbane'),(321,'Australia/Broken_Hill'),(322,'Australia/Canberra'),(323,'Australia/Currie'),(324,'Australia/Darwin'),(325,'Australia/Eucla'),(326,'Australia/Hobart'),(327,'Australia/LHI'),(328,'Australia/Lindeman'),(329,'Australia/Lord_Howe'),(330,'Australia/Melbourne'),(331,'Australia/North'),(332,'Australia/NSW'),(333,'Australia/Perth'),(334,'Australia/Queensland'),(335,'Australia/South'),(336,'Australia/Sydney'),(337,'Australia/Tasmania'),(338,'Australia/Victoria'),(339,'Australia/West'),(340,'Australia/Yancowinna'),(341,'Europe/Amsterdam'),(342,'Europe/Andorra'),(343,'Europe/Athens'),(344,'Europe/Belfast'),(345,'Europe/Belgrade'),(346,'Europe/Berlin'),(347,'Europe/Bratislava'),(348,'Europe/Brussels'),(349,'Europe/Bucharest'),(350,'Europe/Budapest'),(351,'Europe/Chisinau'),(352,'Europe/Copenhagen'),(353,'Europe/Dublin'),(354,'Europe/Gibraltar'),(355,'Europe/Guernsey'),(356,'Europe/Helsinki'),(357,'Europe/Isle_of_Man'),(358,'Europe/Istanbul'),(359,'Europe/Jersey'),(360,'Europe/Kaliningrad'),(361,'Europe/Kiev'),(362,'Europe/Lisbon'),(363,'Europe/Ljubljana'),(364,'Europe/London'),(365,'Europe/Luxembourg'),(366,'Europe/Madrid'),(367,'Europe/Malta'),(368,'Europe/Mariehamn'),(369,'Europe/Minsk'),(370,'Europe/Monaco'),(371,'Europe/Moscow'),(372,'Europe/Nicosia'),(373,'Europe/Oslo'),(374,'Europe/Paris'),(375,'Europe/Podgorica'),(376,'Europe/Prague'),(377,'Europe/Riga'),(378,'Europe/Rome'),(379,'Europe/Samara'),(380,'Europe/San_Marino'),(381,'Europe/Sarajevo'),(382,'Europe/Simferopol'),(383,'Europe/Skopje'),(384,'Europe/Sofia'),(385,'Europe/Stockholm'),(386,'Europe/Tallinn'),(387,'Europe/Tirane'),(388,'Europe/Tiraspol'),(389,'Europe/Uzhgorod'),(390,'Europe/Vaduz'),(391,'Europe/Vatican'),(392,'Europe/Vienna'),(393,'Europe/Vilnius'),(394,'Europe/Volgograd'),(395,'Europe/Warsaw'),(396,'Europe/Zagreb'),(397,'Europe/Zaporozhye'),(398,'Europe/Zurich'),(399,'Indian/Antananarivo'),(400,'Indian/Chagos'),(401,'Indian/Christmas'),(402,'Indian/Cocos'),(403,'Indian/Comoro'),(404,'Indian/Kerguelen'),(405,'Indian/Mahe'),(406,'Indian/Maldives'),(407,'Indian/Mauritius'),(408,'Indian/Mayotte'),(409,'Indian/Reunion'),(410,'Pacific/Apia'),(411,'Pacific/Auckland'),(412,'Pacific/Chatham'),(413,'Pacific/Easter'),(414,'Pacific/Efate'),(415,'Pacific/Enderbury'),(416,'Pacific/Fakaofo'),(417,'Pacific/Fiji'),(418,'Pacific/Funafuti'),(419,'Pacific/Galapagos'),(420,'Pacific/Gambier'),(421,'Pacific/Guadalcanal'),(422,'Pacific/Guam'),(423,'Pacific/Honolulu'),(424,'Pacific/Johnston'),(425,'Pacific/Kiritimati'),(426,'Pacific/Kosrae'),(427,'Pacific/Kwajalein'),(428,'Pacific/Majuro'),(429,'Pacific/Marquesas'),(430,'Pacific/Midway'),(431,'Pacific/Nauru'),(432,'Pacific/Niue'),(433,'Pacific/Norfolk'),(434,'Pacific/Noumea'),(435,'Pacific/Pago_Pago'),(436,'Pacific/Palau'),(437,'Pacific/Pitcairn'),(438,'Pacific/Ponape'),(439,'Pacific/Port_Moresby'),(440,'Pacific/Rarotonga'),(441,'Pacific/Saipan'),(442,'Pacific/Samoa'),(443,'Pacific/Tahiti'),(444,'Pacific/Tarawa'),(445,'Pacific/Tongatapu'),(446,'Pacific/Truk'),(447,'Pacific/Wake'),(448,'Pacific/Wallis'),(449,'Pacific/Yap'),(450,'Brazil/Acre'),(451,'Brazil/DeNoronha'),(452,'Brazil/East'),(453,'Brazil/West'),(454,'Canada/Atlantic'),(455,'Canada/Central'),(456,'Canada/East-Saskatchewan'),(457,'Canada/Eastern'),(458,'Canada/Mountain'),(459,'Canada/Newfoundland'),(460,'Canada/Pacific'),(461,'Canada/Saskatchewan'),(462,'Canada/Yukon'),(463,'CET'),(464,'Chile/Continental'),(465,'Chile/EasterIsland'),(466,'CST6CDT'),(467,'Cuba'),(468,'EET'),(469,'Egypt'),(470,'Eire'),(471,'EST'),(472,'EST5EDT'),(473,'Etc/GMT'),(474,'Etc/GMT+0'),(475,'Etc/GMT+1'),(476,'Etc/GMT+10'),(477,'Etc/GMT+11'),(478,'Etc/GMT+12'),(479,'Etc/GMT+2'),(480,'Etc/GMT+3'),(481,'Etc/GMT+4'),(482,'Etc/GMT+5'),(483,'Etc/GMT+6'),(484,'Etc/GMT+7'),(485,'Etc/GMT+8'),(486,'Etc/GMT+9'),(487,'Etc/GMT-0'),(488,'Etc/GMT-1'),(489,'Etc/GMT-10'),(490,'Etc/GMT-11'),(491,'Etc/GMT-12'),(492,'Etc/GMT-13'),(493,'Etc/GMT-14'),(494,'Etc/GMT-2'),(495,'Etc/GMT-3'),(496,'Etc/GMT-4'),(497,'Etc/GMT-5'),(498,'Etc/GMT-6'),(499,'Etc/GMT-7'),(500,'Etc/GMT-8'),(501,'Etc/GMT-9'),(502,'Etc/GMT0'),(503,'Etc/Greenwich'),(504,'Etc/UCT'),(505,'Etc/Universal'),(506,'Etc/UTC'),(507,'Etc/Zulu'),(508,'Factory'),(509,'GB'),(510,'GB-Eire'),(511,'GMT'),(512,'GMT+0'),(513,'GMT-0'),(514,'GMT0'),(515,'Greenwich'),(516,'Hongkong'),(517,'HST'),(518,'Iceland'),(519,'Iran'),(520,'Israel'),(521,'Jamaica'),(522,'Japan'),(523,'Kwajalein'),(524,'Libya'),(525,'MET'),(526,'Mexico/BajaNorte'),(527,'Mexico/BajaSur'),(528,'Mexico/General'),(529,'MST'),(530,'MST7MDT'),(531,'Navajo'),(532,'NZ'),(533,'NZ-CHAT'),(534,'Poland'),(535,'Portugal'),(536,'PRC'),(537,'PST8PDT'),(538,'ROC'),(539,'ROK'),(540,'Singapore'),(541,'Turkey'),(542,'UCT'),(543,'Universal'),(544,'US/Alaska'),(545,'US/Aleutian'),(546,'US/Arizona'),(547,'US/Central'),(548,'US/East-Indiana'),(549,'US/Eastern'),(550,'US/Hawaii'),(551,'US/Indiana-Starke'),(552,'US/Michigan'),(553,'US/Mountain'),(554,'US/Pacific'),(555,'US/Pacific-New'),(556,'US/Samoa'),(557,'UTC'),(558,'W-SU'),(559,'WET'),(560,'Zulu');

--
-- Table structure for table `ps_tmblocklink1`
--

CREATE TABLE `ps_tmblocklink1` (
  `id_tmblocklink1` int(10) NOT NULL AUTO_INCREMENT,
  `new_window` tinyint(1) NOT NULL,
  PRIMARY KEY (`id_tmblocklink1`)
) ENGINE=InnoDB AUTO_INCREMENT=5 DEFAULT CHARSET=utf8;

--
-- Dumping data for table `ps_tmblocklink1`
--

INSERT INTO `ps_tmblocklink1` VALUES (1,0),(2,0),(3,0),(4,0);

--
-- Table structure for table `ps_tmblocklink1_lang`
--

CREATE TABLE `ps_tmblocklink1_lang` (
  `id_tmblocklink1` int(10) NOT NULL,
  `id_lang` int(10) NOT NULL,
  `text` varchar(62) NOT NULL,
  `url` varchar(254) NOT NULL,
  PRIMARY KEY (`id_tmblocklink1`,`id_lang`)
) ENGINE=InnoDB DEFAULT CHARSET=utf8;

--
-- Dumping data for table `ps_tmblocklink1_lang`
--

INSERT INTO `ps_tmblocklink1_lang` VALUES (1,1,'I miei ordini','cronologia-ordini'),(2,1,'Le mie note di credito','buono-ordine'),(3,1,'I miei ordini','indirizzi'),(4,1,'Le mie informazioni personali','identita');

--
-- Table structure for table `ps_tmblocklink1_shop`
--

CREATE TABLE `ps_tmblocklink1_shop` (
  `id_tmblocklink1` int(10) NOT NULL AUTO_INCREMENT,
  `id_shop` int(10) NOT NULL,
  PRIMARY KEY (`id_tmblocklink1`,`id_shop`)
) ENGINE=InnoDB AUTO_INCREMENT=5 DEFAULT CHARSET=utf8;

--
-- Dumping data for table `ps_tmblocklink1_shop`
--

INSERT INTO `ps_tmblocklink1_shop` VALUES (1,1),(2,1),(3,1),(4,1);

--
-- Table structure for table `ps_tmblocklink2`
--

CREATE TABLE `ps_tmblocklink2` (
  `id_tmblocklink2` int(10) NOT NULL AUTO_INCREMENT,
  `new_window` tinyint(1) NOT NULL,
  PRIMARY KEY (`id_tmblocklink2`)
) ENGINE=InnoDB DEFAULT CHARSET=utf8;

--
-- Dumping data for table `ps_tmblocklink2`
--


--
-- Table structure for table `ps_tmblocklink2_lang`
--

CREATE TABLE `ps_tmblocklink2_lang` (
  `id_tmblocklink2` int(10) NOT NULL,
  `id_lang` int(10) NOT NULL,
  `text` varchar(62) NOT NULL,
  `url` varchar(254) NOT NULL,
  PRIMARY KEY (`id_tmblocklink2`,`id_lang`)
) ENGINE=InnoDB DEFAULT CHARSET=utf8;

--
-- Dumping data for table `ps_tmblocklink2_lang`
--


--
-- Table structure for table `ps_tmblocklink2_shop`
--

CREATE TABLE `ps_tmblocklink2_shop` (
  `id_tmblocklink2` int(10) NOT NULL AUTO_INCREMENT,
  `id_shop` int(10) NOT NULL,
  PRIMARY KEY (`id_tmblocklink2`,`id_shop`)
) ENGINE=InnoDB DEFAULT CHARSET=utf8;

--
-- Dumping data for table `ps_tmblocklink2_shop`
--


--
-- Table structure for table `ps_tmhomeslider`
--

CREATE TABLE `ps_tmhomeslider` (
  `id_tmhomeslider_slides` int(10) unsigned NOT NULL AUTO_INCREMENT,
  `id_shop` int(10) unsigned NOT NULL,
  PRIMARY KEY (`id_tmhomeslider_slides`,`id_shop`)
) ENGINE=InnoDB AUTO_INCREMENT=4 DEFAULT CHARSET=utf8;

--
-- Dumping data for table `ps_tmhomeslider`
--

INSERT INTO `ps_tmhomeslider` VALUES (1,1),(2,1),(3,1);

--
-- Table structure for table `ps_tmhomeslider_slides`
--

CREATE TABLE `ps_tmhomeslider_slides` (
  `id_tmhomeslider_slides` int(10) unsigned NOT NULL AUTO_INCREMENT,
  `position` int(10) unsigned NOT NULL DEFAULT '0',
  `active` tinyint(1) unsigned NOT NULL DEFAULT '0',
  PRIMARY KEY (`id_tmhomeslider_slides`)
) ENGINE=InnoDB AUTO_INCREMENT=4 DEFAULT CHARSET=utf8;

--
-- Dumping data for table `ps_tmhomeslider_slides`
--

INSERT INTO `ps_tmhomeslider_slides` VALUES (1,1,0),(2,2,0),(3,0,1);

--
-- Table structure for table `ps_tmhomeslider_slides_lang`
--

CREATE TABLE `ps_tmhomeslider_slides_lang` (
  `id_tmhomeslider_slides` int(10) unsigned NOT NULL,
  `id_lang` int(10) unsigned NOT NULL,
  `title` varchar(255) NOT NULL,
  `legend` varchar(255) NOT NULL,
  `url` varchar(255) NOT NULL,
  `image` varchar(255) NOT NULL,
  PRIMARY KEY (`id_tmhomeslider_slides`,`id_lang`)
) ENGINE=InnoDB DEFAULT CHARSET=utf8;

--
-- Dumping data for table `ps_tmhomeslider_slides_lang`
--

INSERT INTO `ps_tmhomeslider_slides_lang` VALUES (1,1,'Sample 1','sample-1','http://www.prestashop.com/?utm_source=v16_tmhomeslider','sample-1.jpg'),(2,1,'Sample 2','sample-2','http://www.prestashop.com/?utm_source=v16_tmhomeslider','sample-2.jpg'),(3,1,'Offerta Notebook','#','http://www.desktopstore.it/4-notebook','3047dd40274904872c2d5e4ca6e17cdcecc2c149_bannerok.png');

--
-- Table structure for table `ps_warehouse`
--

CREATE TABLE `ps_warehouse` (
  `id_warehouse` int(11) unsigned NOT NULL AUTO_INCREMENT,
  `id_currency` int(11) unsigned NOT NULL,
  `id_address` int(11) unsigned NOT NULL,
  `id_employee` int(11) unsigned NOT NULL,
  `reference` varchar(32) DEFAULT NULL,
  `name` varchar(45) NOT NULL,
  `management_type` enum('WA','FIFO','LIFO') NOT NULL DEFAULT 'WA',
  `deleted` tinyint(1) unsigned NOT NULL DEFAULT '0',
  PRIMARY KEY (`id_warehouse`)
) ENGINE=InnoDB DEFAULT CHARSET=utf8;

--
-- Dumping data for table `ps_warehouse`
--


--
-- Table structure for table `ps_warehouse_carrier`
--

CREATE TABLE `ps_warehouse_carrier` (
  `id_carrier` int(11) unsigned NOT NULL,
  `id_warehouse` int(11) unsigned NOT NULL,
  PRIMARY KEY (`id_warehouse`,`id_carrier`),
  KEY `id_warehouse` (`id_warehouse`),
  KEY `id_carrier` (`id_carrier`)
) ENGINE=InnoDB DEFAULT CHARSET=utf8;

--
-- Dumping data for table `ps_warehouse_carrier`
--


--
-- Table structure for table `ps_warehouse_product_location`
--

CREATE TABLE `ps_warehouse_product_location` (
  `id_warehouse_product_location` int(11) unsigned NOT NULL AUTO_INCREMENT,
  `id_product` int(11) unsigned NOT NULL,
  `id_product_attribute` int(11) unsigned NOT NULL,
  `id_warehouse` int(11) unsigned NOT NULL,
  `location` varchar(64) DEFAULT NULL,
  PRIMARY KEY (`id_warehouse_product_location`),
  UNIQUE KEY `id_product` (`id_product`,`id_product_attribute`,`id_warehouse`)
) ENGINE=InnoDB DEFAULT CHARSET=utf8;

--
-- Dumping data for table `ps_warehouse_product_location`
--


--
-- Table structure for table `ps_warehouse_shop`
--

CREATE TABLE `ps_warehouse_shop` (
  `id_shop` int(11) unsigned NOT NULL,
  `id_warehouse` int(11) unsigned NOT NULL,
  PRIMARY KEY (`id_warehouse`,`id_shop`),
  KEY `id_warehouse` (`id_warehouse`),
  KEY `id_shop` (`id_shop`)
) ENGINE=InnoDB DEFAULT CHARSET=utf8;

--
-- Dumping data for table `ps_warehouse_shop`
--


--
-- Table structure for table `ps_web_browser`
--

CREATE TABLE `ps_web_browser` (
  `id_web_browser` int(10) unsigned NOT NULL AUTO_INCREMENT,
  `name` varchar(64) DEFAULT NULL,
  PRIMARY KEY (`id_web_browser`)
) ENGINE=InnoDB AUTO_INCREMENT=12 DEFAULT CHARSET=utf8;

--
-- Dumping data for table `ps_web_browser`
--

INSERT INTO `ps_web_browser` VALUES (1,'Safari'),(2,'Safari iPad'),(3,'Firefox'),(4,'Opera'),(5,'IE 6'),(6,'IE 7'),(7,'IE 8'),(8,'IE 9'),(9,'IE 10'),(10,'IE 11'),(11,'Chrome');

--
-- Table structure for table `ps_webservice_account`
--

CREATE TABLE `ps_webservice_account` (
  `id_webservice_account` int(11) NOT NULL AUTO_INCREMENT,
  `key` varchar(32) NOT NULL,
  `description` text,
  `class_name` varchar(50) NOT NULL DEFAULT 'WebserviceRequest',
  `is_module` tinyint(2) NOT NULL DEFAULT '0',
  `module_name` varchar(50) DEFAULT NULL,
  `active` tinyint(2) NOT NULL,
  PRIMARY KEY (`id_webservice_account`),
  KEY `key` (`key`)
) ENGINE=InnoDB DEFAULT CHARSET=utf8;

--
-- Dumping data for table `ps_webservice_account`
--


--
-- Table structure for table `ps_webservice_account_shop`
--

CREATE TABLE `ps_webservice_account_shop` (
  `id_webservice_account` int(11) unsigned NOT NULL,
  `id_shop` int(11) unsigned NOT NULL,
  PRIMARY KEY (`id_webservice_account`,`id_shop`),
  KEY `id_shop` (`id_shop`)
) ENGINE=InnoDB DEFAULT CHARSET=utf8;

--
-- Dumping data for table `ps_webservice_account_shop`
--


--
-- Table structure for table `ps_webservice_permission`
--

CREATE TABLE `ps_webservice_permission` (
  `id_webservice_permission` int(11) NOT NULL AUTO_INCREMENT,
  `resource` varchar(50) NOT NULL,
  `method` enum('GET','POST','PUT','DELETE','HEAD') NOT NULL,
  `id_webservice_account` int(11) NOT NULL,
  PRIMARY KEY (`id_webservice_permission`),
  UNIQUE KEY `resource_2` (`resource`,`method`,`id_webservice_account`),
  KEY `resource` (`resource`),
  KEY `method` (`method`),
  KEY `id_webservice_account` (`id_webservice_account`)
) ENGINE=InnoDB DEFAULT CHARSET=utf8;

--
-- Dumping data for table `ps_webservice_permission`
--


--
-- Table structure for table `ps_wishlist`
--

CREATE TABLE `ps_wishlist` (
  `id_wishlist` int(10) unsigned NOT NULL AUTO_INCREMENT,
  `id_customer` int(10) unsigned NOT NULL,
  `token` varchar(64) NOT NULL,
  `name` varchar(64) NOT NULL,
  `counter` int(10) unsigned DEFAULT NULL,
  `id_shop` int(10) unsigned DEFAULT '1',
  `id_shop_group` int(10) unsigned DEFAULT '1',
  `date_add` datetime NOT NULL,
  `date_upd` datetime NOT NULL,
  `default` int(10) unsigned DEFAULT '0',
  PRIMARY KEY (`id_wishlist`)
) ENGINE=InnoDB DEFAULT CHARSET=utf8;

--
-- Dumping data for table `ps_wishlist`
--


--
-- Table structure for table `ps_wishlist_email`
--

CREATE TABLE `ps_wishlist_email` (
  `id_wishlist` int(10) unsigned NOT NULL,
  `email` varchar(128) NOT NULL,
  `date_add` datetime NOT NULL
) ENGINE=InnoDB DEFAULT CHARSET=utf8;

--
-- Dumping data for table `ps_wishlist_email`
--


--
-- Table structure for table `ps_wishlist_product`
--

CREATE TABLE `ps_wishlist_product` (
  `id_wishlist_product` int(10) NOT NULL AUTO_INCREMENT,
  `id_wishlist` int(10) unsigned NOT NULL,
  `id_product` int(10) unsigned NOT NULL,
  `id_product_attribute` int(10) unsigned NOT NULL,
  `quantity` int(10) unsigned NOT NULL,
  `priority` int(10) unsigned NOT NULL,
  PRIMARY KEY (`id_wishlist_product`)
) ENGINE=InnoDB DEFAULT CHARSET=utf8;

--
-- Dumping data for table `ps_wishlist_product`
--


--
-- Table structure for table `ps_wishlist_product_cart`
--

CREATE TABLE `ps_wishlist_product_cart` (
  `id_wishlist_product` int(10) unsigned NOT NULL,
  `id_cart` int(10) unsigned NOT NULL,
  `quantity` int(10) unsigned NOT NULL,
  `date_add` datetime NOT NULL
) ENGINE=InnoDB DEFAULT CHARSET=utf8;

--
-- Dumping data for table `ps_wishlist_product_cart`
--


--
-- Table structure for table `ps_zone`
--

CREATE TABLE `ps_zone` (
  `id_zone` int(10) unsigned NOT NULL AUTO_INCREMENT,
  `name` varchar(64) NOT NULL,
  `active` tinyint(1) unsigned NOT NULL DEFAULT '0',
  PRIMARY KEY (`id_zone`)
) ENGINE=InnoDB AUTO_INCREMENT=9 DEFAULT CHARSET=utf8;

--
-- Dumping data for table `ps_zone`
--

INSERT INTO `ps_zone` VALUES (1,'Europe',1),(2,'North America',1),(3,'Asia',1),(4,'Africa',1),(5,'Oceania',1),(6,'South America',1),(7,'Europe (non-EU)',1),(8,'Central America/Antilla',1);

--
-- Table structure for table `ps_zone_shop`
--

CREATE TABLE `ps_zone_shop` (
  `id_zone` int(11) unsigned NOT NULL,
  `id_shop` int(11) unsigned NOT NULL,
  PRIMARY KEY (`id_zone`,`id_shop`),
  KEY `id_shop` (`id_shop`)
) ENGINE=InnoDB DEFAULT CHARSET=utf8;

--
-- Dumping data for table `ps_zone_shop`
--

INSERT INTO `ps_zone_shop` VALUES (1,1),(2,1),(3,1),(4,1),(5,1),(6,1),(7,1),(8,1);


